000
CDUS43 KTOP 220643
CLIMHK


CLIMATE REPORT
NATIONAL WEATHER SERVICE TOPEKA KS
1241 AM CST MON DEC 22 2014


...................................

...THE MANHATTAN KS CLIMATE SUMMARY FOR DECEMBER 21 2014...

CLIMATE NORMAL PERIOD 1981 TO 2010
CLIMATE RECORD PERIOD 9999 TO 9999


WEATHER ITEM   OBSERVED NORMAL DEPARTURE LAST
                VALUE   VALUE  FROM      YEAR
                               NORMAL
...............................................
TEMPERATURE (F)
 YESTERDAY
  MAXIMUM         45     40      5       26
  MINIMUM         37     18     19       20
  AVERAGE         41     29     12       23

PRECIPITATION (IN)
  YESTERDAY        T      0.04  -0.04     0.51
  MONTH TO DATE    2.09   0.73   1.36     0.53
  SINCE DEC 1      2.09   0.73   1.36     0.53
  SINCE JAN 1     22.82  32.26  -9.44    29.13

DEGREE DAYS
 HEATING
  YESTERDAY       24     36    -12       42
  MONTH TO DATE  578    700   -122      762
  SINCE DEC 1    578    700   -122      762
  SINCE JUL 1   1715   1775    -60     1849

 COOLING
  YESTERDAY        0      0      0        0
  MONTH TO DATE    0      0      0        0
  SINCE DEC 1      0      0      0        0
  SINCE JAN 1   1581   1362    219     1513
...............................................


WIND (MPH)
  HIGHEST WIND SPEED    18   HIGHEST WIND DIRECTION     S (170)
  HIGHEST GUST SPEED    26   HIGHEST GUST DIRECTION    SW (230)
  AVERAGE WIND SPEED    12.2


SKY COVER
  AVERAGE SKY COVER 0.9


WEATHER CONDITIONS
 THE FOLLOWING WEATHER WAS RECORDED YESTERDAY.
  FOG


RELATIVE HUMIDITY (PERCENT)
 HIGHEST    92
 LOWEST     79
 AVERAGE    86

..........................................................


THE MANHATTAN KS CLIMATE NORMALS FOR TODAY
                         NORMAL
 MAXIMUM TEMPERATURE (F)   40
 MINIMUM TEMPERATURE (F)   18


SUNRISE AND SUNSET
DECEMBER 22 2014......SUNRISE   743 AM CST   SUNSET   508 PM CST
DECEMBER 23 2014......SUNRISE   743 AM CST   SUNSET   508 PM CST


-  INDICATES NEGATIVE NUMBERS.
R  INDICATES RECORD WAS SET OR TIED.
MM INDICATES DATA IS MISSING.
T  INDICATES TRACE AMOUNT.




$$
