613
CDUS43 KTOP 290633
CLIMHK


CLIMATE REPORT
NATIONAL WEATHER SERVICE TOPEKA KS
132 AM CDT SUN MAY 29 2016


...................................

...THE MANHATTAN KS CLIMATE SUMMARY FOR MAY 28 2016...

CLIMATE NORMAL PERIOD 1981 TO 2010
CLIMATE RECORD PERIOD 9999 TO 9999


WEATHER ITEM   OBSERVED NORMAL DEPARTURE LAST
                VALUE   VALUE  FROM      YEAR
                               NORMAL
...............................................
TEMPERATURE (F)
 YESTERDAY
  MAXIMUM         79     80     -1       79
  MINIMUM         59     56      3       63
  AVERAGE         69     68      1       71

PRECIPITATION (IN)
  YESTERDAY        0.06   0.17  -0.11     0.89
  MONTH TO DATE    5.76   3.95   1.81     9.92
  SINCE MAR 1     14.18   8.95   5.23    12.70
  SINCE JAN 1     15.16  10.67   4.49    14.16

DEGREE DAYS
 HEATING
  YESTERDAY        0      2     -2        0
  MONTH TO DATE  114    120     -6      101
  SINCE MAR 1    818   1141   -323      926
  SINCE JUL 1   4115   5301  -1186     5120

 COOLING
  YESTERDAY        4      4      0        6
  MONTH TO DATE   62     68     -6       69
  SINCE MAR 1     90     85      5       77
  SINCE JAN 1     90     85      5       77
...............................................


WIND (MPH)
  HIGHEST WIND SPEED    16   HIGHEST WIND DIRECTION     W (250)
  HIGHEST GUST SPEED    21   HIGHEST GUST DIRECTION     W (250)
  AVERAGE WIND SPEED     5.7


SKY COVER
  AVERAGE SKY COVER 0.5


WEATHER CONDITIONS
 THE FOLLOWING WEATHER WAS RECORDED YESTERDAY.
  LIGHT RAIN
  FOG


RELATIVE HUMIDITY (PERCENT)
 HIGHEST    90
 LOWEST     45
 AVERAGE    68

..........................................................


THE MANHATTAN KS CLIMATE NORMALS FOR TODAY
                         NORMAL
 MAXIMUM TEMPERATURE (F)   80
 MINIMUM TEMPERATURE (F)   56


SUNRISE AND SUNSET
MAY 29 2016...........SUNRISE   604 AM CDT   SUNSET   845 PM CDT
MAY 30 2016...........SUNRISE   603 AM CDT   SUNSET   846 PM CDT


-  INDICATES NEGATIVE NUMBERS.
R  INDICATES RECORD WAS SET OR TIED.
MM INDICATES DATA IS MISSING.
T  INDICATES TRACE AMOUNT.




$$
