000
CDUS43 KTOP 282132
CLIMHK


CLIMATE REPORT
NATIONAL WEATHER SERVICE TOPEKA KS
431 PM CDT SUN MAY 28 2017


...................................

...THE MANHATTAN KS CLIMATE SUMMARY FOR MAY 28 2017...
VALID TODAY AS OF 0400 PM LOCAL TIME.

CLIMATE NORMAL PERIOD 1981 TO 2010
CLIMATE RECORD PERIOD 9999 TO 9999


WEATHER ITEM   OBSERVED NORMAL DEPARTURE LAST
                VALUE   VALUE  FROM      YEAR
                               NORMAL
...............................................
TEMPERATURE (F)
 TODAY
  MAXIMUM         82     80      2       79
  MINIMUM         53     56     -3       59
  AVERAGE         68     68      0       69

PRECIPITATION (IN)
  TODAY            0.00   0.17  -0.17     0.06
  MONTH TO DATE    3.13   3.95  -0.82     5.76
  SINCE MAR 1     11.86   8.95   2.91    14.18
  SINCE JAN 1     13.66  10.67   2.99    15.16

DEGREE DAYS
 HEATING
  TODAY            0      2     -2        0
  MONTH TO DATE   94    120    -26      114
  SINCE MAR 1    885   1141   -256      818
  SINCE JUL 1   4169   5301  -1132     4115

 COOLING
  TODAY            3      4     -1        4
  MONTH TO DATE   84     68     16       62
  SINCE MAR 1    128     85     43       90
  SINCE JAN 1    128     85     43       90
...............................................


WIND (MPH)
  HIGHEST WIND SPEED    14   HIGHEST WIND DIRECTION     W (280)
  HIGHEST GUST SPEED    20   HIGHEST GUST DIRECTION     W (290)
  AVERAGE WIND SPEED     4.4



WEATHER CONDITIONS
 THE FOLLOWING WEATHER WAS RECORDED TODAY.
  NO SIGNIFICANT WEATHER WAS OBSERVED.


RELATIVE HUMIDITY (PERCENT)
 HIGHEST    97
 LOWEST     36
 AVERAGE    67

..........................................................


THE MANHATTAN KS CLIMATE NORMALS FOR TOMORROW
                         NORMAL
 MAXIMUM TEMPERATURE (F)   80
 MINIMUM TEMPERATURE (F)   56


SUNRISE AND SUNSET
MAY 28 2017...........SUNRISE   604 AM CDT   SUNSET   844 PM CDT
MAY 29 2017...........SUNRISE   604 AM CDT   SUNSET   845 PM CDT


-  INDICATES NEGATIVE NUMBERS.
R  INDICATES RECORD WAS SET OR TIED.
MM INDICATES DATA IS MISSING.
T  INDICATES TRACE AMOUNT.




$$
