000
CDUS43 KTOP 230633
CLIMHK


CLIMATE REPORT
NATIONAL WEATHER SERVICE TOPEKA KS
132 AM CDT WED APR 23 2014


...................................

...THE MANHATTAN KS CLIMATE SUMMARY FOR APRIL 22 2014...

CLIMATE NORMAL PERIOD 1981 TO 2010
CLIMATE RECORD PERIOD 9999 TO 9999


WEATHER ITEM   OBSERVED NORMAL DEPARTURE LAST
                VALUE   VALUE  FROM      YEAR
                               NORMAL
...............................................
TEMPERATURE (F)
 YESTERDAY
  MAXIMUM         74     69      5       58
  MINIMUM         45     43      2       36
  AVERAGE         60     56      4       47

PRECIPITATION (IN)
  YESTERDAY        0.00   0.11  -0.11     0.24
  MONTH TO DATE    0.65   1.80  -1.15     2.89
  SINCE MAR 1      1.18   4.00  -2.82     3.96
  SINCE JAN 1      2.40   5.72  -3.32     5.67

DEGREE DAYS
 HEATING
  YESTERDAY        5     10     -5       18
  MONTH TO DATE  283    280      3      389
  SINCE MAR 1   1033    956     77     1169
  SINCE JUL 1   5564   5116    448     4926

 COOLING
  YESTERDAY        0      1     -1        0
  MONTH TO DATE   16     11      5        2
  SINCE MAR 1     16     13      3        2
  SINCE JAN 1     16     13      3        2
...............................................


WIND (MPH)
  HIGHEST WIND SPEED    14   HIGHEST WIND DIRECTION    SE (130)
  HIGHEST GUST SPEED    22   HIGHEST GUST DIRECTION    SE (130)
  AVERAGE WIND SPEED     5.7


SKY COVER
  AVERAGE SKY COVER 0.0


WEATHER CONDITIONS
 THE FOLLOWING WEATHER WAS RECORDED YESTERDAY.
  HAZE


RELATIVE HUMIDITY (PERCENT)
 HIGHEST    60
 LOWEST     22
 AVERAGE    41

..........................................................


THE MANHATTAN KS CLIMATE NORMALS FOR TODAY
                         NORMAL
 MAXIMUM TEMPERATURE (F)   69
 MINIMUM TEMPERATURE (F)   44


SUNRISE AND SUNSET
APRIL 23 2014.........SUNRISE   639 AM CDT   SUNSET   812 PM CDT
APRIL 24 2014.........SUNRISE   637 AM CDT   SUNSET   813 PM CDT


-  INDICATES NEGATIVE NUMBERS.
R  INDICATES RECORD WAS SET OR TIED.
MM INDICATES DATA IS MISSING.
T  INDICATES TRACE AMOUNT.




$$
