628
CDUS43 KTOP 222131
CLIMHK


CLIMATE REPORT
NATIONAL WEATHER SERVICE TOPEKA KS
431 PM CDT SAT JUL 22 2017


...................................

...THE MANHATTAN KS CLIMATE SUMMARY FOR JULY 22 2017...
VALID TODAY AS OF 0400 PM LOCAL TIME.

CLIMATE NORMAL PERIOD 1981 TO 2010
CLIMATE RECORD PERIOD 9999 TO 9999


WEATHER ITEM   OBSERVED NORMAL DEPARTURE LAST
                VALUE   VALUE  FROM      YEAR
                               NORMAL
...............................................
TEMPERATURE (F)
 TODAY
  MAXIMUM        107     92     15      104
  MINIMUM         79     67     12       79
  AVERAGE         93     80     13       92

PRECIPITATION (IN)
  TODAY            0.00   0.11  -0.11     0.00
  MONTH TO DATE    T      2.96  -2.96     2.33
  SINCE JUN 1      2.63   8.05  -5.42     3.58
  SINCE JAN 1     16.49  19.25  -2.76    18.86

DEGREE DAYS
 HEATING
  TODAY            0      0      0        0
  MONTH TO DATE    0      0      0        0
  SINCE JUN 1      2     11     -9        0
  SINCE JUL 1      0      0      0        0

 COOLING
  TODAY           28     15     13       27
  MONTH TO DATE  399    306     93      367
  SINCE JUN 1    744    576    168      825
  SINCE JAN 1    878    676    202      935
...............................................


WIND (MPH)
  HIGHEST WIND SPEED    21   HIGHEST WIND DIRECTION    SW (210)
  HIGHEST GUST SPEED    26   HIGHEST GUST DIRECTION    SW (220)
  AVERAGE WIND SPEED     9.4



WEATHER CONDITIONS
 THE FOLLOWING WEATHER WAS RECORDED TODAY.
  NO SIGNIFICANT WEATHER WAS OBSERVED.


RELATIVE HUMIDITY (PERCENT)
 HIGHEST    63
 LOWEST     31
 AVERAGE    47

..........................................................


THE MANHATTAN KS CLIMATE NORMALS FOR TOMORROW
                         NORMAL
 MAXIMUM TEMPERATURE (F)   92
 MINIMUM TEMPERATURE (F)   67


SUNRISE AND SUNSET
JULY 22 2017..........SUNRISE   619 AM CDT   SUNSET   847 PM CDT
JULY 23 2017..........SUNRISE   620 AM CDT   SUNSET   846 PM CDT


-  INDICATES NEGATIVE NUMBERS.
R  INDICATES RECORD WAS SET OR TIED.
MM INDICATES DATA IS MISSING.
T  INDICATES TRACE AMOUNT.




$$
