000
CDUS43 KTOP 290637
CLIMHK


CLIMATE REPORT
NATIONAL WEATHER SERVICE TOPEKA KS
137 AM CDT SUN MAR 29 2015


...................................

...THE MANHATTAN KS CLIMATE SUMMARY FOR MARCH 28 2015...

CLIMATE NORMAL PERIOD 1981 TO 2010
CLIMATE RECORD PERIOD 9999 TO 9999


WEATHER ITEM   OBSERVED NORMAL DEPARTURE LAST
                VALUE   VALUE  FROM      YEAR
                               NORMAL
...............................................
TEMPERATURE (F)
 YESTERDAY
  MAXIMUM         63     61      2       54
  MINIMUM         36     35      1       26
  AVERAGE         50     48      2       40

PRECIPITATION (IN)
  YESTERDAY        0.00   0.07  -0.07     0.00
  MONTH TO DATE    0.26   2.02  -1.76     0.53
  SINCE MAR 1      0.26   2.02  -1.76     0.53
  SINCE JAN 1      1.72   3.74  -2.02     1.75

DEGREE DAYS
 HEATING
  YESTERDAY       15     17     -2       25
  MONTH TO DATE  548    628    -80      715
  SINCE MAR 1    548    628    -80      715
  SINCE JUL 1   4742   4788    -46     5246

 COOLING
  YESTERDAY        0      0      0        0
  MONTH TO DATE    2      0      2        0
  SINCE MAR 1      2      0      2        0
  SINCE JAN 1      2      0      2        0
...............................................


WIND (MPH)
  HIGHEST WIND SPEED    16   HIGHEST WIND DIRECTION    SE (130)
  HIGHEST GUST SPEED    23   HIGHEST GUST DIRECTION    SE (120)
  AVERAGE WIND SPEED     8.6


SKY COVER
  AVERAGE SKY COVER 0.0


WEATHER CONDITIONS
 THE FOLLOWING WEATHER WAS RECORDED YESTERDAY.
  HAZE


RELATIVE HUMIDITY (PERCENT)
 HIGHEST    71
 LOWEST     36
 AVERAGE    54

..........................................................


THE MANHATTAN KS CLIMATE NORMALS FOR TODAY
                         NORMAL
 MAXIMUM TEMPERATURE (F)   62
 MINIMUM TEMPERATURE (F)   35


SUNRISE AND SUNSET
MARCH 29 2015.........SUNRISE   716 AM CDT   SUNSET   747 PM CDT
MARCH 30 2015.........SUNRISE   715 AM CDT   SUNSET   748 PM CDT


-  INDICATES NEGATIVE NUMBERS.
R  INDICATES RECORD WAS SET OR TIED.
MM INDICATES DATA IS MISSING.
T  INDICATES TRACE AMOUNT.




$$
