000
CDUS43 KTOP 220634
CLIMHK


CLIMATE REPORT
NATIONAL WEATHER SERVICE TOPEKA KS
132 AM CDT FRI SEP 22 2017


...................................

...THE MANHATTAN KS CLIMATE SUMMARY FOR SEPTEMBER 21 2017...

CLIMATE NORMAL PERIOD 1981 TO 2010
CLIMATE RECORD PERIOD 9999 TO 9999


WEATHER ITEM   OBSERVED NORMAL DEPARTURE LAST
                VALUE   VALUE  FROM      YEAR
                               NORMAL
...............................................
TEMPERATURE (F)
 YESTERDAY
  MAXIMUM         97     79     18       91
  MINIMUM         72     52     20       75
  AVERAGE         85     66     19       83

PRECIPITATION (IN)
  YESTERDAY        0.00   0.09  -0.09     0.00
  MONTH TO DATE    0.31   2.39  -2.08     2.33
  SINCE SEP 1      0.31   2.39  -2.08     2.33
  SINCE JAN 1     23.87  26.93  -3.06    29.49

DEGREE DAYS
 HEATING
  YESTERDAY        0      3     -3        0
  MONTH TO DATE    9     27    -18        2
  SINCE SEP 1      9     27    -18        2
  SINCE JUL 1      9     30    -21        2

 COOLING
  YESTERDAY       20      4     16       18
  MONTH TO DATE  179    129     50      202
  SINCE SEP 1    179    129     50      202
  SINCE JAN 1   1434   1312    122     1658
...............................................


WIND (MPH)
  HIGHEST WIND SPEED    26   HIGHEST WIND DIRECTION     S (170)
  HIGHEST GUST SPEED    36   HIGHEST GUST DIRECTION     S (170)
  AVERAGE WIND SPEED    12.2


SKY COVER
  AVERAGE SKY COVER 0.2


WEATHER CONDITIONS
 THE FOLLOWING WEATHER WAS RECORDED YESTERDAY.
  NO SIGNIFICANT WEATHER WAS OBSERVED.


RELATIVE HUMIDITY (PERCENT)
 HIGHEST    90
 LOWEST     45
 AVERAGE    68

..........................................................


THE MANHATTAN KS CLIMATE NORMALS FOR TODAY
                         NORMAL
 MAXIMUM TEMPERATURE (F)   78
 MINIMUM TEMPERATURE (F)   52


SUNRISE AND SUNSET
SEPTEMBER 22 2017.....SUNRISE   715 AM CDT   SUNSET   723 PM CDT
SEPTEMBER 23 2017.....SUNRISE   715 AM CDT   SUNSET   722 PM CDT


-  INDICATES NEGATIVE NUMBERS.
R  INDICATES RECORD WAS SET OR TIED.
MM INDICATES DATA IS MISSING.
T  INDICATES TRACE AMOUNT.




$$
