000
CDUS43 KTOP 190634
CLIMHK


CLIMATE REPORT
NATIONAL WEATHER SERVICE TOPEKA KS
1232 AM CST SUN NOV 19 2017


...................................

...THE MANHATTAN KS CLIMATE SUMMARY FOR NOVEMBER 18 2017...

CLIMATE NORMAL PERIOD 1981 TO 2010
CLIMATE RECORD PERIOD 9999 TO 9999


WEATHER ITEM   OBSERVED NORMAL DEPARTURE LAST
                VALUE   VALUE  FROM      YEAR
                               NORMAL
...............................................
TEMPERATURE (F)
 YESTERDAY
  MAXIMUM         58     54      4       50
  MINIMUM         29     29      0       30
  AVERAGE         44     41      3       40

PRECIPITATION (IN)
  YESTERDAY        0.01   0.04  -0.03     0.00
  MONTH TO DATE    0.10   1.12  -1.02     0.13
  SINCE SEP 1      4.38   6.51  -2.13     6.18
  SINCE JAN 1     27.94  31.05  -3.11    33.34

DEGREE DAYS
 HEATING
  YESTERDAY       21     24     -3       25
  MONTH TO DATE  383    356     27      190
  SINCE SEP 1    680    752    -72      361
  SINCE JUL 1    680    755    -75      361

 COOLING
  YESTERDAY        0      0      0        0
  MONTH TO DATE    0      0      0        3
  SINCE SEP 1    310    178    132      293
  SINCE JAN 1   1565   1361    204     1749
...............................................


WIND (MPH)
  HIGHEST WIND SPEED    20   HIGHEST WIND DIRECTION     N (360)
  HIGHEST GUST SPEED    34   HIGHEST GUST DIRECTION     N (340)
  AVERAGE WIND SPEED     9.0


SKY COVER
  AVERAGE SKY COVER 0.6


WEATHER CONDITIONS
 THE FOLLOWING WEATHER WAS RECORDED YESTERDAY.
  LIGHT RAIN
  FOG
  HAZE


RELATIVE HUMIDITY (PERCENT)
 HIGHEST    86
 LOWEST     32
 AVERAGE    59

..........................................................


THE MANHATTAN KS CLIMATE NORMALS FOR TODAY
                         NORMAL
 MAXIMUM TEMPERATURE (F)   53
 MINIMUM TEMPERATURE (F)   29


SUNRISE AND SUNSET
NOVEMBER 19 2017......SUNRISE   715 AM CST   SUNSET   509 PM CST
NOVEMBER 20 2017......SUNRISE   716 AM CST   SUNSET   509 PM CST


-  INDICATES NEGATIVE NUMBERS.
R  INDICATES RECORD WAS SET OR TIED.
MM INDICATES DATA IS MISSING.
T  INDICATES TRACE AMOUNT.




$$
