000
CDUS43 KTOP 170633
CLIMHK


CLIMATE REPORT
NATIONAL WEATHER SERVICE TOPEKA KS
133 AM CDT WED SEP 17 2014


...................................

...THE MANHATTAN KS CLIMATE SUMMARY FOR SEPTEMBER 16 2014...

CLIMATE NORMAL PERIOD 1981 TO 2010
CLIMATE RECORD PERIOD 9999 TO 9999


WEATHER ITEM   OBSERVED NORMAL DEPARTURE LAST
                VALUE   VALUE  FROM      YEAR
                               NORMAL
...............................................
TEMPERATURE (F)
 YESTERDAY
  MAXIMUM         77     81     -4       62
  MINIMUM         44     55    -11       59
  AVERAGE         61     68     -7       61

PRECIPITATION (IN)
  YESTERDAY        0.00   0.09  -0.09     0.62
  MONTH TO DATE    0.74   1.92  -1.18     2.66
  SINCE SEP 1      0.74   1.92  -1.18     2.66
  SINCE JAN 1     17.64  26.46  -8.82    23.88

DEGREE DAYS
 HEATING
  YESTERDAY        4      2      2        4
  MONTH TO DATE   51     14     37        4
  SINCE SEP 1     51     14     37        4
  SINCE JUL 1     52     17     35        7

 COOLING
  YESTERDAY        0      5     -5        0
  MONTH TO DATE   93    108    -15      183
  SINCE SEP 1     93    108    -15      183
  SINCE JAN 1   1471   1291    180     1411
...............................................


WIND (MPH)
  HIGHEST WIND SPEED    10   HIGHEST WIND DIRECTION     S (160)
  HIGHEST GUST SPEED    15   HIGHEST GUST DIRECTION     S (160)
  AVERAGE WIND SPEED     2.9


SKY COVER
  AVERAGE SKY COVER 0.2


WEATHER CONDITIONS
 THE FOLLOWING WEATHER WAS RECORDED YESTERDAY.
  FOG


RELATIVE HUMIDITY (PERCENT)
 HIGHEST   100
 LOWEST     41
 AVERAGE    71

..........................................................


THE MANHATTAN KS CLIMATE NORMALS FOR TODAY
                         NORMAL
 MAXIMUM TEMPERATURE (F)   81
 MINIMUM TEMPERATURE (F)   54


SUNRISE AND SUNSET
SEPTEMBER 17 2014.....SUNRISE   710 AM CDT   SUNSET   732 PM CDT
SEPTEMBER 18 2014.....SUNRISE   711 AM CDT   SUNSET   730 PM CDT


-  INDICATES NEGATIVE NUMBERS.
R  INDICATES RECORD WAS SET OR TIED.
MM INDICATES DATA IS MISSING.
T  INDICATES TRACE AMOUNT.




$$
