000
CDUS43 KTOP 280632
CLIMHK


CLIMATE REPORT
NATIONAL WEATHER SERVICE TOPEKA KS
132 AM CDT TUE MAR 28 2017


...................................

...THE MANHATTAN KS CLIMATE SUMMARY FOR MARCH 27 2017...

CLIMATE NORMAL PERIOD 1981 TO 2010
CLIMATE RECORD PERIOD 9999 TO 9999


WEATHER ITEM   OBSERVED NORMAL DEPARTURE LAST
                VALUE   VALUE  FROM      YEAR
                               NORMAL
...............................................
TEMPERATURE (F)
 YESTERDAY
  MAXIMUM         57     61     -4       58
  MINIMUM         46     34     12       29
  AVERAGE         52     48      4       44

PRECIPITATION (IN)
  YESTERDAY        0.15   0.07   0.08     0.00
  MONTH TO DATE    1.64   1.95  -0.31     0.50
  SINCE MAR 1      1.64   1.95  -0.31     0.50
  SINCE JAN 1      3.44   3.67  -0.23     1.48

DEGREE DAYS
 HEATING
  YESTERDAY       13     18     -5       21
  MONTH TO DATE  442    611   -169      434
  SINCE MAR 1    442    611   -169      434
  SINCE JUL 1   3726   4771  -1045     3731

 COOLING
  YESTERDAY        0      0      0        0
  MONTH TO DATE    6      0      6        5
  SINCE MAR 1      6      0      6        5
  SINCE JAN 1      6      0      6        5
...............................................


WIND (MPH)
  HIGHEST WIND SPEED    14   HIGHEST WIND DIRECTION    NE (40)
  HIGHEST GUST SPEED    19   HIGHEST GUST DIRECTION    NE (40)
  AVERAGE WIND SPEED     5.4


SKY COVER
  AVERAGE SKY COVER 1.0


WEATHER CONDITIONS
 THE FOLLOWING WEATHER WAS RECORDED YESTERDAY.
  LIGHT RAIN
  FOG


RELATIVE HUMIDITY (PERCENT)
 HIGHEST    93
 LOWEST     72
 AVERAGE    83

..........................................................


THE MANHATTAN KS CLIMATE NORMALS FOR TODAY
                         NORMAL
 MAXIMUM TEMPERATURE (F)   61
 MINIMUM TEMPERATURE (F)   35


SUNRISE AND SUNSET
MARCH 28 2017.........SUNRISE   717 AM CDT   SUNSET   747 PM CDT
MARCH 29 2017.........SUNRISE   715 AM CDT   SUNSET   748 PM CDT


-  INDICATES NEGATIVE NUMBERS.
R  INDICATES RECORD WAS SET OR TIED.
MM INDICATES DATA IS MISSING.
T  INDICATES TRACE AMOUNT.




$$
