940
CDUS43 KTOP 060632
CLIMHK


CLIMATE REPORT
NATIONAL WEATHER SERVICE TOPEKA KS
131 AM CDT FRI MAY 6 2016


...................................

...THE MANHATTAN KS CLIMATE SUMMARY FOR MAY 5 2016...

CLIMATE NORMAL PERIOD 1981 TO 2010
CLIMATE RECORD PERIOD 9999 TO 9999


WEATHER ITEM   OBSERVED NORMAL DEPARTURE LAST
                VALUE   VALUE  FROM      YEAR
                               NORMAL
...............................................
TEMPERATURE (F)
 YESTERDAY
  MAXIMUM         80     73      7       80
  MINIMUM         39     48     -9       58
  AVERAGE         60     60      0       69

PRECIPITATION (IN)
  YESTERDAY        0.00   0.15  -0.15      T
  MONTH TO DATE    T      0.73  -0.73     4.26
  SINCE MAR 1      8.42   5.73   2.69     7.04
  SINCE JAN 1      9.40   7.45   1.95     8.50

DEGREE DAYS
 HEATING
  YESTERDAY        5      6     -1        0
  MONTH TO DATE   41     33      8        3
  SINCE MAR 1    745   1054   -309      828
  SINCE JUL 1   4042   5214  -1172     5022

 COOLING
  YESTERDAY        0      1     -1        4
  MONTH TO DATE    0      5     -5       28
  SINCE MAR 1     28     22      6       36
  SINCE JAN 1     28     22      6       36
...............................................


WIND (MPH)
  HIGHEST WIND SPEED    10   HIGHEST WIND DIRECTION    NE (40)
  HIGHEST GUST SPEED    13   HIGHEST GUST DIRECTION    NE (50)
  AVERAGE WIND SPEED     2.3


SKY COVER
  AVERAGE SKY COVER 0.0


WEATHER CONDITIONS
 THE FOLLOWING WEATHER WAS RECORDED YESTERDAY.
  NO SIGNIFICANT WEATHER WAS OBSERVED.


RELATIVE HUMIDITY (PERCENT)
 HIGHEST    92
 LOWEST     23
 AVERAGE    58

..........................................................


THE MANHATTAN KS CLIMATE NORMALS FOR TODAY
                         NORMAL
 MAXIMUM TEMPERATURE (F)   73
 MINIMUM TEMPERATURE (F)   48


SUNRISE AND SUNSET
MAY  6 2016...........SUNRISE   622 AM CDT   SUNSET   825 PM CDT
MAY  7 2016...........SUNRISE   621 AM CDT   SUNSET   826 PM CDT


-  INDICATES NEGATIVE NUMBERS.
R  INDICATES RECORD WAS SET OR TIED.
MM INDICATES DATA IS MISSING.
T  INDICATES TRACE AMOUNT.




$$
