000
CDUS43 KTOP 032134
CLIMHK


CLIMATE REPORT
NATIONAL WEATHER SERVICE TOPEKA KS
432 PM CDT FRI JUL 3 2015


...................................

...THE MANHATTAN KS CLIMATE SUMMARY FOR JULY 3 2015...
VALID TODAY AS OF 430 PM LOCAL TIME.

CLIMATE NORMAL PERIOD 1981 TO 2010
CLIMATE RECORD PERIOD 9999 TO 9999


WEATHER ITEM   OBSERVED NORMAL DEPARTURE LAST
                VALUE   VALUE  FROM      YEAR
                               NORMAL
...............................................
TEMPERATURE (F)
 TODAY
  MAXIMUM         83     90     -7       83
  MINIMUM         67     66      1       47
  AVERAGE         75     78     -3       65

PRECIPITATION (IN)
  TODAY            0.10   0.16  -0.06     0.00
  MONTH TO DATE    0.10   0.49  -0.39      T
  SINCE JUN 1      3.76   5.58  -1.82     6.82
  SINCE JAN 1     17.98  16.78   1.20    12.67

DEGREE DAYS
 HEATING
  TODAY            0      0      0        0
  MONTH TO DATE    0      0      0        0
  SINCE JUN 1      0     11    -11        0
  SINCE JUL 1      0      0      0        0

 COOLING
  TODAY           10     13     -3        0
  MONTH TO DATE   41     39      2       10
  SINCE JUN 1    402    309     93      315
  SINCE JAN 1    483    409     74      518
...............................................


WIND (MPH)
  HIGHEST WIND SPEED    14   HIGHEST WIND DIRECTION    NE (40)
  HIGHEST GUST SPEED    17   HIGHEST GUST DIRECTION    NE (50)
  AVERAGE WIND SPEED     7.3



WEATHER CONDITIONS
 THE FOLLOWING WEATHER WAS RECORDED TODAY.
  HEAVY RAIN
  LIGHT RAIN
  FOG


RELATIVE HUMIDITY (PERCENT)
 HIGHEST   100
 LOWEST     58
 AVERAGE    79

..........................................................


THE MANHATTAN KS CLIMATE NORMALS FOR TOMORROW
                         NORMAL
 MAXIMUM TEMPERATURE (F)   90
 MINIMUM TEMPERATURE (F)   66


SUNRISE AND SUNSET
JULY  3 2015..........SUNRISE   605 AM CDT   SUNSET   856 PM CDT
JULY  4 2015..........SUNRISE   606 AM CDT   SUNSET   856 PM CDT


-  INDICATES NEGATIVE NUMBERS.
R  INDICATES RECORD WAS SET OR TIED.
MM INDICATES DATA IS MISSING.
T  INDICATES TRACE AMOUNT.




$$
