000
CDUS43 KTOP 290632
CLIMHK


CLIMATE REPORT
NATIONAL WEATHER SERVICE TOPEKA KS
131 AM CDT SAT AUG 29 2015


...................................

...THE MANHATTAN KS CLIMATE SUMMARY FOR AUGUST 28 2015...

CLIMATE NORMAL PERIOD 1981 TO 2010
CLIMATE RECORD PERIOD 9999 TO 9999


WEATHER ITEM   OBSERVED NORMAL DEPARTURE LAST
                VALUE   VALUE  FROM      YEAR
                               NORMAL
...............................................
TEMPERATURE (F)
 YESTERDAY
  MAXIMUM         88     87      1       81
  MINIMUM         68     62      6       73
  AVERAGE         78     75      3       77

PRECIPITATION (IN)
  YESTERDAY        0.42   0.16   0.26     0.14
  MONTH TO DATE    3.35   3.79  -0.44     2.19
  SINCE JUN 1     10.74  12.85  -2.11     9.86
  SINCE JAN 1     24.96  24.05   0.91    15.71

DEGREE DAYS
 HEATING
  YESTERDAY        0      0      0        0
  MONTH TO DATE    0      0      0        0
  SINCE JUN 1      0     12    -12        1
  SINCE JUL 1      0      1     -1        1

 COOLING
  YESTERDAY       13     10      3       12
  MONTH TO DATE  314    349    -35      437
  SINCE JUN 1   1155   1055    100     1130
  SINCE JAN 1   1236   1155     81     1333
...............................................


WIND (MPH)
  HIGHEST WIND SPEED    22   HIGHEST WIND DIRECTION    SW (210)
  HIGHEST GUST SPEED    29   HIGHEST GUST DIRECTION    SW (210)
  AVERAGE WIND SPEED     9.0


SKY COVER
  AVERAGE SKY COVER 0.5


WEATHER CONDITIONS
 THE FOLLOWING WEATHER WAS RECORDED YESTERDAY.
  RAIN
  LIGHT RAIN
  FOG


RELATIVE HUMIDITY (PERCENT)
 HIGHEST   100
 LOWEST     57
 AVERAGE    79

..........................................................


THE MANHATTAN KS CLIMATE NORMALS FOR TODAY
                         NORMAL
 MAXIMUM TEMPERATURE (F)   87
 MINIMUM TEMPERATURE (F)   62


SUNRISE AND SUNSET
AUGUST 29 2015........SUNRISE   652 AM CDT   SUNSET   802 PM CDT
AUGUST 30 2015........SUNRISE   653 AM CDT   SUNSET   801 PM CDT


-  INDICATES NEGATIVE NUMBERS.
R  INDICATES RECORD WAS SET OR TIED.
MM INDICATES DATA IS MISSING.
T  INDICATES TRACE AMOUNT.




$$
