000
CDUS46 KMFR 110852
CLIMHS


CLIMATE REPORT
NATIONAL WEATHER SERVICE MEDFORD, OR
152 AM PDT FRI JUL 11 2014


...................................

...THE MT SHASTA CITY CA CLIMATE SUMMARY FOR JULY 10 2014...

CLIMATE NORMAL PERIOD 1981 TO 2010
CLIMATE RECORD PERIOD 1908 TO 2014


WEATHER ITEM   OBSERVED TIME   RECORD YEAR NORMAL DEPARTURE LAST
                VALUE   (LST)  VALUE       VALUE  FROM      YEAR
                                                  NORMAL
..................................................................
TEMPERATURE (F)
 YESTERDAY
  MAXIMUM         94    233 PM 101    2002  85      9       92
  MINIMUM         52    458 AM  33    1936  50      2       47
  AVERAGE         73                        67      6       70

PRECIPITATION (IN)
  YESTERDAY        0.00          0.48 1956   0.02  -0.02     0.00
  MONTH TO DATE    0.00                      0.18  -0.18     0.05
  SINCE SEP 1     14.65                     42.66 -28.01    27.83
  SINCE JAN 1     11.83                     26.78 -14.95     7.13

SNOWFALL (IN)
  YESTERDAY       MM                         0.0   MM       MM
  MONTH TO DATE   MM                         0.0   MM       MM
  SINCE JUL 1     MM                         0.0   MM       MM
  SNOW DEPTH      MM

DEGREE DAYS
 HEATING
  YESTERDAY        0                         1     -1        0
  MONTH TO DATE    0                        16    -16        0
  SINCE JUN 1     56                       158   -102       87
  SINCE JUL 1      0                        16    -16        0

 COOLING
  YESTERDAY        8                         4      4        5
  MONTH TO DATE   98                        31     67       84
  SINCE JUN 1    156                        68     88      183
  SINCE JAN 1    165                        76     89      192
..................................................................


WIND (MPH)
  HIGHEST WIND SPEED     8   HIGHEST WIND DIRECTION    SE (130)
  HIGHEST GUST SPEED    14   HIGHEST GUST DIRECTION    SE (150)
  AVERAGE WIND SPEED     1.5


SKY COVER
  POSSIBLE SUNSHINE  MM
  AVERAGE SKY COVER 0.0


WEATHER CONDITIONS
 THE FOLLOWING WEATHER WAS RECORDED YESTERDAY.
  NO SIGNIFICANT WEATHER WAS OBSERVED.


RELATIVE HUMIDITY (PERCENT)
 HIGHEST    67           100 AM
 LOWEST     15           300 PM

..........................................................


THE MT SHASTA CITY CA CLIMATE NORMALS FOR TODAY
                         NORMAL    RECORD    YEAR
 MAXIMUM TEMPERATURE (F)   85       100      2002
 MINIMUM TEMPERATURE (F)   50        38      1936


SUNRISE AND SUNSET
JULY 11 2014..........SUNRISE   546 AM PDT   SUNSET   843 PM PDT
JULY 12 2014..........SUNRISE   547 AM PDT   SUNSET   843 PM PDT


-  INDICATES NEGATIVE NUMBERS.
R  INDICATES RECORD WAS SET OR TIED.
MM INDICATES DATA IS MISSING.
T  INDICATES TRACE AMOUNT.




$$
