000
CDUS46 KMFR 230835
CLIMHS


CLIMATE REPORT
NATIONAL WEATHER SERVICE MEDFORD, OR
135 AM PDT FRI JUN 23 2017


...................................

...THE MT SHASTA CITY CA CLIMATE SUMMARY FOR JUNE 22 2017...

CLIMATE NORMAL PERIOD 1981 TO 2010
CLIMATE RECORD PERIOD 1908 TO 2017


WEATHER ITEM   OBSERVED TIME   RECORD YEAR NORMAL DEPARTURE LAST
                VALUE   (LST)  VALUE       VALUE  FROM      YEAR
                                                  NORMAL
..................................................................
TEMPERATURE (F)
 YESTERDAY
  MAXIMUM         88    310 PM  96    1992  79      9       87
  MINIMUM         60    541 AM  30    1943  47     13       51
  AVERAGE         74                        63     11       69

PRECIPITATION (IN)
  YESTERDAY        0.00          0.63 2012   0.03  -0.03     0.00
  MONTH TO DATE    1.33                      0.98   0.35     2.40
  SINCE OCT 1     59.73                     41.59  18.14    42.31
  SINCE JAN 1     38.57                     26.38  12.19    32.82

SNOWFALL (IN)
  YESTERDAY       MM                         0.0   MM       MM
  MONTH TO DATE   MM                         0.0   MM       MM
  SINCE JUL 1     MM                        91.8   MM       MM
  SNOW DEPTH      MM

DEGREE DAYS
 HEATING
  YESTERDAY        0                         4     -4        0
  MONTH TO DATE  105                       118    -13       85
  SINCE JUN 1    105                       118    -13       85
  SINCE JUL 1   5418                      5670   -252     4811

 COOLING
  YESTERDAY        9                         2      7        4
  MONTH TO DATE   60                        24     36       61
  SINCE JUN 1     60                        24     36       61
  SINCE JAN 1     74                        32     42       69
..................................................................


WIND (MPH)
  HIGHEST WIND SPEED     9   HIGHEST WIND DIRECTION     W (290)
  HIGHEST GUST SPEED    19   HIGHEST GUST DIRECTION    NW (300)
  AVERAGE WIND SPEED     3.9


SKY COVER
  POSSIBLE SUNSHINE  MM
  AVERAGE SKY COVER 0.0


WEATHER CONDITIONS
 THE FOLLOWING WEATHER WAS RECORDED YESTERDAY.
  NO SIGNIFICANT WEATHER WAS OBSERVED.


RELATIVE HUMIDITY (PERCENT)
 HIGHEST    56           100 AM
 LOWEST     23           400 PM

..........................................................


THE MT SHASTA CITY CA CLIMATE NORMALS FOR TODAY
                         NORMAL    RECORD    YEAR
 MAXIMUM TEMPERATURE (F)   79        96      1986
 MINIMUM TEMPERATURE (F)   47        35      1937


SUNRISE AND SUNSET
JUNE 23 2017..........SUNRISE   537 AM PDT   SUNSET   846 PM PDT
JUNE 24 2017..........SUNRISE   537 AM PDT   SUNSET   846 PM PDT


-  INDICATES NEGATIVE NUMBERS.
R  INDICATES RECORD WAS SET OR TIED.
MM INDICATES DATA IS MISSING.
T  INDICATES TRACE AMOUNT.




$$
