000
CDUS46 KMFR 240035
CLIMHS


CLIMATE REPORT
NATIONAL WEATHER SERVICE MEDFORD, OR
535 PM PDT MON MAY 23 2016


...................................

...THE MT SHASTA CITY CA CLIMATE SUMMARY FOR MAY 23 2016...
VALID TODAY AS OF 0500 PM LOCAL TIME.

CLIMATE NORMAL PERIOD 1981 TO 2010
CLIMATE RECORD PERIOD 1908 TO 2016


WEATHER ITEM   OBSERVED TIME   RECORD YEAR NORMAL DEPARTURE LAST
                VALUE   (LST)  VALUE       VALUE  FROM      YEAR
                                                  NORMAL
..................................................................
TEMPERATURE (F)
 TODAY
  MAXIMUM         64    239 PM  90    2003  71     -7       68
  MINIMUM         41    252 AM  28    1911  41      0       45
  AVERAGE         53                        56     -3       57

PRECIPITATION (IN)
  TODAY            0.03          1.71 1990   0.08  -0.05     0.00
  MONTH TO DATE    1.23                      1.66  -0.43     1.76
  SINCE OCT 1     39.86                     40.05  -0.19    34.67
  SINCE JAN 1     30.37                     24.84   5.53    15.15

SNOWFALL (IN)
  TODAY           MM                         0.0   MM       MM
  MONTH TO DATE   MM                         0.3   MM       MM
  SINCE JUL 1     MM                        91.8   MM       MM
  SNOW DEPTH      MM

DEGREE DAYS
 HEATING
  TODAY           12                         9      3        8
  MONTH TO DATE  191                       269    -78      215
  SINCE MAR 1   1181                      1509   -328     1169
  SINCE JUL 1   4696                      5484   -788     4135

 COOLING
  TODAY            0                         0      0        0
  MONTH TO DATE    4                         0      4        0
  SINCE MAR 1      4                         0      4        0
  SINCE JAN 1      4                         0      4        0
..................................................................


WIND (MPH)
  HIGHEST WIND SPEED     6   HIGHEST WIND DIRECTION     W (280)
  HIGHEST GUST SPEED    12   HIGHEST GUST DIRECTION     W (280)
  AVERAGE WIND SPEED     0.0


SKY COVER
  POSSIBLE SUNSHINE  MM
  AVERAGE SKY COVER 1.0


WEATHER CONDITIONS
 THE FOLLOWING WEATHER WAS RECORDED TODAY.
  LIGHT RAIN


RELATIVE HUMIDITY (PERCENT)
 HIGHEST    89
 LOWEST     47          1000 AM

..........................................................


THE MT SHASTA CITY CA CLIMATE NORMALS FOR TOMORROW
                         NORMAL    RECORD    YEAR
 MAXIMUM TEMPERATURE (F)   71        90      1992
 MINIMUM TEMPERATURE (F)   42        26      1953


SUNRISE AND SUNSET
MAY 23 2016...........SUNRISE   543 AM PDT   SUNSET   829 PM PDT
MAY 24 2016...........SUNRISE   543 AM PDT   SUNSET   830 PM PDT


-  INDICATES NEGATIVE NUMBERS.
R  INDICATES RECORD WAS SET OR TIED.
MM INDICATES DATA IS MISSING.
T  INDICATES TRACE AMOUNT.




$$
