000
CDUS46 KMFR 230036
CLIMHS


CLIMATE REPORT
NATIONAL WEATHER SERVICE MEDFORD, OR
536 PM PDT FRI AUG 22 2014


...................................

...THE MT SHASTA CITY CA CLIMATE SUMMARY FOR AUGUST 22 2014...
VALID TODAY AS OF 0500 PM LOCAL TIME.

CLIMATE NORMAL PERIOD 1981 TO 2010
CLIMATE RECORD PERIOD 1908 TO 2014


WEATHER ITEM   OBSERVED TIME   RECORD YEAR NORMAL DEPARTURE LAST
                VALUE   (LST)  VALUE       VALUE  FROM      YEAR
                                                  NORMAL
..................................................................
TEMPERATURE (F)
 TODAY
  MAXIMUM         80    306 PM  97    1982  84     -4       87
  MINIMUM         49    612 AM  34    1968  47      2       52
  AVERAGE         65                        66     -1       70

PRECIPITATION (IN)
  TODAY            0.00          0.41 1976   0.01  -0.01     0.00
  MONTH TO DATE    0.21                      0.22  -0.01     0.00
  SINCE SEP 1     15.10                     43.09 -27.99    27.88
  SINCE JAN 1     12.28                     27.21 -14.93     7.18

SNOWFALL (IN)
  TODAY           MM                         0.0   MM       MM
  MONTH TO DATE   MM                         0.0   MM       MM
  SINCE JUL 1     MM                         0.0   MM       MM
  SNOW DEPTH      MM

DEGREE DAYS
 HEATING
  TODAY            0                         2     -2        0
  MONTH TO DATE    1                        24    -23        8
  SINCE JUN 1     58                       199   -141       95
  SINCE JUL 1      2                        57    -55        8

 COOLING
  TODAY            0                         2     -2        5
  MONTH TO DATE  116                        73     43       85
  SINCE JUN 1    464                       233    231      407
  SINCE JAN 1    473                       241    232      416
..................................................................


WIND (MPH)
  HIGHEST WIND SPEED    13   HIGHEST WIND DIRECTION    NW (300)
  HIGHEST GUST SPEED    20   HIGHEST GUST DIRECTION    NW (310)
  AVERAGE WIND SPEED     4.5


SKY COVER
  POSSIBLE SUNSHINE  MM
  AVERAGE SKY COVER 0.1


WEATHER CONDITIONS
 THE FOLLOWING WEATHER WAS RECORDED TODAY.
  HAZE


RELATIVE HUMIDITY (PERCENT)
 HIGHEST    71           600 AM
 LOWEST     19           300 PM

..........................................................


THE MT SHASTA CITY CA CLIMATE NORMALS FOR TOMORROW
                         NORMAL    RECORD    YEAR
 MAXIMUM TEMPERATURE (F)   84        96      1982
 MINIMUM TEMPERATURE (F)   47        34      1960


SUNRISE AND SUNSET
AUGUST 22 2014........SUNRISE   626 AM PDT   SUNSET   758 PM PDT
AUGUST 23 2014........SUNRISE   627 AM PDT   SUNSET   756 PM PDT


-  INDICATES NEGATIVE NUMBERS.
R  INDICATES RECORD WAS SET OR TIED.
MM INDICATES DATA IS MISSING.
T  INDICATES TRACE AMOUNT.




$$
