000
CDUS46 KMFR 310852
CLIMHS


CLIMATE REPORT
NATIONAL WEATHER SERVICE MEDFORD, OR
152 AM PDT FRI JUL 31 2015


...................................

...THE MT SHASTA CITY CA CLIMATE SUMMARY FOR JULY 30 2015...

CLIMATE NORMAL PERIOD 1981 TO 2010
CLIMATE RECORD PERIOD 1908 TO 2015


WEATHER ITEM   OBSERVED TIME   RECORD YEAR NORMAL DEPARTURE LAST
                VALUE   (LST)  VALUE       VALUE  FROM      YEAR
                                                  NORMAL
..................................................................
TEMPERATURE (F)
 YESTERDAY
  MAXIMUM         99R   212 PM  98    2003  88     11       97
  MINIMUM         50    528 AM  37    1919  50      0       52
  AVERAGE         75                        69      6       75

PRECIPITATION (IN)
  YESTERDAY        0.00          1.12 1985   0.01  -0.01     0.00
  MONTH TO DATE    1.50                      0.38   1.12     0.24
  SINCE OCT 1     36.40                     42.19  -5.79    13.18
  SINCE JAN 1     16.88                     26.98 -10.10    12.07

SNOWFALL (IN)
  YESTERDAY       MM                         0.0   MM       MM
  MONTH TO DATE   MM                         0.0   MM       MM
  SINCE JUL 1     MM                         0.0   MM       MM
  SNOW DEPTH      MM

DEGREE DAYS
 HEATING
  YESTERDAY        0                         1     -1        0
  MONTH TO DATE    5                        36    -31        1
  SINCE JUN 1     26                       178   -152       57
  SINCE JUL 1      5                        36    -31        1

 COOLING
  YESTERDAY       10                         4      6       10
  MONTH TO DATE  163                       120     43      279
  SINCE JUN 1    338                       157    181      337
  SINCE JAN 1    343                       165    178      346
..................................................................


WIND (MPH)
  HIGHEST WIND SPEED     6   HIGHEST WIND DIRECTION     N (20)
  HIGHEST GUST SPEED    11   HIGHEST GUST DIRECTION    NW (330)
  AVERAGE WIND SPEED     1.1


SKY COVER
  POSSIBLE SUNSHINE  MM
  AVERAGE SKY COVER 0.0


WEATHER CONDITIONS
 THE FOLLOWING WEATHER WAS RECORDED YESTERDAY.
  NO SIGNIFICANT WEATHER WAS OBSERVED.


RELATIVE HUMIDITY (PERCENT)
 HIGHEST    68           600 AM
 LOWEST     14          1100 AM

..........................................................


THE MT SHASTA CITY CA CLIMATE NORMALS FOR TODAY
                         NORMAL    RECORD    YEAR
 MAXIMUM TEMPERATURE (F)   88        99      1977
 MINIMUM TEMPERATURE (F)   50        38      1989


SUNRISE AND SUNSET
JULY 31 2015..........SUNRISE   603 AM PDT   SUNSET   827 PM PDT
AUGUST  1 2015........SUNRISE   604 AM PDT   SUNSET   826 PM PDT


-  INDICATES NEGATIVE NUMBERS.
R  INDICATES RECORD WAS SET OR TIED.
MM INDICATES DATA IS MISSING.
T  INDICATES TRACE AMOUNT.




$$
