000
CDUS46 KMFR 230836
CLIMHS


CLIMATE REPORT
NATIONAL WEATHER SERVICE MEDFORD, OR
1236 AM PST MON JAN 23 2017


...................................

...THE MT SHASTA CITY CA CLIMATE SUMMARY FOR JANUARY 22 2017...

CLIMATE NORMAL PERIOD 1981 TO 2010
CLIMATE RECORD PERIOD 1908 TO 2017


WEATHER ITEM   OBSERVED TIME   RECORD YEAR NORMAL DEPARTURE LAST
                VALUE   (LST)  VALUE       VALUE  FROM      YEAR
                                                  NORMAL
..................................................................
TEMPERATURE (F)
 YESTERDAY
  MAXIMUM         35    235 PM  60    2005  46    -11       46
  MINIMUM         27   1058 PM   0    1962  27      0       39
  AVERAGE         31                        36     -5       43

PRECIPITATION (IN)
  YESTERDAY        1.67          2.66 1981   0.22   1.45     2.01
  MONTH TO DATE   12.36                      5.14   7.22    11.35
  SINCE OCT 1     33.52                     20.35  13.17    20.84
  SINCE JAN 1     12.36                      5.14   7.22    11.35

SNOWFALL (IN)
  YESTERDAY       MM                         0.5   MM       MM
  MONTH TO DATE   MM                        15.4   MM       MM
  SINCE JUL 1     MM                        48.1   MM       MM
  SNOW DEPTH      MM

DEGREE DAYS
 HEATING
  YESTERDAY       34                        29      5       22
  MONTH TO DATE  713                       648     65      622
  SINCE DEC 1   1695                      1573    122     1537
  SINCE JUL 1   2880                      2970    -90     2669

 COOLING
  YESTERDAY        0                         0      0        0
  MONTH TO DATE    0                         0      0        0
  SINCE DEC 1      0                         0      0        0
  SINCE JAN 1      0                         0      0        0
..................................................................


WIND (MPH)
  HIGHEST WIND SPEED     9   HIGHEST WIND DIRECTION    SE (130)
  HIGHEST GUST SPEED    21   HIGHEST GUST DIRECTION    SE (140)
  AVERAGE WIND SPEED     3.0


SKY COVER
  POSSIBLE SUNSHINE  MM
  AVERAGE SKY COVER 0.7


WEATHER CONDITIONS
 THE FOLLOWING WEATHER WAS RECORDED YESTERDAY.
  HEAVY SNOW
  SNOW
  LIGHT SNOW
  FOG
  FOG W/VISIBILITY <= 1/4 MILE
  HAZE


RELATIVE HUMIDITY (PERCENT)
 HIGHEST   100          1100 PM
 LOWEST     82          1200 PM

..........................................................


THE MT SHASTA CITY CA CLIMATE NORMALS FOR TODAY
                         NORMAL    RECORD    YEAR
 MAXIMUM TEMPERATURE (F)   46        62      1968
 MINIMUM TEMPERATURE (F)   27         2      1915


SUNRISE AND SUNSET
JANUARY 23 2017.......SUNRISE   728 AM PST   SUNSET   515 PM PST
JANUARY 24 2017.......SUNRISE   727 AM PST   SUNSET   516 PM PST


-  INDICATES NEGATIVE NUMBERS.
R  INDICATES RECORD WAS SET OR TIED.
MM INDICATES DATA IS MISSING.
T  INDICATES TRACE AMOUNT.




$$
