000
CDUS46 KMFR 270036
CLIMHS


CLIMATE REPORT
NATIONAL WEATHER SERVICE MEDFORD, OR
436 PM PST SUN FEB 26 2017


...................................

...THE MT SHASTA CITY CA CLIMATE SUMMARY FOR FEBRUARY 26 2017...
VALID TODAY AS OF 0400 PM LOCAL TIME.

CLIMATE NORMAL PERIOD 1981 TO 2010
CLIMATE RECORD PERIOD 1908 TO 2017


WEATHER ITEM   OBSERVED TIME   RECORD YEAR NORMAL DEPARTURE LAST
                VALUE   (LST)  VALUE       VALUE  FROM      YEAR
                                                  NORMAL
..................................................................
TEMPERATURE (F)
 TODAY
  MAXIMUM         39    149 PM  77    1916  51    -12       59
  MINIMUM         18    721 AM   6    1962  29    -11       37
  AVERAGE         29                        40    -11       48

PRECIPITATION (IN)
  TODAY            T             2.46 2010   0.27  -0.27     0.16
  MONTH TO DATE   10.99                      6.69   4.30     3.03
  SINCE OCT 1     43.25                     28.96  14.29    25.52
  SINCE JAN 1     22.09                     13.75   8.34    16.03

SNOWFALL (IN)
  TODAY           MM                         0.6   MM       MM
  MONTH TO DATE   MM                        18.2   MM       MM
  SINCE JUL 1     MM                        71.5   MM       MM
  SNOW DEPTH      MM

DEGREE DAYS
 HEATING
  TODAY           36                        25     11       17
  MONTH TO DATE  656                       699    -43      545
  SINCE DEC 1   2646                      2528    118     2317
  SINCE JUL 1   3831                      3925    -94     3449

 COOLING
  TODAY            0                         0      0        0
  MONTH TO DATE    0                         0      0        0
  SINCE DEC 1      0                         0      0        0
  SINCE JAN 1      0                         0      0        0
..................................................................


WIND (MPH)
  HIGHEST WIND SPEED     8   HIGHEST WIND DIRECTION    SE (130)
  HIGHEST GUST SPEED    16   HIGHEST GUST DIRECTION    SE (130)
  AVERAGE WIND SPEED     1.2


SKY COVER
  POSSIBLE SUNSHINE  MM
  AVERAGE SKY COVER 0.4


WEATHER CONDITIONS
 THE FOLLOWING WEATHER WAS RECORDED TODAY.
  FOG
  HAZE


RELATIVE HUMIDITY (PERCENT)
 HIGHEST    84           200 AM
 LOWEST     52          1200 PM

..........................................................


THE MT SHASTA CITY CA CLIMATE NORMALS FOR TOMORROW
                         NORMAL    RECORD    YEAR
 MAXIMUM TEMPERATURE (F)   51        71      1953
 MINIMUM TEMPERATURE (F)   29         3      1962


SUNRISE AND SUNSET
FEBRUARY 26 2017......SUNRISE   648 AM PST   SUNSET   557 PM PST
FEBRUARY 27 2017......SUNRISE   646 AM PST   SUNSET   558 PM PST


-  INDICATES NEGATIVE NUMBERS.
R  INDICATES RECORD WAS SET OR TIED.
MM INDICATES DATA IS MISSING.
T  INDICATES TRACE AMOUNT.




$$
