000
CDUS46 KMFR 300836
CLIMHS


CLIMATE REPORT
NATIONAL WEATHER SERVICE MEDFORD, OR
136 AM PDT FRI SEP 30 2016


...................................

...THE MT SHASTA CITY CA CLIMATE SUMMARY FOR SEPTEMBER 29 2016...

CLIMATE NORMAL PERIOD 1981 TO 2010
CLIMATE RECORD PERIOD 1908 TO 2016


WEATHER ITEM   OBSERVED TIME   RECORD YEAR NORMAL DEPARTURE LAST
                VALUE   (LST)  VALUE       VALUE  FROM      YEAR
                                                  NORMAL
..................................................................
TEMPERATURE (F)
 YESTERDAY
  MAXIMUM         80    217 PM  89    1915  74      6       79
                                      2008
                                      1980
  MINIMUM         50    633 AM  27    1929  40     10       42
  AVERAGE         65                        57      8       61

PRECIPITATION (IN)
  YESTERDAY        0.00          0.95 1918   0.03  -0.03     0.00
  MONTH TO DATE    0.08                      0.64  -0.56     0.28
  SINCE OCT 1     42.39                     43.18  -0.79    36.70
  SINCE JAN 1     32.90                     27.97   4.93    17.18

SNOWFALL (IN)
  YESTERDAY       MM                         0.0   MM       MM
  MONTH TO DATE   MM                         0.0   MM       MM
  SINCE JUL 1     MM                         0.0   MM       MM
  SNOW DEPTH      MM

DEGREE DAYS
 HEATING
  YESTERDAY        0                         8     -8        4
  MONTH TO DATE   93                       153    -60      113
  SINCE SEP 1     93                       153    -60      113
  SINCE JUL 1    108                       228   -120      124

 COOLING
  YESTERDAY        0                         0      0        0
  MONTH TO DATE   35                        25     10       45
  SINCE SEP 1     35                        25     10       45
  SINCE JAN 1    513                       285    228      539
..................................................................


WIND (MPH)
  HIGHEST WIND SPEED     7   HIGHEST WIND DIRECTION    SE (140)
  HIGHEST GUST SPEED    15   HIGHEST GUST DIRECTION    SE (140)
  AVERAGE WIND SPEED     0.5


SKY COVER
  POSSIBLE SUNSHINE  MM
  AVERAGE SKY COVER 0.0


WEATHER CONDITIONS
 THE FOLLOWING WEATHER WAS RECORDED YESTERDAY.
  NO SIGNIFICANT WEATHER WAS OBSERVED.


RELATIVE HUMIDITY (PERCENT)
 HIGHEST    77           500 AM
 LOWEST     29           300 PM

..........................................................


THE MT SHASTA CITY CA CLIMATE NORMALS FOR TODAY
                         NORMAL    RECORD    YEAR
 MAXIMUM TEMPERATURE (F)   74        91      2010
 MINIMUM TEMPERATURE (F)   40        25      1929


SUNRISE AND SUNSET
SEPTEMBER 30 2016.....SUNRISE   706 AM PDT   SUNSET   652 PM PDT
OCTOBER  1 2016.......SUNRISE   707 AM PDT   SUNSET   650 PM PDT


-  INDICATES NEGATIVE NUMBERS.
R  INDICATES RECORD WAS SET OR TIED.
MM INDICATES DATA IS MISSING.
T  INDICATES TRACE AMOUNT.




$$
