000
CDUS46 KMFR 250836
CLIMHS


CLIMATE REPORT
NATIONAL WEATHER SERVICE MEDFORD, OR
135 AM PDT THU AUG 25 2016


...................................

...THE MT SHASTA CITY CA CLIMATE SUMMARY FOR AUGUST 24 2016...

CLIMATE NORMAL PERIOD 1981 TO 2010
CLIMATE RECORD PERIOD 1908 TO 2016


WEATHER ITEM   OBSERVED TIME   RECORD YEAR NORMAL DEPARTURE LAST
                VALUE   (LST)  VALUE       VALUE  FROM      YEAR
                                                  NORMAL
..................................................................
TEMPERATURE (F)
 YESTERDAY
  MAXIMUM         90    237 PM  96    1931  84      6       88
                                      1982
  MINIMUM         45    606 AM  32    1925  47     -2       51
  AVERAGE         68                        65      3       70

PRECIPITATION (IN)
  YESTERDAY        0.00          0.10 1973   0.02  -0.02     0.00
  MONTH TO DATE    0.00                      0.25  -0.25      T
  SINCE OCT 1     42.31                     42.45  -0.14    36.40
  SINCE JAN 1     32.82                     27.24   5.58    16.88

SNOWFALL (IN)
  YESTERDAY       MM                         0.0   MM       MM
  MONTH TO DATE   MM                         0.0   MM       MM
  SINCE JUL 1     MM                         0.0   MM       MM
  SNOW DEPTH      MM

DEGREE DAYS
 HEATING
  YESTERDAY        0                         2     -2        0
  MONTH TO DATE    0                        28    -28        0
  SINCE JUN 1    102                       203   -101       26
  SINCE JUL 1     15                        61    -46        5

 COOLING
  YESTERDAY        3                         2      1        5
  MONTH TO DATE  165                        77     88      115
  SINCE JUN 1    447                       237    210      468
  SINCE JAN 1    455                       245    210      473
..................................................................


WIND (MPH)
  HIGHEST WIND SPEED     9   HIGHEST WIND DIRECTION     W (290)
  HIGHEST GUST SPEED    15   HIGHEST GUST DIRECTION    NW (300)
  AVERAGE WIND SPEED     1.6


SKY COVER
  POSSIBLE SUNSHINE  MM
  AVERAGE SKY COVER 0.0


WEATHER CONDITIONS
 THE FOLLOWING WEATHER WAS RECORDED YESTERDAY.
  NO SIGNIFICANT WEATHER WAS OBSERVED.


RELATIVE HUMIDITY (PERCENT)
 HIGHEST    65           300 AM
 LOWEST     16           100 PM

..........................................................


THE MT SHASTA CITY CA CLIMATE NORMALS FOR TODAY
                         NORMAL    RECORD    YEAR
 MAXIMUM TEMPERATURE (F)   83        97      2010
 MINIMUM TEMPERATURE (F)   47        35      1908


SUNRISE AND SUNSET
AUGUST 25 2016........SUNRISE   629 AM PDT   SUNSET   752 PM PDT
AUGUST 26 2016........SUNRISE   630 AM PDT   SUNSET   751 PM PDT


-  INDICATES NEGATIVE NUMBERS.
R  INDICATES RECORD WAS SET OR TIED.
MM INDICATES DATA IS MISSING.
T  INDICATES TRACE AMOUNT.




$$
