000
CDUS46 KMFR 180855
CLIMHS


CLIMATE REPORT
NATIONAL WEATHER SERVICE MEDFORD, OR
1254 AM PST THU DEC 18 2014


...................................

...THE MT SHASTA CITY CA CLIMATE SUMMARY FOR DECEMBER 17 2014...

CLIMATE NORMAL PERIOD 1981 TO 2010
CLIMATE RECORD PERIOD 1908 TO 2014


WEATHER ITEM   OBSERVED TIME   RECORD YEAR NORMAL DEPARTURE LAST
                VALUE   (LST)  VALUE       VALUE  FROM      YEAR
                                                  NORMAL
..................................................................
TEMPERATURE (F)
 YESTERDAY
  MAXIMUM         42    233 PM  68    1958  44     -2       58
  MINIMUM         36    602 AM   6    2008  26     10       28
  AVERAGE         39                        35      4       43

PRECIPITATION (IN)
  YESTERDAY        0.20          1.36 1957   0.28  -0.08     0.00
  MONTH TO DATE   11.25                      4.12   7.13     0.23
  SINCE SEP 1     20.50                     12.15   8.35     2.81
  SINCE JAN 1     32.78                     39.48  -6.70     9.99

SNOWFALL (IN)
  YESTERDAY       MM                         0.9   MM       MM
  MONTH TO DATE   MM                        11.5   MM       MM
  SINCE JUL 1     MM                        19.3   MM        0.0
  SNOW DEPTH      MM

DEGREE DAYS
 HEATING
  YESTERDAY       26                        30     -4       22
  MONTH TO DATE  364                       502   -138      590
  SINCE DEC 1    364                       502   -138      590
  SINCE JUL 1   1374                      1899   -525     1827

 COOLING
  YESTERDAY        0                         0      0        0
  MONTH TO DATE    0                         0      0        0
  SINCE DEC 1      0                         0      0        0
  SINCE JAN 1    547                       288    259      474
..................................................................


WIND (MPH)
  HIGHEST WIND SPEED     9   HIGHEST WIND DIRECTION     E (90)
  HIGHEST GUST SPEED    14   HIGHEST GUST DIRECTION     E (100)
  AVERAGE WIND SPEED     2.0


SKY COVER
  POSSIBLE SUNSHINE  MM
  AVERAGE SKY COVER 1.0


WEATHER CONDITIONS
 THE FOLLOWING WEATHER WAS RECORDED YESTERDAY.
  LIGHT RAIN
  FOG


RELATIVE HUMIDITY (PERCENT)
 HIGHEST    92
 LOWEST     82           200 PM

..........................................................


THE MT SHASTA CITY CA CLIMATE NORMALS FOR TODAY
                         NORMAL    RECORD    YEAR
 MAXIMUM TEMPERATURE (F)   44        65      1958
 MINIMUM TEMPERATURE (F)   26         6      1928


SUNRISE AND SUNSET
DECEMBER 18 2014......SUNRISE   730 AM PST   SUNSET   442 PM PST
DECEMBER 19 2014......SUNRISE   731 AM PST   SUNSET   442 PM PST


-  INDICATES NEGATIVE NUMBERS.
R  INDICATES RECORD WAS SET OR TIED.
MM INDICATES DATA IS MISSING.
T  INDICATES TRACE AMOUNT.




$$
