000
CDUS46 KMFR 030845
CLIMHS


CLIMATE REPORT
NATIONAL WEATHER SERVICE MEDFORD, OR
1245 AM PST TUE MAR 3 2015


...................................

...THE MT SHASTA CITY CA CLIMATE SUMMARY FOR MARCH 2 2015...

CLIMATE NORMAL PERIOD 1981 TO 2010
CLIMATE RECORD PERIOD 1908 TO 2015


WEATHER ITEM   OBSERVED TIME   RECORD YEAR NORMAL DEPARTURE LAST
                VALUE   (LST)  VALUE       VALUE  FROM      YEAR
                                                  NORMAL
..................................................................
TEMPERATURE (F)
 YESTERDAY
  MAXIMUM         54    331 PM  69    1931  51      3       47
  MINIMUM         33    333 AM  15    1971  29      4       43
  AVERAGE         44                        40      4       45

PRECIPITATION (IN)
  YESTERDAY        0.00          2.21 2009   0.27  -0.27     0.36
  MONTH TO DATE    0.00                      0.53  -0.53     0.36
  SINCE OCT 1     30.16                     30.03   0.13     7.51
  SINCE JAN 1     10.64                     14.82  -4.18     6.40

SNOWFALL (IN)
  YESTERDAY       MM                         0.6   MM       MM
  MONTH TO DATE   MM                         1.2   MM       MM
  SINCE JUL 1     MM                        74.1   MM        0.0
  SNOW DEPTH      MM

DEGREE DAYS
 HEATING
  YESTERDAY       21                        25     -4       20
  MONTH TO DATE   46                        50     -4       40
  SINCE MAR 1     46                        50     -4       40
  SINCE JUL 1   3012                      4025  -1013     3656

 COOLING
  YESTERDAY        0                         0      0        0
  MONTH TO DATE    0                         0      0        0
  SINCE MAR 1      0                         0      0        0
  SINCE JAN 1      0                         0      0        0
..................................................................


WIND (MPH)
  HIGHEST WIND SPEED    10   HIGHEST WIND DIRECTION    NW (300)
  HIGHEST GUST SPEED    18   HIGHEST GUST DIRECTION    NW (300)
  AVERAGE WIND SPEED     4.3


SKY COVER
  POSSIBLE SUNSHINE  MM
  AVERAGE SKY COVER 0.4


WEATHER CONDITIONS
 THE FOLLOWING WEATHER WAS RECORDED YESTERDAY.
  NO SIGNIFICANT WEATHER WAS OBSERVED.


RELATIVE HUMIDITY (PERCENT)
 HIGHEST    72          1200 AM
 LOWEST     32           200 PM

..........................................................


THE MT SHASTA CITY CA CLIMATE NORMALS FOR TODAY
                         NORMAL    RECORD    YEAR
 MAXIMUM TEMPERATURE (F)   52        67      1931
 MINIMUM TEMPERATURE (F)   29        14      1951


SUNRISE AND SUNSET
MARCH  3 2015.........SUNRISE   641 AM PST   SUNSET   602 PM PST
MARCH  4 2015.........SUNRISE   639 AM PST   SUNSET   603 PM PST


-  INDICATES NEGATIVE NUMBERS.
R  INDICATES RECORD WAS SET OR TIED.
MM INDICATES DATA IS MISSING.
T  INDICATES TRACE AMOUNT.




$$
