000
CDUS46 KMFR 260845
CLIMHS


CLIMATE REPORT
NATIONAL WEATHER SERVICE MEDFORD, OR
1244 AM PST MON JAN 26 2015


...................................

...THE MT SHASTA CITY CA CLIMATE SUMMARY FOR JANUARY 25 2015...

CLIMATE NORMAL PERIOD 1981 TO 2010
CLIMATE RECORD PERIOD 1908 TO 2015


WEATHER ITEM   OBSERVED TIME   RECORD YEAR NORMAL DEPARTURE LAST
                VALUE   (LST)  VALUE       VALUE  FROM      YEAR
                                                  NORMAL
..................................................................
TEMPERATURE (F)
 YESTERDAY
  MAXIMUM         66R   155 PM  59    2014  46     20       59
                                      1951
  MINIMUM         33    640 AM   2    1949  27      6       27
  AVERAGE         50                        36     14       43

PRECIPITATION (IN)
  YESTERDAY        0.00          1.79 1912   0.21  -0.21     0.00
  MONTH TO DATE    0.48                      5.79  -5.31     0.15
  SINCE OCT 1     20.00                     21.00  -1.00     1.26
  SINCE JAN 1      0.48                      5.79  -5.31     0.15

SNOWFALL (IN)
  YESTERDAY       MM                         0.5   MM       MM
  MONTH TO DATE   MM                        17.0   MM        0.0
  SINCE JUL 1     MM                        49.7   MM        0.0
  SNOW DEPTH      MM

DEGREE DAYS
 HEATING
  YESTERDAY       15                        29    -14       22
  MONTH TO DATE  567                       735   -168      632
  SINCE DEC 1   1300                      1660   -360     1570
  SINCE JUL 1   2310                      3057   -747     2807

 COOLING
  YESTERDAY        0                         0      0        0
  MONTH TO DATE    0                         0      0        0
  SINCE DEC 1      0                         0      0        0
  SINCE JAN 1      0                         0      0        0
..................................................................


WIND (MPH)
  HIGHEST WIND SPEED     8   HIGHEST WIND DIRECTION     W (290)
  HIGHEST GUST SPEED    12   HIGHEST GUST DIRECTION    NW (300)
  AVERAGE WIND SPEED     2.5


SKY COVER
  POSSIBLE SUNSHINE  MM
  AVERAGE SKY COVER 0.0


WEATHER CONDITIONS
 THE FOLLOWING WEATHER WAS RECORDED YESTERDAY.
  FOG
  HAZE


RELATIVE HUMIDITY (PERCENT)
 HIGHEST    89          1200 AM
 LOWEST     43           100 PM

..........................................................


THE MT SHASTA CITY CA CLIMATE NORMALS FOR TODAY
                         NORMAL    RECORD    YEAR
 MAXIMUM TEMPERATURE (F)   46        63      2014
 MINIMUM TEMPERATURE (F)   27         4      1972


SUNRISE AND SUNSET
JANUARY 26 2015.......SUNRISE   726 AM PST   SUNSET   518 PM PST
JANUARY 27 2015.......SUNRISE   725 AM PST   SUNSET   519 PM PST


-  INDICATES NEGATIVE NUMBERS.
R  INDICATES RECORD WAS SET OR TIED.
MM INDICATES DATA IS MISSING.
T  INDICATES TRACE AMOUNT.




$$
