000
CDUS46 KMFR 300836
CLIMHS


CLIMATE REPORT
NATIONAL WEATHER SERVICE MEDFORD, OR
136 AM PDT SAT JUL 30 2016


...................................

...THE MT SHASTA CITY CA CLIMATE SUMMARY FOR JULY 29 2016...

CLIMATE NORMAL PERIOD 1981 TO 2010
CLIMATE RECORD PERIOD 1908 TO 2016


WEATHER ITEM   OBSERVED TIME   RECORD YEAR NORMAL DEPARTURE LAST
                VALUE   (LST)  VALUE       VALUE  FROM      YEAR
                                                  NORMAL
..................................................................
TEMPERATURE (F)
 YESTERDAY
  MAXIMUM        102R   214 PM  99    2014  88     14       96
                                      2009
  MINIMUM         62    553 AM  36    1919  50     12       48
  AVERAGE         82                        69     13       72

PRECIPITATION (IN)
  YESTERDAY        0.00          0.04 1997   0.01  -0.01     0.00
  MONTH TO DATE    T                         0.37  -0.37     1.50
  SINCE OCT 1     42.31                     42.18   0.13    36.40
  SINCE JAN 1     32.82                     26.97   5.85    16.88

SNOWFALL (IN)
  YESTERDAY       MM                         0.0   MM       MM
  MONTH TO DATE   MM                         0.0   MM       MM
  SINCE JUL 1     MM                         0.0   MM       MM
  SNOW DEPTH      MM

DEGREE DAYS
 HEATING
  YESTERDAY        0                         1     -1        0
  MONTH TO DATE   15                        35    -20        5
  SINCE JUN 1    102                       177    -75       26
  SINCE JUL 1     15                        35    -20        5

 COOLING
  YESTERDAY       17                         4     13        7
  MONTH TO DATE  151                       116     35      153
  SINCE JUN 1    258                       153    105      328
  SINCE JAN 1    266                       161    105      333
..................................................................


WIND (MPH)
  HIGHEST WIND SPEED     6   HIGHEST WIND DIRECTION    NE (60)
  HIGHEST GUST SPEED    12   HIGHEST GUST DIRECTION    SE (140)
  AVERAGE WIND SPEED     1.8


SKY COVER
  POSSIBLE SUNSHINE  MM
  AVERAGE SKY COVER 0.0


WEATHER CONDITIONS
 THE FOLLOWING WEATHER WAS RECORDED YESTERDAY.
  NO SIGNIFICANT WEATHER WAS OBSERVED.


RELATIVE HUMIDITY (PERCENT)
 HIGHEST    65           600 AM
 LOWEST     19           100 PM

..........................................................


THE MT SHASTA CITY CA CLIMATE NORMALS FOR TODAY
                         NORMAL    RECORD    YEAR
 MAXIMUM TEMPERATURE (F)   88        99      2015
 MINIMUM TEMPERATURE (F)   50        37      1919


SUNRISE AND SUNSET
JULY 30 2016..........SUNRISE   603 AM PDT   SUNSET   828 PM PDT
JULY 31 2016..........SUNRISE   604 AM PDT   SUNSET   827 PM PDT


-  INDICATES NEGATIVE NUMBERS.
R  INDICATES RECORD WAS SET OR TIED.
MM INDICATES DATA IS MISSING.
T  INDICATES TRACE AMOUNT.




$$
