000
CDUS42 KMFL 222016
CLIMIA


CLIMATE REPORT
NATIONAL WEATHER SERVICE MIAMI, FL
416 PM EDT SAT JUL 22 2017


...................................

...THE MIAMI CLIMATE SUMMARY FOR JULY 22 2017...
VALID TODAY AS OF 0400 PM LOCAL TIME.

CLIMATE NORMAL PERIOD 1981 TO 2010
CLIMATE RECORD PERIOD 1895 TO 2017


WEATHER ITEM   OBSERVED TIME   RECORD YEAR NORMAL DEPARTURE LAST
                VALUE   (LST)  VALUE       VALUE  FROM      YEAR
                                                  NORMAL
..................................................................
TEMPERATURE (F)
 TODAY
  MAXIMUM         91    205 PM  96    1942  91      0       91
  MINIMUM         77    543 AM  70    1938  78     -1       76
                                      1937
  AVERAGE         84                        84      0       84

PRECIPITATION (IN)
  TODAY            0.00          1.97 1953   0.19  -0.19     0.04
  MONTH TO DATE   11.04                      4.72   6.32     3.26
  SINCE JUN 1     27.01                     14.39  12.62    11.98
  SINCE JAN 1     40.49                     29.74  10.75    32.37

SNOWFALL (IN)
  TODAY            0.0
  MONTH TO DATE    0.0
  SINCE JUN 1      0.0
  SINCE JUL 1      0.0
  SNOW DEPTH       0

DEGREE DAYS
 HEATING
  TODAY            0                         0      0        0
  MONTH TO DATE    0                         0      0        0
  SINCE JUN 1      0                         0      0        0
  SINCE JUL 1      0                         0      0        0

 COOLING
  TODAY           19                        19      0       19
  MONTH TO DATE  458                       417     41      443
  SINCE JUN 1   1027                       949     78     1004
  SINCE JAN 1   2731                      2305    426     2466
..................................................................


WIND (MPH)
  HIGHEST WIND SPEED    13   HIGHEST WIND DIRECTION    SE (130)
  HIGHEST GUST SPEED    17   HIGHEST GUST DIRECTION    SE (120)
  AVERAGE WIND SPEED     3.8


SKY COVER
  AVERAGE SKY COVER 0.8


WEATHER CONDITIONS
 THE FOLLOWING WEATHER WAS RECORDED TODAY.
  THUNDERSTORM


RELATIVE HUMIDITY (PERCENT)
 HIGHEST    88
 LOWEST     56
 AVERAGE    72

..........................................................


THE MIAMI CLIMATE NORMALS FOR TOMORROW
                         NORMAL    RECORD    YEAR
 MAXIMUM TEMPERATURE (F)   91        95      2005
                                             1942
 MINIMUM TEMPERATURE (F)   78        70      1985
                                             1953
                                             1937


SUNRISE AND SUNSET
JULY 22 2017..........SUNRISE   643 AM EDT   SUNSET   812 PM EDT
JULY 23 2017..........SUNRISE   643 AM EDT   SUNSET   812 PM EDT


-  INDICATES NEGATIVE NUMBERS.
R  INDICATES RECORD WAS SET OR TIED.
MM INDICATES DATA IS MISSING.
T  INDICATES TRACE AMOUNT.




$$
