000
CDUS42 KMFL 180835
CLIMIA


CLIMATE REPORT
NATIONAL WEATHER SERVICE MIAMI, FL
433 AM EDT THU SEP 18 2014


...................................

...THE MIAMI CLIMATE SUMMARY FOR SEPTEMBER 17 2014...

CLIMATE NORMAL PERIOD 1981 TO 2010
CLIMATE RECORD PERIOD 1839 TO 2014


WEATHER ITEM   OBSERVED TIME   RECORD YEAR NORMAL DEPARTURE LAST
                VALUE   (LST)  VALUE       VALUE  FROM      YEAR
                                                  NORMAL
..................................................................
TEMPERATURE (F)
 YESTERDAY
  MAXIMUM         92    158 PM  95    1989  89      3       88
  MINIMUM         77   1118 PM  68    1910  77      0       76
  AVERAGE         85                        83      2       82

PRECIPITATION (IN)
  YESTERDAY        0.42          7.07 1928   0.35   0.07     0.39
  MONTH TO DATE    4.15                      5.53  -1.38     6.27
  SINCE JUN 1     43.13                     30.58  12.55    29.58
  SINCE JAN 1     53.28                     45.93   7.35    48.95

SNOWFALL (IN)
  YESTERDAY        0.0
  MONTH TO DATE    0.0
  SINCE SEP 1      0.0
  SINCE JUL 1      0.0
  SNOW DEPTH       0

DEGREE DAYS
 HEATING
  YESTERDAY        0                         0      0
  MONTH TO DATE    0                         0      0
  SINCE SEP 1      0                         0      0
  SINCE JUL 1      0                         0      0

 COOLING
  YESTERDAY       20                        18      2
  MONTH TO DATE  311                       308      3
  SINCE SEP 1    311                       308      3
  SINCE JAN 1   3606                      3383    223
..................................................................


WIND (MPH)
  HIGHEST WIND SPEED    14   HIGHEST WIND DIRECTION     S (190)
  HIGHEST GUST SPEED    19   HIGHEST GUST DIRECTION     S (200)
  AVERAGE WIND SPEED     4.3


SKY COVER
  POSSIBLE SUNSHINE  76 PERCENT
  AVERAGE SKY COVER 0.8


WEATHER CONDITIONS
 THE FOLLOWING WEATHER WAS RECORDED YESTERDAY.
  HEAVY RAIN
  LIGHT RAIN


RELATIVE HUMIDITY (PERCENT)
 HIGHEST    91
 LOWEST     49
 AVERAGE    70

..........................................................


THE MIAMI CLIMATE NORMALS FOR TODAY
                         NORMAL    RECORD    YEAR
 MAXIMUM TEMPERATURE (F)   89        95      1989
 MINIMUM TEMPERATURE (F)   77        69      1985


SUNRISE AND SUNSET
SEPTEMBER 18 2014.....SUNRISE   708 AM EDT   SUNSET   722 PM EDT
SEPTEMBER 19 2014.....SUNRISE   708 AM EDT   SUNSET   721 PM EDT


-  INDICATES NEGATIVE NUMBERS.
R  INDICATES RECORD WAS SET OR TIED.
MM INDICATES DATA IS MISSING.
T  INDICATES TRACE AMOUNT.




$$
