000
CDUS42 KMFL 200921
CLIMIA


CLIMATE REPORT
NATIONAL WEATHER SERVICE MIAMI, FL
421 AM EST SAT JAN 20 2018


...................................

...THE MIAMI CLIMATE SUMMARY FOR JANUARY 19 2018...

CLIMATE NORMAL PERIOD 1981 TO 2010
CLIMATE RECORD PERIOD 1895 TO 2018


WEATHER ITEM   OBSERVED TIME   RECORD YEAR NORMAL DEPARTURE LAST
                VALUE   (LST)  VALUE       VALUE  FROM      YEAR
                                                  NORMAL
..................................................................
TEMPERATURE (F)
 YESTERDAY
  MAXIMUM         73    146 PM  88    1987  76     -3       84
  MINIMUM         50    753 AM  36    1977  60    -10       66
                                      1901
  AVERAGE         62                        68     -6       75

PRECIPITATION (IN)
  YESTERDAY        0.00          1.44 1940   0.05  -0.05     0.00
  MONTH TO DATE    0.91                      0.95  -0.04     1.54
  SINCE NOV 1      5.98                      6.26  -0.28     4.81
  SINCE JAN 1      0.91                      0.95  -0.04     1.54

SNOWFALL (IN)
  YESTERDAY        0.0
  MONTH TO DATE    0.0
  SINCE DEC 1      0.0
  SINCE JUL 1      0.0
  SNOW DEPTH       0

DEGREE DAYS
 HEATING
  YESTERDAY        3                         2      1        0
  MONTH TO DATE   49                        38     11        6
  SINCE DEC 1     77                        72      5        6
  SINCE JUL 1     77                        75      2        6

 COOLING
  YESTERDAY        0                         5     -5       10
  MONTH TO DATE   57                        95    -38      180
  SINCE DEC 1    299                       298      1      551
  SINCE JAN 1     57                        95    -38      180
..................................................................


WIND (MPH)
  HIGHEST WIND SPEED    17   HIGHEST WIND DIRECTION     E (90)
  HIGHEST GUST SPEED    24   HIGHEST GUST DIRECTION    SE (130)
  AVERAGE WIND SPEED     6.8


SKY COVER
  POSSIBLE SUNSHINE  MM
  AVERAGE SKY COVER 0.8


WEATHER CONDITIONS
 THE FOLLOWING WEATHER WAS RECORDED YESTERDAY.
  NO SIGNIFICANT WEATHER WAS OBSERVED.


RELATIVE HUMIDITY (PERCENT)
 HIGHEST    86
 LOWEST     49
 AVERAGE    68

..........................................................


THE MIAMI CLIMATE NORMALS FOR TODAY
                         NORMAL    RECORD    YEAR
 MAXIMUM TEMPERATURE (F)   76        87      1947
 MINIMUM TEMPERATURE (F)   60        31      1977


SUNRISE AND SUNSET
JANUARY 20 2018.......SUNRISE   709 AM EST   SUNSET   556 PM EST
JANUARY 21 2018.......SUNRISE   709 AM EST   SUNSET   557 PM EST


-  INDICATES NEGATIVE NUMBERS.
R  INDICATES RECORD WAS SET OR TIED.
MM INDICATES DATA IS MISSING.
T  INDICATES TRACE AMOUNT.




$$
