000
CDUS42 KMFL 252025
CLIMIA


CLIMATE REPORT
NATIONAL WEATHER SERVICE MIAMI, FL
424 PM EDT MON SEP 25 2017


...................................

...THE MIAMI CLIMATE SUMMARY FOR SEPTEMBER 25 2017...
VALID TODAY AS OF 0400 PM LOCAL TIME.

CLIMATE NORMAL PERIOD 1981 TO 2010
CLIMATE RECORD PERIOD 1895 TO 2017


WEATHER ITEM   OBSERVED TIME   RECORD YEAR NORMAL DEPARTURE LAST
                VALUE   (LST)  VALUE       VALUE  FROM      YEAR
                                                  NORMAL
..................................................................
TEMPERATURE (F)
 TODAY
  MAXIMUM         90    156 PM  92    1987  89      1       89
                                      1940
                                      1908
  MINIMUM         81    446 AM  65    1903  76      5       75
  AVERAGE         86                        82      4       82

PRECIPITATION (IN)
  TODAY            0.00          6.57 1917   0.33  -0.33     0.00
  MONTH TO DATE   13.35                      8.27   5.08     4.74
  SINCE JUN 1     50.34                     33.32  17.02    31.34
  SINCE JAN 1     63.82                     48.67  15.15    51.73

SNOWFALL (IN)
  TODAY            0.0
  MONTH TO DATE    0.0
  SINCE SEP 1      0.0
  SINCE JUL 1      0.0
  SNOW DEPTH       0

DEGREE DAYS
 HEATING
  TODAY            0                         0      0        0
  MONTH TO DATE    0                         0      0        0
  SINCE SEP 1      0                         0      0        0
  SINCE JUL 1      0                         0      0        0

 COOLING
  TODAY           21                        17      4       17
  MONTH TO DATE  510                       451     59      475
  SINCE SEP 1    510                       451     59      475
  SINCE JAN 1   4084                      3526    558     3707
..................................................................


WIND (MPH)
  HIGHEST WIND SPEED    14   HIGHEST WIND DIRECTION    SE (130)
  HIGHEST GUST SPEED    19   HIGHEST GUST DIRECTION     S (190)
  AVERAGE WIND SPEED     2.0


SKY COVER
  AVERAGE SKY COVER 0.6


WEATHER CONDITIONS
 THE FOLLOWING WEATHER WAS RECORDED TODAY.
  THUNDERSTORM


RELATIVE HUMIDITY (PERCENT)
 HIGHEST    85
 LOWEST     56
 AVERAGE    71

..........................................................


THE MIAMI CLIMATE NORMALS FOR TOMORROW
                         NORMAL    RECORD    YEAR
 MAXIMUM TEMPERATURE (F)   89        94      1952
 MINIMUM TEMPERATURE (F)   76        69      1983


SUNRISE AND SUNSET
SEPTEMBER 25 2017.....SUNRISE   711 AM EDT   SUNSET   714 PM EDT
SEPTEMBER 26 2017.....SUNRISE   711 AM EDT   SUNSET   713 PM EDT


-  INDICATES NEGATIVE NUMBERS.
R  INDICATES RECORD WAS SET OR TIED.
MM INDICATES DATA IS MISSING.
T  INDICATES TRACE AMOUNT.




$$
