000
CDUS42 KMFL 280831
CLIMIA


CLIMATE REPORT
NATIONAL WEATHER SERVICE MIAMI, FL
431 AM EDT SAT MAY 28 2016


...................................

...THE MIAMI CLIMATE SUMMARY FOR MAY 27 2016...

CLIMATE NORMAL PERIOD 1981 TO 2010
CLIMATE RECORD PERIOD 1895 TO 2016


WEATHER ITEM   OBSERVED TIME   RECORD YEAR NORMAL DEPARTURE LAST
                VALUE   (LST)  VALUE       VALUE  FROM      YEAR
                                                  NORMAL
..................................................................
TEMPERATURE (F)
 YESTERDAY
  MAXIMUM         86    321 PM  96    1902  88     -2       88
  MINIMUM         75    548 AM  64    1937  75      0       76
                                      1908
  AVERAGE         81                        81      0       82

PRECIPITATION (IN)
  YESTERDAY        0.00          3.94 1954   0.25  -0.25     0.09
  MONTH TO DATE    8.27                      4.33   3.94     1.62
  SINCE NOV 1     37.76                     19.65  18.11    14.71
  SINCE JAN 1     20.39                     14.34   6.05    10.73

SNOWFALL (IN)
  YESTERDAY        0.0
  MONTH TO DATE    0.0
  SINCE MAR 1      0.0
  SINCE JUL 1      0.0
  SNOW DEPTH       0

DEGREE DAYS
 HEATING
  YESTERDAY        0                         0      0        0
  MONTH TO DATE    0                         0      0        0
  SINCE MAR 1      0                        12    -12        0
  SINCE JUL 1     67                       128    -61       76

 COOLING
  YESTERDAY       16                        16      0       17
  MONTH TO DATE  409                       396     13      433
  SINCE MAR 1   1140                       967    173     1273
  SINCE JAN 1   1397                      1289    108     1612
..................................................................


WIND (MPH)
  HIGHEST WIND SPEED    20   HIGHEST WIND DIRECTION     E (90)
  HIGHEST GUST SPEED    25   HIGHEST GUST DIRECTION     E (80)
  AVERAGE WIND SPEED     9.8


SKY COVER
  POSSIBLE SUNSHINE  MM
  AVERAGE SKY COVER 0.5


WEATHER CONDITIONS
 THE FOLLOWING WEATHER WAS RECORDED YESTERDAY.
  NO SIGNIFICANT WEATHER WAS OBSERVED.


RELATIVE HUMIDITY (PERCENT)
 HIGHEST    74
 LOWEST     55
 AVERAGE    65

..........................................................


THE MIAMI CLIMATE NORMALS FOR TODAY
                         NORMAL    RECORD    YEAR
 MAXIMUM TEMPERATURE (F)   88        93      1996
 MINIMUM TEMPERATURE (F)   75        60      1937


SUNRISE AND SUNSET
MAY 28 2016...........SUNRISE   630 AM EDT   SUNSET   807 PM EDT
MAY 29 2016...........SUNRISE   630 AM EDT   SUNSET   807 PM EDT


-  INDICATES NEGATIVE NUMBERS.
R  INDICATES RECORD WAS SET OR TIED.
MM INDICATES DATA IS MISSING.
T  INDICATES TRACE AMOUNT.




$$
