000
CDUS42 KMFL 302015
CLIMIA


CLIMATE REPORT
NATIONAL WEATHER SERVICE MIAMI, FL
415 PM EDT SAT JUL 30 2016


...................................

...THE MIAMI CLIMATE SUMMARY FOR JULY 30 2016...
VALID TODAY AS OF 0400 PM LOCAL TIME.

CLIMATE NORMAL PERIOD 1981 TO 2010
CLIMATE RECORD PERIOD 1895 TO 2016


WEATHER ITEM   OBSERVED TIME   RECORD YEAR NORMAL DEPARTURE LAST
                VALUE   (LST)  VALUE       VALUE  FROM      YEAR
                                                  NORMAL
..................................................................
TEMPERATURE (F)
 TODAY
  MAXIMUM         93   1248 PM  95    2015  91      2       95
                                      1999
  MINIMUM         78    516 AM  71    1928  78      0       80
  AVERAGE         86                        85      1       88

PRECIPITATION (IN)
  TODAY            0.00          2.70 1969   0.21  -0.21     0.00
  MONTH TO DATE    4.11                      6.29  -2.18     3.86
  SINCE JUN 1     12.83                     15.96  -3.13     7.46
  SINCE JAN 1     33.22                     31.31   1.91    18.96

SNOWFALL (IN)
  TODAY            0.0
  MONTH TO DATE    0.0
  SINCE JUN 1      0.0
  SINCE JUL 1      0.0
  SNOW DEPTH       0

DEGREE DAYS
 HEATING
  TODAY            0                         0      0        0
  MONTH TO DATE    0                         0      0        0
  SINCE JUN 1      0                         0      0        0
  SINCE JUL 1      0                         0      0        0

 COOLING
  TODAY           21                        20      1       23
  MONTH TO DATE  599                       573     26      601
  SINCE JUN 1   1160                      1105     55     1166
  SINCE JAN 1   2622                      2461    161     2843
..................................................................


WIND (MPH)
  HIGHEST WIND SPEED    17   HIGHEST WIND DIRECTION    SE (130)
  HIGHEST GUST SPEED    22   HIGHEST GUST DIRECTION    SE (130)
  AVERAGE WIND SPEED     3.7


SKY COVER
  AVERAGE SKY COVER 0.4


WEATHER CONDITIONS
 THE FOLLOWING WEATHER WAS RECORDED TODAY.
  NO SIGNIFICANT WEATHER WAS OBSERVED.


RELATIVE HUMIDITY (PERCENT)
 HIGHEST    79
 LOWEST     52
 AVERAGE    66

..........................................................


THE MIAMI CLIMATE NORMALS FOR TOMORROW
                         NORMAL    RECORD    YEAR
 MAXIMUM TEMPERATURE (F)   91        95      1999
                                             1986
 MINIMUM TEMPERATURE (F)   78        70      1914


SUNRISE AND SUNSET
JULY 30 2016..........SUNRISE   647 AM EDT   SUNSET   808 PM EDT
JULY 31 2016..........SUNRISE   647 AM EDT   SUNSET   807 PM EDT


-  INDICATES NEGATIVE NUMBERS.
R  INDICATES RECORD WAS SET OR TIED.
MM INDICATES DATA IS MISSING.
T  INDICATES TRACE AMOUNT.




$$
