000
CDUS42 KMFL 220835
CLIMIA


CLIMATE REPORT
NATIONAL WEATHER SERVICE MIAMI, FL
435 AM EDT WED OCT 22 2014


...................................

...THE MIAMI CLIMATE SUMMARY FOR OCTOBER 21 2014...

CLIMATE NORMAL PERIOD 1981 TO 2010
CLIMATE RECORD PERIOD 1839 TO 2014


WEATHER ITEM   OBSERVED TIME   RECORD YEAR NORMAL DEPARTURE LAST
                VALUE   (LST)  VALUE       VALUE  FROM      YEAR
                                                  NORMAL
..................................................................
TEMPERATURE (F)
 YESTERDAY
  MAXIMUM         80    957 AM  89    2006  86     -6       88
                                      1987
                                      1950
  MINIMUM         75   1159 PM  53    1989  73      2       78
  AVERAGE         78                        79     -1       83

PRECIPITATION (IN)
  YESTERDAY        0.04          4.71 2001   0.17  -0.13      T
  MONTH TO DATE    2.12                      4.85  -2.73     5.85
  SINCE JUN 1     48.35                     39.76   8.59    39.63
  SINCE JAN 1     58.50                     55.11   3.39    59.00

SNOWFALL (IN)
  YESTERDAY        0.0
  MONTH TO DATE    0.0
  SINCE SEP 1      0.0
  SINCE JUL 1      0.0
  SNOW DEPTH       0

DEGREE DAYS
 HEATING
  YESTERDAY        0                         0      0
  MONTH TO DATE    0                         0      0
  SINCE SEP 1      0                         0      0
  SINCE JUL 1      0                         0      0

 COOLING
  YESTERDAY       13                        14     -1
  MONTH TO DATE  341                       329     12
  SINCE SEP 1    875                       866      9
  SINCE JAN 1   4170                      3941    229
..................................................................


WIND (MPH)
  HIGHEST WIND SPEED    14   HIGHEST WIND DIRECTION    SW (230)
  HIGHEST GUST SPEED    19   HIGHEST GUST DIRECTION    SW (240)
  AVERAGE WIND SPEED     4.2


SKY COVER
  POSSIBLE SUNSHINE   0 PERCENT
  AVERAGE SKY COVER 1.0


WEATHER CONDITIONS
 THE FOLLOWING WEATHER WAS RECORDED YESTERDAY.
  LIGHT RAIN
  FOG


RELATIVE HUMIDITY (PERCENT)
 HIGHEST    88
 LOWEST     74
 AVERAGE    81

..........................................................


THE MIAMI CLIMATE NORMALS FOR TODAY
                         NORMAL    RECORD    YEAR
 MAXIMUM TEMPERATURE (F)   85        92      1941
 MINIMUM TEMPERATURE (F)   73        57      1961
                                             1913


SUNRISE AND SUNSET
OCTOBER 22 2014.......SUNRISE   724 AM EDT   SUNSET   647 PM EDT
OCTOBER 23 2014.......SUNRISE   724 AM EDT   SUNSET   646 PM EDT


-  INDICATES NEGATIVE NUMBERS.
R  INDICATES RECORD WAS SET OR TIED.
MM INDICATES DATA IS MISSING.
T  INDICATES TRACE AMOUNT.




$$
