000
CDUS43 KIND 180532
CLIMIE


CLIMATE REPORT
NATIONAL WEATHER SERVICE INDIANAPOLIS IN
1231 AM EST WED JAN 18 2017


...................................

...THE MUNCIE IN CLIMATE SUMMARY FOR JANUARY 17 2017...

CLIMATE NORMAL PERIOD 1981 TO 2010
CLIMATE RECORD PERIOD 9999 TO 9999


WEATHER ITEM   OBSERVED TIME   NORMAL DEPARTURE LAST
                VALUE   (LST)  VALUE  FROM      YEAR
                                      NORMAL
......................................................
TEMPERATURE (F)
 YESTERDAY
  MAXIMUM         58    736 AM  34     24       26
  MINIMUM         39   1159 PM  19     20        6
  AVERAGE         49            26     23       16

PRECIPITATION (IN)
  YESTERDAY        0.14          0.07   0.07      T
  MONTH TO DATE    3.28          1.23   2.05     1.13
  SINCE DEC 1      4.47          4.11   0.36     6.21
  SINCE JAN 1      3.28          1.23   2.05     1.13

DEGREE DAYS
 HEATING
  YESTERDAY       16            39    -23       49
  MONTH TO DATE  572           654    -82      595
  SINCE DEC 1   1630          1717    -87     1235
  SINCE JUL 1   2332          2852   -520     2194

 COOLING
  YESTERDAY        0             0      0        0
  MONTH TO DATE    0             0      0        0
  SINCE DEC 1      0             0      0        1
  SINCE JAN 1      0             0      0        0
......................................................


WIND (MPH)
  HIGHEST WIND SPEED    22   HIGHEST WIND DIRECTION     W (280)
  HIGHEST GUST SPEED    30   HIGHEST GUST DIRECTION     W (270)
  AVERAGE WIND SPEED    13.6


SKY COVER
  AVERAGE SKY COVER 1.0


WEATHER CONDITIONS
 THE FOLLOWING WEATHER WAS RECORDED YESTERDAY.
  RAIN
  LIGHT RAIN
  FOG
  HAZE


RELATIVE HUMIDITY (PERCENT)
 HIGHEST    96          1200 AM
 LOWEST     77          1200 PM
 AVERAGE    87

..........................................................


THE MUNCIE IN CLIMATE NORMALS FOR TODAY
                         NORMAL
 MAXIMUM TEMPERATURE (F)   34
 MINIMUM TEMPERATURE (F)   19


SUNRISE AND SUNSET
JANUARY 18 2017.......SUNRISE   801 AM EST   SUNSET   544 PM EST
JANUARY 19 2017.......SUNRISE   800 AM EST   SUNSET   545 PM EST


-  INDICATES NEGATIVE NUMBERS.
R  INDICATES RECORD WAS SET OR TIED.
MM INDICATES DATA IS MISSING.
T  INDICATES TRACE AMOUNT.




$$
