000
CDUS43 KIND 270533
CLIMIE


CLIMATE REPORT
NATIONAL WEATHER SERVICE INDIANAPOLIS IN
1233 AM EST TUE JAN 27 2015


...................................

...THE MUNCIE IN CLIMATE SUMMARY FOR JANUARY 26 2015...

CLIMATE NORMAL PERIOD 1981 TO 2010
CLIMATE RECORD PERIOD 9999 TO 9999


WEATHER ITEM   OBSERVED TIME   NORMAL DEPARTURE LAST
                VALUE   (LST)  VALUE  FROM      YEAR
                                      NORMAL
......................................................
TEMPERATURE (F)
 YESTERDAY
  MAXIMUM         23    415 PM  34    -11       42
  MINIMUM         12    821 AM  19     -7        4
  AVERAGE         18            26     -8       23

PRECIPITATION (IN)
  YESTERDAY        0.00          0.08  -0.08     0.10
  MONTH TO DATE    1.91          1.85   0.06     0.63
  SINCE DEC 1      3.74          4.73  -0.99     5.29
  SINCE JAN 1      1.91          1.85   0.06     0.63

DEGREE DAYS
 HEATING
  YESTERDAY       47            39      8       42
  MONTH TO DATE 1056          1005     51     1072
  SINCE DEC 1   2015          2068    -53     2161
  SINCE JUL 1   3368          3203    165     3412

 COOLING
  YESTERDAY        0             0      0        0
  MONTH TO DATE    0             0      0        0
  SINCE DEC 1      0             0      0        0
  SINCE JAN 1      0             0      0        0
......................................................


WIND (MPH)
  HIGHEST WIND SPEED    23   HIGHEST WIND DIRECTION    NE (40)
  HIGHEST GUST SPEED    28   HIGHEST GUST DIRECTION    NE (50)
  AVERAGE WIND SPEED     6.7


SKY COVER
  AVERAGE SKY COVER 0.4


WEATHER CONDITIONS
 THE FOLLOWING WEATHER WAS RECORDED YESTERDAY.
  NO SIGNIFICANT WEATHER WAS OBSERVED.


RELATIVE HUMIDITY (PERCENT)
 HIGHEST    84           100 AM
 LOWEST     65           400 PM
 AVERAGE    75

..........................................................


THE MUNCIE IN CLIMATE NORMALS FOR TODAY
                         NORMAL
 MAXIMUM TEMPERATURE (F)   34
 MINIMUM TEMPERATURE (F)   19


SUNRISE AND SUNSET
JANUARY 27 2015.......SUNRISE   755 AM EST   SUNSET   554 PM EST
JANUARY 28 2015.......SUNRISE   754 AM EST   SUNSET   555 PM EST


-  INDICATES NEGATIVE NUMBERS.
R  INDICATES RECORD WAS SET OR TIED.
MM INDICATES DATA IS MISSING.
T  INDICATES TRACE AMOUNT.




$$
