000
CDUS43 KIND 210540
CLIMIE


CLIMATE REPORT
NATIONAL WEATHER SERVICE INDIANAPOLIS IN
134 AM EDT MON AUG 21 2017


...................................

...THE MUNCIE IN CLIMATE SUMMARY FOR AUGUST 20 2017...

CLIMATE NORMAL PERIOD 1981 TO 2010
CLIMATE RECORD PERIOD 9999 TO 9999


WEATHER ITEM   OBSERVED TIME   NORMAL DEPARTURE LAST
                VALUE   (LST)  VALUE  FROM      YEAR
                                      NORMAL
......................................................
TEMPERATURE (F)
 YESTERDAY
  MAXIMUM         89    417 PM  83      6       81
  MINIMUM         64    441 AM  62      2       68
  AVERAGE         77            72      5       75

PRECIPITATION (IN)
  YESTERDAY        0.00          0.11  -0.11     0.81
  MONTH TO DATE    1.08          2.10  -1.02     7.45
  SINCE JUN 1     14.70         11.14   3.56    13.40
  SINCE JAN 1     34.27         26.71   7.56    27.47

DEGREE DAYS
 HEATING
  YESTERDAY        0             0      0        0
  MONTH TO DATE    0             0      0        0
  SINCE JUN 1      3            27    -24        6
  SINCE JUL 1      0             3     -3        3

 COOLING
  YESTERDAY       12             8      4       10
  MONTH TO DATE  149           162    -13      256
  SINCE JUN 1    719           672     47      877
  SINCE JAN 1    835           755     80      984
......................................................


WIND (MPH)
  HIGHEST WIND SPEED    12   HIGHEST WIND DIRECTION    NW (300)
  HIGHEST GUST SPEED    14   HIGHEST GUST DIRECTION    NW (300)
  AVERAGE WIND SPEED     4.0


SKY COVER
  AVERAGE SKY COVER 0.2


WEATHER CONDITIONS
 THE FOLLOWING WEATHER WAS RECORDED YESTERDAY.
  NO SIGNIFICANT WEATHER WAS OBSERVED.


RELATIVE HUMIDITY (PERCENT)
 HIGHEST    93          1200 AM
 LOWEST     43           100 PM
 AVERAGE    68

..........................................................


THE MUNCIE IN CLIMATE NORMALS FOR TODAY
                         NORMAL
 MAXIMUM TEMPERATURE (F)   83
 MINIMUM TEMPERATURE (F)   62


SUNRISE AND SUNSET
AUGUST 21 2017........SUNRISE   659 AM EDT   SUNSET   830 PM EDT
AUGUST 22 2017........SUNRISE   700 AM EDT   SUNSET   828 PM EDT


-  INDICATES NEGATIVE NUMBERS.
R  INDICATES RECORD WAS SET OR TIED.
MM INDICATES DATA IS MISSING.
T  INDICATES TRACE AMOUNT.




$$
