000
CDUS43 KIND 070537
CLIMIE


CLIMATE REPORT
NATIONAL WEATHER SERVICE INDIANAPOLIS IN
137 AM EDT TUE JUL 7 2015


...................................

...THE MUNCIE IN CLIMATE SUMMARY FOR JULY 6 2015...

CLIMATE NORMAL PERIOD 1981 TO 2010
CLIMATE RECORD PERIOD 9999 TO 9999


WEATHER ITEM   OBSERVED TIME   NORMAL DEPARTURE LAST
                VALUE   (LST)  VALUE  FROM      YEAR
                                      NORMAL
......................................................
TEMPERATURE (F)
 YESTERDAY
  MAXIMUM         86    320 PM  85      1       83
  MINIMUM         60    450 AM  65     -5       65
  AVERAGE         73            75     -2       74

PRECIPITATION (IN)
  YESTERDAY        0.00          0.14  -0.14      T
  MONTH TO DATE    0.00          0.83  -0.83     0.27
  SINCE JUN 1      7.69          5.49   2.20     5.73
  SINCE JAN 1     22.49         21.06   1.43    20.50

DEGREE DAYS
 HEATING
  YESTERDAY        0             0      0        0
  MONTH TO DATE    0             0      0        1
  SINCE JUN 1     28            24      4        9
  SINCE JUL 1      0             0      0        1

 COOLING
  YESTERDAY        8            10     -2        9
  MONTH TO DATE   32            60    -28       30
  SINCE JUN 1    252           276    -24      275
  SINCE JAN 1    396           359     37      390
......................................................


WIND (MPH)
  HIGHEST WIND SPEED    16   HIGHEST WIND DIRECTION     S (190)
  HIGHEST GUST SPEED    22   HIGHEST GUST DIRECTION     S (200)
  AVERAGE WIND SPEED     7.0


SKY COVER
  AVERAGE SKY COVER 0.1


WEATHER CONDITIONS
 THE FOLLOWING WEATHER WAS RECORDED YESTERDAY.
  FOG
  HAZE


RELATIVE HUMIDITY (PERCENT)
 HIGHEST    97           300 AM
 LOWEST     51           300 PM
 AVERAGE    74

..........................................................


THE MUNCIE IN CLIMATE NORMALS FOR TODAY
                         NORMAL
 MAXIMUM TEMPERATURE (F)   85
 MINIMUM TEMPERATURE (F)   65


SUNRISE AND SUNSET
JULY  7 2015..........SUNRISE   619 AM EDT   SUNSET   914 PM EDT
JULY  8 2015..........SUNRISE   620 AM EDT   SUNSET   913 PM EDT


-  INDICATES NEGATIVE NUMBERS.
R  INDICATES RECORD WAS SET OR TIED.
MM INDICATES DATA IS MISSING.
T  INDICATES TRACE AMOUNT.




$$
