000
CDUS43 KIND 250532
CLIMIE


CLIMATE REPORT
NATIONAL WEATHER SERVICE INDIANAPOLIS IN
1231 AM EST SAT FEB 25 2017


...................................

...THE MUNCIE IN CLIMATE SUMMARY FOR FEBRUARY 24 2017...

CLIMATE NORMAL PERIOD 1981 TO 2010
CLIMATE RECORD PERIOD 9999 TO 9999


WEATHER ITEM   OBSERVED TIME   NORMAL DEPARTURE LAST
                VALUE   (LST)  VALUE  FROM      YEAR
                                      NORMAL
......................................................
TEMPERATURE (F)
 YESTERDAY
  MAXIMUM         73    238 PM  41     32       38
  MINIMUM         45   1159 PM  24     21       33
  AVERAGE         59            32     27       36

PRECIPITATION (IN)
  YESTERDAY        0.30          0.08   0.22     1.33
  MONTH TO DATE    0.81          1.97  -1.16     1.71
  SINCE DEC 1      6.73          7.08  -0.35     8.06
  SINCE JAN 1      5.54          4.20   1.34     2.98

DEGREE DAYS
 HEATING
  YESTERDAY        6            33    -27       29
  MONTH TO DATE  519           861   -342      768
  SINCE DEC 1   2496          3119   -623     2517
  SINCE JUL 1   3198          4254  -1056     3476

 COOLING
  YESTERDAY        0             0      0        0
  MONTH TO DATE    0             0      0        0
  SINCE DEC 1      0             0      0        1
  SINCE JAN 1      0             0      0        0
......................................................


WIND (MPH)
  HIGHEST WIND SPEED    28   HIGHEST WIND DIRECTION     S (200)
  HIGHEST GUST SPEED    37   HIGHEST GUST DIRECTION     S (190)
  AVERAGE WIND SPEED    13.3


SKY COVER
  AVERAGE SKY COVER 0.5


WEATHER CONDITIONS
 THE FOLLOWING WEATHER WAS RECORDED YESTERDAY.
  THUNDERSTORM
  HEAVY RAIN
  LIGHT RAIN
  FOG


RELATIVE HUMIDITY (PERCENT)
 HIGHEST    82          1100 PM
 LOWEST     44           300 PM
 AVERAGE    63

..........................................................


THE MUNCIE IN CLIMATE NORMALS FOR TODAY
                         NORMAL
 MAXIMUM TEMPERATURE (F)   41
 MINIMUM TEMPERATURE (F)   24


SUNRISE AND SUNSET
FEBRUARY 25 2017......SUNRISE   721 AM EST   SUNSET   629 PM EST
FEBRUARY 26 2017......SUNRISE   719 AM EST   SUNSET   630 PM EST


-  INDICATES NEGATIVE NUMBERS.
R  INDICATES RECORD WAS SET OR TIED.
MM INDICATES DATA IS MISSING.
T  INDICATES TRACE AMOUNT.




$$
