000
CDUS43 KMKX 230641
CLIMKE


CLIMATE REPORT
NATIONAL WEATHER SERVICE IN MILWAUKEE
140 AM CDT THU MAR 23 2017


...................................

...THE MILWAUKEE WI CLIMATE SUMMARY FOR MARCH 22 2017...

CLIMATE NORMAL PERIOD 1981 TO 2010
CLIMATE RECORD PERIOD 1871 TO 2017


WEATHER ITEM   OBSERVED TIME   RECORD YEAR NORMAL DEPARTURE LAST
                VALUE   (LST)  VALUE       VALUE  FROM      YEAR
                                                  NORMAL
..................................................................
TEMPERATURE (F)
 YESTERDAY
  MAXIMUM         34    157 PM  77    1938  45    -11       57
  MINIMUM         24    558 AM  -2    1888  29     -5       36
  AVERAGE         29                        37     -8       47

PRECIPITATION (IN)
  YESTERDAY        0.00          1.22 1938   0.08  -0.08     0.00
  MONTH TO DATE    1.47                      1.48  -0.01     1.36
  SINCE MAR 1      1.47                      1.48  -0.01     1.36
  SINCE JAN 1      5.48                      4.89   0.59     2.67

SNOWFALL (IN)
  YESTERDAY        0.0          10.0  1916   0.1   -0.1      0.0
  MONTH TO DATE   13.6                       5.7    7.9      4.5
  SINCE MAR 1     13.6                       5.7    7.9      4.5
  SINCE JUL 1     37.6                      43.5   -5.9     33.6
  SNOW DEPTH       0

DEGREE DAYS
 HEATING
  YESTERDAY       36                        28      8       18
  MONTH TO DATE  669                       693    -24      543
  SINCE MAR 1    669                       693    -24      543
  SINCE JUL 1   4668                      5673  -1005     4762

 COOLING
  YESTERDAY        0                         0      0        0
  MONTH TO DATE    0                         0      0        0
  SINCE MAR 1      0                         0      0        0
  SINCE JAN 1      0                         0      0        0
..................................................................


WIND (MPH)
  HIGHEST WIND SPEED    21   HIGHEST WIND DIRECTION    NE (30)
  HIGHEST GUST SPEED    28   HIGHEST GUST DIRECTION    NE (30)
  AVERAGE WIND SPEED     7.7


SKY COVER
  POSSIBLE SUNSHINE  MM
  AVERAGE SKY COVER 0.6


WEATHER CONDITIONS
 THE FOLLOWING WEATHER WAS RECORDED YESTERDAY.
  NO SIGNIFICANT WEATHER WAS OBSERVED.


RELATIVE HUMIDITY (PERCENT)
 HIGHEST    68           700 PM
 LOWEST     47          1200 PM
 AVERAGE    58

..........................................................


THE MILWAUKEE WI CLIMATE NORMALS FOR TODAY
                         NORMAL    RECORD    YEAR
 MAXIMUM TEMPERATURE (F)   45        73      1939
 MINIMUM TEMPERATURE (F)   30         5      1965
                                             1940
                                             1888


SUNRISE AND SUNSET
MARCH 23 2017.........SUNRISE   649 AM CDT   SUNSET   708 PM CDT
MARCH 24 2017.........SUNRISE   647 AM CDT   SUNSET   709 PM CDT


-  INDICATES NEGATIVE NUMBERS.
R  INDICATES RECORD WAS SET OR TIED.
MM INDICATES DATA IS MISSING.
T  INDICATES TRACE AMOUNT.




$$
