000
CDUS43 KMKX 212129
CLIMKE


CLIMATE REPORT
NATIONAL WEATHER SERVICE IN MILWAUKEE
425 PM CDT MON AUG 21 2017


...................................

...THE MILWAUKEE WI CLIMATE SUMMARY FOR AUGUST 21 2017...
VALID TODAY AS OF 0400 PM LOCAL TIME.

CLIMATE NORMAL PERIOD 1981 TO 2010
CLIMATE RECORD PERIOD 1871 TO 2017


WEATHER ITEM   OBSERVED TIME   RECORD YEAR NORMAL DEPARTURE LAST
                VALUE   (LST)  VALUE       VALUE  FROM      YEAR
                                                  NORMAL
..................................................................
TEMPERATURE (F)
 TODAY
  MAXIMUM         83   1137 AM 100    1955  78      5       75
  MINIMUM         68    412 AM  46    1950  63      5       60
  AVERAGE         76                        70      6       68

PRECIPITATION (IN)
  TODAY            0.00          1.95 1886   0.12  -0.12      T
  MONTH TO DATE    0.77                      2.80  -2.03     0.88
  SINCE JUN 1      9.67                     10.37  -0.70     6.13
  SINCE JAN 1     26.46                     23.01   3.45    14.95

SNOWFALL (IN)
  TODAY            0.0           0.0    MM   0.0    0.0      0.0
  MONTH TO DATE    0.0                       0.0    0.0      0.0
  SINCE JUN 1      0.0                       0.0    0.0      0.0
  SINCE JUL 1      0.0                       0.0    0.0      0.0
  SNOW DEPTH       0

DEGREE DAYS
 HEATING
  TODAY            0                         0      0        0
  MONTH TO DATE    3                         0      3        0
  SINCE JUN 1     18                        95    -77       31
  SINCE JUL 1      4                        11     -7        2

 COOLING
  TODAY           11                         6      5        3
  MONTH TO DATE  146                       140      6      251
  SINCE JUN 1    558                       482     76      708
  SINCE JAN 1    579                       512     67      753
..................................................................


WIND (MPH)
  HIGHEST WIND SPEED    15   HIGHEST WIND DIRECTION    SE (140)
  HIGHEST GUST SPEED    19   HIGHEST GUST DIRECTION    SE (140)
  AVERAGE WIND SPEED     4.5


SKY COVER
  POSSIBLE SUNSHINE  MM
  AVERAGE SKY COVER 0.7


WEATHER CONDITIONS
 THE FOLLOWING WEATHER WAS RECORDED TODAY.
  FOG
  HAZE


RELATIVE HUMIDITY (PERCENT)
 HIGHEST    97           600 AM
 LOWEST     65          1100 AM
 AVERAGE    81

..........................................................


THE MILWAUKEE WI CLIMATE NORMALS FOR TOMORROW
                         NORMAL    RECORD    YEAR
 MAXIMUM TEMPERATURE (F)   78        98      1936
 MINIMUM TEMPERATURE (F)   63        43      1875


SUNRISE AND SUNSET
AUGUST 21 2017........SUNRISE   604 AM CDT   SUNSET   744 PM CDT
AUGUST 22 2017........SUNRISE   605 AM CDT   SUNSET   742 PM CDT


-  INDICATES NEGATIVE NUMBERS.
R  INDICATES RECORD WAS SET OR TIED.
MM INDICATES DATA IS MISSING.
T  INDICATES TRACE AMOUNT.




$$

HAHN
