000
CDUS43 KMKX 062148
CLIMKE


CLIMATE REPORT
NATIONAL WEATHER SERVICE IN MILWAUKEE
447 PM CDT FRI MAY 6 2016


...................................

...THE MILWAUKEE WI CLIMATE SUMMARY FOR MAY 6 2016...
VALID TODAY AS OF 0400 PM LOCAL TIME.

CLIMATE NORMAL PERIOD 1981 TO 2010
CLIMATE RECORD PERIOD 1871 TO 2016


WEATHER ITEM   OBSERVED TIME   RECORD YEAR NORMAL DEPARTURE LAST
                VALUE   (LST)  VALUE       VALUE  FROM      YEAR
                                                  NORMAL
..................................................................
TEMPERATURE (F)
 TODAY
  MAXIMUM         85    259 PM  91    1934  62     23       60
  MINIMUM         45   1228 AM  28    1967  44      1       45
  AVERAGE         65                        52     13       53

PRECIPITATION (IN)
  TODAY            T             2.45 2012   0.11  -0.11     0.00
  MONTH TO DATE    0.17                      0.64  -0.47     0.44
  SINCE MAR 1      5.31                      6.47  -1.16     6.49
  SINCE JAN 1      6.62                      9.88  -3.26     8.21

SNOWFALL (IN)
  TODAY            0.0           0.6  1989   0.0    0.0      0.0
  MONTH TO DATE    0.0                       0.0    0.0      0.0
  SINCE MAR 1     10.0                       9.0    1.0      4.9
  SINCE JUL 1     39.1                      46.8   -7.7     43.0
  SNOW DEPTH       0

DEGREE DAYS
 HEATING
  TODAY            0                        13    -13       12
  MONTH TO DATE   86                        81      5       50
  SINCE MAR 1   1483                      1598   -115     1549
  SINCE JUL 1   5702                      6578   -876     6881

 COOLING
  TODAY            0                         0      0        0
  MONTH TO DATE    0                         0      0        4
  SINCE MAR 1      0                         5     -5        4
  SINCE JAN 1      0                         5     -5        4
..................................................................


WIND (MPH)
  HIGHEST WIND SPEED    17   HIGHEST WIND DIRECTION    NW (300)
  HIGHEST GUST SPEED    22   HIGHEST GUST DIRECTION    NW (300)
  AVERAGE WIND SPEED     7.8


SKY COVER
  POSSIBLE SUNSHINE  MM
  AVERAGE SKY COVER 0.5


WEATHER CONDITIONS
 THE FOLLOWING WEATHER WAS RECORDED TODAY.
  LIGHT RAIN


RELATIVE HUMIDITY (PERCENT)
 HIGHEST    71          1200 AM
 LOWEST     23           300 PM
 AVERAGE    47

..........................................................


THE MILWAUKEE WI CLIMATE NORMALS FOR TOMORROW
                         NORMAL    RECORD    YEAR
 MAXIMUM TEMPERATURE (F)   62        87      1936
 MINIMUM TEMPERATURE (F)   44        28      1885


SUNRISE AND SUNSET
MAY  6 2016...........SUNRISE   538 AM CDT   SUNSET   759 PM CDT
MAY  7 2016...........SUNRISE   537 AM CDT   SUNSET   800 PM CDT


-  INDICATES NEGATIVE NUMBERS.
R  INDICATES RECORD WAS SET OR TIED.
MM INDICATES DATA IS MISSING.
T  INDICATES TRACE AMOUNT.




$$
