000
CDUS43 KGRR 260520
CLIMKG


CLIMATE REPORT
NATIONAL WEATHER SERVICE GRAND RAPIDS, MI
120 AM EDT SUN MAR 26 2017


...................................

...THE MUSKEGON MI CLIMATE SUMMARY FOR MARCH 25 2017...

CLIMATE NORMAL PERIOD 1981 TO 2010
CLIMATE RECORD PERIOD 1896 TO 2017


WEATHER ITEM   OBSERVED TIME   RECORD YEAR NORMAL DEPARTURE LAST
                VALUE   (LST)  VALUE       VALUE  FROM      YEAR
                                                  NORMAL
..................................................................
TEMPERATURE (F)
 YESTERDAY
  MAXIMUM         47    104 AM  76    2007  47      0       43
                                      1945
  MINIMUM         40   1141 AM   1    1971  30     10       27
  AVERAGE         44                        38      6       35

PRECIPITATION (IN)
  YESTERDAY        0.09          1.10 1954   0.07   0.02     0.00
  MONTH TO DATE    1.15                      1.78  -0.63     2.59
  SINCE MAR 1      1.15                      1.78  -0.63     2.59
  SINCE JAN 1      6.85                      5.64   1.21     6.80

SNOWFALL (IN)
  YESTERDAY        0.0           6.0  1930   0.2   -0.2      0.0
  MONTH TO DATE    4.5                       7.9   -3.4      4.9
  SINCE MAR 1      4.5                       7.9   -3.4      4.9
  SINCE JUL 1     49.0                      90.3  -41.3     59.4
  SNOW DEPTH       0

DEGREE DAYS
 HEATING
  YESTERDAY       21                        27     -6       30
  MONTH TO DATE  769                       777     -8      652
  SINCE MAR 1    769                       777     -8      652
  SINCE JUL 1   4634                      5509   -875     4672

 COOLING
  YESTERDAY        0                         0      0        0
  MONTH TO DATE    0                         0      0        0
  SINCE MAR 1      0                         0      0        0
  SINCE JAN 1      0                         0      0        0
..................................................................


WIND (MPH)
  RESULTANT WIND SPEED  14   RESULTANT WIND DIRECTION   E (80)
  HIGHEST WIND SPEED    23   HIGHEST WIND DIRECTION     E (90)
  HIGHEST GUST SPEED    33   HIGHEST GUST DIRECTION     E (100)
  AVERAGE WIND SPEED    15.0


SKY COVER
  AVERAGE SKY COVER 1.0


WEATHER CONDITIONS
 THE FOLLOWING WEATHER WAS RECORDED YESTERDAY.
  LIGHT RAIN
  FOG


RELATIVE HUMIDITY (PERCENT)
 HIGHEST    93           800 PM
 LOWEST     76          1200 AM
 AVERAGE    85

..........................................................


THE MUSKEGON MI CLIMATE NORMALS FOR TODAY
                         NORMAL    RECORD    YEAR
 MAXIMUM TEMPERATURE (F)   47        72      1989
                                             1976
 MINIMUM TEMPERATURE (F)   30         4      1996


SUNRISE AND SUNSET
MARCH 26 2017.........SUNRISE   737 AM EDT   SUNSET   805 PM EDT
MARCH 27 2017.........SUNRISE   735 AM EDT   SUNSET   806 PM EDT


-  INDICATES NEGATIVE NUMBERS.
R  INDICATES RECORD WAS SET OR TIED.
MM INDICATES DATA IS MISSING.
T  INDICATES TRACE AMOUNT.




$$
