000
CDUS43 KGRR 240535
CLIMKG


CLIMATE REPORT
NATIONAL WEATHER SERVICE GRAND RAPIDS, MI
1234 AM EST TUE JAN 24 2017


...................................

...THE MUSKEGON MI CLIMATE SUMMARY FOR JANUARY 23 2017...

CLIMATE NORMAL PERIOD 1981 TO 2010
CLIMATE RECORD PERIOD 1896 TO 2017


WEATHER ITEM   OBSERVED TIME   RECORD YEAR NORMAL DEPARTURE LAST
                VALUE   (LST)  VALUE       VALUE  FROM      YEAR
                                                  NORMAL
..................................................................
TEMPERATURE (F)
 YESTERDAY
  MAXIMUM         46    518 PM  55    1909  30     16       32
  MINIMUM         36    829 AM -13    1948  20     16       12
  AVERAGE         41                        25     16       22

PRECIPITATION (IN)
  YESTERDAY        0.00          1.20 1898   0.06  -0.06     0.00
  MONTH TO DATE    2.53                      1.55   0.98     2.15
  SINCE DEC 1      4.75                      4.10   0.65     7.05
  SINCE JAN 1      2.53                      1.55   0.98     2.15

SNOWFALL (IN)
  YESTERDAY        0.0          12.0  1898   0.9   -0.9      0.0
  MONTH TO DATE   11.8                      20.7   -8.9     35.9
  SINCE DEC 1     32.2                      49.6  -17.4     40.8
  SINCE JUL 1     33.2                      55.8  -22.6     44.7
  SNOW DEPTH       0

DEGREE DAYS
 HEATING
  YESTERDAY       24                        40    -16       43
  MONTH TO DATE  811                       907    -96      914
  SINCE DEC 1   1871                      1986   -115     1687
  SINCE JUL 1   2776                      3353   -577     2754

 COOLING
  YESTERDAY        0                         0      0        0
  MONTH TO DATE    0                         0      0        0
  SINCE DEC 1      0                         0      0        0
  SINCE JAN 1      0                         0      0        0
..................................................................


WIND (MPH)
  RESULTANT WIND SPEED   6   RESULTANT WIND DIRECTION   N (340)
  HIGHEST WIND SPEED    13   HIGHEST WIND DIRECTION     N (340)
  HIGHEST GUST SPEED    14   HIGHEST GUST DIRECTION    NW (330)
  AVERAGE WIND SPEED     6.6


SKY COVER
  AVERAGE SKY COVER 1.0


WEATHER CONDITIONS
 THE FOLLOWING WEATHER WAS RECORDED YESTERDAY.
  FOG
  FOG W/VISIBILITY <= 1/4 MILE


RELATIVE HUMIDITY (PERCENT)
 HIGHEST   100           800 AM
 LOWEST     71           200 PM
 AVERAGE    86

..........................................................


THE MUSKEGON MI CLIMATE NORMALS FOR TODAY
                         NORMAL    RECORD    YEAR
 MAXIMUM TEMPERATURE (F)   30        59      1967
                                             1950
 MINIMUM TEMPERATURE (F)   20        -5      1970
                                             1948
                                             1904


SUNRISE AND SUNSET
JANUARY 24 2017.......SUNRISE   808 AM EST   SUNSET   547 PM EST
JANUARY 25 2017.......SUNRISE   807 AM EST   SUNSET   548 PM EST


-  INDICATES NEGATIVE NUMBERS.
R  INDICATES RECORD WAS SET OR TIED.
MM INDICATES DATA IS MISSING.
T  INDICATES TRACE AMOUNT.




$$
