000
CDUS44 KMEG 180633
CLIMKL


CLIMATE REPORT
NATIONAL WEATHER SERVICE MEMPHIS TN
133 AM CDT THU SEP 18 2014


...................................

...THE JACKSON CLIMATE SUMMARY FOR SEPTEMBER 17 2014...

CLIMATE NORMAL PERIOD 1981 TO 2010
CLIMATE RECORD PERIOD 1948 TO 2014


WEATHER ITEM   OBSERVED TIME   RECORD YEAR NORMAL DEPARTURE LAST
                VALUE   (LST)  VALUE       VALUE  FROM      YEAR
                                                  NORMAL
..................................................................
TEMPERATURE (F)
 YESTERDAY
  MAXIMUM         72   1222 PM  98    1953  84    -12       88
  MINIMUM         53    618 AM  42    2000  59     -6       64
  AVERAGE         63                        71     -8       76

PRECIPITATION (IN)
  YESTERDAY        0.00          2.11 1968   0.12  -0.12     0.00
  MONTH TO DATE    4.70                      1.75   2.95     0.24
  SINCE SEP 1      4.70                      1.75   2.95     0.24
  SINCE JAN 1     48.36                     37.62  10.74    45.33

SNOWFALL (IN)
  YESTERDAY        0.0          MM      MM   0.0    0.0      0.0
  MONTH TO DATE    0.0                       0.0    0.0      0.0
  SINCE SEP 1      0.0                       0.0    0.0      0.0
  SINCE JUL 1      0.0                       0.0    0.0      0.0
  SNOW DEPTH       0

DEGREE DAYS
 HEATING
  YESTERDAY        2                         1      1        0
  MONTH TO DATE    7                         2      5        3
  SINCE SEP 1      7                         2      5        3
  SINCE JUL 1      7                         2      5        3

 COOLING
  YESTERDAY        0                         7     -7       11
  MONTH TO DATE  147                       155     -8      172
  SINCE SEP 1    147                       155     -8      172
  SINCE JAN 1   1464                      1578   -114     1456
..................................................................


WIND (MPH)
  HIGHEST WIND SPEED    12   HIGHEST WIND DIRECTION     W (260)
  HIGHEST GUST SPEED    15   HIGHEST GUST DIRECTION     W (250)
  AVERAGE WIND SPEED     1.9


SKY COVER
  POSSIBLE SUNSHINE  MM
  AVERAGE SKY COVER 0.4


WEATHER CONDITIONS
 THE FOLLOWING WEATHER WAS RECORDED YESTERDAY.
  FOG


RELATIVE HUMIDITY (PERCENT)
 HIGHEST    93           300 AM
 LOWEST     57          1200 PM
 AVERAGE    75

..........................................................


THE JACKSON CLIMATE NORMALS FOR TODAY
                         NORMAL    RECORD    YEAR
 MAXIMUM TEMPERATURE (F)   83        98      1953
 MINIMUM TEMPERATURE (F)   58        44      1981


SUNRISE AND SUNSET
SEPTEMBER 18 2014.....SUNRISE   641 AM CDT   SUNSET   658 PM CDT
SEPTEMBER 19 2014.....SUNRISE   641 AM CDT   SUNSET   657 PM CDT


-  INDICATES NEGATIVE NUMBERS.
R  INDICATES RECORD WAS SET OR TIED.
MM INDICATES DATA IS MISSING.
T  INDICATES TRACE AMOUNT.




$$
