000
CDUS44 KMEG 222147
CLIMKL


CLIMATE REPORT
NATIONAL WEATHER SERVICE MEMPHIS TN
447 PM CDT WED MAR 22 2017


...................................

...THE JACKSON CLIMATE SUMMARY FOR MARCH 22 2017...
VALID TODAY AS OF 0400 PM LOCAL TIME.

CLIMATE NORMAL PERIOD 1981 TO 2010
CLIMATE RECORD PERIOD 1948 TO 2017


WEATHER ITEM   OBSERVED TIME   RECORD YEAR NORMAL DEPARTURE LAST
                VALUE   (LST)  VALUE       VALUE  FROM      YEAR
                                                  NORMAL
..................................................................
TEMPERATURE (F)
 TODAY
  MAXIMUM         62    259 PM  82    1988  65     -3       70
  MINIMUM         48    637 AM  20    1968  41      7       41
  AVERAGE         55                        53      2       56

PRECIPITATION (IN)
  TODAY            0.20          1.63 1953   0.16   0.04     0.00
  MONTH TO DATE    6.52                      3.27   3.25     8.84
  SINCE MAR 1      6.52                      3.27   3.25     8.84
  SINCE JAN 1     11.35                     11.51  -0.16    14.46

DEGREE DAYS
 HEATING
  TODAY           10                        13     -3        9
  MONTH TO DATE  343                       343      0      248
  SINCE MAR 1    343                       343      0      248
  SINCE JUL 1   2383                      3227   -844     2616

 COOLING
  TODAY            0                         0      0        0
  MONTH TO DATE    3                         0      3        6
  SINCE MAR 1      3                         0      3        6
  SINCE JAN 1      5                         1      4        6
..................................................................


WIND (MPH)
  HIGHEST WIND SPEED    23   HIGHEST WIND DIRECTION    NE (40)
  HIGHEST GUST SPEED    31   HIGHEST GUST DIRECTION     N (20)
  AVERAGE WIND SPEED    12.1


SKY COVER
  POSSIBLE SUNSHINE  MM
  AVERAGE SKY COVER 0.7


WEATHER CONDITIONS
 THE FOLLOWING WEATHER WAS RECORDED TODAY.
  RAIN
  LIGHT RAIN
  FOG


RELATIVE HUMIDITY (PERCENT)
 HIGHEST    80           600 AM
 LOWEST     29           200 PM
 AVERAGE    55

..........................................................


THE JACKSON CLIMATE NORMALS FOR TOMORROW
                         NORMAL    RECORD    YEAR
 MAXIMUM TEMPERATURE (F)   65        82      2007
                                             1987
 MINIMUM TEMPERATURE (F)   41        20      1968


SUNRISE AND SUNSET
MARCH 22 2017.........SUNRISE   656 AM CDT   SUNSET   709 PM CDT
MARCH 23 2017.........SUNRISE   655 AM CDT   SUNSET   710 PM CDT


-  INDICATES NEGATIVE NUMBERS.
R  INDICATES RECORD WAS SET OR TIED.
MM INDICATES DATA IS MISSING.
T  INDICATES TRACE AMOUNT.




$$
