000
CDUS44 KMEG 252157
CLIMKL


CLIMATE REPORT
NATIONAL WEATHER SERVICE MEMPHIS TN
456 PM CDT MON MAY 25 2015


...................................

...THE JACKSON CLIMATE SUMMARY FOR MAY 25 2015...
VALID TODAY AS OF 0400 PM LOCAL TIME.

CLIMATE NORMAL PERIOD 1981 TO 2010
CLIMATE RECORD PERIOD 1948 TO 2015


WEATHER ITEM   OBSERVED TIME   RECORD YEAR NORMAL DEPARTURE LAST
                VALUE   (LST)  VALUE       VALUE  FROM      YEAR
                                                  NORMAL
..................................................................
TEMPERATURE (F)
 TODAY
  MAXIMUM         77    321 PM  93    1996  82     -5       87
                                      1978
                                      1964
  MINIMUM         68    651 AM  47    2013  60      8       65
  AVERAGE         73                        71      2       76

PRECIPITATION (IN)
  TODAY            0.15          2.13 1963   0.17  -0.02     0.01
  MONTH TO DATE    3.25                      4.59  -1.34     3.18
  SINCE MAR 1     13.25                     14.20  -0.95    13.21
  SINCE JAN 1     19.14                     22.44  -3.30    21.37

SNOWFALL (IN)
  TODAY            0.0

DEGREE DAYS
 HEATING
  TODAY            0                         1     -1        0
  MONTH TO DATE   39                        44     -5       59
  SINCE MAR 1    664                       686    -22      851
  SINCE JUL 1   3837                      3570    267     4147

 COOLING
  TODAY            8                         7      1       11
  MONTH TO DATE  123                       113     10      151
  SINCE MAR 1    184                       171     13      188
  SINCE JAN 1    184                       172     12      188
..................................................................


WIND (MPH)
  HIGHEST WIND SPEED    16   HIGHEST WIND DIRECTION     S (190)
  HIGHEST GUST SPEED    24   HIGHEST GUST DIRECTION     S (180)
  AVERAGE WIND SPEED     7.1


SKY COVER
  POSSIBLE SUNSHINE  MM
  AVERAGE SKY COVER 0.8


WEATHER CONDITIONS
 THE FOLLOWING WEATHER WAS RECORDED TODAY.
  THUNDERSTORM
  RAIN
  LIGHT RAIN


RELATIVE HUMIDITY (PERCENT)
 HIGHEST    90          1200 AM
 LOWEST     74           100 PM
 AVERAGE    82

..........................................................


THE JACKSON CLIMATE NORMALS FOR TOMORROW
                         NORMAL    RECORD    YEAR
 MAXIMUM TEMPERATURE (F)   82        94      1978
 MINIMUM TEMPERATURE (F)   60        46      1988
                                             1979
                                             1961


SUNRISE AND SUNSET
MAY 25 2015...........SUNRISE   544 AM CDT   SUNSET   801 PM CDT
MAY 26 2015...........SUNRISE   544 AM CDT   SUNSET   802 PM CDT


-  INDICATES NEGATIVE NUMBERS.
R  INDICATES RECORD WAS SET OR TIED.
MM INDICATES DATA IS MISSING.
T  INDICATES TRACE AMOUNT.




$$
