000
CDUS44 KMEG 300638
CLIMKL


CLIMATE REPORT
NATIONAL WEATHER SERVICE MEMPHIS TN
137 AM CDT TUE MAY 30 2017


...................................

...THE JACKSON CLIMATE SUMMARY FOR MAY 29 2017...

CLIMATE NORMAL PERIOD 1981 TO 2010
CLIMATE RECORD PERIOD 1948 TO 2017


WEATHER ITEM   OBSERVED TIME   RECORD YEAR NORMAL DEPARTURE LAST
                VALUE   (LST)  VALUE       VALUE  FROM      YEAR
                                                  NORMAL
..................................................................
TEMPERATURE (F)
 YESTERDAY
  MAXIMUM         86    248 PM  96    1953  83      3       88
  MINIMUM         65    538 AM  46    1984  61      4       65
  AVERAGE         76                        72      4       77

PRECIPITATION (IN)
  YESTERDAY        0.00          3.38 1978   0.18  -0.18     0.00
                                      2099
  MONTH TO DATE    3.78                      5.32  -1.54     3.77
  SINCE MAR 1     17.23                     14.93   2.30    19.62
  SINCE JAN 1     22.06                     23.17  -1.11    25.24

DEGREE DAYS
 HEATING
  YESTERDAY        0                         0      0        0
  MONTH TO DATE   42                        46     -4       64
  SINCE MAR 1    480                       688   -208      511
  SINCE JUL 1   2520                      3572  -1052     2879

 COOLING
  YESTERDAY       11                         7      4       12
  MONTH TO DATE  146                       141      5      117
  SINCE MAR 1    248                       199     49      161
  SINCE JAN 1    250                       200     50      161
..................................................................


WIND (MPH)
  HIGHEST WIND SPEED    10   HIGHEST WIND DIRECTION     N (360)
  HIGHEST GUST SPEED    15   HIGHEST GUST DIRECTION    NW (310)
  AVERAGE WIND SPEED     3.8


SKY COVER
  POSSIBLE SUNSHINE  MM
  AVERAGE SKY COVER 0.1


WEATHER CONDITIONS
 THE FOLLOWING WEATHER WAS RECORDED YESTERDAY.
  FOG
  FOG W/VISIBILITY <= 1/4 MILE


RELATIVE HUMIDITY (PERCENT)
 HIGHEST   100           300 AM
 LOWEST     34           400 PM
 AVERAGE    67

..........................................................


THE JACKSON CLIMATE NORMALS FOR TODAY
                         NORMAL    RECORD    YEAR
 MAXIMUM TEMPERATURE (F)   83        97      1977
 MINIMUM TEMPERATURE (F)   61        43      1984


SUNRISE AND SUNSET
MAY 30 2017...........SUNRISE   542 AM CDT   SUNSET   805 PM CDT
MAY 31 2017...........SUNRISE   542 AM CDT   SUNSET   805 PM CDT


-  INDICATES NEGATIVE NUMBERS.
R  INDICATES RECORD WAS SET OR TIED.
MM INDICATES DATA IS MISSING.
T  INDICATES TRACE AMOUNT.




$$
