000
CDUS44 KMEG 202258
CLIMKL


CLIMATE REPORT
NATIONAL WEATHER SERVICE MEMPHIS TN
458 PM CST MON NOV 20 2017


...................................

...THE JACKSON CLIMATE SUMMARY FOR NOVEMBER 20 2017...
VALID TODAY AS OF 0400 PM LOCAL TIME.

CLIMATE NORMAL PERIOD 1981 TO 2010
CLIMATE RECORD PERIOD 1948 TO 2017


WEATHER ITEM   OBSERVED TIME   RECORD YEAR NORMAL DEPARTURE LAST
                VALUE   (LST)  VALUE       VALUE  FROM      YEAR
                                                  NORMAL
..................................................................
TEMPERATURE (F)
 TODAY
  MAXIMUM         56    259 PM  77    1979  59     -3       53
  MINIMUM         23    706 AM  20    1968  37    -14       26
  AVERAGE         40                        48     -8       40

PRECIPITATION (IN)
  TODAY            0.00          1.75 1973   0.18  -0.18     0.00
  MONTH TO DATE    2.59                      3.08  -0.49     0.87
  SINCE SEP 1      7.72                     10.23  -2.51     3.73
  SINCE JAN 1     42.75                     46.10  -3.35    37.60

DEGREE DAYS
 HEATING
  TODAY           25                        17      8       25
  MONTH TO DATE  231                       265    -34      175
  SINCE SEP 1    422                       479    -57      224
  SINCE JUL 1    422                       479    -57      224

 COOLING
  TODAY            0                         0      0        0
  MONTH TO DATE   21                         2     19       18
  SINCE SEP 1    332                       270     62      463
  SINCE JAN 1   1812                      1693    119     2092
..................................................................


WIND (MPH)
  HIGHEST WIND SPEED    12   HIGHEST WIND DIRECTION     S (190)
  HIGHEST GUST SPEED    17   HIGHEST GUST DIRECTION    SE (140)
  AVERAGE WIND SPEED     3.0


SKY COVER
  POSSIBLE SUNSHINE  MM
  AVERAGE SKY COVER 0.0


WEATHER CONDITIONS
 THE FOLLOWING WEATHER WAS RECORDED TODAY.
  NO SIGNIFICANT WEATHER WAS OBSERVED.


RELATIVE HUMIDITY (PERCENT)
 HIGHEST    96           600 AM
 LOWEST     26           200 PM
 AVERAGE    61

..........................................................


THE JACKSON CLIMATE NORMALS FOR TOMORROW
                         NORMAL    RECORD    YEAR
 MAXIMUM TEMPERATURE (F)   59        74      1990
 MINIMUM TEMPERATURE (F)   37        18      2008
                                             1964


SUNRISE AND SUNSET
NOVEMBER 20 2017......SUNRISE   637 AM CST   SUNSET   446 PM CST
NOVEMBER 21 2017......SUNRISE   637 AM CST   SUNSET   445 PM CST


-  INDICATES NEGATIVE NUMBERS.
R  INDICATES RECORD WAS SET OR TIED.
MM INDICATES DATA IS MISSING.
T  INDICATES TRACE AMOUNT.




$$
