000
CDUS42 KMLB 170635
CLIMLB


CLIMATE REPORT
NATIONAL WEATHER SERVICE MELBOURNE
235 AM EDT THU APR 17 2014


...................................

...THE MELBOURNE CLIMATE SUMMARY FOR APRIL 16 2014...

CLIMATE NORMAL PERIOD 1981 TO 2010
CLIMATE RECORD PERIOD 1939 TO 2014


WEATHER ITEM   OBSERVED TIME   RECORD YEAR NORMAL DEPARTURE LAST
                VALUE   (LST)  VALUE       VALUE  FROM      YEAR
                                                  NORMAL
..................................................................
TEMPERATURE (F)
 YESTERDAY
  MAXIMUM         76    124 PM  93    1979  81     -5       83
                                      1972
  MINIMUM         56    751 AM  46    2007  60     -4       71
                                      1968
                                      1952
  AVERAGE         66                        70     -4       77

PRECIPITATION (IN)
  YESTERDAY        0.00          1.31 1997   0.07  -0.07     0.00
  MONTH TO DATE    1.61                      1.22   0.39     4.58
  SINCE MAR 1      3.63                      4.50  -0.87     5.16
  SINCE JAN 1     10.69                      9.30   1.39     7.82

SNOWFALL (IN)
  YESTERDAY        0.0
  MONTH TO DATE    0.0
  SINCE JUL 1      0.0

DEGREE DAYS
 HEATING
  YESTERDAY        0                         0      0        0
  MONTH TO DATE    3                        15    -12        0
  SINCE MAR 1     52                        86    -34      179
  SINCE JUL 1    358                       575   -217      463

 COOLING
  YESTERDAY        1                         6     -5       12
  MONTH TO DATE  109                        79     30      146
  SINCE MAR 1    220                       178     42      198
  SINCE JAN 1    388                       276    112      404
..................................................................


WIND (MPH)
  HIGHEST WIND SPEED    22   HIGHEST WIND DIRECTION    NE (50)
  HIGHEST GUST SPEED    27   HIGHEST GUST DIRECTION     N (360)
  AVERAGE WIND SPEED    15.0


SKY COVER
  AVERAGE SKY COVER 0.8


WEATHER CONDITIONS
 THE FOLLOWING WEATHER WAS RECORDED YESTERDAY.
  NO SIGNIFICANT WEATHER WAS OBSERVED.


RELATIVE HUMIDITY (PERCENT)
 HIGHEST    90          1200 AM
 LOWEST     61           300 PM
 AVERAGE    76

..........................................................


THE MELBOURNE CLIMATE NORMALS FOR TODAY
                         NORMAL    RECORD    YEAR
 MAXIMUM TEMPERATURE (F)   81        90      2006
                                             1972
 MINIMUM TEMPERATURE (F)   60        40      1984


SUNRISE AND SUNSET
APRIL 17 2014.........SUNRISE   656 AM EDT   SUNSET   749 PM EDT
APRIL 18 2014.........SUNRISE   655 AM EDT   SUNSET   750 PM EDT


-  INDICATES NEGATIVE NUMBERS.
R  INDICATES RECORD WAS SET OR TIED.
MM INDICATES DATA IS MISSING.
T  INDICATES TRACE AMOUNT.




$$
