000
CDUS42 KMLB 280642
CLIMLB


CLIMATE REPORT
NATIONAL WEATHER SERVICE MELBOURNE FL
231 AM EDT SUN MAY 28 2017


...................................

...THE MELBOURNE CLIMATE SUMMARY FOR MAY 27 2017...

CLIMATE NORMAL PERIOD 1981 TO 2010
CLIMATE RECORD PERIOD 1939 TO 2017


WEATHER ITEM   OBSERVED TIME   RECORD YEAR NORMAL DEPARTURE LAST
                VALUE   (LST)  VALUE       VALUE  FROM      YEAR
                                                  NORMAL
..................................................................
TEMPERATURE (F)
 YESTERDAY
  MAXIMUM         89    430 PM  95    1962  87      2       84
                                      1953
  MINIMUM         64    543 AM  55    1979  70     -6       71
  AVERAGE         77                        78     -1       78

PRECIPITATION (IN)
  YESTERDAY        0.00          2.25 1954   0.15  -0.15     0.25
  MONTH TO DATE    2.29                      2.66  -0.37     7.24
  SINCE MAR 1      2.93                      8.07  -5.14    11.66
  SINCE JAN 1      7.82                     12.87  -5.05    21.52

SNOWFALL (IN)
  YESTERDAY        0.0
  MONTH TO DATE    0.0
  SINCE JUL 1      0.0

DEGREE DAYS
 HEATING
  YESTERDAY        0                         0      0        0
  MONTH TO DATE    0                         0      0        0
  SINCE MAR 1     42                        87    -45       20
  SINCE JUL 1    220                       576   -356      341

 COOLING
  YESTERDAY       12                        13     -1       13
  MONTH TO DATE  373                       296     77      316
  SINCE MAR 1    897                       573    324      786
  SINCE JAN 1   1075                       671    404      876
..................................................................


WIND (MPH)
  HIGHEST WIND SPEED    15   HIGHEST WIND DIRECTION    SE (140)
  HIGHEST GUST SPEED    18   HIGHEST GUST DIRECTION    SE (140)
  AVERAGE WIND SPEED     6.8


SKY COVER
  AVERAGE SKY COVER 0.0


WEATHER CONDITIONS
 THE FOLLOWING WEATHER WAS RECORDED YESTERDAY.
  FOG
  HAZE


RELATIVE HUMIDITY (PERCENT)
 HIGHEST   100           600 AM
 LOWEST     50           500 PM
 AVERAGE    75

..........................................................


THE MELBOURNE CLIMATE NORMALS FOR TODAY
                         NORMAL    RECORD    YEAR
 MAXIMUM TEMPERATURE (F)   87        97      2000
 MINIMUM TEMPERATURE (F)   70        60      1982
                                             1980


SUNRISE AND SUNSET
MAY 28 2017...........SUNRISE   627 AM EDT   SUNSET   813 PM EDT
MAY 29 2017...........SUNRISE   627 AM EDT   SUNSET   813 PM EDT


-  INDICATES NEGATIVE NUMBERS.
R  INDICATES RECORD WAS SET OR TIED.
MM INDICATES DATA IS MISSING.
T  INDICATES TRACE AMOUNT.




$$
