000
CDUS42 KMLB 220628
CLIMLB


CLIMATE REPORT
NATIONAL WEATHER SERVICE MELBOURNE FL
227 AM EDT FRI SEP 22 2017


...................................

...THE MELBOURNE CLIMATE SUMMARY FOR SEPTEMBER 21 2017...

CLIMATE NORMAL PERIOD 1981 TO 2010
CLIMATE RECORD PERIOD 1939 TO 2017


WEATHER ITEM   OBSERVED TIME   RECORD YEAR NORMAL DEPARTURE LAST
                VALUE   (LST)  VALUE       VALUE  FROM      YEAR
                                                  NORMAL
..................................................................
TEMPERATURE (F)
 YESTERDAY
  MAXIMUM         88    328 PM  95    1937  88      0       88
  MINIMUM         73    617 AM  57    1938  73      0       77
  AVERAGE         81                        80      1       83

PRECIPITATION (IN)
  YESTERDAY        0.00          3.85 2005   0.26  -0.26     0.04
  MONTH TO DATE   19.29                      5.37  13.92    10.21
  SINCE SEP 1     19.29                      5.37  13.92    10.21
  SINCE JAN 1     46.98                     39.22   7.76    48.77

SNOWFALL (IN)
  YESTERDAY        0.0
  MONTH TO DATE    0.0
  SINCE JUL 1      0.0

DEGREE DAYS
 HEATING
  YESTERDAY        0                         0      0        0
  MONTH TO DATE    0                         0      0        0
  SINCE SEP 1      0                         0      0        0
  SINCE JUL 1      0                         0      0        0

 COOLING
  YESTERDAY       16                        15      1       18
  MONTH TO DATE  364                       333     31      366
  SINCE SEP 1    364                       333     31      366
  SINCE JAN 1   3252                      2559    693     3014
..................................................................


WIND (MPH)
  HIGHEST WIND SPEED    17   HIGHEST WIND DIRECTION    NE (40)
  HIGHEST GUST SPEED    22   HIGHEST GUST DIRECTION    NE (50)
  AVERAGE WIND SPEED     9.7


SKY COVER
  AVERAGE SKY COVER 0.2


WEATHER CONDITIONS
 THE FOLLOWING WEATHER WAS RECORDED YESTERDAY.
  NO SIGNIFICANT WEATHER WAS OBSERVED.


RELATIVE HUMIDITY (PERCENT)
 HIGHEST    93           500 AM
 LOWEST     55          1000 AM
 AVERAGE    74

..........................................................


THE MELBOURNE CLIMATE NORMALS FOR TODAY
                         NORMAL    RECORD    YEAR
 MAXIMUM TEMPERATURE (F)   88        94      1990
                                             1942
 MINIMUM TEMPERATURE (F)   73        65      1979


SUNRISE AND SUNSET
SEPTEMBER 22 2017.....SUNRISE   711 AM EDT   SUNSET   719 PM EDT
SEPTEMBER 23 2017.....SUNRISE   712 AM EDT   SUNSET   718 PM EDT


-  INDICATES NEGATIVE NUMBERS.
R  INDICATES RECORD WAS SET OR TIED.
MM INDICATES DATA IS MISSING.
T  INDICATES TRACE AMOUNT.




$$
