000
CDUS42 KMLB 272127
CLIMLB


CLIMATE REPORT
NATIONAL WEATHER SERVICE MELBOURNE FL
425 PM EST SAT DEC 27 2014


...................................

...THE MELBOURNE CLIMATE SUMMARY FOR DECEMBER 27 2014...
VALID TODAY AS OF 0400 PM LOCAL TIME.

CLIMATE NORMAL PERIOD 1981 TO 2010
CLIMATE RECORD PERIOD 1939 TO 2014


WEATHER ITEM   OBSERVED TIME   RECORD YEAR NORMAL DEPARTURE LAST
                VALUE   (LST)  VALUE       VALUE  FROM      YEAR
                                                  NORMAL
..................................................................
TEMPERATURE (F)
 TODAY
  MAXIMUM         79    254 PM  83    1981  72      7       77
  MINIMUM         63    618 AM  29    1993  51     12       66
  AVERAGE         71                        61     10       72

PRECIPITATION (IN)
  TODAY            0.00          1.70 1978   0.08  -0.08      T
  MONTH TO DATE    1.38                      2.29  -0.91     1.46
  SINCE DEC 1      1.38                      2.29  -0.91     1.46
  SINCE JAN 1     56.64                     51.72   4.92    42.14

SNOWFALL (IN)
  TODAY            0.0
  MONTH TO DATE    0.0
  SINCE JUL 1      0.0

DEGREE DAYS
 HEATING
  TODAY            0                         6     -6        0
  MONTH TO DATE   82                       114    -32       25
  SINCE DEC 1     82                       114    -32       25
  SINCE JUL 1    147                       156     -9       39

 COOLING
  TODAY            6                         2      4        7
  MONTH TO DATE   97                        67     30      135
  SINCE DEC 1     97                        67     30      135
  SINCE JAN 1   3540                      3262    278     3732
..................................................................


WIND (MPH)
  HIGHEST WIND SPEED     8   HIGHEST WIND DIRECTION     E (90)
  HIGHEST GUST SPEED    11   HIGHEST GUST DIRECTION     E (100)
  AVERAGE WIND SPEED     4.7


SKY COVER
  AVERAGE SKY COVER 0.7


WEATHER CONDITIONS
 THE FOLLOWING WEATHER WAS RECORDED TODAY.
  FOG


RELATIVE HUMIDITY (PERCENT)
 HIGHEST   100           600 AM
 LOWEST     74           100 PM
 AVERAGE    87

..........................................................


THE MELBOURNE CLIMATE NORMALS FOR TOMORROW
                         NORMAL    RECORD    YEAR
 MAXIMUM TEMPERATURE (F)   72        87      1981
 MINIMUM TEMPERATURE (F)   50        28      2010


SUNRISE AND SUNSET
DECEMBER 27 2014......SUNRISE   713 AM EST   SUNSET   535 PM EST
DECEMBER 28 2014......SUNRISE   713 AM EST   SUNSET   535 PM EST


-  INDICATES NEGATIVE NUMBERS.
R  INDICATES RECORD WAS SET OR TIED.
MM INDICATES DATA IS MISSING.
T  INDICATES TRACE AMOUNT.




$$
