000
CDUS42 KMLB 250635
CLIMLB


CLIMATE REPORT
NATIONAL WEATHER SERVICE MELBOURNE FL
234 AM EDT TUE APR 25 2017


...................................

...THE MELBOURNE CLIMATE SUMMARY FOR APRIL 24 2017...

CLIMATE NORMAL PERIOD 1981 TO 2010
CLIMATE RECORD PERIOD 1939 TO 2017


WEATHER ITEM   OBSERVED TIME   RECORD YEAR NORMAL DEPARTURE LAST
                VALUE   (LST)  VALUE       VALUE  FROM      YEAR
                                                  NORMAL
..................................................................
TEMPERATURE (F)
 YESTERDAY
  MAXIMUM         92R   227 PM  92    1963  82     10       81
  MINIMUM         66   1159 PM  47    2012  62      4       65
  AVERAGE         79                        72      7       73

PRECIPITATION (IN)
  YESTERDAY        0.00          0.95 1944   0.07  -0.07     0.00
  MONTH TO DATE    0.22                      1.74  -1.52     1.34
  SINCE MAR 1      0.63                      5.02  -4.39     4.42
  SINCE JAN 1      5.52                      9.82  -4.30    14.28

SNOWFALL (IN)
  YESTERDAY        0.0
  MONTH TO DATE    0.0
  SINCE JUL 1      0.0

DEGREE DAYS
 HEATING
  YESTERDAY        0                         0      0        0
  MONTH TO DATE    3                        15    -12        3
  SINCE MAR 1     42                        86    -44       20
  SINCE JUL 1    220                       575   -355      341

 COOLING
  YESTERDAY       14                         7      7        8
  MONTH TO DATE  256                       131    125      169
  SINCE MAR 1    441                       230    211      405
  SINCE JAN 1    619                       328    291      495
..................................................................


WIND (MPH)
  HIGHEST WIND SPEED    30   HIGHEST WIND DIRECTION     W (260)
  HIGHEST GUST SPEED    37   HIGHEST GUST DIRECTION     W (270)
  AVERAGE WIND SPEED    11.9


SKY COVER
  AVERAGE SKY COVER 0.4


WEATHER CONDITIONS
 THE FOLLOWING WEATHER WAS RECORDED YESTERDAY.
  NO SIGNIFICANT WEATHER WAS OBSERVED.


RELATIVE HUMIDITY (PERCENT)
 HIGHEST   100           200 AM
 LOWEST     36           400 PM
 AVERAGE    68

..........................................................


THE MELBOURNE CLIMATE NORMALS FOR TODAY
                         NORMAL    RECORD    YEAR
 MAXIMUM TEMPERATURE (F)   82        97      1967
 MINIMUM TEMPERATURE (F)   62        40      1968


SUNRISE AND SUNSET
APRIL 25 2017.........SUNRISE   648 AM EDT   SUNSET   754 PM EDT
APRIL 26 2017.........SUNRISE   647 AM EDT   SUNSET   754 PM EDT


-  INDICATES NEGATIVE NUMBERS.
R  INDICATES RECORD WAS SET OR TIED.
MM INDICATES DATA IS MISSING.
T  INDICATES TRACE AMOUNT.




$$
