000
CDUS43 KDVN 031005
CLIMLI


CLIMATE REPORT
NATIONAL WEATHER SERVICE QUAD CITIES IA IL
404 AM CST SAT DEC 3 2016


...................................

...THE MOLINE IL CLIMATE SUMMARY FOR DECEMBER 2 2016...

CLIMATE NORMAL PERIOD 1981 TO 2010
CLIMATE RECORD PERIOD 1872 TO 2016


WEATHER ITEM   OBSERVED TIME   RECORD YEAR NORMAL DEPARTURE LAST
                VALUE   (LST)  VALUE       VALUE  FROM      YEAR
                                                  NORMAL
..................................................................
TEMPERATURE (F)
 YESTERDAY
  MAXIMUM         41    210 PM  65    1982  40      1       35
                                      1973
  MINIMUM         34   1159 PM  -9    1886  23     11       28
  AVERAGE         38                        31      7       32

PRECIPITATION (IN)
  YESTERDAY        0.00          3.11 1982   0.08  -0.08      T
  MONTH TO DATE    0.00                      0.17  -0.17      T
  SINCE DEC 1      0.00                      0.17  -0.17      T
  SINCE JAN 1     34.84                     35.95  -1.11    40.34

SNOWFALL (IN)
  YESTERDAY        0.0          MM      MM   0.2   -0.2      0.6
  MONTH TO DATE    0.0                       0.4   -0.4      0.6
  SINCE DEC 1      0.0                       0.4   -0.4      0.6
  SINCE JUL 1      0.0                       1.6   -1.6     10.5
  SNOW DEPTH       0

DEGREE DAYS
 HEATING
  YESTERDAY       27                        34     -7       33
  MONTH TO DATE   53                        67    -14       61
  SINCE DEC 1     53                        67    -14       61
  SINCE JUL 1    834                      1298   -464     1024

 COOLING
  YESTERDAY        0                         0      0        0
  MONTH TO DATE    0                         0      0        0
  SINCE DEC 1      0                         0      0        0
  SINCE JAN 1   1314                      1004    310     1017
..................................................................


WIND (MPH)
  HIGHEST WIND SPEED    16   HIGHEST WIND DIRECTION    NW (300)
  HIGHEST GUST SPEED    21   HIGHEST GUST DIRECTION    NW (300)
  AVERAGE WIND SPEED     8.5


SKY COVER
  POSSIBLE SUNSHINE  MM
  AVERAGE SKY COVER 1.0


WEATHER CONDITIONS
 THE FOLLOWING WEATHER WAS RECORDED YESTERDAY.
  NO SIGNIFICANT WEATHER WAS OBSERVED.


RELATIVE HUMIDITY (PERCENT)
 HIGHEST    82           200 AM
 LOWEST     59           200 PM
 AVERAGE    71

..........................................................


THE MOLINE IL CLIMATE NORMALS FOR TODAY
                         NORMAL    RECORD    YEAR
 MAXIMUM TEMPERATURE (F)   39        69      2012
                                             1970
 MINIMUM TEMPERATURE (F)   23        -4      1940


SUNRISE AND SUNSET
DECEMBER  3 2016......SUNRISE   711 AM CST   SUNSET   433 PM CST
DECEMBER  4 2016......SUNRISE   712 AM CST   SUNSET   432 PM CST


-  INDICATES NEGATIVE NUMBERS.
R  INDICATES RECORD WAS SET OR TIED.
MM INDICATES DATA IS MISSING.
T  INDICATES TRACE AMOUNT.




$$
