000
CDUS43 KDVN 192126
CLIMLI


CLIMATE REPORT
NATIONAL WEATHER SERVICE QUAD CITIES IA IL
425 PM CDT TUE SEP 19 2017


...................................

...THE MOLINE IL CLIMATE SUMMARY FOR SEPTEMBER 19 2017...
VALID TODAY AS OF 0400 PM LOCAL TIME.

CLIMATE NORMAL PERIOD 1981 TO 2010
CLIMATE RECORD PERIOD 1872 TO 2017


WEATHER ITEM   OBSERVED TIME   RECORD YEAR NORMAL DEPARTURE LAST
                VALUE   (LST)  VALUE       VALUE  FROM      YEAR
                                                  NORMAL
..................................................................
TEMPERATURE (F)
 TODAY
  MAXIMUM         82    242 PM  93    2013  76      6       89
                                      1948
  MINIMUM         62    703 AM  34    1991  52     10       55
  AVERAGE         72                        64      8       72

PRECIPITATION (IN)
  TODAY            0.00          1.56 1900   0.10  -0.10     0.00
  MONTH TO DATE    0.02                      2.03  -2.01     0.89
  SINCE SEP 1      0.02                      2.03  -2.01     0.89
  SINCE JAN 1     26.14                     29.19  -3.05    30.31

SNOWFALL (IN)
  TODAY            0.0          MM      MM   0.0    0.0      0.0
  MONTH TO DATE    0.0                       0.0    0.0      0.0
  SINCE SEP 1      0.0                       0.0    0.0      0.0
  SINCE JUL 1      0.0                       0.0    0.0      0.0
  SNOW DEPTH       0

DEGREE DAYS
 HEATING
  TODAY            0                         4     -4        0
  MONTH TO DATE   27                        35     -8        1
  SINCE SEP 1     27                        35     -8        1
  SINCE JUL 1     28                        43    -15        2

 COOLING
  TODAY            7                         3      4        7
  MONTH TO DATE   52                        86    -34      127
  SINCE SEP 1     52                        86    -34      127
  SINCE JAN 1    863                       969   -106     1200
..................................................................


WIND (MPH)
  HIGHEST WIND SPEED    10   HIGHEST WIND DIRECTION    SE (130)
  HIGHEST GUST SPEED    14   HIGHEST GUST DIRECTION     E (100)
  AVERAGE WIND SPEED     5.5


SKY COVER
  POSSIBLE SUNSHINE  MM
  AVERAGE SKY COVER 0.6


WEATHER CONDITIONS
 THE FOLLOWING WEATHER WAS RECORDED TODAY.
  FOG
  FOG W/VISIBILITY <= 1/4 MILE
  HAZE


RELATIVE HUMIDITY (PERCENT)
 HIGHEST    93          1200 AM
 LOWEST     54           300 PM
 AVERAGE    74

..........................................................


THE MOLINE IL CLIMATE NORMALS FOR TOMORROW
                         NORMAL    RECORD    YEAR
 MAXIMUM TEMPERATURE (F)   75        92      1931
 MINIMUM TEMPERATURE (F)   52        30      1991
                                             1956


SUNRISE AND SUNSET
SEPTEMBER 19 2017.....SUNRISE   647 AM CDT   SUNSET   704 PM CDT
SEPTEMBER 20 2017.....SUNRISE   648 AM CDT   SUNSET   702 PM CDT


-  INDICATES NEGATIVE NUMBERS.
R  INDICATES RECORD WAS SET OR TIED.
MM INDICATES DATA IS MISSING.
T  INDICATES TRACE AMOUNT.




$$
