000
CDUS43 KDVN 060914
CLIMLI


CLIMATE REPORT
NATIONAL WEATHER SERVICE QUAD CITIES IA IL
413 AM CDT FRI MAY 6 2016


...................................

...THE MOLINE IL CLIMATE SUMMARY FOR MAY 5 2016...

CLIMATE NORMAL PERIOD 1981 TO 2010
CLIMATE RECORD PERIOD 1872 TO 2016


WEATHER ITEM   OBSERVED TIME   RECORD YEAR NORMAL DEPARTURE LAST
                VALUE   (LST)  VALUE       VALUE  FROM      YEAR
                                                  NORMAL
..................................................................
TEMPERATURE (F)
 YESTERDAY
  MAXIMUM         68    520 PM  93    1949  69     -1       73
  MINIMUM         38    508 AM  34    1944  47     -9       57
  AVERAGE         53                        58     -5       65

PRECIPITATION (IN)
  YESTERDAY        0.00          1.39 1882   0.13  -0.13     0.39
  MONTH TO DATE    0.61                      0.65  -0.04     1.16
  SINCE MAR 1      5.96                      7.10  -1.14     3.53
  SINCE JAN 1      7.29                     10.19  -2.90     6.46

SNOWFALL (IN)
  YESTERDAY        0.0          MM      MM   0.0    0.0      0.0
  MONTH TO DATE    0.0                       0.0    0.0      0.0
  SINCE MAR 1      2.9                       4.9   -2.0      0.1
  SINCE JUL 1     24.1                      31.6   -7.5     39.1
  SNOW DEPTH       0

DEGREE DAYS
 HEATING
  YESTERDAY       12                         8      4        0
  MONTH TO DATE   60                        41     19       18
  SINCE MAR 1   1076                      1266   -190     1231
  SINCE JUL 1   5065                      6064   -999     6489

 COOLING
  YESTERDAY        0                         1     -1        0
  MONTH TO DATE    0                         5     -5        9
  SINCE MAR 1     11                        19     -8        9
  SINCE JAN 1     11                        19     -8        9
..................................................................


WIND (MPH)
  HIGHEST WIND SPEED    13   HIGHEST WIND DIRECTION     N (350)
  HIGHEST GUST SPEED    20   HIGHEST GUST DIRECTION    NW (330)
  AVERAGE WIND SPEED     4.6


SKY COVER
  POSSIBLE SUNSHINE  MM
  AVERAGE SKY COVER 0.0


WEATHER CONDITIONS
 THE FOLLOWING WEATHER WAS RECORDED YESTERDAY.
  NO SIGNIFICANT WEATHER WAS OBSERVED.


RELATIVE HUMIDITY (PERCENT)
 HIGHEST    85           500 AM
 LOWEST     30           300 PM
 AVERAGE    58

..........................................................


THE MOLINE IL CLIMATE NORMALS FOR TODAY
                         NORMAL    RECORD    YEAR
 MAXIMUM TEMPERATURE (F)   70        94      1934
 MINIMUM TEMPERATURE (F)   48        30      1992


SUNRISE AND SUNSET
MAY  6 2016...........SUNRISE   552 AM CDT   SUNSET   806 PM CDT
MAY  7 2016...........SUNRISE   551 AM CDT   SUNSET   807 PM CDT


-  INDICATES NEGATIVE NUMBERS.
R  INDICATES RECORD WAS SET OR TIED.
MM INDICATES DATA IS MISSING.
T  INDICATES TRACE AMOUNT.




$$
