000
CDUS43 KDVN 072125
CLIMLI


CLIMATE REPORT
NATIONAL WEATHER SERVICE QUAD CITIES IA IL
424 PM CDT TUE JUL 7 2015


...................................

...THE MOLINE IL CLIMATE SUMMARY FOR JULY 7 2015...
VALID TODAY AS OF 0400 PM LOCAL TIME.

CLIMATE NORMAL PERIOD 1981 TO 2010
CLIMATE RECORD PERIOD 1872 TO 2015


WEATHER ITEM   OBSERVED TIME   RECORD YEAR NORMAL DEPARTURE LAST
                VALUE   (LST)  VALUE       VALUE  FROM      YEAR
                                                  NORMAL
..................................................................
TEMPERATURE (F)
 TODAY
  MAXIMUM         74    240 PM 105    1936  86    -12       87
  MINIMUM         63    736 AM  48    1984  65     -2       69
  AVERAGE         69                        76     -7       78

PRECIPITATION (IN)
  TODAY            0.03          3.37 1915   0.16  -0.13     0.00
  MONTH TO DATE    3.20                      1.07   2.13     0.26
  SINCE JUN 1     14.10                      5.56   8.54    11.17
  SINCE JAN 1     23.04                     19.42   3.62    22.73

SNOWFALL (IN)
  TODAY            0.0          MM      MM   0.0    0.0      0.0
  MONTH TO DATE    0.0                       0.0    0.0      0.0
  SINCE JUN 1      0.0                       0.0    0.0      0.0
  SINCE JUL 1      0.0                       0.0    0.0      0.0
  SNOW DEPTH       0

DEGREE DAYS
 HEATING
  TODAY            0                         0      0        0
  MONTH TO DATE    0                         0      0        1
  SINCE JUN 1      7                        19    -12        5
  SINCE JUL 1      0                         0      0        1

 COOLING
  TODAY            4                        11     -7       13
  MONTH TO DATE   33                        73    -40       35
  SINCE JUN 1    240                       287    -47      264
  SINCE JAN 1    321                       363    -42      369
..................................................................


WIND (MPH)
  HIGHEST WIND SPEED    16   HIGHEST WIND DIRECTION    NE (30)
  HIGHEST GUST SPEED    21   HIGHEST GUST DIRECTION    NE (30)
  AVERAGE WIND SPEED     9.4


SKY COVER
  POSSIBLE SUNSHINE  MM
  AVERAGE SKY COVER 0.7


WEATHER CONDITIONS
 THE FOLLOWING WEATHER WAS RECORDED TODAY.
  RAIN
  LIGHT RAIN
  FOG
  HAZE


RELATIVE HUMIDITY (PERCENT)
 HIGHEST    87          1200 AM
 LOWEST     53           200 PM
 AVERAGE    70

..........................................................


THE MOLINE IL CLIMATE NORMALS FOR TOMORROW
                         NORMAL    RECORD    YEAR
 MAXIMUM TEMPERATURE (F)   86       104      1936
 MINIMUM TEMPERATURE (F)   65        50      1891


SUNRISE AND SUNSET
JULY  7 2015..........SUNRISE   536 AM CDT   SUNSET   838 PM CDT
JULY  8 2015..........SUNRISE   536 AM CDT   SUNSET   838 PM CDT


-  INDICATES NEGATIVE NUMBERS.
R  INDICATES RECORD WAS SET OR TIED.
MM INDICATES DATA IS MISSING.
T  INDICATES TRACE AMOUNT.




$$
