000
CDUS43 KDVN 091011
CLIMLI


CLIMATE REPORT
NATIONAL WEATHER SERVICE QUAD CITIES IA IL
410 AM CST TUE FEB 9 2016


...................................

...THE MOLINE IL CLIMATE SUMMARY FOR FEBRUARY 8 2016...

CLIMATE NORMAL PERIOD 1981 TO 2010
CLIMATE RECORD PERIOD 1872 TO 2016


WEATHER ITEM   OBSERVED TIME   RECORD YEAR NORMAL DEPARTURE LAST
                VALUE   (LST)  VALUE       VALUE  FROM      YEAR
                                                  NORMAL
..................................................................
TEMPERATURE (F)
 YESTERDAY
  MAXIMUM         34    117 AM  63    1990  33      1       42
  MINIMUM         17   1159 PM -20    1895  16      1       26
  AVERAGE         26                        25      1       34

PRECIPITATION (IN)
  YESTERDAY        0.04          0.80 1900   0.05  -0.01     0.00
  MONTH TO DATE    0.64                      0.36   0.28     1.09
  SINCE DEC 1      5.28                      4.03   1.25     3.36
  SINCE JAN 1      1.08                      1.85  -0.77     2.64

SNOWFALL (IN)
  YESTERDAY        0.7          MM      MM   0.3    0.4      0.0
  MONTH TO DATE    1.3                       2.3   -1.0     14.5
  SINCE DEC 1      6.3                      21.0  -14.7     29.6
  SINCE JUL 1     16.2                      22.2   -6.0     34.2
  SNOW DEPTH       T

DEGREE DAYS
 HEATING
  YESTERDAY       39                        40     -1       31
  MONTH TO DATE  269                       329    -60      374
  SINCE DEC 1   2337                      2832   -495     2720
  SINCE JUL 1   3300                      4063   -763     4225

 COOLING
  YESTERDAY        0                         0      0        0
  MONTH TO DATE    0                         0      0        0
  SINCE DEC 1      0                         0      0        0
  SINCE JAN 1      0                         0      0        0
..................................................................


WIND (MPH)
  HIGHEST WIND SPEED    26   HIGHEST WIND DIRECTION    NW (300)
  HIGHEST GUST SPEED    35   HIGHEST GUST DIRECTION    NW (300)
  AVERAGE WIND SPEED    17.6


SKY COVER
  POSSIBLE SUNSHINE  MM
  AVERAGE SKY COVER 1.0


WEATHER CONDITIONS
 THE FOLLOWING WEATHER WAS RECORDED YESTERDAY.
  LIGHT SNOW
  FOG
  HAZE


RELATIVE HUMIDITY (PERCENT)
 HIGHEST    89          1200 AM
 LOWEST     66           300 AM
 AVERAGE    78

..........................................................


THE MOLINE IL CLIMATE NORMALS FOR TODAY
                         NORMAL    RECORD    YEAR
 MAXIMUM TEMPERATURE (F)   34        62      2009
 MINIMUM TEMPERATURE (F)   16       -25      1979


SUNRISE AND SUNSET
FEBRUARY  9 2016......SUNRISE   705 AM CST   SUNSET   528 PM CST
FEBRUARY 10 2016......SUNRISE   704 AM CST   SUNSET   529 PM CST


-  INDICATES NEGATIVE NUMBERS.
R  INDICATES RECORD WAS SET OR TIED.
MM INDICATES DATA IS MISSING.
T  INDICATES TRACE AMOUNT.




$$
