000
CDUS43 KDVN 242122
CLIMLI


CLIMATE REPORT
NATIONAL WEATHER SERVICE QUAD CITIES IA IL
421 PM CDT WED MAY 24 2017


...................................

...THE MOLINE IL CLIMATE SUMMARY FOR MAY 24 2017...
VALID TODAY AS OF 0400 PM LOCAL TIME.

CLIMATE NORMAL PERIOD 1981 TO 2010
CLIMATE RECORD PERIOD 1872 TO 2017


WEATHER ITEM   OBSERVED TIME   RECORD YEAR NORMAL DEPARTURE LAST
                VALUE   (LST)  VALUE       VALUE  FROM      YEAR
                                                  NORMAL
..................................................................
TEMPERATURE (F)
 TODAY
  MAXIMUM         63    258 PM  95    2010  76    -13       88
  MINIMUM         46    317 AM  36    1925  53     -7       59
  AVERAGE         55                        64     -9       74

PRECIPITATION (IN)
  TODAY            T             2.11 1874   0.15  -0.15     0.00
  MONTH TO DATE    2.40                      3.31  -0.91     2.49
  SINCE MAR 1     11.52                      9.76   1.76     7.84
  SINCE JAN 1     13.93                     12.85   1.08     9.17

SNOWFALL (IN)
  TODAY            0.0          MM      MM   0.0    0.0      0.0
  MONTH TO DATE    0.0                       0.0    0.0      0.0
  SINCE MAR 1      5.9                       4.9    1.0      2.9
  SINCE JUL 1     22.4                      31.6   -9.2     24.1
  SNOW DEPTH       0

DEGREE DAYS
 HEATING
  TODAY           10                         3      7        0
  MONTH TO DATE  159                       142     17      158
  SINCE MAR 1   1221                      1367   -146     1174
  SINCE JUL 1   5024                      6165  -1141     5163

 COOLING
  TODAY            0                         3     -3        9
  MONTH TO DATE   38                        40     -2       21
  SINCE MAR 1     52                        54     -2       32
  SINCE JAN 1     52                        54     -2       32
..................................................................


WIND (MPH)
  HIGHEST WIND SPEED    15   HIGHEST WIND DIRECTION    NE (40)
  HIGHEST GUST SPEED    19   HIGHEST GUST DIRECTION    NE (40)
  AVERAGE WIND SPEED     4.8


SKY COVER
  POSSIBLE SUNSHINE  MM
  AVERAGE SKY COVER 0.8


WEATHER CONDITIONS
 THE FOLLOWING WEATHER WAS RECORDED TODAY.
  FOG


RELATIVE HUMIDITY (PERCENT)
 HIGHEST    93           300 AM
 LOWEST     64          1200 PM
 AVERAGE    79

..........................................................


THE MOLINE IL CLIMATE NORMALS FOR TOMORROW
                         NORMAL    RECORD    YEAR
 MAXIMUM TEMPERATURE (F)   76        94      1967
 MINIMUM TEMPERATURE (F)   54        35      1979


SUNRISE AND SUNSET
MAY 24 2017...........SUNRISE   535 AM CDT   SUNSET   823 PM CDT
MAY 25 2017...........SUNRISE   535 AM CDT   SUNSET   824 PM CDT


-  INDICATES NEGATIVE NUMBERS.
R  INDICATES RECORD WAS SET OR TIED.
MM INDICATES DATA IS MISSING.
T  INDICATES TRACE AMOUNT.




$$
