000
CDUS43 KDVN 302130
CLIMLI


CLIMATE REPORT
NATIONAL WEATHER SERVICE QUAD CITIES IA IL
430 PM CDT TUE AUG 30 2016


...................................

...THE MOLINE IL CLIMATE SUMMARY FOR AUGUST 30 2016...
VALID TODAY AS OF 0400 PM LOCAL TIME.

CLIMATE NORMAL PERIOD 1981 TO 2010
CLIMATE RECORD PERIOD 1872 TO 2016


WEATHER ITEM   OBSERVED TIME   RECORD YEAR NORMAL DEPARTURE LAST
                VALUE   (LST)  VALUE       VALUE  FROM      YEAR
                                                  NORMAL
..................................................................
TEMPERATURE (F)
 TODAY
  MAXIMUM         86    218 PM  98    2013  82      4       81
                                      1953
                                      1947
  MINIMUM         70    649 AM  40    1915  61      9       59
  AVERAGE         78                        71      7       70

PRECIPITATION (IN)
  TODAY            0.87          1.76 1965   0.15   0.72     0.00
  MONTH TO DATE    8.07                      4.38   3.69     3.84
  SINCE JUN 1     19.42                     13.16   6.26    19.53
  SINCE JAN 1     29.42                     27.02   2.40    28.47

SNOWFALL (IN)
  TODAY            0.0          MM      MM   0.0    0.0      0.0
  MONTH TO DATE    0.0                       0.0    0.0       T
  SINCE JUN 1      0.0                       0.0    0.0       T
  SINCE JUL 1      0.0                       0.0    0.0       T
  SNOW DEPTH       0

DEGREE DAYS
 HEATING
  TODAY            0                         0      0        0
  MONTH TO DATE    0                         0      0        3
  SINCE JUN 1      2                        21    -19       14
  SINCE JUL 1      1                         2     -1        7

 COOLING
  TODAY           13                         7      6        5
  MONTH TO DATE  319                       263     56      205
  SINCE JUN 1    965                       801    164      698
  SINCE JAN 1   1067                       877    190      779
..................................................................


WIND (MPH)
  HIGHEST WIND SPEED    18   HIGHEST WIND DIRECTION     W (260)
  HIGHEST GUST SPEED    22   HIGHEST GUST DIRECTION     W (270)
  AVERAGE WIND SPEED     5.3


SKY COVER
  POSSIBLE SUNSHINE  MM
  AVERAGE SKY COVER 0.3


WEATHER CONDITIONS
 THE FOLLOWING WEATHER WAS RECORDED TODAY.
  THUNDERSTORM
  HEAVY RAIN
  RAIN
  LIGHT RAIN
  FOG


RELATIVE HUMIDITY (PERCENT)
 HIGHEST    93           400 AM
 LOWEST     65           300 PM
 AVERAGE    79

..........................................................


THE MOLINE IL CLIMATE NORMALS FOR TOMORROW
                         NORMAL    RECORD    YEAR
 MAXIMUM TEMPERATURE (F)   82       100      1953
 MINIMUM TEMPERATURE (F)   60        45      2009
                                             1967


SUNRISE AND SUNSET
AUGUST 30 2016........SUNRISE   627 AM CDT   SUNSET   737 PM CDT
AUGUST 31 2016........SUNRISE   628 AM CDT   SUNSET   736 PM CDT


-  INDICATES NEGATIVE NUMBERS.
R  INDICATES RECORD WAS SET OR TIED.
MM INDICATES DATA IS MISSING.
T  INDICATES TRACE AMOUNT.




$$
