000
CDUS43 KDVN 280918
CLIMLI


CLIMATE REPORT
NATIONAL WEATHER SERVICE QUAD CITIES IA IL
417 AM CDT THU MAY 28 2015


...................................

...THE MOLINE IL CLIMATE SUMMARY FOR MAY 27 2015...

CLIMATE NORMAL PERIOD 1981 TO 2010
CLIMATE RECORD PERIOD 1872 TO 2015


WEATHER ITEM   OBSERVED TIME   RECORD YEAR NORMAL DEPARTURE LAST
                VALUE   (LST)  VALUE       VALUE  FROM      YEAR
                                                  NORMAL
..................................................................
TEMPERATURE (F)
 YESTERDAY
  MAXIMUM         80    410 PM  94    2012  76      4       83
  MINIMUM         59   1145 PM  34    1992  54      5       66
  AVERAGE         70                        65      5       75

PRECIPITATION (IN)
  YESTERDAY        0.00          1.78 1973   0.14  -0.14     0.08
  MONTH TO DATE    3.38                      3.74  -0.36     1.98
  SINCE MAR 1      5.75                     10.19  -4.44     6.66
  SINCE JAN 1      8.68                     13.28  -4.60    10.68

SNOWFALL (IN)
  YESTERDAY        0.0          MM      MM   0.0    0.0      0.0
  MONTH TO DATE    0.0                       0.0    0.0      0.0
  SINCE MAR 1      0.1                       4.9   -4.8     10.3
  SINCE JUL 1     39.1                      31.6    7.5     65.1
  SNOW DEPTH       0

DEGREE DAYS
 HEATING
  YESTERDAY        0                         3     -3        0
  MONTH TO DATE  108                       151    -43      162
  SINCE MAR 1   1321                      1376    -55     1643
  SINCE JUL 1   6579                      6174    405     7313

 COOLING
  YESTERDAY        5                         3      2       10
  MONTH TO DATE   68                        49     19       70
  SINCE MAR 1     68                        63      5       75
  SINCE JAN 1     68                        63      5       75
..................................................................


WIND (MPH)
  HIGHEST WIND SPEED    18   HIGHEST WIND DIRECTION    NW (310)
  HIGHEST GUST SPEED    24   HIGHEST GUST DIRECTION    NW (320)
  AVERAGE WIND SPEED     7.5


SKY COVER
  POSSIBLE SUNSHINE  MM
  AVERAGE SKY COVER 0.2


WEATHER CONDITIONS
 THE FOLLOWING WEATHER WAS RECORDED YESTERDAY.
  NO SIGNIFICANT WEATHER WAS OBSERVED.


RELATIVE HUMIDITY (PERCENT)
 HIGHEST    90           100 AM
 LOWEST     42           300 PM
 AVERAGE    66

..........................................................


THE MOLINE IL CLIMATE NORMALS FOR TODAY
                         NORMAL    RECORD    YEAR
 MAXIMUM TEMPERATURE (F)   77        95      2006
 MINIMUM TEMPERATURE (F)   55        36      1992


SUNRISE AND SUNSET
MAY 28 2015...........SUNRISE   533 AM CDT   SUNSET   826 PM CDT
MAY 29 2015...........SUNRISE   532 AM CDT   SUNSET   827 PM CDT


-  INDICATES NEGATIVE NUMBERS.
R  INDICATES RECORD WAS SET OR TIED.
MM INDICATES DATA IS MISSING.
T  INDICATES TRACE AMOUNT.




$$
