000
CDUS43 KDVN 212235
CLIMLI


CLIMATE REPORT
NATIONAL WEATHER SERVICE QUAD CITIES IA IL
435 PM CST SAT JAN 21 2017


...................................

...THE MOLINE IL CLIMATE SUMMARY FOR JANUARY 21 2017...
VALID TODAY AS OF 0400 PM LOCAL TIME.

CLIMATE NORMAL PERIOD 1981 TO 2010
CLIMATE RECORD PERIOD 1872 TO 2017


WEATHER ITEM   OBSERVED TIME   RECORD YEAR NORMAL DEPARTURE LAST
                VALUE   (LST)  VALUE       VALUE  FROM      YEAR
                                                  NORMAL
..................................................................
TEMPERATURE (F)
 TODAY
  MAXIMUM         53   1153 AM  64    1957  31     22       31
  MINIMUM         40    803 AM -21    1970  14     26       11
  AVERAGE         47                        22     25       21

PRECIPITATION (IN)
  TODAY            0.05          1.35 1874   0.04   0.01     0.00
  MONTH TO DATE    1.40                      1.03   0.37     0.29
  SINCE DEC 1      3.02                      3.21  -0.19     4.49
  SINCE JAN 1      1.40                      1.03   0.37     0.29

SNOWFALL (IN)
  TODAY            0.0          MM      MM   0.3   -0.3      0.0
  MONTH TO DATE    T                         6.4   -6.4      1.5
  SINCE DEC 1     13.8                      15.7   -1.9      5.0
  SINCE JUL 1     13.8                      16.9   -3.1     14.9
  SNOW DEPTH       0

DEGREE DAYS
 HEATING
  TODAY           18                        43    -25       44
  MONTH TO DATE  797                       892    -95      913
  SINCE DEC 1   1973                      2082   -109     1723
  SINCE JUL 1   2754                      3313   -559     2686

 COOLING
  TODAY            0                         0      0        0
  MONTH TO DATE    0                         0      0        0
  SINCE DEC 1      0                         0      0        0
  SINCE JAN 1      0                         0      0        0
..................................................................


WIND (MPH)
  HIGHEST WIND SPEED    20   HIGHEST WIND DIRECTION    SW (240)
  HIGHEST GUST SPEED    24   HIGHEST GUST DIRECTION    SW (220)
  AVERAGE WIND SPEED     8.9


SKY COVER
  POSSIBLE SUNSHINE  MM
  AVERAGE SKY COVER 0.5


WEATHER CONDITIONS
 THE FOLLOWING WEATHER WAS RECORDED TODAY.
  LIGHT RAIN
  FOG
  FOG W/VISIBILITY <= 1/4 MILE


RELATIVE HUMIDITY (PERCENT)
 HIGHEST    93           300 AM
 LOWEST     71          1000 AM
 AVERAGE    82

..........................................................


THE MOLINE IL CLIMATE NORMALS FOR TOMORROW
                         NORMAL    RECORD    YEAR
 MAXIMUM TEMPERATURE (F)   31        58      2002
                                             1964
 MINIMUM TEMPERATURE (F)   14       -23      1883


SUNRISE AND SUNSET
JANUARY 21 2017.......SUNRISE   723 AM CST   SUNSET   505 PM CST
JANUARY 22 2017.......SUNRISE   722 AM CST   SUNSET   506 PM CST


-  INDICATES NEGATIVE NUMBERS.
R  INDICATES RECORD WAS SET OR TIED.
MM INDICATES DATA IS MISSING.
T  INDICATES TRACE AMOUNT.




$$
