382
CDUS45 KBYZ 290936
CLIMLS


CLIMATE REPORT
NATIONAL WEATHER SERVICE BILLINGS MT
334 AM MDT WED MAR 29 2017


...................................

...THE MILES CITY MT CLIMATE SUMMARY FOR MARCH 28 2017...

CLIMATE NORMAL PERIOD 1981 TO 2010
CLIMATE RECORD PERIOD 1937 TO 2017


WEATHER ITEM   OBSERVED TIME   RECORD YEAR NORMAL DEPARTURE LAST
                VALUE   (LST)  VALUE       VALUE  FROM      YEAR
                                                  NORMAL
..................................................................
TEMPERATURE (F)
 YESTERDAY
  MAXIMUM         54    541 PM  83    2015  52      2       61
  MINIMUM         37   1159 PM   0    1954  27     10       34
  AVERAGE         46                        39      7       48

PRECIPITATION (IN)
  YESTERDAY        0.02          0.76 2007   0.02   0.00     0.00
  MONTH TO DATE    0.51                      0.51   0.00     0.21
  SINCE OCT 1      2.06                      2.66  -0.60     2.28
  SINCE JAN 1      0.97                      1.06  -0.09     1.02

DEGREE DAYS
 HEATING
  YESTERDAY       19                        26     -7       17
  MONTH TO DATE  751                       867   -116      616
  SINCE MAR 1    751                       867   -116      616
  SINCE JUL 1   6303                      6601   -298     5309

 COOLING
  YESTERDAY        0                         0      0        0
  MONTH TO DATE    0                         0      0        0
  SINCE MAR 1      0                         0      0        0
  SINCE JAN 1      0                         0      0        0
..................................................................


WIND (MPH)
  HIGHEST WIND SPEED    29   HIGHEST WIND DIRECTION    NW (330)
  HIGHEST GUST SPEED    34   HIGHEST GUST DIRECTION    NW (330)
  AVERAGE WIND SPEED     8.1


SKY COVER
  POSSIBLE SUNSHINE  MM
  AVERAGE SKY COVER 0.6


WEATHER CONDITIONS
 THE FOLLOWING WEATHER WAS RECORDED YESTERDAY.
  LIGHT RAIN


RELATIVE HUMIDITY (PERCENT)
 HIGHEST    85           200 AM
 LOWEST     46           500 PM
 AVERAGE    66

..........................................................


THE MILES CITY MT CLIMATE NORMALS FOR TODAY
                         NORMAL    RECORD    YEAR
 MAXIMUM TEMPERATURE (F)   52        83      1943
 MINIMUM TEMPERATURE (F)   28        -5      1954


SUNRISE AND SUNSET
MARCH 29 2017.........SUNRISE   648 AM MDT   SUNSET   729 PM MDT
MARCH 30 2017.........SUNRISE   646 AM MDT   SUNSET   730 PM MDT


-  INDICATES NEGATIVE NUMBERS.
R  INDICATES RECORD WAS SET OR TIED.
MM INDICATES DATA IS MISSING.
T  INDICATES TRACE AMOUNT.





&&

THIS IS AN AUTOMATED...UNATTENDED WEATHER STATION AND MAY
UNDERESTIMATE WINTER PRECIPITATION.

$$
