000
CDUS45 KBYZ 240936
CLIMLS


CLIMATE REPORT
NATIONAL WEATHER SERVICE BILLINGS MT
335 AM MDT SUN MAY 24 2015


...................................

...THE MILES CITY MT CLIMATE SUMMARY FOR MAY 23 2015...

CLIMATE NORMAL PERIOD 1981 TO 2010
CLIMATE RECORD PERIOD 1937 TO 2015


WEATHER ITEM   OBSERVED TIME   RECORD YEAR NORMAL DEPARTURE LAST
                VALUE   (LST)  VALUE       VALUE  FROM      YEAR
                                                  NORMAL
..................................................................
TEMPERATURE (F)
 YESTERDAY
  MAXIMUM         63   1238 PM  96    1980  71     -8       87
  MINIMUM         45    504 AM  30    2002  46     -1       52
                                      1947
  AVERAGE         54                        58     -4       70

PRECIPITATION (IN)
  YESTERDAY        0.07          1.24        0.07   0.00     0.00
  MONTH TO DATE    0.59                      1.52  -0.93     2.09
  SINCE OCT 1      2.50                      5.64  -3.14     5.66
  SINCE JAN 1      1.49                      4.04  -2.55     3.98

DEGREE DAYS
 HEATING
  YESTERDAY       11                         8      3        0
  MONTH TO DATE  292                       250     42      305
  SINCE MAR 1   1479                      1762   -283     1966
  SINCE JUL 1   6949                      7496   -547     8005

 COOLING
  YESTERDAY        0                         1     -1        5
  MONTH TO DATE    1                        10     -9        5
  SINCE MAR 1      1                        11    -10        5
  SINCE JAN 1      1                        11    -10        5
..................................................................


WIND (MPH)
  HIGHEST WIND SPEED    21   HIGHEST WIND DIRECTION    SE (140)
  HIGHEST GUST SPEED    24   HIGHEST GUST DIRECTION    SE (140)
  AVERAGE WIND SPEED     8.2


SKY COVER
  POSSIBLE SUNSHINE  MM
  AVERAGE SKY COVER 0.6


WEATHER CONDITIONS
 THE FOLLOWING WEATHER WAS RECORDED YESTERDAY.
  LIGHT RAIN
  FOG


RELATIVE HUMIDITY (PERCENT)
 HIGHEST   100           400 PM
 LOWEST     51          1000 AM
 AVERAGE    76

..........................................................


THE MILES CITY MT CLIMATE NORMALS FOR TODAY
                         NORMAL    RECORD    YEAR
 MAXIMUM TEMPERATURE (F)   71        95      1985
 MINIMUM TEMPERATURE (F)   46        32      2002


SUNRISE AND SUNSET
MAY 24 2015...........SUNRISE   521 AM MDT   SUNSET   841 PM MDT
MAY 25 2015...........SUNRISE   520 AM MDT   SUNSET   842 PM MDT


-  INDICATES NEGATIVE NUMBERS.
R  INDICATES RECORD WAS SET OR TIED.
MM INDICATES DATA IS MISSING.
T  INDICATES TRACE AMOUNT.





&&

THIS IS AN AUTOMATED...UNATTENDED WEATHER STATION AND MAY
UNDERESTIMATE WINTER PRECIPITATION.

$$
