000
CDUS45 KBYZ 270933
CLIMLS


CLIMATE REPORT
NATIONAL WEATHER SERVICE BILLINGS MT
332 AM MDT FRI MAY 27 2016


...................................

...THE MILES CITY MT CLIMATE SUMMARY FOR MAY 26 2016...

CLIMATE NORMAL PERIOD 1981 TO 2010
CLIMATE RECORD PERIOD 1937 TO 2016


WEATHER ITEM   OBSERVED TIME   RECORD YEAR NORMAL DEPARTURE LAST
                VALUE   (LST)  VALUE       VALUE  FROM      YEAR
                                                  NORMAL
..................................................................
TEMPERATURE (F)
 YESTERDAY
  MAXIMUM         67    438 PM  98    1969  71     -4       78
  MINIMUM         48    247 AM  32    2007  46      2       47
  AVERAGE         58                        59     -1       63

PRECIPITATION (IN)
  YESTERDAY        0.03          1.20 1973   0.08  -0.05     0.00
  MONTH TO DATE    1.55                      1.76  -0.21     0.61
  SINCE OCT 1      8.24                      5.88   2.36     2.52
  SINCE JAN 1      6.98                      4.28   2.70     1.51

DEGREE DAYS
 HEATING
  YESTERDAY        7                         7      0        2
  MONTH TO DATE  209                       271    -62      305
  SINCE MAR 1   1371                      1783   -412     1492
  SINCE JUL 1   6064                      7517  -1453     6962

 COOLING
  YESTERDAY        0                         1     -1        0
  MONTH TO DATE   22                        13      9        1
  SINCE MAR 1     24                        14     10        1
  SINCE JAN 1     24                        14     10        1
..................................................................


WIND (MPH)
  HIGHEST WIND SPEED    24   HIGHEST WIND DIRECTION     W (260)
  HIGHEST GUST SPEED    29   HIGHEST GUST DIRECTION     W (260)
  AVERAGE WIND SPEED     9.7


SKY COVER
  POSSIBLE SUNSHINE  MM
  AVERAGE SKY COVER 0.5


WEATHER CONDITIONS
 THE FOLLOWING WEATHER WAS RECORDED YESTERDAY.
  THUNDERSTORM
  LIGHT RAIN


RELATIVE HUMIDITY (PERCENT)
 HIGHEST    89          1100 PM
 LOWEST     44           500 PM
 AVERAGE    67

..........................................................


THE MILES CITY MT CLIMATE NORMALS FOR TODAY
                         NORMAL    RECORD    YEAR
 MAXIMUM TEMPERATURE (F)   72        96      1969
 MINIMUM TEMPERATURE (F)   47        30      1965


SUNRISE AND SUNSET
MAY 27 2016...........SUNRISE   518 AM MDT   SUNSET   844 PM MDT
MAY 28 2016...........SUNRISE   517 AM MDT   SUNSET   845 PM MDT


-  INDICATES NEGATIVE NUMBERS.
R  INDICATES RECORD WAS SET OR TIED.
MM INDICATES DATA IS MISSING.
T  INDICATES TRACE AMOUNT.





&&

THIS IS AN AUTOMATED...UNATTENDED WEATHER STATION AND MAY
UNDERESTIMATE WINTER PRECIPITATION.

$$
