000
CDUS45 KBYZ 251034
CLIMLS


CLIMATE REPORT
NATIONAL WEATHER SERVICE BILLINGS MT
333 AM MST SUN JAN 25 2015


...................................

...THE MILES CITY MT CLIMATE SUMMARY FOR JANUARY 24 2015...

CLIMATE NORMAL PERIOD 1981 TO 2010
CLIMATE RECORD PERIOD 1937 TO 2015


WEATHER ITEM   OBSERVED TIME   RECORD YEAR NORMAL DEPARTURE LAST
                VALUE   (LST)  VALUE       VALUE  FROM      YEAR
                                                  NORMAL
..................................................................
TEMPERATURE (F)
 YESTERDAY
  MAXIMUM         46   1149 AM  60    2005  31     15       45
  MINIMUM         31   1041 PM -32    1969  10     21       36
  AVERAGE         39                        20     19       41

PRECIPITATION (IN)
  YESTERDAY        T             0.21        0.01  -0.01      T
  MONTH TO DATE    0.21                      0.26  -0.05     0.02
  SINCE OCT 1      1.22                      1.86  -0.64     1.70
  SINCE JAN 1      0.21                      0.26  -0.05     0.02

DEGREE DAYS
 HEATING
  YESTERDAY       26                        45    -19       24
  MONTH TO DATE 1134                      1099     35      981
  SINCE DEC 1   2335                      2484   -149     2592
  SINCE JUL 1   4165                      4283   -118     4299

 COOLING
  YESTERDAY        0                         0      0        0
  MONTH TO DATE    0                         0      0        0
  SINCE DEC 1      0                         0      0        0
  SINCE JAN 1      0                         0      0        0
..................................................................


WIND (MPH)
  HIGHEST WIND SPEED    45   HIGHEST WIND DIRECTION    NW (320)
  HIGHEST GUST SPEED    54   HIGHEST GUST DIRECTION    NW (320)
  AVERAGE WIND SPEED    16.6


SKY COVER
  POSSIBLE SUNSHINE  MM
  AVERAGE SKY COVER 0.4


WEATHER CONDITIONS
 THE FOLLOWING WEATHER WAS RECORDED YESTERDAY.
  LIGHT RAIN


RELATIVE HUMIDITY (PERCENT)
 HIGHEST    85           100 PM
 LOWEST     60           600 AM
 AVERAGE    73

..........................................................


THE MILES CITY MT CLIMATE NORMALS FOR TODAY
                         NORMAL    RECORD    YEAR
 MAXIMUM TEMPERATURE (F)   31        58      2006
 MINIMUM TEMPERATURE (F)   10       -37      1969
                                             1957


SUNRISE AND SUNSET
JANUARY 25 2015.......SUNRISE   735 AM MST   SUNSET   457 PM MST
JANUARY 26 2015.......SUNRISE   734 AM MST   SUNSET   459 PM MST


-  INDICATES NEGATIVE NUMBERS.
R  INDICATES RECORD WAS SET OR TIED.
MM INDICATES DATA IS MISSING.
T  INDICATES TRACE AMOUNT.





&&

THIS IS AN AUTOMATED...UNATTENDED WEATHER STATION AND MAY
UNDERESTIMATE WINTER PRECIPITATION.

$$
