000
CDUS45 KBYZ 192318
CLIMLS


CLIMATE REPORT
NATIONAL WEATHER SERVICE BILLINGS MT
418 PM MST MON FEB 19 2018


...................................

...THE MILES CITY MT CLIMATE SUMMARY FOR FEBRUARY 19 2018...
VALID TODAY AS OF 0400 PM LOCAL TIME.

CLIMATE NORMAL PERIOD 1981 TO 2010
CLIMATE RECORD PERIOD 1937 TO 2018


WEATHER ITEM   OBSERVED TIME   RECORD YEAR NORMAL DEPARTURE LAST
                VALUE   (LST)  VALUE       VALUE  FROM      YEAR
                                                  NORMAL
..................................................................
TEMPERATURE (F)
 TODAY
  MAXIMUM          5    257 PM  69    1995  37    -32       52
  MINIMUM         -1    404 AM -26    1959  14    -15       31
  AVERAGE          2                        25    -23       42

PRECIPITATION (IN)
  TODAY            T             0.25 1949   0.01  -0.01     0.00
  MONTH TO DATE    0.53                      0.14   0.39     0.02
  SINCE OCT 1      1.96                      2.06  -0.10     1.18
  SINCE JAN 1      0.77                      0.46   0.31     0.09

DEGREE DAYS
 HEATING
  TODAY           63                        40     23       23
  MONTH TO DATE 1121                       796    325      747
  SINCE DEC 1   3990                      3593    397     3956
  SINCE JUL 1   5733                      5392    341     5271

 COOLING
  TODAY            0                         0      0        0
  MONTH TO DATE    0                         0      0        0
  SINCE DEC 1      0                         0      0        0
  SINCE JAN 1      0                         0      0        0
..................................................................


WIND (MPH)
  HIGHEST WIND SPEED    13   HIGHEST WIND DIRECTION    NE (40)
  HIGHEST GUST SPEED    14   HIGHEST GUST DIRECTION    NE (40)
  AVERAGE WIND SPEED     7.7


SKY COVER
  POSSIBLE SUNSHINE  MM
  AVERAGE SKY COVER 1.0


WEATHER CONDITIONS
 THE FOLLOWING WEATHER WAS RECORDED TODAY.
  SNOW
  LIGHT SNOW
  FOG


RELATIVE HUMIDITY (PERCENT)
 HIGHEST    87           800 AM
 LOWEST     79          1100 AM
 AVERAGE    83

..........................................................


THE MILES CITY MT CLIMATE NORMALS FOR TOMORROW
                         NORMAL    RECORD    YEAR
 MAXIMUM TEMPERATURE (F)   37        66      1995
 MINIMUM TEMPERATURE (F)   14       -29      1959


SUNRISE AND SUNSET
FEBRUARY 19 2018......SUNRISE   700 AM MST   SUNSET   535 PM MST
FEBRUARY 20 2018......SUNRISE   658 AM MST   SUNSET   537 PM MST


-  INDICATES NEGATIVE NUMBERS.
R  INDICATES RECORD WAS SET OR TIED.
MM INDICATES DATA IS MISSING.
T  INDICATES TRACE AMOUNT.




$$
