000
CDUS45 KBYZ 180724
CLIMLS


CLIMATE REPORT
NATIONAL WEATHER SERVICE BILLINGS MT
124 AM MDT FRI AUG 18 2017


...................................

...THE MILES CITY MT CLIMATE SUMMARY FOR AUGUST 17 2017...

CLIMATE NORMAL PERIOD 1981 TO 2010
CLIMATE RECORD PERIOD 1937 TO 2017


WEATHER ITEM   OBSERVED TIME   RECORD YEAR NORMAL DEPARTURE LAST
                VALUE   (LST)  VALUE       VALUE  FROM      YEAR
                                                  NORMAL
..................................................................
TEMPERATURE (F)
 YESTERDAY
  MAXIMUM         90    512 PM 104    1958  88      2       99
  MINIMUM         54    514 AM  39    2002  58     -4       60
  AVERAGE         72                        73     -1       80

PRECIPITATION (IN)
  YESTERDAY        0.00          0.43 1941   0.02  -0.02     0.00
  MONTH TO DATE    0.15                      0.56  -0.41     0.03
  SINCE OCT 1      4.42                     11.01  -6.59    11.18
  SINCE JAN 1      3.33                      9.41  -6.08     9.92

DEGREE DAYS
 HEATING
  YESTERDAY        0                         1     -1        0
  MONTH TO DATE    4                         1      3        0
  SINCE JUN 1     23                       102    -79       11
  SINCE JUL 1      4                        13     -9        2

 COOLING
  YESTERDAY        7                         8     -1       15
  MONTH TO DATE   84                       167    -83      173
  SINCE JUN 1    727                       562    165      708
  SINCE JAN 1    748                       582    166      732
..................................................................


WIND (MPH)
  HIGHEST WIND SPEED    21   HIGHEST WIND DIRECTION    NW (310)
  HIGHEST GUST SPEED    27   HIGHEST GUST DIRECTION    NW (310)
  AVERAGE WIND SPEED     8.1


SKY COVER
  POSSIBLE SUNSHINE  MM
  AVERAGE SKY COVER 0.0


WEATHER CONDITIONS
 THE FOLLOWING WEATHER WAS RECORDED YESTERDAY.
  HAZE


RELATIVE HUMIDITY (PERCENT)
 HIGHEST    43           200 AM
 LOWEST     12           400 PM
 AVERAGE    28

..........................................................


THE MILES CITY MT CLIMATE NORMALS FOR TODAY
                         NORMAL    RECORD    YEAR
 MAXIMUM TEMPERATURE (F)   87       103      1964
                                             1955
 MINIMUM TEMPERATURE (F)   58        47      2004


SUNRISE AND SUNSET
AUGUST 18 2017........SUNRISE   606 AM MDT   SUNSET   807 PM MDT
AUGUST 19 2017........SUNRISE   608 AM MDT   SUNSET   806 PM MDT


-  INDICATES NEGATIVE NUMBERS.
R  INDICATES RECORD WAS SET OR TIED.
MM INDICATES DATA IS MISSING.
T  INDICATES TRACE AMOUNT.




$$
