000
CDUS45 KBYZ 240936
CLIMLS


CLIMATE REPORT
NATIONAL WEATHER SERVICE BILLINGS MT
335 AM MDT FRI OCT 24 2014


...................................

...THE MILES CITY MT CLIMATE SUMMARY FOR OCTOBER 23 2014...

CLIMATE NORMAL PERIOD 1981 TO 2010
CLIMATE RECORD PERIOD 1937 TO 2014


WEATHER ITEM   OBSERVED TIME   RECORD YEAR NORMAL DEPARTURE LAST
                VALUE   (LST)  VALUE       VALUE  FROM      YEAR
                                                  NORMAL
..................................................................
TEMPERATURE (F)
 YESTERDAY
  MAXIMUM         72    215 PM  77    1973  56     16       51
  MINIMUM         36    625 AM  17    1981  31      5       41
  AVERAGE         54                        44     10       46

PRECIPITATION (IN)
  YESTERDAY        0.00          0.20 1991   0.02  -0.02     0.00
  MONTH TO DATE    0.39                      0.74  -0.35     0.79
  SINCE OCT 1      0.39                      0.74  -0.35     0.79
  SINCE JAN 1     12.67                     11.58   1.09    16.22

SNOWFALL (IN)
  YESTERDAY       MM
  MONTH TO DATE   MM
  SINCE SEP 1     MM
  SINCE JUL 1     MM
  SNOW DEPTH      MM

DEGREE DAYS
 HEATING
  YESTERDAY       11                        21    -10       19
  MONTH TO DATE  273                       388   -115      413
  SINCE SEP 1    465                       590   -125      516
  SINCE JUL 1    499                       624   -125      516

 COOLING
  YESTERDAY        0                         0      0        0
  MONTH TO DATE    0                         0      0        0
  SINCE SEP 1     53                        56     -3      142
  SINCE JAN 1    648                       728    -80      877
..................................................................


WIND (MPH)
  HIGHEST WIND SPEED    21   HIGHEST WIND DIRECTION     W (270)
  HIGHEST GUST SPEED    28   HIGHEST GUST DIRECTION     W (270)
  AVERAGE WIND SPEED     8.4


SKY COVER
  POSSIBLE SUNSHINE  MM
  AVERAGE SKY COVER 0.0


WEATHER CONDITIONS
 THE FOLLOWING WEATHER WAS RECORDED YESTERDAY.
  NO SIGNIFICANT WEATHER WAS OBSERVED.


RELATIVE HUMIDITY (PERCENT)
 HIGHEST    70           400 AM
 LOWEST     26           100 PM
 AVERAGE    48

..........................................................


THE MILES CITY MT CLIMATE NORMALS FOR TODAY
                         NORMAL    RECORD    YEAR
 MAXIMUM TEMPERATURE (F)   56        83      2007
 MINIMUM TEMPERATURE (F)   31        10      1942


SUNRISE AND SUNSET
OCTOBER 24 2014.......SUNRISE   734 AM MDT   SUNSET   601 PM MDT
OCTOBER 25 2014.......SUNRISE   735 AM MDT   SUNSET   559 PM MDT


-  INDICATES NEGATIVE NUMBERS.
R  INDICATES RECORD WAS SET OR TIED.
MM INDICATES DATA IS MISSING.
T  INDICATES TRACE AMOUNT.





&&

THIS IS AN AUTOMATED...UNATTENDED WEATHER STATION AND MAY
UNDERESTIMATE WINTER PRECIPITATION.

$$
