000
CDUS41 KCAR 250528
CLIMLT


CLIMATE REPORT
NATIONAL WEATHER SERVICE CARIBOU, ME
127 AM EDT SAT OCT 25 2014


...................................

...THE MILLINOCKET ME CLIMATE SUMMARY FOR OCTOBER 24 2014...

CLIMATE NORMAL PERIOD 1981 TO 2010
CLIMATE RECORD PERIOD 1903 TO 2014


WEATHER ITEM   OBSERVED TIME   RECORD YEAR NORMAL DEPARTURE LAST
                VALUE   (LST)  VALUE       VALUE  FROM      YEAR
                                                  NORMAL
..................................................................
TEMPERATURE (F)
 YESTERDAY
  MAXIMUM         46   1146 AM  76    1979  52     -6       44
  MINIMUM         42    629 PM  19    1905  34      8       29
  AVERAGE         44                        43      1       37

PRECIPITATION (IN)
  YESTERDAY        0.45          2.80 1981   0.13   0.32     0.00
  MONTH TO DATE    5.49                      3.25   2.24     1.11
  SINCE SEP 1      6.09                      6.97  -0.88     5.79
  SINCE JAN 1     31.23                     33.90  -2.67    31.28

SNOWFALL (IN)
  YESTERDAY       MM            MM      MM  MM     MM       MM
  MONTH TO DATE   MM                        MM     MM       MM
  SINCE SEP 1     MM                        MM     MM       MM
  SINCE JUL 1     MM                        MM     MM       MM
  SNOW DEPTH      MM

DEGREE DAYS
 HEATING
  YESTERDAY       21                        22     -1       28
  MONTH TO DATE  324                       442   -118      315
  SINCE SEP 1    560                       691   -131      516
  SINCE JUL 1    588                       770   -182      561

 COOLING
  YESTERDAY        0                         0      0        0
  MONTH TO DATE    4                         0      4        0
  SINCE SEP 1     47                        17     30       28
  SINCE JAN 1    375                       268    107      380
..................................................................


WIND (MPH)
  HIGHEST WIND SPEED    15   HIGHEST WIND DIRECTION     N (360)
  HIGHEST GUST SPEED    23   HIGHEST GUST DIRECTION     N (10)
  AVERAGE WIND SPEED     9.6


SKY COVER
  POSSIBLE SUNSHINE  MM
  AVERAGE SKY COVER 1.0


WEATHER CONDITIONS
 THE FOLLOWING WEATHER WAS RECORDED YESTERDAY.
  RAIN
  LIGHT RAIN
  FOG


RELATIVE HUMIDITY (PERCENT)
 HIGHEST    96           600 AM
 LOWEST     83           300 PM
 AVERAGE    90

..........................................................


THE MILLINOCKET ME CLIMATE NORMALS FOR TODAY
                         NORMAL    RECORD    YEAR
 MAXIMUM TEMPERATURE (F)   51        77      1963
 MINIMUM TEMPERATURE (F)   34        20      1956


SUNRISE AND SUNSET
OCTOBER 25 2014.......SUNRISE   705 AM EDT   SUNSET   532 PM EDT
OCTOBER 26 2014.......SUNRISE   706 AM EDT   SUNSET   531 PM EDT


-  INDICATES NEGATIVE NUMBERS.
R  INDICATES RECORD WAS SET OR TIED.
MM INDICATES DATA IS MISSING.
T  INDICATES TRACE AMOUNT.




$$
