000
CDUS41 KCAR 250528
CLIMLT


CLIMATE REPORT
NATIONAL WEATHER SERVICE CARIBOU, ME
127 AM EDT FRI JUL 25 2014


...................................

...THE MILLINOCKET ME CLIMATE SUMMARY FOR JULY 24 2014...

CLIMATE NORMAL PERIOD 1981 TO 2010
CLIMATE RECORD PERIOD 1903 TO 2014


WEATHER ITEM   OBSERVED TIME   RECORD YEAR NORMAL DEPARTURE LAST
                VALUE   (LST)  VALUE       VALUE  FROM      YEAR
                                                  NORMAL
..................................................................
TEMPERATURE (F)
 YESTERDAY
  MAXIMUM         76    418 PM  94    1952  79     -3       80
  MINIMUM         57   1154 PM  42    1923  58     -1       57
  AVERAGE         67                        68     -1       69

PRECIPITATION (IN)
  YESTERDAY        T             2.70 2003   0.11  -0.11      T
  MONTH TO DATE    3.17                      3.07   0.10     1.96
  SINCE JUN 1      7.74                      7.14   0.60     7.67
  SINCE JAN 1     21.64                     22.21  -0.57    18.83

SNOWFALL (IN)
  YESTERDAY       MM            MM      MM  MM     MM       MM
  MONTH TO DATE   MM                        MM     MM       MM
  SINCE JUN 1     MM                        MM     MM       MM
  SINCE JUL 1     MM                        MM     MM       MM
  SNOW DEPTH      MM

DEGREE DAYS
 HEATING
  YESTERDAY        0                         1     -1        0
  MONTH TO DATE    6                        24    -18        5
  SINCE JUN 1     82                       140    -58      106
  SINCE JUL 1      6                        24    -18        5

 COOLING
  YESTERDAY        2                         4     -2        4
  MONTH TO DATE  156                        93     63      192
  SINCE JUN 1    214                       142     72      253
  SINCE JAN 1    216                       148     68      261
..................................................................


WIND (MPH)
  HIGHEST WIND SPEED    13   HIGHEST WIND DIRECTION     W (280)
  HIGHEST GUST SPEED    19   HIGHEST GUST DIRECTION     W (270)
  AVERAGE WIND SPEED     6.0


SKY COVER
  POSSIBLE SUNSHINE  MM
  AVERAGE SKY COVER 0.3


WEATHER CONDITIONS
 THE FOLLOWING WEATHER WAS RECORDED YESTERDAY.
  NO SIGNIFICANT WEATHER WAS OBSERVED.


RELATIVE HUMIDITY (PERCENT)
 HIGHEST    81          1200 AM
 LOWEST     38           400 PM
 AVERAGE    60

..........................................................


THE MILLINOCKET ME CLIMATE NORMALS FOR TODAY
                         NORMAL    RECORD    YEAR
 MAXIMUM TEMPERATURE (F)   79        94      1970
 MINIMUM TEMPERATURE (F)   58        44      2002


SUNRISE AND SUNSET
JULY 25 2014..........SUNRISE   510 AM EDT   SUNSET   812 PM EDT
JULY 26 2014..........SUNRISE   511 AM EDT   SUNSET   811 PM EDT


-  INDICATES NEGATIVE NUMBERS.
R  INDICATES RECORD WAS SET OR TIED.
MM INDICATES DATA IS MISSING.
T  INDICATES TRACE AMOUNT.




$$
