000
CDUS41 KCAR 270542
CLIMLT


CLIMATE REPORT
NATIONAL WEATHER SERVICE CARIBOU, ME
142 AM EDT WED MAY 27 2015


...................................

...THE MILLINOCKET ME CLIMATE SUMMARY FOR MAY 26 2015...

CLIMATE NORMAL PERIOD 1981 TO 2010
CLIMATE RECORD PERIOD 1903 TO 2015


WEATHER ITEM   OBSERVED TIME   RECORD YEAR NORMAL DEPARTURE LAST
                VALUE   (LST)  VALUE       VALUE  FROM      YEAR
                                                  NORMAL
..................................................................
TEMPERATURE (F)
 YESTERDAY
  MAXIMUM         84    421 PM  88    1977  68     16       75
  MINIMUM         60    529 AM  26    1907  45     15       51
  AVERAGE         72                        56     16       63

PRECIPITATION (IN)
  YESTERDAY        0.43          1.60 1930   0.12   0.31     0.14
  MONTH TO DATE    3.14                      2.73   0.41     3.24
  SINCE MAR 1      6.89                      9.35  -2.46     8.55
  SINCE JAN 1     10.12                     14.46  -4.34    13.74

SNOWFALL (IN)
  YESTERDAY       MM            MM      MM  MM     MM       MM
  MONTH TO DATE   MM                        MM     MM       MM
  SINCE MAR 1     MM                        MM     MM       MM
  SINCE JUL 1     MM                        MM     MM       MM
  SNOW DEPTH      MM

DEGREE DAYS
 HEATING
  YESTERDAY        0                         9     -9        2
  MONTH TO DATE  231                       328    -97      263
  SINCE MAR 1   2238                      2197     41     2373
  SINCE JUL 1   8283                      8249     34     8411

 COOLING
  YESTERDAY        7                         0      7        0
  MONTH TO DATE    8                         0      8        2
  SINCE MAR 1      8                         0      8        2
  SINCE JAN 1      8                         0      8        2
..................................................................


WIND (MPH)
  HIGHEST WIND SPEED    13   HIGHEST WIND DIRECTION     W (250)
  HIGHEST GUST SPEED    22   HIGHEST GUST DIRECTION     W (250)
  AVERAGE WIND SPEED     4.2


SKY COVER
  POSSIBLE SUNSHINE  MM
  AVERAGE SKY COVER 0.6


WEATHER CONDITIONS
 THE FOLLOWING WEATHER WAS RECORDED YESTERDAY.
  HEAVY RAIN
  RAIN
  LIGHT RAIN
  FOG


RELATIVE HUMIDITY (PERCENT)
 HIGHEST    97          1200 AM
 LOWEST     37           400 PM
 AVERAGE    67

..........................................................


THE MILLINOCKET ME CLIMATE NORMALS FOR TODAY
                         NORMAL    RECORD    YEAR
 MAXIMUM TEMPERATURE (F)   68        91      1914
 MINIMUM TEMPERATURE (F)   45        25      1915


SUNRISE AND SUNSET
MAY 27 2015...........SUNRISE   452 AM EDT   SUNSET   812 PM EDT
MAY 28 2015...........SUNRISE   452 AM EDT   SUNSET   813 PM EDT


-  INDICATES NEGATIVE NUMBERS.
R  INDICATES RECORD WAS SET OR TIED.
MM INDICATES DATA IS MISSING.
T  INDICATES TRACE AMOUNT.




$$
