000
CDUS41 KCAR 210528
CLIMLT


CLIMATE REPORT
NATIONAL WEATHER SERVICE CARIBOU, ME
127 AM EDT THU AUG 21 2014


...................................

...THE MILLINOCKET ME CLIMATE SUMMARY FOR AUGUST 20 2014...

CLIMATE NORMAL PERIOD 1981 TO 2010
CLIMATE RECORD PERIOD 1903 TO 2014


WEATHER ITEM   OBSERVED TIME   RECORD YEAR NORMAL DEPARTURE LAST
                VALUE   (LST)  VALUE       VALUE  FROM      YEAR
                                                  NORMAL
..................................................................
TEMPERATURE (F)
 YESTERDAY
  MAXIMUM         83    416 PM  91    1935  76      7       85
  MINIMUM         52    518 AM  38    1905  55     -3       62
  AVERAGE         68                        66      2       74

PRECIPITATION (IN)
  YESTERDAY        0.00          2.60 1991   0.13  -0.13      T
  MONTH TO DATE    2.26                      2.45  -0.19     3.90
  SINCE JUN 1     11.24                     10.37   0.87    13.20
  SINCE JAN 1     25.14                     25.44  -0.30    24.36

SNOWFALL (IN)
  YESTERDAY       MM            MM      MM  MM     MM       MM
  MONTH TO DATE   MM                        MM     MM       MM
  SINCE JUN 1     MM                        MM     MM       MM
  SINCE JUL 1     MM                        MM     MM       MM
  SNOW DEPTH      MM

DEGREE DAYS
 HEATING
  YESTERDAY        0                         2     -2        0
  MONTH TO DATE   13                        25    -12       17
  SINCE JUN 1     98                       165    -67      128
  SINCE JUL 1     22                        49    -27       27

 COOLING
  YESTERDAY        3                         2      1        9
  MONTH TO DATE   46                        57    -11       29
  SINCE JUN 1    278                       223     55      303
  SINCE JAN 1    280                       229     51      311
..................................................................


WIND (MPH)
  HIGHEST WIND SPEED     8   HIGHEST WIND DIRECTION    NW (330)
  HIGHEST GUST SPEED    13   HIGHEST GUST DIRECTION     W (280)
  AVERAGE WIND SPEED     1.6


SKY COVER
  POSSIBLE SUNSHINE  MM
  AVERAGE SKY COVER 0.1


WEATHER CONDITIONS
 THE FOLLOWING WEATHER WAS RECORDED YESTERDAY.
  NO SIGNIFICANT WEATHER WAS OBSERVED.


RELATIVE HUMIDITY (PERCENT)
 HIGHEST    93           300 AM
 LOWEST     42          1100 AM
 AVERAGE    68

..........................................................


THE MILLINOCKET ME CLIMATE NORMALS FOR TODAY
                         NORMAL    RECORD    YEAR
 MAXIMUM TEMPERATURE (F)   76        93      1916
 MINIMUM TEMPERATURE (F)   54        35      1926


SUNRISE AND SUNSET
AUGUST 21 2014........SUNRISE   542 AM EDT   SUNSET   732 PM EDT
AUGUST 22 2014........SUNRISE   544 AM EDT   SUNSET   731 PM EDT


-  INDICATES NEGATIVE NUMBERS.
R  INDICATES RECORD WAS SET OR TIED.
MM INDICATES DATA IS MISSING.
T  INDICATES TRACE AMOUNT.




$$
