000
CDUS41 KCAR 010526
CLIMLT


CLIMATE REPORT
NATIONAL WEATHER SERVICE CARIBOU, ME
126 AM EDT SAT OCT 1 2016


...................................

...THE MILLINOCKET ME CLIMATE SUMMARY FOR SEPTEMBER 30 2016...

CLIMATE NORMAL PERIOD 1981 TO 2010
CLIMATE RECORD PERIOD 1903 TO 2016


WEATHER ITEM   OBSERVED TIME   RECORD YEAR NORMAL DEPARTURE LAST
                VALUE   (LST)  VALUE       VALUE  FROM      YEAR
                                                  NORMAL
..................................................................
TEMPERATURE (F)
 YESTERDAY
  MAXIMUM         65    307 PM  84    1922  61      4       67
  MINIMUM         31    542 AM  22    1980  41    -10       49
  AVERAGE         48                        51     -3       58

PRECIPITATION (IN)
  YESTERDAY        0.00          4.18 2015   0.15  -0.15     4.18
  MONTH TO DATE    1.19                      3.72  -2.53     7.34
  SINCE SEP 1      1.19                      3.72  -2.53     7.34
  SINCE JAN 1     24.19                     30.65  -6.46    32.94

SNOWFALL (IN)
  YESTERDAY       MM            MM      MM  MM     MM       MM
  MONTH TO DATE   MM                        MM     MM       MM
  SINCE SEP 1     MM                        MM     MM       MM
  SINCE JUL 1     MM                        MM     MM       MM
  SNOW DEPTH      MM

DEGREE DAYS
 HEATING
  YESTERDAY       17                        14      3        7
  MONTH TO DATE  175                       249    -74      109
  SINCE SEP 1    175                       249    -74      109
  SINCE JUL 1    215                       328   -113      130

 COOLING
  YESTERDAY        0                         0      0        0
  MONTH TO DATE   43                        17     26       88
  SINCE SEP 1     43                        17     26       88
  SINCE JAN 1    350                       268     82      400
..................................................................


WIND (MPH)
  HIGHEST WIND SPEED     7   HIGHEST WIND DIRECTION     E (100)
  HIGHEST GUST SPEED     9   HIGHEST GUST DIRECTION     E (90)
  AVERAGE WIND SPEED     0.8


SKY COVER
  POSSIBLE SUNSHINE  MM
  AVERAGE SKY COVER 0.0


WEATHER CONDITIONS
 THE FOLLOWING WEATHER WAS RECORDED YESTERDAY.
  NO SIGNIFICANT WEATHER WAS OBSERVED.


RELATIVE HUMIDITY (PERCENT)
 HIGHEST    96           200 AM
 LOWEST     34           100 PM
 AVERAGE    65

..........................................................


THE MILLINOCKET ME CLIMATE NORMALS FOR TODAY
                         NORMAL    RECORD    YEAR
 MAXIMUM TEMPERATURE (F)   61        78      2002
                                             1983
 MINIMUM TEMPERATURE (F)   41        25      1928


SUNRISE AND SUNSET
OCTOBER  1 2016.......SUNRISE   634 AM EDT   SUNSET   614 PM EDT
OCTOBER  2 2016.......SUNRISE   635 AM EDT   SUNSET   612 PM EDT


-  INDICATES NEGATIVE NUMBERS.
R  INDICATES RECORD WAS SET OR TIED.
MM INDICATES DATA IS MISSING.
T  INDICATES TRACE AMOUNT.




$$
