000
CDUS41 KCAR 012032
CLIMLT


CLIMATE REPORT
NATIONAL WEATHER SERVICE CARIBOU, ME
429 PM EDT WED JUL 1 2015


...................................

...THE MILLINOCKET ME CLIMATE SUMMARY FOR JULY 1 2015...
VALID TODAY AS OF 0400 PM LOCAL TIME.

CLIMATE NORMAL PERIOD 1981 TO 2010
CLIMATE RECORD PERIOD 1903 TO 2015


WEATHER ITEM   OBSERVED TIME   RECORD YEAR NORMAL DEPARTURE LAST
                VALUE   (LST)  VALUE       VALUE  FROM      YEAR
                                                  NORMAL
..................................................................
TEMPERATURE (F)
 TODAY
  MAXIMUM         69   1229 PM  93    1971  77     -8       90
  MINIMUM         62    621 AM  38    1912  57      5       67
  AVERAGE         66                        67     -1       79

PRECIPITATION (IN)
  TODAY            0.02          1.14 1904   0.13  -0.11     0.00
  MONTH TO DATE    0.02                      0.13  -0.11     0.00
  SINCE JUN 1      4.54                      4.20   0.34     4.57
  SINCE JAN 1     16.23                     19.27  -3.04    18.47

SNOWFALL (IN)
  TODAY           MM            MM      MM  MM     MM       MM
  MONTH TO DATE   MM                        MM     MM       MM
  SINCE JUN 1     MM                        MM     MM       MM
  SINCE JUL 1     MM                        MM     MM       MM
  SNOW DEPTH      MM

DEGREE DAYS
 HEATING
  TODAY            0                         1     -1        0
  MONTH TO DATE    0                         1     -1        0
  SINCE JUN 1    160                       117     43       76
  SINCE JUL 1      0                         1     -1        0

 COOLING
  TODAY            1                         3     -2       14
  MONTH TO DATE    1                         3     -2       14
  SINCE JUN 1     21                        52    -31       72
  SINCE JAN 1     55                        58     -3       74
..................................................................


WIND (MPH)
  HIGHEST WIND SPEED    12   HIGHEST WIND DIRECTION    SE (130)
  HIGHEST GUST SPEED    18   HIGHEST GUST DIRECTION     S (160)
  AVERAGE WIND SPEED     2.9


SKY COVER
  POSSIBLE SUNSHINE  MM
  AVERAGE SKY COVER 0.8


WEATHER CONDITIONS
 THE FOLLOWING WEATHER WAS RECORDED TODAY.
  LIGHT RAIN


RELATIVE HUMIDITY (PERCENT)
 HIGHEST    93           200 AM
 LOWEST     73           900 AM
 AVERAGE    83

..........................................................


THE MILLINOCKET ME CLIMATE NORMALS FOR TOMORROW
                         NORMAL    RECORD    YEAR
 MAXIMUM TEMPERATURE (F)   77        94      2014
 MINIMUM TEMPERATURE (F)   57        40      1965


SUNRISE AND SUNSET
JULY  1 2015..........SUNRISE   449 AM EDT   SUNSET   828 PM EDT
JULY  2 2015..........SUNRISE   450 AM EDT   SUNSET   828 PM EDT


-  INDICATES NEGATIVE NUMBERS.
R  INDICATES RECORD WAS SET OR TIED.
MM INDICATES DATA IS MISSING.
T  INDICATES TRACE AMOUNT.




$$
