858
CDUS41 KCAR 140539
CLIMLT


CLIMATE REPORT
NATIONAL WEATHER SERVICE CARIBOU, ME
1238 AM EST THU DEC 14 2017


...................................

...THE MILLINOCKET ME CLIMATE SUMMARY FOR DECEMBER 13 2017...

CLIMATE NORMAL PERIOD 1981 TO 2010
CLIMATE RECORD PERIOD 1903 TO 2017


WEATHER ITEM   OBSERVED TIME   RECORD YEAR NORMAL DEPARTURE LAST
                VALUE   (LST)  VALUE       VALUE  FROM      YEAR
                                                  NORMAL
..................................................................
TEMPERATURE (F)
 YESTERDAY
  MAXIMUM         33    409 AM  53    2010  31      2       27
  MINIMUM         11   1123 PM -30    1917  16     -5       11
  AVERAGE         22                        23     -1       19

PRECIPITATION (IN)
  YESTERDAY        0.14          2.38 2010   0.13   0.01      T
  MONTH TO DATE    1.93                      1.85   0.08     0.95
  SINCE DEC 1      1.93                      1.85   0.08     0.95
  SINCE JAN 1     39.51                     41.00  -1.49    31.16

SNOWFALL (IN)
  YESTERDAY       MM            MM      MM  MM     MM       MM
  MONTH TO DATE   MM                        MM     MM       MM
  SINCE DEC 1     MM                        MM     MM       MM
  SINCE JUL 1     MM                        MM     MM       MM
  SNOW DEPTH      MM

DEGREE DAYS
 HEATING
  YESTERDAY       43                        42      1       46
  MONTH TO DATE  486                       509    -23      552
  SINCE DEC 1    486                       509    -23      552
  SINCE JUL 1   2023                      2352   -329     2102

 COOLING
  YESTERDAY        0                         0      0        0
  MONTH TO DATE    0                         0      0        0
  SINCE DEC 1      0                         0      0        0
  SINCE JAN 1    263                       268     -5      350
..................................................................


WIND (MPH)
  HIGHEST WIND SPEED    23   HIGHEST WIND DIRECTION    NW (300)
  HIGHEST GUST SPEED    37   HIGHEST GUST DIRECTION    NW (310)
  AVERAGE WIND SPEED    11.6


SKY COVER
  POSSIBLE SUNSHINE  MM
  AVERAGE SKY COVER 0.8


WEATHER CONDITIONS
 THE FOLLOWING WEATHER WAS RECORDED YESTERDAY.
  LIGHT RAIN
  FREEZING RAIN
  LT FREEZING RAIN
  HEAVY SNOW
  SNOW
  LIGHT SNOW
  FOG
  FOG W/VISIBILITY <= 1/4 MILE
  HAZE


RELATIVE HUMIDITY (PERCENT)
 HIGHEST   100           400 AM
 LOWEST     66           900 PM
 AVERAGE    83

..........................................................


THE MILLINOCKET ME CLIMATE NORMALS FOR TODAY
                         NORMAL    RECORD    YEAR
 MAXIMUM TEMPERATURE (F)   31        53      1923
 MINIMUM TEMPERATURE (F)   15       -15      1906


SUNRISE AND SUNSET
DECEMBER 14 2017......SUNRISE   708 AM EST   SUNSET   351 PM EST
DECEMBER 15 2017......SUNRISE   709 AM EST   SUNSET   351 PM EST


-  INDICATES NEGATIVE NUMBERS.
R  INDICATES RECORD WAS SET OR TIED.
MM INDICATES DATA IS MISSING.
T  INDICATES TRACE AMOUNT.




$$
