000
CDUS44 KSHV 270834
CLIMLU


CLIMATE REPORT
NATIONAL WEATHER SERVICE SHREVEPORT, LA
233 AM CST THU NOV 27 2014


...................................

...THE MONROE CLIMATE SUMMARY FOR NOVEMBER 26 2014...

CLIMATE NORMAL PERIOD 1981 TO 2010
CLIMATE RECORD PERIOD 1930 TO 2014


WEATHER ITEM   OBSERVED TIME   RECORD YEAR NORMAL DEPARTURE LAST
                VALUE   (LST)  VALUE       VALUE  FROM      YEAR
                                                  NORMAL
..................................................................
TEMPERATURE (F)
 YESTERDAY
  MAXIMUM         69    323 PM  85    1965  65      4       41
  MINIMUM         33    516 AM  27    1956  41     -8       37
  AVERAGE         51                        53     -2       39

PRECIPITATION (IN)
  YESTERDAY        0.00          1.55 1978   0.17  -0.17     0.23
  MONTH TO DATE    3.22                      4.11  -0.89     4.90
  SINCE DEC 1     50.87                     53.29  -2.42    51.78
  SINCE JAN 1     47.61                     48.00  -0.39    47.05

SNOWFALL (IN)
  YESTERDAY        0.0
  MONTH TO DATE    0.0
  SINCE SEP 1      0.0
  SINCE JUL 1      0.0
  SNOW DEPTH       0

DEGREE DAYS
 HEATING
  YESTERDAY       14                        12      2       26
  MONTH TO DATE  378                       229    149      312
  SINCE SEP 1    431                       319    112      378
  SINCE JUL 1    431                       319    112      378

 COOLING
  YESTERDAY        0                         0      0        0
  MONTH TO DATE    2                        22    -20       13
  SINCE SEP 1    529                       499     30      588
  SINCE JAN 1   2280                      2506   -226     2433
..................................................................


WIND (MPH)
  HIGHEST WIND SPEED    28   HIGHEST WIND DIRECTION    SW (240)
  HIGHEST GUST SPEED    36   HIGHEST GUST DIRECTION    SW (230)
  AVERAGE WIND SPEED     9.2


SKY COVER
  POSSIBLE SUNSHINE  MM
  AVERAGE SKY COVER 0.0


WEATHER CONDITIONS
 THE FOLLOWING WEATHER WAS RECORDED YESTERDAY.
  HAZE


RELATIVE HUMIDITY (PERCENT)
 HIGHEST   100           100 AM
 LOWEST     26           200 PM
 AVERAGE    63

..........................................................


THE MONROE CLIMATE NORMALS FOR TODAY
                         NORMAL    RECORD    YEAR
 MAXIMUM TEMPERATURE (F)   64        84      1989
 MINIMUM TEMPERATURE (F)   41        23      1975


SUNRISE AND SUNSET
NOVEMBER 27 2014......SUNRISE   648 AM CST   SUNSET   503 PM CST
NOVEMBER 28 2014......SUNRISE   649 AM CST   SUNSET   503 PM CST


-  INDICATES NEGATIVE NUMBERS.
R  INDICATES RECORD WAS SET OR TIED.
MM INDICATES DATA IS MISSING.
T  INDICATES TRACE AMOUNT.




$$
