000
CDUS44 KSHV 290753
CLIMLU


CLIMATE REPORT
NATIONAL WEATHER SERVICE SHREVEPORT, LA
250 AM CDT FRI MAY 29 2015


...................................

...THE MONROE CLIMATE SUMMARY FOR MAY 28 2015...

CLIMATE NORMAL PERIOD 1981 TO 2010
CLIMATE RECORD PERIOD 1930 TO 2015


WEATHER ITEM   OBSERVED TIME   RECORD YEAR NORMAL DEPARTURE LAST
                VALUE   (LST)  VALUE       VALUE  FROM      YEAR
                                                  NORMAL
..................................................................
TEMPERATURE (F)
 YESTERDAY
  MAXIMUM         88    334 PM  95    2012  88      0       77
                                      2011
  MINIMUM         66    553 AM  47    1961  66      0       67
  AVERAGE         77                        77      0       72

PRECIPITATION (IN)
  YESTERDAY        0.00          1.84 1950   0.17  -0.17     0.24
  MONTH TO DATE    6.95                      4.71   2.24     6.29
  SINCE DEC 1     29.90                     28.86   1.04    26.70
  SINCE JAN 1     25.42                     23.57   1.85    23.44

SNOWFALL (IN)
  YESTERDAY        0.0
  MONTH TO DATE    0.0
  SINCE MAR 1      0.4
  SINCE JUL 1      3.9
  SNOW DEPTH       0

DEGREE DAYS
 HEATING
  YESTERDAY        0                         0      0        0
  MONTH TO DATE    3                         3      0       23
  SINCE MAR 1    311                       333    -22      513
  SINCE JUL 1   2515                      2227    288     2839

 COOLING
  YESTERDAY       12                        12      0        7
  MONTH TO DATE  241                       251    -10      205
  SINCE MAR 1    385                       387     -2      291
  SINCE JAN 1    385                       398    -13      293
..................................................................


WIND (MPH)
  HIGHEST WIND SPEED    10   HIGHEST WIND DIRECTION    NE (50)
  HIGHEST GUST SPEED    13   HIGHEST GUST DIRECTION    NE (50)
  AVERAGE WIND SPEED     2.6


SKY COVER
  POSSIBLE SUNSHINE  MM
  AVERAGE SKY COVER 0.2


WEATHER CONDITIONS
 THE FOLLOWING WEATHER WAS RECORDED YESTERDAY.
  THUNDERSTORM
  FOG
  HAZE


RELATIVE HUMIDITY (PERCENT)
 HIGHEST   100           500 AM
 LOWEST     57           100 PM
 AVERAGE    79

..........................................................


THE MONROE CLIMATE NORMALS FOR TODAY
                         NORMAL    RECORD    YEAR
 MAXIMUM TEMPERATURE (F)   88        97      1977
 MINIMUM TEMPERATURE (F)   66        55      1961


SUNRISE AND SUNSET
MAY 29 2015...........SUNRISE   603 AM CDT   SUNSET   809 PM CDT
MAY 30 2015...........SUNRISE   602 AM CDT   SUNSET   809 PM CDT


-  INDICATES NEGATIVE NUMBERS.
R  INDICATES RECORD WAS SET OR TIED.
MM INDICATES DATA IS MISSING.
T  INDICATES TRACE AMOUNT.




$$
