000
CDUS44 KSHV 290747
CLIMLU


CLIMATE REPORT
NATIONAL WEATHER SERVICE SHREVEPORT, LA
247 AM CDT WED JUL 29 2015


...................................

...THE MONROE CLIMATE SUMMARY FOR JULY 28 2015...

CLIMATE NORMAL PERIOD 1981 TO 2010
CLIMATE RECORD PERIOD 1930 TO 2015


WEATHER ITEM   OBSERVED TIME   RECORD YEAR NORMAL DEPARTURE LAST
                VALUE   (LST)  VALUE       VALUE  FROM      YEAR
                                                  NORMAL
..................................................................
TEMPERATURE (F)
 YESTERDAY
  MAXIMUM         98    543 PM 105    1930  95      3       92
  MINIMUM         77   1159 PM  63    2004  72      5       75
  AVERAGE         88                        83      5       84

PRECIPITATION (IN)
  YESTERDAY        0.00          1.43 1955   0.09  -0.09     0.02
  MONTH TO DATE    0.93                      3.27  -2.34     2.18
  SINCE DEC 1     35.37                     37.29  -1.92    35.28
  SINCE JAN 1     30.89                     32.00  -1.11    32.02

SNOWFALL (IN)
  YESTERDAY        0.0
  MONTH TO DATE    0.0
  SINCE JUN 1      0.0
  SINCE JUL 1      0.0
  SNOW DEPTH       0

DEGREE DAYS
 HEATING
  YESTERDAY        0                         0      0        0
  MONTH TO DATE    0                         0      0        0
  SINCE JUN 1      0                         0      0        0
  SINCE JUL 1      0                         0      0        0

 COOLING
  YESTERDAY       23                        18      5       19
  MONTH TO DATE  550                       504     46      416
  SINCE JUN 1   1026                       970     56      892
  SINCE JAN 1   1448                      1405     43     1222
..................................................................


WIND (MPH)
  HIGHEST WIND SPEED     9   HIGHEST WIND DIRECTION     S (170)
  HIGHEST GUST SPEED    12   HIGHEST GUST DIRECTION    SW (210)
  AVERAGE WIND SPEED     2.9


SKY COVER
  POSSIBLE SUNSHINE  MM
  AVERAGE SKY COVER 0.1


WEATHER CONDITIONS
 THE FOLLOWING WEATHER WAS RECORDED YESTERDAY.
  FOG


RELATIVE HUMIDITY (PERCENT)
 HIGHEST    97          1200 AM
 LOWEST     45           100 PM
 AVERAGE    71

..........................................................


THE MONROE CLIMATE NORMALS FOR TODAY
                         NORMAL    RECORD    YEAR
 MAXIMUM TEMPERATURE (F)   95       108      1930
 MINIMUM TEMPERATURE (F)   72        65      1994


SUNRISE AND SUNSET
JULY 29 2015..........SUNRISE   620 AM CDT   SUNSET   808 PM CDT
JULY 30 2015..........SUNRISE   621 AM CDT   SUNSET   808 PM CDT


-  INDICATES NEGATIVE NUMBERS.
R  INDICATES RECORD WAS SET OR TIED.
MM INDICATES DATA IS MISSING.
T  INDICATES TRACE AMOUNT.




$$
