000
CDUS44 KSHV 010740
CLIMLU


CLIMATE REPORT
NATIONAL WEATHER SERVICE SHREVEPORT, LA
236 AM CDT WED JUL 1 2015


...................................

...THE MONROE CLIMATE SUMMARY FOR JUNE 30 2015...

CLIMATE NORMAL PERIOD 1981 TO 2010
CLIMATE RECORD PERIOD 1930 TO 2015


WEATHER ITEM   OBSERVED TIME   RECORD YEAR NORMAL DEPARTURE LAST
                VALUE   (LST)  VALUE       VALUE  FROM      YEAR
                                                  NORMAL
..................................................................
TEMPERATURE (F)
 YESTERDAY
  MAXIMUM         94    300 PM 102    2011  93      1       92
                                      1931
  MINIMUM         73    749 PM  63    1938  72      1       77
  AVERAGE         84                        82      2       85

PRECIPITATION (IN)
  YESTERDAY        0.03          1.06 2001   0.15  -0.12     0.00
  MONTH TO DATE    3.48                      4.68  -1.20     4.93
  SINCE DEC 1     34.44                     34.02   0.42    33.10
  SINCE JAN 1     29.96                     28.73   1.23    29.84

SNOWFALL (IN)
  YESTERDAY        0.0
  MONTH TO DATE    0.0
  SINCE JUN 1      0.0
  SINCE JUL 1      3.9
  SNOW DEPTH       0

DEGREE DAYS
 HEATING
  YESTERDAY        0                         0      0        0
  MONTH TO DATE    0                         0      0        0
  SINCE JUN 1      0                         0      0        0
  SINCE JUL 1   2515                      2230    285     2839

 COOLING
  YESTERDAY       19                        17      2       20
  MONTH TO DATE  476                       466     10      476
  SINCE JUN 1    476                       466     10      476
  SINCE JAN 1    898                       901     -3      806
..................................................................


WIND (MPH)
  HIGHEST WIND SPEED    23   HIGHEST WIND DIRECTION     S (170)
  HIGHEST GUST SPEED    34   HIGHEST GUST DIRECTION     S (170)
  AVERAGE WIND SPEED    11.0


SKY COVER
  POSSIBLE SUNSHINE  MM
  AVERAGE SKY COVER 0.5


WEATHER CONDITIONS
 THE FOLLOWING WEATHER WAS RECORDED YESTERDAY.
  THUNDERSTORM
  RAIN
  LIGHT RAIN
  FOG


RELATIVE HUMIDITY (PERCENT)
 HIGHEST    94           300 AM
 LOWEST     52           300 PM
 AVERAGE    73

..........................................................


THE MONROE CLIMATE NORMALS FOR TODAY
                         NORMAL    RECORD    YEAR
 MAXIMUM TEMPERATURE (F)   93       104      1954
 MINIMUM TEMPERATURE (F)   72        62      1937


SUNRISE AND SUNSET
JULY  1 2015..........SUNRISE   604 AM CDT   SUNSET   819 PM CDT
JULY  2 2015..........SUNRISE   605 AM CDT   SUNSET   819 PM CDT


-  INDICATES NEGATIVE NUMBERS.
R  INDICATES RECORD WAS SET OR TIED.
MM INDICATES DATA IS MISSING.
T  INDICATES TRACE AMOUNT.




$$
