000
CDUS44 KSHV 170848
CLIMLU


CLIMATE REPORT
NATIONAL WEATHER SERVICE SHREVEPORT, LA
244 AM CST TUE JAN 17 2017


...................................

...THE MONROE CLIMATE SUMMARY FOR JANUARY 16 2017...

CLIMATE NORMAL PERIOD 1981 TO 2010
CLIMATE RECORD PERIOD 1930 TO 2017


WEATHER ITEM   OBSERVED TIME   RECORD YEAR NORMAL DEPARTURE LAST
                VALUE   (LST)  VALUE       VALUE  FROM      YEAR
                                                  NORMAL
..................................................................
TEMPERATURE (F)
 YESTERDAY
  MAXIMUM         74    414 PM  79    1936  57     17       52
  MINIMUM         62    823 AM  13    1963  35     27       38
  AVERAGE         68                        46     22       45

PRECIPITATION (IN)
  YESTERDAY        0.26          1.41 2011   0.16   0.10      T
  MONTH TO DATE    1.83                      2.56  -0.73     1.48
  SINCE DEC 1      6.66                      7.85  -1.19     7.87
  SINCE JAN 1      1.83                      2.56  -0.73     1.48

SNOWFALL (IN)
  YESTERDAY        0.0
  MONTH TO DATE    0.2
  SINCE DEC 1      0.2
  SINCE JUL 1      0.2
  SNOW DEPTH       0

DEGREE DAYS
 HEATING
  YESTERDAY        0                        19    -19       20
  MONTH TO DATE  200                       304   -104      308
  SINCE DEC 1    648                       834   -186      616
  SINCE JUL 1    861                      1206   -345      804

 COOLING
  YESTERDAY        3                         0      3        0
  MONTH TO DATE   16                         0     16        0
  SINCE DEC 1     36                         7     29       53
  SINCE JAN 1     16                         0     16        0
..................................................................


WIND (MPH)
  HIGHEST WIND SPEED    17   HIGHEST WIND DIRECTION     S (180)
  HIGHEST GUST SPEED    23   HIGHEST GUST DIRECTION     S (200)
  AVERAGE WIND SPEED     7.8


SKY COVER
  POSSIBLE SUNSHINE  MM
  AVERAGE SKY COVER 0.7


WEATHER CONDITIONS
 THE FOLLOWING WEATHER WAS RECORDED YESTERDAY.
  HEAVY RAIN
  RAIN
  LIGHT RAIN
  FOG


RELATIVE HUMIDITY (PERCENT)
 HIGHEST    93           600 AM
 LOWEST     68           600 PM
 AVERAGE    81

..........................................................


THE MONROE CLIMATE NORMALS FOR TODAY
                         NORMAL    RECORD    YEAR
 MAXIMUM TEMPERATURE (F)   57        80      1936
 MINIMUM TEMPERATURE (F)   35        12      1982


SUNRISE AND SUNSET
JANUARY 17 2017.......SUNRISE   709 AM CST   SUNSET   527 PM CST
JANUARY 18 2017.......SUNRISE   709 AM CST   SUNSET   528 PM CST


-  INDICATES NEGATIVE NUMBERS.
R  INDICATES RECORD WAS SET OR TIED.
MM INDICATES DATA IS MISSING.
T  INDICATES TRACE AMOUNT.




$$
