000
CDUS44 KSHV 310736
CLIMLU


CLIMATE REPORT
NATIONAL WEATHER SERVICE SHREVEPORT, LA
232 AM CDT WED AUG 31 2016


...................................

...THE MONROE CLIMATE SUMMARY FOR AUGUST 30 2016...

CLIMATE NORMAL PERIOD 1981 TO 2010
CLIMATE RECORD PERIOD 1930 TO 2016


WEATHER ITEM   OBSERVED TIME   RECORD YEAR NORMAL DEPARTURE LAST
                VALUE   (LST)  VALUE       VALUE  FROM      YEAR
                                                  NORMAL
..................................................................
TEMPERATURE (F)
 YESTERDAY
  MAXIMUM         96    214 PM 107    2000  93      3       96
  MINIMUM         73    558 AM  54    1986  70      3       70
  AVERAGE         85                        81      4       83

PRECIPITATION (IN)
  YESTERDAY        0.00          2.85 2014   0.11  -0.11     0.00
  MONTH TO DATE    5.25                      3.07   2.18     0.41
  SINCE DEC 1     66.54                     40.66  25.88    36.06
  SINCE JAN 1     60.15                     35.37  24.78    31.58

SNOWFALL (IN)
  YESTERDAY        0.0
  MONTH TO DATE    0.0
  SINCE JUN 1      0.0
  SINCE JUL 1      0.0
  SNOW DEPTH       0

DEGREE DAYS
 HEATING
  YESTERDAY        0                         0      0        0
  MONTH TO DATE    0                         0      0        0
  SINCE JUN 1      0                         0      0        0
  SINCE JUL 1      0                         0      0        0

 COOLING
  YESTERDAY       20                        16      4       18
  MONTH TO DATE  562                       530     32      546
  SINCE JUN 1   1652                      1555     97     1636
  SINCE JAN 1   2033                      1990     43     2058
..................................................................


WIND (MPH)
  HIGHEST WIND SPEED    14   HIGHEST WIND DIRECTION    NE (50)
  HIGHEST GUST SPEED    17   HIGHEST GUST DIRECTION    NE (50)
  AVERAGE WIND SPEED     4.7


SKY COVER
  POSSIBLE SUNSHINE  MM
  AVERAGE SKY COVER 0.0


WEATHER CONDITIONS
 THE FOLLOWING WEATHER WAS RECORDED YESTERDAY.
  FOG


RELATIVE HUMIDITY (PERCENT)
 HIGHEST   100           300 AM
 LOWEST     49           200 PM
 AVERAGE    75

..........................................................


THE MONROE CLIMATE NORMALS FOR TODAY
                         NORMAL    RECORD    YEAR
 MAXIMUM TEMPERATURE (F)   93       107      2000
 MINIMUM TEMPERATURE (F)   70        60      1986


SUNRISE AND SUNSET
AUGUST 31 2016........SUNRISE   643 AM CDT   SUNSET   733 PM CDT
SEPTEMBER  1 2016.....SUNRISE   643 AM CDT   SUNSET   732 PM CDT


-  INDICATES NEGATIVE NUMBERS.
R  INDICATES RECORD WAS SET OR TIED.
MM INDICATES DATA IS MISSING.
T  INDICATES TRACE AMOUNT.




$$
