000
CDUS44 KSHV 290812
CLIMLU


CLIMATE REPORT
NATIONAL WEATHER SERVICE SHREVEPORT, LA
300 AM CDT SUN MAY 29 2016


...................................

...THE MONROE CLIMATE SUMMARY FOR MAY 28 2016...

CLIMATE NORMAL PERIOD 1981 TO 2010
CLIMATE RECORD PERIOD 1930 TO 2016


WEATHER ITEM   OBSERVED TIME   RECORD YEAR NORMAL DEPARTURE LAST
                VALUE   (LST)  VALUE       VALUE  FROM      YEAR
                                                  NORMAL
..................................................................
TEMPERATURE (F)
 YESTERDAY
  MAXIMUM         85    544 PM  95    2012  88     -3       88
                                      2011
  MINIMUM         65    131 AM  47    1961  66     -1       66
  AVERAGE         75                        77     -2       77

PRECIPITATION (IN)
  YESTERDAY        0.00          1.84 1950   0.17  -0.17     0.00
  MONTH TO DATE    2.41                      4.71  -2.30     6.95
  SINCE DEC 1     50.11                     28.86  21.25    29.90
  SINCE JAN 1     43.72                     23.57  20.15    25.42

SNOWFALL (IN)
  YESTERDAY        0.0
  MONTH TO DATE    0.0
  SINCE MAR 1      0.0
  SINCE JUL 1      T
  SNOW DEPTH       0

DEGREE DAYS
 HEATING
  YESTERDAY        0                         0      0        0
  MONTH TO DATE    1                         3     -2        3
  SINCE MAR 1    167                       333   -166      311
  SINCE JUL 1   1595                      2227   -632     2515

 COOLING
  YESTERDAY       10                        12     -2       12
  MONTH TO DATE  188                       251    -63      241
  SINCE MAR 1    329                       387    -58      385
  SINCE JAN 1    337                       398    -61      385
..................................................................


WIND (MPH)
  HIGHEST WIND SPEED     9   HIGHEST WIND DIRECTION     S (190)
  HIGHEST GUST SPEED    14   HIGHEST GUST DIRECTION     S (180)
  AVERAGE WIND SPEED     3.0


SKY COVER
  POSSIBLE SUNSHINE  MM
  AVERAGE SKY COVER 0.3


WEATHER CONDITIONS
 THE FOLLOWING WEATHER WAS RECORDED YESTERDAY.
  FOG


RELATIVE HUMIDITY (PERCENT)
 HIGHEST   100           100 AM
 LOWEST     59           200 PM
 AVERAGE    80

..........................................................


THE MONROE CLIMATE NORMALS FOR TODAY
                         NORMAL    RECORD    YEAR
 MAXIMUM TEMPERATURE (F)   88        97      1977
 MINIMUM TEMPERATURE (F)   66        55      1961


SUNRISE AND SUNSET
MAY 29 2016...........SUNRISE   602 AM CDT   SUNSET   809 PM CDT
MAY 30 2016...........SUNRISE   602 AM CDT   SUNSET   810 PM CDT


-  INDICATES NEGATIVE NUMBERS.
R  INDICATES RECORD WAS SET OR TIED.
MM INDICATES DATA IS MISSING.
T  INDICATES TRACE AMOUNT.




$$
