000
CDUS46 KPQR 291142
CLIMMV


CLIMATE REPORT
NATIONAL WEATHER SERVICE PORTLAND OREGON
341 AM PST THU JAN 29 2015


...................................

...THE MCMINNVILLE OR CLIMATE SUMMARY FOR JANUARY 28 2015...

CLIMATE NORMAL PERIOD 1981 TO 2010
CLIMATE RECORD PERIOD 1894 TO 2015


WEATHER ITEM   OBSERVED TIME   RECORD YEAR NORMAL DEPARTURE LAST
                VALUE   (LST)  VALUE       VALUE  FROM      YEAR
                                                  NORMAL
..................................................................
TEMPERATURE (F)
 YESTERDAY
  MAXIMUM         54    409 PM  69    1931  49      5       43
  MINIMUM         44   1138 PM   6    1902  35      9       38
  AVERAGE         49                        42      7       41

PRECIPITATION (IN)
  YESTERDAY        0.01          1.43 1965   0.17  -0.16     0.36
  MONTH TO DATE    3.31                      5.61  -2.30     2.51
  SINCE OCT 1     19.55                     21.64  -2.09     7.47
  SINCE JAN 1      3.31                      5.61  -2.30     2.51

DEGREE DAYS
 HEATING
  YESTERDAY       16                        23     -7       24
  MONTH TO DATE  585                       679    -94      672
  SINCE JUL 1   1975                      2684   -709     2712

 COOLING
  YESTERDAY        0                         0      0        0
  MONTH TO DATE    0                         0      0        0
  SINCE JAN 1      0                         0      0        0
..................................................................


WIND (MPH)
  HIGHEST WIND SPEED     8   HIGHEST WIND DIRECTION     N (350)
  HIGHEST GUST SPEED    10   HIGHEST GUST DIRECTION     N (340)
  AVERAGE WIND SPEED     3.6


SKY COVER
  POSSIBLE SUNSHINE  MM
  AVERAGE SKY COVER 0.6


WEATHER CONDITIONS
 THE FOLLOWING WEATHER WAS RECORDED YESTERDAY.
  FOG
  FOG W/VISIBILITY <= 1/4 MILE


RELATIVE HUMIDITY (PERCENT)
 HIGHEST   100          1200 AM
 LOWEST     83           200 PM
 AVERAGE    92

..........................................................


THE MCMINNVILLE OR CLIMATE NORMALS FOR TODAY
                         NORMAL    RECORD    YEAR
 MAXIMUM TEMPERATURE (F)   49        64      1958
 MINIMUM TEMPERATURE (F)   35         7      1969


SUNRISE AND SUNSET
JANUARY 29 2015.......SUNRISE   736 AM PST   SUNSET   516 PM PST
JANUARY 30 2015.......SUNRISE   735 AM PST   SUNSET   517 PM PST


-  INDICATES NEGATIVE NUMBERS.
R  INDICATES RECORD WAS SET OR TIED.
MM INDICATES DATA IS MISSING.
T  INDICATES TRACE AMOUNT.




$$
