000
CDUS46 KPQR 311142
CLIMMV


CLIMATE REPORT
NATIONAL WEATHER SERVICE PORTLAND OREGON
441 AM PDT THU JUL 31 2014


...................................

...THE MCMINNVILLE OR CLIMATE SUMMARY FOR JULY 30 2014...

CLIMATE NORMAL PERIOD 1981 TO 2010
CLIMATE RECORD PERIOD 1894 TO 2014


WEATHER ITEM   OBSERVED TIME   RECORD YEAR NORMAL DEPARTURE LAST
                VALUE   (LST)  VALUE       VALUE  FROM      YEAR
                                                  NORMAL
..................................................................
TEMPERATURE (F)
 YESTERDAY
  MAXIMUM         92    444 PM 104    1965  84      8       85
  MINIMUM         54    452 AM  36    1954  52      2       50
  AVERAGE         73                        68      5       68

PRECIPITATION (IN)
  YESTERDAY        0.00          0.10 1993   0.01  -0.01     0.00
  MONTH TO DATE    0.38                      0.49  -0.11      T
  SINCE OCT 1     27.46                     37.77 -10.31    31.54
  SINCE JAN 1     22.50                     21.74   0.76    10.40

DEGREE DAYS
 HEATING
  YESTERDAY        0                         1     -1        0
  MONTH TO DATE    4                        44    -40       11
  SINCE JUL 1      4                        44    -40       11

 COOLING
  YESTERDAY        8                         3      5        3
  MONTH TO DATE  200                        74    126      130
  SINCE JAN 1    230                        96    134      183
..................................................................


WIND (MPH)
  HIGHEST WIND SPEED    18   HIGHEST WIND DIRECTION    NE (30)
  HIGHEST GUST SPEED    24   HIGHEST GUST DIRECTION    NE (30)
  AVERAGE WIND SPEED     7.0


SKY COVER
  POSSIBLE SUNSHINE  MM
  AVERAGE SKY COVER 0.0


WEATHER CONDITIONS
 THE FOLLOWING WEATHER WAS RECORDED YESTERDAY.
  NO SIGNIFICANT WEATHER WAS OBSERVED.


RELATIVE HUMIDITY (PERCENT)
 HIGHEST    86           200 AM
 LOWEST     28           400 PM
 AVERAGE    57

..........................................................


THE MCMINNVILLE OR CLIMATE NORMALS FOR TODAY
                         NORMAL    RECORD    YEAR
 MAXIMUM TEMPERATURE (F)   84       105      1965
 MINIMUM TEMPERATURE (F)   52        37      1953


SUNRISE AND SUNSET
JULY 31 2014..........SUNRISE   456 AM PST   SUNSET   741 PM PST
AUGUST  1 2014........SUNRISE   457 AM PST   SUNSET   739 PM PST


-  INDICATES NEGATIVE NUMBERS.
R  INDICATES RECORD WAS SET OR TIED.
MM INDICATES DATA IS MISSING.
T  INDICATES TRACE AMOUNT.




$$
