000
CDUS46 KPQR 201148
CLIMMV


CLIMATE REPORT
NATIONAL WEATHER SERVICE PORTLAND OREGON
448 AM PDT WED SEP 20 2017


...................................

...THE MCMINNVILLE OR CLIMATE SUMMARY FOR SEPTEMBER 19 2017...

CLIMATE NORMAL PERIOD 1981 TO 2010
CLIMATE RECORD PERIOD 1894 TO 2017


WEATHER ITEM   OBSERVED TIME   RECORD YEAR NORMAL DEPARTURE LAST
                VALUE   (LST)  VALUE       VALUE  FROM      YEAR
                                                  NORMAL
..................................................................
TEMPERATURE (F)
 YESTERDAY
  MAXIMUM         65   1244 PM  94    1952  75    -10       68
  MINIMUM         50    610 AM  31    1904  47      3       45
  AVERAGE         58                        61     -3       57

PRECIPITATION (IN)
  YESTERDAY        0.78          1.52 1921   0.06   0.72     0.00
  MONTH TO DATE    1.45                      0.73   0.72     0.41
  SINCE OCT 1     54.96                     39.09  15.87    50.28
  SINCE JAN 1     31.15                     23.06   8.09    25.21

DEGREE DAYS
 HEATING
  YESTERDAY        7                         5      2        8
  MONTH TO DATE   30                        60    -30       57
  SINCE JUL 1     39                       145   -106       93

 COOLING
  YESTERDAY        0                         1     -1        0
  MONTH TO DATE   97                        27     70        8
  SINCE JAN 1    493                       211    282      357
..................................................................


WIND (MPH)
  HIGHEST WIND SPEED    23   HIGHEST WIND DIRECTION     W (250)
  HIGHEST GUST SPEED    29   HIGHEST GUST DIRECTION    SW (240)
  AVERAGE WIND SPEED     7.5


SKY COVER
  POSSIBLE SUNSHINE  MM
  AVERAGE SKY COVER 0.8


WEATHER CONDITIONS
 THE FOLLOWING WEATHER WAS RECORDED YESTERDAY.
  HEAVY RAIN
  LIGHT RAIN
  FOG


RELATIVE HUMIDITY (PERCENT)
 HIGHEST   100           200 AM
 LOWEST     78           200 PM
 AVERAGE    89

..........................................................


THE MCMINNVILLE OR CLIMATE NORMALS FOR TODAY
                         NORMAL    RECORD    YEAR
 MAXIMUM TEMPERATURE (F)   75        97      1952
 MINIMUM TEMPERATURE (F)   47        31      1955


SUNRISE AND SUNSET
SEPTEMBER 20 2017.....SUNRISE   558 AM PST   SUNSET   613 PM PST
SEPTEMBER 21 2017.....SUNRISE   559 AM PST   SUNSET   611 PM PST


-  INDICATES NEGATIVE NUMBERS.
R  INDICATES RECORD WAS SET OR TIED.
MM INDICATES DATA IS MISSING.
T  INDICATES TRACE AMOUNT.




$$
