000
CDUS46 KPQR 031148
CLIMMV


CLIMATE REPORT
NATIONAL WEATHER SERVICE PORTLAND OREGON
447 AM PDT FRI JUL 3 2015


...................................

...THE MCMINNVILLE OR CLIMATE SUMMARY FOR JULY 2 2015...

CLIMATE NORMAL PERIOD 1981 TO 2010
CLIMATE RECORD PERIOD 1894 TO 2015


WEATHER ITEM   OBSERVED TIME   RECORD YEAR NORMAL DEPARTURE LAST
                VALUE   (LST)  VALUE       VALUE  FROM      YEAR
                                                  NORMAL
..................................................................
TEMPERATURE (F)
 YESTERDAY
  MAXIMUM        100    406 PM 108    1922  78     22       84
  MINIMUM         58    505 AM  34    1955  49      9       58
  AVERAGE         79                        64     15       71

PRECIPITATION (IN)
  YESTERDAY        0.00          0.89 1902   0.03  -0.03     0.00
  MONTH TO DATE    0.00                      0.07  -0.07     0.00
  SINCE OCT 1     32.44                     37.35  -4.91    27.08
  SINCE JAN 1     16.20                     21.32  -5.12    22.12

DEGREE DAYS
 HEATING
  YESTERDAY        0                         3     -3        0
  MONTH TO DATE    0                         6     -6        0
  SINCE JUL 1      0                         6     -6        0

 COOLING
  YESTERDAY       14                         1     13        6
  MONTH TO DATE   26                         2     24       21
  SINCE JAN 1    156                        24    132       51
..................................................................


WIND (MPH)
  HIGHEST WIND SPEED    17   HIGHEST WIND DIRECTION     N (10)
  HIGHEST GUST SPEED    20   HIGHEST GUST DIRECTION     N (20)
  AVERAGE WIND SPEED     5.9


SKY COVER
  POSSIBLE SUNSHINE  MM
  AVERAGE SKY COVER 0.0


WEATHER CONDITIONS
 THE FOLLOWING WEATHER WAS RECORDED YESTERDAY.
  NO SIGNIFICANT WEATHER WAS OBSERVED.


RELATIVE HUMIDITY (PERCENT)
 HIGHEST    93           500 AM
 LOWEST     20           300 PM
 AVERAGE    57

..........................................................


THE MCMINNVILLE OR CLIMATE NORMALS FOR TODAY
                         NORMAL    RECORD    YEAR
 MAXIMUM TEMPERATURE (F)   78       103      1922
 MINIMUM TEMPERATURE (F)   49        34      1971


SUNRISE AND SUNSET
JULY  3 2015..........SUNRISE   430 AM PST   SUNSET   803 PM PST
JULY  4 2015..........SUNRISE   431 AM PST   SUNSET   803 PM PST


-  INDICATES NEGATIVE NUMBERS.
R  INDICATES RECORD WAS SET OR TIED.
MM INDICATES DATA IS MISSING.
T  INDICATES TRACE AMOUNT.




$$
