000
CDUS46 KPQR 031142
CLIMMV


CLIMATE REPORT
NATIONAL WEATHER SERVICE PORTLAND OREGON
441 AM PDT WED JUN 3 2015


...................................

...THE MCMINNVILLE OR CLIMATE SUMMARY FOR JUNE 2 2015...

CLIMATE NORMAL PERIOD 1981 TO 2010
CLIMATE RECORD PERIOD 1894 TO 2015


WEATHER ITEM   OBSERVED TIME   RECORD YEAR NORMAL DEPARTURE LAST
                VALUE   (LST)  VALUE       VALUE  FROM      YEAR
                                                  NORMAL
..................................................................
TEMPERATURE (F)
 YESTERDAY
  MAXIMUM         61    302 PM  96    1970  70     -9       77
  MINIMUM         53    509 AM  35    1977  46      7       50
  AVERAGE         57                        58     -1       64

PRECIPITATION (IN)
  YESTERDAY        0.08          0.58 2010   0.06   0.02     0.00
  MONTH TO DATE    0.58                      0.13   0.45     0.00
  SINCE OCT 1     32.35                     35.88  -3.53    25.82
  SINCE JAN 1     16.11                     19.85  -3.74    20.86

DEGREE DAYS
 HEATING
  YESTERDAY        8                         8      0        1
  MONTH TO DATE   15                        16     -1        6
  SINCE JUL 1   3544                      4718  -1174     4514

 COOLING
  YESTERDAY        0                         0      0        0
  MONTH TO DATE    0                         0      0        0
  SINCE JAN 1      8                         6      2       20
..................................................................


WIND (MPH)
  HIGHEST WIND SPEED    15   HIGHEST WIND DIRECTION     W (250)
  HIGHEST GUST SPEED    19   HIGHEST GUST DIRECTION     W (260)
  AVERAGE WIND SPEED     6.6


SKY COVER
  POSSIBLE SUNSHINE  MM
  AVERAGE SKY COVER 1.0


WEATHER CONDITIONS
 THE FOLLOWING WEATHER WAS RECORDED YESTERDAY.
  RAIN
  LIGHT RAIN
  FOG


RELATIVE HUMIDITY (PERCENT)
 HIGHEST    93          1200 AM
 LOWEST     72           200 PM
 AVERAGE    83

..........................................................


THE MCMINNVILLE OR CLIMATE NORMALS FOR TODAY
                         NORMAL    RECORD    YEAR
 MAXIMUM TEMPERATURE (F)   70        98      1924
 MINIMUM TEMPERATURE (F)   46        31      1976


SUNRISE AND SUNSET
JUNE  3 2015..........SUNRISE   427 AM PST   SUNSET   754 PM PST
JUNE  4 2015..........SUNRISE   427 AM PST   SUNSET   755 PM PST


-  INDICATES NEGATIVE NUMBERS.
R  INDICATES RECORD WAS SET OR TIED.
MM INDICATES DATA IS MISSING.
T  INDICATES TRACE AMOUNT.




$$
