000
CDUS46 KPQR 241141
CLIMMV


CLIMATE REPORT
NATIONAL WEATHER SERVICE PORTLAND OREGON
340 AM PST WED DEC 24 2014


...................................

...THE MCMINNVILLE OR CLIMATE SUMMARY FOR DECEMBER 23 2014...

CLIMATE NORMAL PERIOD 1981 TO 2010
CLIMATE RECORD PERIOD 1894 TO 2014


WEATHER ITEM   OBSERVED TIME   RECORD YEAR NORMAL DEPARTURE LAST
                VALUE   (LST)  VALUE       VALUE  FROM      YEAR
                                                  NORMAL
..................................................................
TEMPERATURE (F)
 YESTERDAY
  MAXIMUM         55   1102 PM  64    1917  45     10       53
  MINIMUM         47    756 AM  11    1983  33     14       32
  AVERAGE         51                        39     12       43

PRECIPITATION (IN)
  YESTERDAY        0.03          1.49 1932   0.21  -0.18     0.02
  MONTH TO DATE    5.03                      4.59   0.44     1.27
  SINCE OCT 1     15.23                     14.53   0.70     4.91
  SINCE JAN 1     39.01                     38.24   0.77    22.16

DEGREE DAYS
 HEATING
  YESTERDAY       14                        26    -12       22
  MONTH TO DATE  401                       576   -175      688
  SINCE JUL 1   1188                      1798   -610     1816

 COOLING
  YESTERDAY        0                         0      0        0
  MONTH TO DATE    0                         0      0        0
  SINCE JAN 1    529                       215    314      405
..................................................................


WIND (MPH)
  HIGHEST WIND SPEED    14   HIGHEST WIND DIRECTION     N (10)
  HIGHEST GUST SPEED    16   HIGHEST GUST DIRECTION     N (10)
  AVERAGE WIND SPEED     3.5


SKY COVER
  POSSIBLE SUNSHINE  MM
  AVERAGE SKY COVER 1.0


WEATHER CONDITIONS
 THE FOLLOWING WEATHER WAS RECORDED YESTERDAY.
  LIGHT RAIN
  FOG
  FOG W/VISIBILITY <= 1/4 MILE


RELATIVE HUMIDITY (PERCENT)
 HIGHEST   100          1100 AM
 LOWEST     86           100 AM
 AVERAGE    93

..........................................................


THE MCMINNVILLE OR CLIMATE NORMALS FOR TODAY
                         NORMAL    RECORD    YEAR
 MAXIMUM TEMPERATURE (F)   45        61      1923
 MINIMUM TEMPERATURE (F)   33        11      1983


SUNRISE AND SUNSET
DECEMBER 24 2014......SUNRISE   750 AM PST   SUNSET   435 PM PST
DECEMBER 25 2014......SUNRISE   750 AM PST   SUNSET   435 PM PST


-  INDICATES NEGATIVE NUMBERS.
R  INDICATES RECORD WAS SET OR TIED.
MM INDICATES DATA IS MISSING.
T  INDICATES TRACE AMOUNT.




$$
