000
CDUS46 KPQR 261241
CLIMMV


CLIMATE REPORT
NATIONAL WEATHER SERVICE PORTLAND OREGON
440 AM PST WED NOV 26 2014


...................................

...THE MCMINNVILLE OR CLIMATE SUMMARY FOR NOVEMBER 25 2014...

CLIMATE NORMAL PERIOD 1981 TO 2010
CLIMATE RECORD PERIOD 1894 TO 2014


WEATHER ITEM   OBSERVED TIME   RECORD YEAR NORMAL DEPARTURE LAST
                VALUE   (LST)  VALUE       VALUE  FROM      YEAR
                                                  NORMAL
..................................................................
TEMPERATURE (F)
 YESTERDAY
  MAXIMUM         62    237 PM  67    1943  49     13       49
  MINIMUM         53    841 PM  15    1985  37     16       23
  AVERAGE         58                        43     15       36

PRECIPITATION (IN)
  YESTERDAY        0.12          2.10 1927   0.26  -0.14     0.00
  MONTH TO DATE    2.60                      5.36  -2.76     2.90
  SINCE OCT 1      9.61                      8.51   1.10     3.63
  SINCE JAN 1     33.39                     32.22   1.17    20.88

DEGREE DAYS
 HEATING
  YESTERDAY        7                        22    -15       29
  MONTH TO DATE  467                       486    -19      457
  SINCE JUL 1    696                      1109   -413     1000

 COOLING
  YESTERDAY        0                         0      0        0
  MONTH TO DATE    0                         0      0        0
  SINCE JAN 1    529                       215    314      405
..................................................................


WIND (MPH)
  HIGHEST WIND SPEED    14   HIGHEST WIND DIRECTION    SW (230)
  HIGHEST GUST SPEED    20   HIGHEST GUST DIRECTION    SW (230)
  AVERAGE WIND SPEED     8.6


SKY COVER
  POSSIBLE SUNSHINE  MM
  AVERAGE SKY COVER 0.7


WEATHER CONDITIONS
 THE FOLLOWING WEATHER WAS RECORDED YESTERDAY.
  LIGHT RAIN
  FOG


RELATIVE HUMIDITY (PERCENT)
 HIGHEST   100           700 PM
 LOWEST     80           400 PM
 AVERAGE    90

..........................................................


THE MCMINNVILLE OR CLIMATE NORMALS FOR TODAY
                         NORMAL    RECORD    YEAR
 MAXIMUM TEMPERATURE (F)   49        62      1977
 MINIMUM TEMPERATURE (F)   37        18      1896


SUNRISE AND SUNSET
NOVEMBER 26 2014......SUNRISE   725 AM PST   SUNSET   434 PM PST
NOVEMBER 27 2014......SUNRISE   727 AM PST   SUNSET   434 PM PST


-  INDICATES NEGATIVE NUMBERS.
R  INDICATES RECORD WAS SET OR TIED.
MM INDICATES DATA IS MISSING.
T  INDICATES TRACE AMOUNT.




$$
