000
CDUS46 KPQR 211142
CLIMMV


CLIMATE REPORT
NATIONAL WEATHER SERVICE PORTLAND OREGON
341 AM PST TUE FEB 21 2017


...................................

...THE MCMINNVILLE OR CLIMATE SUMMARY FOR FEBRUARY 20 2017...

CLIMATE NORMAL PERIOD 1981 TO 2010
CLIMATE RECORD PERIOD 1894 TO 2017


WEATHER ITEM   OBSERVED TIME   RECORD YEAR NORMAL DEPARTURE LAST
                VALUE   (LST)  VALUE       VALUE  FROM      YEAR
                                                  NORMAL
..................................................................
TEMPERATURE (F)
 YESTERDAY
  MAXIMUM         51    413 PM  65    1954  51      0       53
  MINIMUM         42    945 AM  21    1955  35      7       36
  AVERAGE         47                        43      4       45

PRECIPITATION (IN)
  YESTERDAY        0.80          2.00 1982   0.13   0.67     0.11
  MONTH TO DATE   10.57                      3.23   7.34     3.02
  SINCE OCT 1     38.06                     25.36  12.70    36.60
  SINCE JAN 1     14.25                      9.33   4.92    11.53

DEGREE DAYS
 HEATING
  YESTERDAY       18                        22     -4       20
  MONTH TO DATE  418                       454    -36      329
  SINCE JUL 1   3098                      3209   -111     2607

 COOLING
  YESTERDAY        0                         0      0        0
  MONTH TO DATE    0                         0      0        0
  SINCE JAN 1      0                         0      0        0
..................................................................


WIND (MPH)
  HIGHEST WIND SPEED    18   HIGHEST WIND DIRECTION    SW (230)
  HIGHEST GUST SPEED    24   HIGHEST GUST DIRECTION    SW (220)
  AVERAGE WIND SPEED     6.5


SKY COVER
  POSSIBLE SUNSHINE  MM
  AVERAGE SKY COVER 0.9


WEATHER CONDITIONS
 THE FOLLOWING WEATHER WAS RECORDED YESTERDAY.
  RAIN
  LIGHT RAIN
  FOG


RELATIVE HUMIDITY (PERCENT)
 HIGHEST    93           800 PM
 LOWEST     71           300 PM
 AVERAGE    82

..........................................................


THE MCMINNVILLE OR CLIMATE NORMALS FOR TODAY
                         NORMAL    RECORD    YEAR
 MAXIMUM TEMPERATURE (F)   52        65      1923
 MINIMUM TEMPERATURE (F)   35        23      1955


SUNRISE AND SUNSET
FEBRUARY 21 2017......SUNRISE   704 AM PST   SUNSET   549 PM PST
FEBRUARY 22 2017......SUNRISE   702 AM PST   SUNSET   551 PM PST


-  INDICATES NEGATIVE NUMBERS.
R  INDICATES RECORD WAS SET OR TIED.
MM INDICATES DATA IS MISSING.
T  INDICATES TRACE AMOUNT.




$$
