000
CDUS44 KMOB 220645
CLIMOB


CLIMATE REPORT
NATIONAL WEATHER SERVICE MOBILE AL
1245 AM CST WED FEB 22 2017


...................................

...THE MOBILE CLIMATE SUMMARY FOR FEBRUARY 21 2017...

CLIMATE NORMAL PERIOD 1981 TO 2010
CLIMATE RECORD PERIOD 1842 TO 2017


WEATHER ITEM   OBSERVED TIME   RECORD YEAR NORMAL DEPARTURE LAST
                VALUE   (LST)  VALUE       VALUE  FROM      YEAR
                                                  NORMAL
..................................................................
TEMPERATURE (F)
 YESTERDAY
  MAXIMUM         68   1236 AM  79    2005  66      2       75
  MINIMUM         59   1155 PM  28    1978  45     14       60
  AVERAGE         64                        55      9       68

PRECIPITATION (IN)
  YESTERDAY        0.40          4.22 1887   0.19   0.21     0.00
  MONTH TO DATE    1.25                      3.82  -2.57     2.66
  SINCE MAR 1     65.32                     64.85   0.47    84.27
  SINCE JAN 1     12.18                      9.47   2.71     8.95

SNOWFALL (IN)
  YESTERDAY        0.0          MM      MM   0.0    0.0      0.0
  MONTH TO DATE    0.0                       0.1   -0.1      0.0
  SINCE MAR 1      0.0                       0.2   -0.2      0.0
  SINCE JUL 1      0.0                       0.1   -0.1      0.0
  SNOW DEPTH       0

DEGREE DAYS
 HEATING
  YESTERDAY        1                        10     -9        0
  MONTH TO DATE  105                       256   -151      233
  SINCE DEC 1    619                      1119   -500      896
  SINCE JUL 1    753                      1377   -624     1022

 COOLING
  YESTERDAY        0                         0      0        3
  MONTH TO DATE   18                         0     18       11
  SINCE DEC 1    105                        22     83       82
  SINCE JAN 1     64                         7     57       11
..................................................................


WIND (MPH)
  HIGHEST WIND SPEED    18   HIGHEST WIND DIRECTION    NW (300)
  HIGHEST GUST SPEED    29   HIGHEST GUST DIRECTION     W (290)
  AVERAGE WIND SPEED     6.0


SKY COVER
  POSSIBLE SUNSHINE  MM
  AVERAGE SKY COVER 0.9


WEATHER CONDITIONS
 THE FOLLOWING WEATHER WAS RECORDED YESTERDAY.
  RAIN
  LIGHT RAIN
  FOG
  FOG W/VISIBILITY <= 1/4 MILE


RELATIVE HUMIDITY (PERCENT)
 HIGHEST    97           600 AM
 LOWEST     81           400 PM
 AVERAGE    89

..........................................................


THE MOBILE CLIMATE NORMALS FOR TODAY
                         NORMAL    RECORD    YEAR
 MAXIMUM TEMPERATURE (F)   66        80      2007
                                             2006
                                             2005
 MINIMUM TEMPERATURE (F)   45        22      1978


SUNRISE AND SUNSET
FEBRUARY 22 2017......SUNRISE   627 AM CST   SUNSET   547 PM CST
FEBRUARY 23 2017......SUNRISE   626 AM CST   SUNSET   547 PM CST


-  INDICATES NEGATIVE NUMBERS.
R  INDICATES RECORD WAS SET OR TIED.
MM INDICATES DATA IS MISSING.
T  INDICATES TRACE AMOUNT.




$$
