000
CDUS44 KMOB 242233
CLIMOB


CLIMATE REPORT
NATIONAL WEATHER SERVICE MOBILE AL
531 PM CDT FRI MAR 24 2017


...................................

...THE MOBILE CLIMATE SUMMARY FOR MARCH 24 2017...
VALID TODAY AS OF 0500 PM LOCAL TIME.

CLIMATE NORMAL PERIOD 1981 TO 2010
CLIMATE RECORD PERIOD 1842 TO 2017


WEATHER ITEM   OBSERVED TIME   RECORD YEAR NORMAL DEPARTURE LAST
                VALUE   (LST)  VALUE       VALUE  FROM      YEAR
                                                  NORMAL
..................................................................
TEMPERATURE (F)
 TODAY
  MAXIMUM         76   1157 AM  86    1995  73      3       73
  MINIMUM         67    400 AM  29    1968  51     16       63
  AVERAGE         72                        62     10       68

PRECIPITATION (IN)
  TODAY            T             3.59 1872   0.20  -0.20     3.19
  MONTH TO DATE    1.68                      4.76  -3.08     9.26
  SINCE MAR 1      1.68                      4.76  -3.08     9.26
  SINCE JAN 1     13.89                     15.53  -1.64    18.71

DEGREE DAYS
 HEATING
  TODAY            0                         5     -5        0
  MONTH TO DATE  119                       159    -40       96
  SINCE MAR 1    119                       159    -40       96
  SINCE JUL 1    890                      1601   -711     1194

 COOLING
  TODAY            7                         1      6        3
  MONTH TO DATE   52                        24     28       51
  SINCE MAR 1     52                        24     28       51
  SINCE JAN 1    127                        40     87       65
..................................................................


WIND (MPH)
  HIGHEST WIND SPEED    29   HIGHEST WIND DIRECTION    SE (130)
  HIGHEST GUST SPEED    37   HIGHEST GUST DIRECTION    SE (140)
  AVERAGE WIND SPEED    17.2


SKY COVER
  POSSIBLE SUNSHINE  MM
  AVERAGE SKY COVER 1.0


WEATHER CONDITIONS
 THE FOLLOWING WEATHER WAS RECORDED TODAY.
  HAZE


RELATIVE HUMIDITY (PERCENT)
 HIGHEST    87           400 AM
 LOWEST     60          1100 AM
 AVERAGE    74

..........................................................


THE MOBILE CLIMATE NORMALS FOR TOMORROW
                         NORMAL    RECORD    YEAR
 MAXIMUM TEMPERATURE (F)   73        86      1907
 MINIMUM TEMPERATURE (F)   51        31      1983


SUNRISE AND SUNSET
MARCH 24 2017.........SUNRISE   652 AM CDT   SUNSET   707 PM CDT
MARCH 25 2017.........SUNRISE   650 AM CDT   SUNSET   708 PM CDT


-  INDICATES NEGATIVE NUMBERS.
R  INDICATES RECORD WAS SET OR TIED.
MM INDICATES DATA IS MISSING.
T  INDICATES TRACE AMOUNT.




$$
