000
CDUS44 KMOB 232241
CLIMOB


CLIMATE REPORT
NATIONAL WEATHER SERVICE MOBILE AL
538 PM CDT TUE SEP 23 2014


...................................

...THE MOBILE CLIMATE SUMMARY FOR SEPTEMBER 23 2014...
VALID TODAY AS OF 0500 PM LOCAL TIME.

CLIMATE NORMAL PERIOD 1981 TO 2010
CLIMATE RECORD PERIOD 1842 TO 2014


WEATHER ITEM   OBSERVED TIME   RECORD YEAR NORMAL DEPARTURE LAST
                VALUE   (LST)  VALUE       VALUE  FROM      YEAR
                                                  NORMAL
..................................................................
TEMPERATURE (F)
 TODAY
  MAXIMUM         84    307 PM  96    1921  85     -1       90
  MINIMUM         58    557 AM  49    1983  66     -8       67
  AVERAGE         71                        76     -5       79

PRECIPITATION (IN)
  TODAY            0.00          2.72 1889   0.17  -0.17     0.00
  MONTH TO DATE    4.64                      3.97   0.67     3.20
  SINCE MAR 1     54.92                     40.36  14.56    40.72
  SINCE JAN 1     62.04                     51.13  10.91    54.90

DEGREE DAYS
 COOLING
  TODAY            6                        11     -5       14
  MONTH TO DATE  348                       310     38      368
  SINCE SEP 1    348                       310     38      368
  SINCE JAN 1   2096                      2237   -141     2198
..................................................................


WIND (MPH)
  HIGHEST WIND SPEED    16   HIGHEST WIND DIRECTION    NE (30)
  HIGHEST GUST SPEED    21   HIGHEST GUST DIRECTION    NE (30)
  AVERAGE WIND SPEED     9.5


SKY COVER
  POSSIBLE SUNSHINE  MM
  AVERAGE SKY COVER 0.1


WEATHER CONDITIONS
 THE FOLLOWING WEATHER WAS RECORDED TODAY.
  NO SIGNIFICANT WEATHER WAS OBSERVED.


RELATIVE HUMIDITY (PERCENT)
 HIGHEST    86           600 AM
 LOWEST     32           300 PM
 AVERAGE    59

..........................................................


THE MOBILE CLIMATE NORMALS FOR TOMORROW
                         NORMAL    RECORD    YEAR
 MAXIMUM TEMPERATURE (F)   85        94      2010
                                             1961
                                             1931
 MINIMUM TEMPERATURE (F)   66        50      1990


SUNRISE AND SUNSET
SEPTEMBER 23 2014.....SUNRISE   642 AM CDT   SUNSET   648 PM CDT
SEPTEMBER 24 2014.....SUNRISE   642 AM CDT   SUNSET   647 PM CDT


-  INDICATES NEGATIVE NUMBERS.
R  INDICATES RECORD WAS SET OR TIED.
MM INDICATES DATA IS MISSING.
T  INDICATES TRACE AMOUNT.




$$
