000
CDUS44 KMOB 202228
CLIMOB


CLIMATE REPORT
NATIONAL WEATHER SERVICE MOBILE AL
526 PM CDT SUN AUG 20 2017


...................................

...THE MOBILE CLIMATE SUMMARY FOR AUGUST 20 2017...
VALID TODAY AS OF 0500 PM LOCAL TIME.

CLIMATE NORMAL PERIOD 1981 TO 2010
CLIMATE RECORD PERIOD 1842 TO 2017


WEATHER ITEM   OBSERVED TIME   RECORD YEAR NORMAL DEPARTURE LAST
                VALUE   (LST)  VALUE       VALUE  FROM      YEAR
                                                  NORMAL
..................................................................
TEMPERATURE (F)
 TODAY
  MAXIMUM         95    350 PM  99    1925  91      4       91
  MINIMUM         72    505 AM  66    1976  73     -1       74
  AVERAGE         84                        82      2       83

PRECIPITATION (IN)
  TODAY            0.00          3.31 1918   0.21  -0.21     0.09
  MONTH TO DATE    6.37                      4.81   1.56     4.29
  SINCE MAR 1     43.83                     34.24   9.59    37.22
  SINCE JAN 1     56.04                     45.01  11.03    46.67

DEGREE DAYS
 COOLING
  TODAY           19                        17      2       18
  MONTH TO DATE  342                       340      2      344
  SINCE JUN 1   1304                      1306     -2     1387
  SINCE JAN 1   1905                      1751    154     1846
..................................................................


WIND (MPH)
  HIGHEST WIND SPEED    10   HIGHEST WIND DIRECTION     E (70)
  HIGHEST GUST SPEED    14   HIGHEST GUST DIRECTION     E (90)
  AVERAGE WIND SPEED     3.6


SKY COVER
  POSSIBLE SUNSHINE  MM
  AVERAGE SKY COVER 0.2


WEATHER CONDITIONS
 THE FOLLOWING WEATHER WAS RECORDED TODAY.
  NO SIGNIFICANT WEATHER WAS OBSERVED.


RELATIVE HUMIDITY (PERCENT)
 HIGHEST   100           300 AM
 LOWEST     46           300 PM
 AVERAGE    73

..........................................................


THE MOBILE CLIMATE NORMALS FOR TOMORROW
                         NORMAL    RECORD    YEAR
 MAXIMUM TEMPERATURE (F)   91        98      1980
                                             1968
                                             1925
 MINIMUM TEMPERATURE (F)   73        62      1956
                                             1940


SUNRISE AND SUNSET
AUGUST 20 2017........SUNRISE   623 AM CDT   SUNSET   729 PM CDT
AUGUST 21 2017........SUNRISE   623 AM CDT   SUNSET   728 PM CDT


-  INDICATES NEGATIVE NUMBERS.
R  INDICATES RECORD WAS SET OR TIED.
MM INDICATES DATA IS MISSING.
T  INDICATES TRACE AMOUNT.




$$
