000
CDUS44 KMOB 162333
CLIMOB


CLIMATE REPORT
NATIONAL WEATHER SERVICE MOBILE AL
533 PM CST MON JAN 16 2017


...................................

...THE MOBILE CLIMATE SUMMARY FOR JANUARY 16 2017...
VALID TODAY AS OF 0500 PM LOCAL TIME.

CLIMATE NORMAL PERIOD 1981 TO 2010
CLIMATE RECORD PERIOD 1842 TO 2017


WEATHER ITEM   OBSERVED TIME   RECORD YEAR NORMAL DEPARTURE LAST
                VALUE   (LST)  VALUE       VALUE  FROM      YEAR
                                                  NORMAL
..................................................................
TEMPERATURE (F)
 TODAY
  MAXIMUM         78    203 PM  79    1974  61     17       68
                                      1950
  MINIMUM         62    602 AM  20    1927  40     22       41
  AVERAGE         70                        50     20       55

PRECIPITATION (IN)
  TODAY            T             3.46 1925   0.18  -0.18      T
  MONTH TO DATE    8.85                      2.85   6.00     2.53
  SINCE MAR 1     61.99                     58.23   3.76    77.85
  SINCE JAN 1      8.85                      2.85   6.00     2.53

DEGREE DAYS
 HEATING
  TODAY            0                        15    -15       10
  MONTH TO DATE  144                       240    -96      265
  SINCE DEC 1    419                       644   -225      443
  SINCE JUL 1    553                       902   -349      569

 COOLING
  TODAY            5                         0      5        0
  MONTH TO DATE   18                         0     18        0
  SINCE DEC 1     59                        15     44       71
  SINCE JAN 1     18                         0     18        0
..................................................................


WIND (MPH)
  HIGHEST WIND SPEED    17   HIGHEST WIND DIRECTION    SE (150)
  HIGHEST GUST SPEED    21   HIGHEST GUST DIRECTION    SE (150)
  AVERAGE WIND SPEED    10.4


SKY COVER
  POSSIBLE SUNSHINE  MM
  AVERAGE SKY COVER 0.7


WEATHER CONDITIONS
 THE FOLLOWING WEATHER WAS RECORDED TODAY.
  LIGHT RAIN


RELATIVE HUMIDITY (PERCENT)
 HIGHEST    93          1200 AM
 LOWEST     56          1200 PM
 AVERAGE    75

..........................................................


THE MOBILE CLIMATE NORMALS FOR TOMORROW
                         NORMAL    RECORD    YEAR
 MAXIMUM TEMPERATURE (F)   61        78      1974
 MINIMUM TEMPERATURE (F)   40        15      1977


SUNRISE AND SUNSET
JANUARY 16 2017.......SUNRISE   651 AM CST   SUNSET   515 PM CST
JANUARY 17 2017.......SUNRISE   651 AM CST   SUNSET   516 PM CST


-  INDICATES NEGATIVE NUMBERS.
R  INDICATES RECORD WAS SET OR TIED.
MM INDICATES DATA IS MISSING.
T  INDICATES TRACE AMOUNT.




$$
