000
CDUS46 KSTO 210841
CLIMOD


CLIMATE REPORT
NATIONAL WEATHER SERVICE SACRAMENTO, CA
1240 AM PST SAT JAN 21 2017


...................................

...THE MODESTO CA CLIMATE SUMMARY FOR JANUARY 20 2017...

CLIMATE NORMAL PERIOD 1981 TO 2010
CLIMATE RECORD PERIOD 1931 TO 2017


WEATHER ITEM   OBSERVED TIME   RECORD YEAR NORMAL DEPARTURE LAST
                VALUE   (LST)  VALUE       VALUE  FROM      YEAR
                                                  NORMAL
..................................................................
TEMPERATURE (F)
 YESTERDAY
  MAXIMUM         57    230 PM  69    2014  56      1       66
                                      2009
  MINIMUM         45   1059 PM  24    1937  40      5       50
  AVERAGE         51

PRECIPITATION (IN)
  YESTERDAY        1.00R         0.81 1964   0.09   0.91     0.00
  MONTH TO DATE    5.03                      1.66   3.37     4.37
  SINCE OCT 1     10.06                      5.74   4.32     8.78
  SINCE JAN 1      5.03                      1.66   3.37     4.37

SNOWFALL (IN)
  YESTERDAY       MM             0.0  2002
  MONTH TO DATE    0.0
  SINCE DEC 1      0.0
  SINCE JUL 1      0.0
  SNOW DEPTH       0

DEGREE DAYS
 HEATING
  YESTERDAY       14                        17     -3        7
  MONTH TO DATE  320                       357    -37      288
  SINCE DEC 1    836                       893    -57      825
  SINCE JUL 1   1049                      1254   -205     1196

 COOLING
  YESTERDAY        0                         0      0        0
  MONTH TO DATE    0                         0      0        0
  SINCE DEC 1      0                         0      0        0
  SINCE JAN 1      0                         0      0        0
..................................................................


WIND (MPH)
  RESULTANT WIND SPEED  12   RESULTANT WIND DIRECTION  SE (130)
  HIGHEST WIND SPEED    29   HIGHEST WIND DIRECTION    SE (140)
  HIGHEST GUST SPEED    38   HIGHEST GUST DIRECTION    SE (120)


SKY COVER
  POSSIBLE SUNSHINE  MM
  AVERAGE SKY COVER 0.9


WEATHER CONDITIONS
 THE FOLLOWING WEATHER WAS RECORDED YESTERDAY.
  THUNDERSTORM
  HEAVY RAIN
  LIGHT RAIN
  FOG


RELATIVE HUMIDITY (PERCENT)
 HIGHEST    93           700 AM
 LOWEST     66           100 PM
 AVERAGE    80

..........................................................


THE MODESTO CA CLIMATE NORMALS FOR TODAY
                         NORMAL    RECORD    YEAR
 MAXIMUM TEMPERATURE (F)   56        68      1950
 MINIMUM TEMPERATURE (F)   40        21      1937


SUNRISE AND SUNSET
JANUARY 21 2017.......SUNRISE   715 AM PST   SUNSET   516 PM PST
JANUARY 22 2017.......SUNRISE   714 AM PST   SUNSET   517 PM PST


-  INDICATES NEGATIVE NUMBERS.
R  INDICATES RECORD WAS SET OR TIED.
MM INDICATES DATA IS MISSING.
T  INDICATES TRACE AMOUNT.




$$
