000
CDUS46 KSTO 070835
CLIMOD


CLIMATE REPORT
NATIONAL WEATHER SERVICE SACRAMENTO, CA
1235 AM PST WED DEC 7 2016


...................................

...THE MODESTO CA CLIMATE SUMMARY FOR DECEMBER 6 2016...

CLIMATE NORMAL PERIOD 1981 TO 2010
CLIMATE RECORD PERIOD 1931 TO 2016


WEATHER ITEM   OBSERVED TIME   RECORD YEAR NORMAL DEPARTURE LAST
                VALUE   (LST)  VALUE       VALUE  FROM      YEAR
                                                  NORMAL
..................................................................
TEMPERATURE (F)
 YESTERDAY
  MAXIMUM         58    321 PM  71    2014  58      0       69
  MINIMUM         40   1159 PM  24    2009  40      0       44
  AVERAGE         49

PRECIPITATION (IN)
  YESTERDAY        0.00          1.10 1950   0.05  -0.05     0.00
  MONTH TO DATE    0.00                      0.32  -0.32     0.29
  SINCE OCT 1      2.99                      2.36   0.63     2.71
  SINCE JAN 1     14.19                     11.39   2.80     5.56

SNOWFALL (IN)
  YESTERDAY        0.0           0.0  2001
  MONTH TO DATE    0.0
  SINCE DEC 1      0.0
  SINCE JUL 1      0.0
  SNOW DEPTH       0

DEGREE DAYS
 HEATING
  YESTERDAY       16                        16      0        8
  MONTH TO DATE   95                        93      2       89
  SINCE DEC 1     95                        93      2       89
  SINCE JUL 1    308                       454   -146      460

 COOLING
  YESTERDAY        0                         0      0        0
  MONTH TO DATE    0                         0      0        0
  SINCE DEC 1      0                         0      0        0
  SINCE JAN 1   1982                      1699    283     2087
..................................................................


WIND (MPH)
  RESULTANT WIND SPEED   4   RESULTANT WIND DIRECTION  NW (310)
  HIGHEST WIND SPEED    15   HIGHEST WIND DIRECTION    NW (310)
  HIGHEST GUST SPEED    19   HIGHEST GUST DIRECTION     W (280)


SKY COVER
  POSSIBLE SUNSHINE  MM
  AVERAGE SKY COVER 0.1


WEATHER CONDITIONS
 THE FOLLOWING WEATHER WAS RECORDED YESTERDAY.
  FOG
  HAZE


RELATIVE HUMIDITY (PERCENT)
 HIGHEST    92           100 AM
 LOWEST     43           200 PM
 AVERAGE    68

..........................................................


THE MODESTO CA CLIMATE NORMALS FOR TODAY
                         NORMAL    RECORD    YEAR
 MAXIMUM TEMPERATURE (F)   57        68      1988
 MINIMUM TEMPERATURE (F)   40        27      1959


SUNRISE AND SUNSET
DECEMBER  7 2016......SUNRISE   706 AM PST   SUNSET   445 PM PST
DECEMBER  8 2016......SUNRISE   707 AM PST   SUNSET   445 PM PST


-  INDICATES NEGATIVE NUMBERS.
R  INDICATES RECORD WAS SET OR TIED.
MM INDICATES DATA IS MISSING.
T  INDICATES TRACE AMOUNT.




$$
