000
CDUS43 KBIS 230025
CLIMOT


CLIMATE REPORT
NATIONAL WEATHER SERVICE BISMARCK ND
725 PM CDT SUN OCT 22 2017


...................................

...THE MINOT ND CLIMATE SUMMARY FOR OCTOBER 22 2017...
VALID TODAY AS OF 0700 PM LOCAL TIME.

CLIMATE NORMAL PERIOD 1981 TO 2010
CLIMATE RECORD PERIOD 1897 TO 2017


WEATHER ITEM   OBSERVED TIME   RECORD YEAR NORMAL DEPARTURE LAST
                VALUE   (LST)  VALUE       VALUE  FROM      YEAR
                                                  NORMAL
..................................................................
TEMPERATURE (F)
 TODAY
  MAXIMUM         58    444 PM  79    1992  52      6       60
                                      1963
  MINIMUM         37    548 AM  11    1935  32      5       33
  AVERAGE         48                        42      6       47

PRECIPITATION (IN)
  TODAY            T             1.00 1980   0.04  -0.04     0.00
  MONTH TO DATE    0.04                      0.90  -0.86     1.06
  SINCE SEP 1      2.00                      2.36  -0.36     4.04
  SINCE JAN 1      7.33                     15.80  -8.47    15.90

DEGREE DAYS
 HEATING
  TODAY           17                        23     -6       18
  MONTH TO DATE  319                       407    -88      398
  SINCE SEP 1    507                       656   -149      587
  SINCE JUL 1    517                       727   -210      598

 COOLING
  TODAY            0                         0      0        0
  MONTH TO DATE    0                         0      0        0
  SINCE SEP 1     62                        33     29       29
  SINCE JAN 1    580                       444    136      682
..................................................................


WIND (MPH)
  RESULTANT WIND SPEED  12   RESULTANT WIND DIRECTION  SW (210)
  HIGHEST WIND SPEED    24   HIGHEST WIND DIRECTION    SW (210)
  HIGHEST GUST SPEED    31   HIGHEST GUST DIRECTION     S (200)
  AVERAGE WIND SPEED    12.2


SKY COVER
  POSSIBLE SUNSHINE  MM
  AVERAGE SKY COVER 0.3


WEATHER CONDITIONS
 THE FOLLOWING WEATHER WAS RECORDED TODAY.
  NO SIGNIFICANT WEATHER WAS OBSERVED.


RELATIVE HUMIDITY (PERCENT)
 HIGHEST    70           100 AM
 LOWEST     35           100 PM
 AVERAGE    53

..........................................................


THE MINOT ND CLIMATE NORMALS FOR TOMORROW
                         NORMAL    RECORD    YEAR
 MAXIMUM TEMPERATURE (F)   51        78      1963
 MINIMUM TEMPERATURE (F)   31        -1      1919


SUNRISE AND SUNSET
OCTOBER 22 2017.......SUNRISE   816 AM CDT   SUNSET   643 PM CDT
OCTOBER 23 2017.......SUNRISE   817 AM CDT   SUNSET   641 PM CDT


-  INDICATES NEGATIVE NUMBERS.
R  INDICATES RECORD WAS SET OR TIED.
MM INDICATES DATA IS MISSING.
T  INDICATES TRACE AMOUNT.




$$
