000
CDUS43 KBIS 190726
CLIMOT


CLIMATE REPORT
NATIONAL WEATHER SERVICE BISMARCK ND
225 AM CDT SAT APR 19 2014


...................................

...THE MINOT ND CLIMATE SUMMARY FOR APRIL 18 2014...

CLIMATE NORMAL PERIOD 1981 TO 2010
CLIMATE RECORD PERIOD 1905 TO 2014


WEATHER ITEM   OBSERVED TIME   RECORD YEAR NORMAL DEPARTURE LAST
                VALUE   (LST)  VALUE       VALUE  FROM      YEAR
                                                  NORMAL
..................................................................
TEMPERATURE (F)
 YESTERDAY
  MAXIMUM         54    400 PM  84    1987  57     -3       30
  MINIMUM         29    407 AM  11    1928  33     -4       17
  AVERAGE         42                        45     -3       24

PRECIPITATION (IN)
  YESTERDAY        0.15          0.76 2006   0.03   0.12     0.00
  MONTH TO DATE    0.30                      0.57  -0.27     0.24
  SINCE MAR 1      0.35                      1.41  -1.06     0.85
  SINCE JAN 1      0.71                      2.32  -1.61     1.39

DEGREE DAYS
 HEATING
  YESTERDAY       23                        20      3       41
  MONTH TO DATE  534                       441     93      720
  SINCE MAR 1   1817                      1580    237     2300
  SINCE JUL 1   9050                      8156    894     9030

 COOLING
  YESTERDAY        0                         0      0        0
  MONTH TO DATE    0                         0      0        0
  SINCE MAR 1      0                         0      0        0
  SINCE JAN 1      0                         0      0        0
..................................................................


WIND (MPH)
  HIGHEST WIND SPEED    36   HIGHEST WIND DIRECTION     E (100)
  HIGHEST GUST SPEED    43   HIGHEST GUST DIRECTION    SE (120)
  AVERAGE WIND SPEED    19.8


SKY COVER
  POSSIBLE SUNSHINE  MM
  AVERAGE SKY COVER 0.6


WEATHER CONDITIONS
 THE FOLLOWING WEATHER WAS RECORDED YESTERDAY.
  LIGHT RAIN
  FOG
  HAZE


RELATIVE HUMIDITY (PERCENT)
 HIGHEST    86          1000 PM
 LOWEST     38           200 PM
 AVERAGE    62

..........................................................


THE MINOT ND CLIMATE NORMALS FOR TODAY
                         NORMAL    RECORD    YEAR
 MAXIMUM TEMPERATURE (F)   57        86      1910
 MINIMUM TEMPERATURE (F)   33        -1      1922


SUNRISE AND SUNSET
APRIL 19 2014.........SUNRISE   648 AM CDT   SUNSET   842 PM CDT
APRIL 20 2014.........SUNRISE   646 AM CDT   SUNSET   843 PM CDT


-  INDICATES NEGATIVE NUMBERS.
R  INDICATES RECORD WAS SET OR TIED.
MM INDICATES DATA IS MISSING.
T  INDICATES TRACE AMOUNT.




$$
