000
CDUS43 KBIS 280724
CLIMOT


CLIMATE REPORT
NATIONAL WEATHER SERVICE BISMARCK ND
223 AM CDT SAT MAR 28 2015


...................................

...THE MINOT ND CLIMATE SUMMARY FOR MARCH 27 2015...

CLIMATE NORMAL PERIOD 1981 TO 2010
CLIMATE RECORD PERIOD 1905 TO 2015


WEATHER ITEM   OBSERVED TIME   RECORD YEAR NORMAL DEPARTURE LAST
                VALUE   (LST)  VALUE       VALUE  FROM      YEAR
                                                  NORMAL
..................................................................
TEMPERATURE (F)
 YESTERDAY
  MAXIMUM         53    318 PM  78    1946  43     10       34
  MINIMUM         27   1259 AM -17    1921  24      3       15
  AVERAGE         40                        34      6       25

PRECIPITATION (IN)
  YESTERDAY        0.05          1.07 1950   0.03   0.02     0.00
  MONTH TO DATE    0.34                      0.69  -0.35     0.05
  SINCE MAR 1      0.34                      0.69  -0.35     0.05
  SINCE JAN 1      0.81                      1.60  -0.79     0.41

DEGREE DAYS
 HEATING
  YESTERDAY       25                        31     -6       40
  MONTH TO DATE  899                      1015   -116     1136
  SINCE MAR 1    899                      1015   -116     1136
  SINCE JUL 1   7587                      7591     -4     8369

 COOLING
  YESTERDAY        0                         0      0        0
  MONTH TO DATE    0                         0      0        0
  SINCE MAR 1      0                         0      0        0
  SINCE JAN 1      0                         0      0        0
..................................................................


WIND (MPH)
  HIGHEST WIND SPEED    22   HIGHEST WIND DIRECTION     S (170)
  HIGHEST GUST SPEED    30   HIGHEST GUST DIRECTION     S (160)
  AVERAGE WIND SPEED    11.3


SKY COVER
  POSSIBLE SUNSHINE  MM
  AVERAGE SKY COVER 0.8


WEATHER CONDITIONS
 THE FOLLOWING WEATHER WAS RECORDED YESTERDAY.
  LIGHT SNOW
  FOG


RELATIVE HUMIDITY (PERCENT)
 HIGHEST    89          1000 PM
 LOWEST     58           400 AM
 AVERAGE    74

..........................................................


THE MINOT ND CLIMATE NORMALS FOR TODAY
                         NORMAL    RECORD    YEAR
 MAXIMUM TEMPERATURE (F)   44        73      1929
 MINIMUM TEMPERATURE (F)   24       -19      1922


SUNRISE AND SUNSET
MARCH 28 2015.........SUNRISE   732 AM CDT   SUNSET   809 PM CDT
MARCH 29 2015.........SUNRISE   730 AM CDT   SUNSET   811 PM CDT


-  INDICATES NEGATIVE NUMBERS.
R  INDICATES RECORD WAS SET OR TIED.
MM INDICATES DATA IS MISSING.
T  INDICATES TRACE AMOUNT.




$$
