000
CDUS43 KBIS 220029
CLIMOT


CLIMATE REPORT
NATIONAL WEATHER SERVICE BISMARCK ND
728 PM CDT WED JUN 21 2017


...................................

...THE MINOT ND CLIMATE SUMMARY FOR JUNE 21 2017...
VALID TODAY AS OF 0700 PM LOCAL TIME.

CLIMATE NORMAL PERIOD 1981 TO 2010
CLIMATE RECORD PERIOD 1897 TO 2017


WEATHER ITEM   OBSERVED TIME   RECORD YEAR NORMAL DEPARTURE LAST
                VALUE   (LST)  VALUE       VALUE  FROM      YEAR
                                                  NORMAL
..................................................................
TEMPERATURE (F)
 TODAY
  MAXIMUM         80    329 PM 103    1910  77      3       85
  MINIMUM         58    301 AM  28    1917  54      4       58
  AVERAGE         69                        66      3       72

PRECIPITATION (IN)
  TODAY            T             2.20 1947   0.12  -0.12     0.25
  MONTH TO DATE    1.20                      2.54  -1.34     2.43
  SINCE JUN 1      1.20                      2.54  -1.34     2.43
  SINCE JAN 1      2.56                      7.93  -5.37     7.58

DEGREE DAYS
 HEATING
  TODAY            0                         2     -2        0
  MONTH TO DATE   18                        90    -72       11
  SINCE JUN 1     18                        90    -72       11
  SINCE JUL 1   7970                      8785   -815     6967

 COOLING
  TODAY            4                         3      1        7
  MONTH TO DATE   78                        42     36       98
  SINCE JUN 1     78                        42     36       98
  SINCE JAN 1     81                        58     23      138
..................................................................


WIND (MPH)
  RESULTANT WIND SPEED   8   RESULTANT WIND DIRECTION   W (260)
  HIGHEST WIND SPEED    32   HIGHEST WIND DIRECTION     W (280)
  HIGHEST GUST SPEED    45   HIGHEST GUST DIRECTION     W (270)
  AVERAGE WIND SPEED    16.3


SKY COVER
  POSSIBLE SUNSHINE  MM
  AVERAGE SKY COVER 0.1


WEATHER CONDITIONS
 THE FOLLOWING WEATHER WAS RECORDED TODAY.
  LIGHT RAIN


RELATIVE HUMIDITY (PERCENT)
 HIGHEST    77           100 AM
 LOWEST     20           600 PM
 AVERAGE    49

..........................................................


THE MINOT ND CLIMATE NORMALS FOR TOMORROW
                         NORMAL    RECORD    YEAR
 MAXIMUM TEMPERATURE (F)   77        98      1987
 MINIMUM TEMPERATURE (F)   55        35      1917


SUNRISE AND SUNSET
JUNE 21 2017..........SUNRISE   544 AM CDT   SUNSET   950 PM CDT
JUNE 22 2017..........SUNRISE   545 AM CDT   SUNSET   950 PM CDT


-  INDICATES NEGATIVE NUMBERS.
R  INDICATES RECORD WAS SET OR TIED.
MM INDICATES DATA IS MISSING.
T  INDICATES TRACE AMOUNT.




$$
