000
CDUS43 KBIS 210800
CLIMOT


CLIMATE REPORT
NATIONAL WEATHER SERVICE BISMARCK ND
200 AM CST TUE FEB 21 2017


...................................

...THE MINOT ND CLIMATE SUMMARY FOR FEBRUARY 20 2017...

CLIMATE NORMAL PERIOD 1981 TO 2010
CLIMATE RECORD PERIOD 1897 TO 2017


WEATHER ITEM   OBSERVED TIME   RECORD YEAR NORMAL DEPARTURE LAST
                VALUE   (LST)  VALUE       VALUE  FROM      YEAR
                                                  NORMAL
..................................................................
TEMPERATURE (F)
 YESTERDAY
  MAXIMUM         50    306 PM  55    1930  27     23       43
  MINIMUM         33    140 AM -32    1918  10     23       27
  AVERAGE         42                        18     24       35

PRECIPITATION (IN)
  YESTERDAY        T             0.27 1969   0.01  -0.01     0.01
  MONTH TO DATE    0.02                      0.26  -0.24     0.37
  SINCE DEC 1      0.71                      1.15  -0.44     0.89
  SINCE JAN 1      0.09                      0.77  -0.68     0.58

DEGREE DAYS
 HEATING
  YESTERDAY       23                        47    -24       30
  MONTH TO DATE  852                       984   -132      763
  SINCE DEC 1   4068                      4158    -90     3446
  SINCE JUL 1   5583                      6216   -633     5147
..................................................................


WIND (MPH)
  HIGHEST WIND SPEED    18   HIGHEST WIND DIRECTION     W (250)
  HIGHEST GUST SPEED    22   HIGHEST GUST DIRECTION    SW (240)
  AVERAGE WIND SPEED    10.0


SKY COVER
  POSSIBLE SUNSHINE  MM
  AVERAGE SKY COVER 0.5


WEATHER CONDITIONS
 THE FOLLOWING WEATHER WAS RECORDED YESTERDAY.
  FOG


RELATIVE HUMIDITY (PERCENT)
 HIGHEST   100           300 AM
 LOWEST     56           200 PM
 AVERAGE    78

..........................................................


THE MINOT ND CLIMATE NORMALS FOR TODAY
                         NORMAL    RECORD    YEAR
 MAXIMUM TEMPERATURE (F)   27        54      1961
 MINIMUM TEMPERATURE (F)   11       -34      1897


SUNRISE AND SUNSET
FEBRUARY 21 2017......SUNRISE   741 AM CST   SUNSET   617 PM CST
FEBRUARY 22 2017......SUNRISE   739 AM CST   SUNSET   619 PM CST


-  INDICATES NEGATIVE NUMBERS.
R  INDICATES RECORD WAS SET OR TIED.
MM INDICATES DATA IS MISSING.
T  INDICATES TRACE AMOUNT.




$$
