000
CDUS43 KBIS 281245
CLIMOT


CLIMATE REPORT
NATIONAL WEATHER SERVICE BISMARCK ND
745 AM CDT FRI AUG 28 2015


...................................

...THE MINOT ND CLIMATE SUMMARY FOR AUGUST 27 2015...

CLIMATE NORMAL PERIOD 1981 TO 2010
CLIMATE RECORD PERIOD 1897 TO 2015


WEATHER ITEM   OBSERVED TIME   RECORD YEAR NORMAL DEPARTURE LAST
                VALUE   (LST)  VALUE       VALUE  FROM      YEAR
                                                  NORMAL
..................................................................
TEMPERATURE (F)
 YESTERDAY
  MAXIMUM         82    536 PM  99    1973  79      3       78
  MINIMUM         53    649 AM  31    1934  53      0       52
  AVERAGE         68                        66      2       65

PRECIPITATION (IN)
  YESTERDAY        0.00          2.20 1903   0.06  -0.06     0.00
  MONTH TO DATE    1.26                      1.79  -0.53     2.84
  SINCE JUN 1      7.33                      7.80  -0.47     9.90
  SINCE JAN 1     11.46                     13.19  -1.73    13.71

DEGREE DAYS
 COOLING
  YESTERDAY        3                         3      0        0
  MONTH TO DATE  129                       140    -11      125
  SINCE JUN 1    398                       382     16      256
  SINCE JAN 1    405                       398      7      297
..................................................................


WIND (MPH)
  HIGHEST WIND SPEED    13   HIGHEST WIND DIRECTION    SW (210)
  HIGHEST GUST SPEED    19   HIGHEST GUST DIRECTION     S (200)
  AVERAGE WIND SPEED     4.6


SKY COVER
  POSSIBLE SUNSHINE  MM
  AVERAGE SKY COVER 0.0


WEATHER CONDITIONS
 THE FOLLOWING WEATHER WAS RECORDED YESTERDAY.
  FOG


RELATIVE HUMIDITY (PERCENT)
 HIGHEST    97          1200 AM
 LOWEST     55           500 PM
 AVERAGE    76

..........................................................


THE MINOT ND CLIMATE NORMALS FOR TODAY
                         NORMAL    RECORD    YEAR
 MAXIMUM TEMPERATURE (F)   78       101      1971
 MINIMUM TEMPERATURE (F)   53        29      1917


SUNRISE AND SUNSET
AUGUST 28 2015........SUNRISE   657 AM CDT   SUNSET   835 PM CDT
AUGUST 29 2015........SUNRISE   658 AM CDT   SUNSET   833 PM CDT


-  INDICATES NEGATIVE NUMBERS.
R  INDICATES RECORD WAS SET OR TIED.
MM INDICATES DATA IS MISSING.
T  INDICATES TRACE AMOUNT.




$$
