000
CDUS43 KBIS 250045
CLIMOT


CLIMATE REPORT
NATIONAL WEATHER SERVICE BISMARCK ND
744 PM CDT FRI MAR 24 2017


...................................

...THE MINOT ND CLIMATE SUMMARY FOR MARCH 24 2017...
VALID TODAY AS OF 0700 PM LOCAL TIME.

CLIMATE NORMAL PERIOD 1981 TO 2010
CLIMATE RECORD PERIOD 1897 TO 2017


WEATHER ITEM   OBSERVED TIME   RECORD YEAR NORMAL DEPARTURE LAST
                VALUE   (LST)  VALUE       VALUE  FROM      YEAR
                                                  NORMAL
..................................................................
TEMPERATURE (F)
 TODAY
  MAXIMUM         41    358 PM  73    1939  42     -1       62
  MINIMUM         24    644 AM -10    1965  23      1       26
                                      1923
  AVERAGE         33                        32      1       44

PRECIPITATION (IN)
  TODAY            0.00          0.67 1988   0.03  -0.03      T
  MONTH TO DATE    0.29                      0.60  -0.31     0.06
  SINCE MAR 1      0.29                      0.60  -0.31     0.06
  SINCE JAN 1      0.42                      1.51  -1.09     0.64

DEGREE DAYS
 HEATING
  TODAY           32                        33     -1       21
  MONTH TO DATE 1018                       920     98      622
  SINCE MAR 1   1018                       920     98      622
  SINCE JUL 1   6954                      7496   -542     6054

 COOLING
  TODAY            0                         0      0        0
  MONTH TO DATE    0                         0      0        0
  SINCE MAR 1      0                         0      0        0
  SINCE JAN 1      0                         0      0        0
..................................................................


WIND (MPH)
  RESULTANT WIND SPEED   6   RESULTANT WIND DIRECTION   E (80)
  HIGHEST WIND SPEED    17   HIGHEST WIND DIRECTION     E (110)
  HIGHEST GUST SPEED    22   HIGHEST GUST DIRECTION     E (100)
  AVERAGE WIND SPEED     9.4


SKY COVER
  POSSIBLE SUNSHINE  MM
  AVERAGE SKY COVER 0.1


WEATHER CONDITIONS
 THE FOLLOWING WEATHER WAS RECORDED TODAY.
  NO SIGNIFICANT WEATHER WAS OBSERVED.


RELATIVE HUMIDITY (PERCENT)
 HIGHEST    92           300 AM
 LOWEST     64           200 PM
 AVERAGE    78

..........................................................


THE MINOT ND CLIMATE NORMALS FOR TOMORROW
                         NORMAL    RECORD    YEAR
 MAXIMUM TEMPERATURE (F)   42        78      2007
 MINIMUM TEMPERATURE (F)   23       -17      1964


SUNRISE AND SUNSET
MARCH 24 2017.........SUNRISE   739 AM CDT   SUNSET   804 PM CDT
MARCH 25 2017.........SUNRISE   737 AM CDT   SUNSET   806 PM CDT


-  INDICATES NEGATIVE NUMBERS.
R  INDICATES RECORD WAS SET OR TIED.
MM INDICATES DATA IS MISSING.
T  INDICATES TRACE AMOUNT.




$$
