290
CDUS41 KPHI 240636
CLIMPO


CLIMATE REPORT
NATIONAL WEATHER SERVICE MOUNT HOLLY NJ
234 AM EDT SUN JUL 24 2016


...................................

...THE MOUNT POCONO PA CLIMATE SUMMARY FOR JULY 23 2016...

CLIMATE NORMAL PERIOD 1981 TO 2010
CLIMATE RECORD PERIOD 1901 TO 2016


WEATHER ITEM   OBSERVED TIME   RECORD YEAR NORMAL DEPARTURE LAST
                VALUE   (LST)  VALUE       VALUE  FROM      YEAR
                                                  NORMAL
..................................................................
TEMPERATURE (F)
 YESTERDAY
  MAXIMUM         88    445 PM  91    1955  78     10       74
  MINIMUM         64    232 AM  40    1939  59      5       53
  AVERAGE         76                        68      8       64

PRECIPITATION (IN)
  YESTERDAY        0.00          3.08 2002   0.16  -0.16     0.00
  MONTH TO DATE    3.36                      3.21   0.15     1.74
  SINCE JUN 1      5.14                      7.59  -2.45    10.51
  SINCE JAN 1     22.57                     25.09  -2.52    21.51

SNOWFALL (IN)
  YESTERDAY       MM            MM      MM  MM     MM       MM
  MONTH TO DATE   MM                        MM     MM       MM
  SINCE JUN 1     MM                        MM     MM       MM
  SINCE JUL 1     MM                        MM     MM       MM
  SNOW DEPTH      MM

DEGREE DAYS
 HEATING
  YESTERDAY        0                         1     -1        1
  MONTH TO DATE   16                        23     -7       11
  SINCE JUN 1    108                       123    -15       95
  SINCE JUL 1     16                        23     -7       11

 COOLING
  YESTERDAY       11                         4      7        0
  MONTH TO DATE  101                        91     10       84
  SINCE JUN 1    126                       153    -27      150
  SINCE JAN 1    155                       172    -17      207
..................................................................


WIND (MPH)
  HIGHEST WIND SPEED    18   HIGHEST WIND DIRECTION    NW (300)
  HIGHEST GUST SPEED    25   HIGHEST GUST DIRECTION     W (280)
  AVERAGE WIND SPEED     8.9


SKY COVER
  POSSIBLE SUNSHINE  MM
  AVERAGE SKY COVER 0.0


WEATHER CONDITIONS
 THE FOLLOWING WEATHER WAS RECORDED YESTERDAY.
  NO SIGNIFICANT WEATHER WAS OBSERVED.


RELATIVE HUMIDITY (PERCENT)
 HIGHEST    87           100 AM
 LOWEST     73           200 AM
 AVERAGE    80

..........................................................


THE MOUNT POCONO PA CLIMATE NORMALS FOR TODAY
                         NORMAL    RECORD    YEAR
 MAXIMUM TEMPERATURE (F)   78        91      1914
 MINIMUM TEMPERATURE (F)   59        40      1953


SUNRISE AND SUNSET
JULY 24 2016..........SUNRISE   550 AM EDT   SUNSET   826 PM EDT
JULY 25 2016..........SUNRISE   551 AM EDT   SUNSET   825 PM EDT


-  INDICATES NEGATIVE NUMBERS.
R  INDICATES RECORD WAS SET OR TIED.
MM INDICATES DATA IS MISSING.
T  INDICATES TRACE AMOUNT.




$$
