000
CDUS41 KPHI 180544
CLIMPO


CLIMATE REPORT
NATIONAL WEATHER SERVICE MOUNT HOLLY NJ
143 AM EDT WED OCT 18 2017


...................................

...THE MOUNT POCONO PA CLIMATE SUMMARY FOR OCTOBER 17 2017...

CLIMATE NORMAL PERIOD 1981 TO 2010
CLIMATE RECORD PERIOD 1901 TO 2017


WEATHER ITEM   OBSERVED TIME   RECORD YEAR NORMAL DEPARTURE LAST
                VALUE   (LST)  VALUE       VALUE  FROM      YEAR
                                                  NORMAL
..................................................................
TEMPERATURE (F)
 YESTERDAY
  MAXIMUM         55    309 PM  82    1908  57     -2       70
  MINIMUM         32    635 AM  16    1916  38     -6       55
  AVERAGE         44                        48     -4       63

PRECIPITATION (IN)
  YESTERDAY        0.00          1.96 1977   0.14  -0.14      T
  MONTH TO DATE    3.08                      2.45   0.63     0.33
  SINCE SEP 1      5.90                      7.81  -1.91     3.93
  SINCE JAN 1     36.51                     38.79  -2.28    33.52

DEGREE DAYS
 HEATING
  YESTERDAY       21                        17      4        2
  MONTH TO DATE  140                       253   -113      221
  SINCE SEP 1    292                       458   -166      371
  SINCE JUL 1    390                       521   -131      403

 COOLING
  YESTERDAY        0                         0      0        0
  MONTH TO DATE   12                         0     12        0
  SINCE SEP 1     58                        17     41       51
  SINCE JAN 1    287                       313    -26      397
..................................................................


WIND (MPH)
  HIGHEST WIND SPEED    15   HIGHEST WIND DIRECTION    NW (320)
  HIGHEST GUST SPEED    21   HIGHEST GUST DIRECTION    NW (320)
  AVERAGE WIND SPEED     7.7


SKY COVER
  POSSIBLE SUNSHINE  MM
  AVERAGE SKY COVER 0.0


WEATHER CONDITIONS
 THE FOLLOWING WEATHER WAS RECORDED YESTERDAY.
  NO SIGNIFICANT WEATHER WAS OBSERVED.


RELATIVE HUMIDITY (PERCENT)
 HIGHEST    92           400 AM
 LOWEST     28           200 PM
 AVERAGE    60

..........................................................


THE MOUNT POCONO PA CLIMATE NORMALS FOR TODAY
                         NORMAL    RECORD    YEAR
 MAXIMUM TEMPERATURE (F)   57        84      1908
 MINIMUM TEMPERATURE (F)   38        15      1939


SUNRISE AND SUNSET
OCTOBER 18 2017.......SUNRISE   717 AM EDT   SUNSET   616 PM EDT
OCTOBER 19 2017.......SUNRISE   718 AM EDT   SUNSET   614 PM EDT


-  INDICATES NEGATIVE NUMBERS.
R  INDICATES RECORD WAS SET OR TIED.
MM INDICATES DATA IS MISSING.
T  INDICATES TRACE AMOUNT.




$$
