000
CDUS41 KPHI 180548
CLIMPO


CLIMATE REPORT
NATIONAL WEATHER SERVICE MOUNT HOLLY NJ
1247 AM EST MON DEC 18 2017


...................................

...THE MOUNT POCONO PA CLIMATE SUMMARY FOR DECEMBER 17 2017...

CLIMATE NORMAL PERIOD 1981 TO 2010
CLIMATE RECORD PERIOD 1901 TO 2017


WEATHER ITEM   OBSERVED TIME   RECORD YEAR NORMAL DEPARTURE LAST
                VALUE   (LST)  VALUE       VALUE  FROM      YEAR
                                                  NORMAL
..................................................................
TEMPERATURE (F)
 YESTERDAY
  MAXIMUM         32    137 PM  56    2006  34     -2       43
  MINIMUM         21    803 AM -10    1904  21      0       13
  AVERAGE         27                        27      0       28

PRECIPITATION (IN)
  YESTERDAY        0.00          3.37 2000   0.11  -0.11     0.22
  MONTH TO DATE    0.61                      2.27  -1.66     1.55
  SINCE DEC 1      0.61                      2.27  -1.66     1.55
  SINCE JAN 1     41.70                     47.18  -5.48    39.45

DEGREE DAYS
 HEATING
  YESTERDAY       38                        38      0       37
  MONTH TO DATE  653                       600     53      637
  SINCE DEC 1    653                       600     53      637
  SINCE JUL 1   2091                      2179    -88     2030

 COOLING
  YESTERDAY        0                         0      0        0
  MONTH TO DATE    0                         0      0        0
  SINCE DEC 1      0                         0      0        0
  SINCE JAN 1    287                       314    -27      397
..................................................................


WIND (MPH)
  HIGHEST WIND SPEED     7   HIGHEST WIND DIRECTION    SE (130)
  HIGHEST GUST SPEED     9   HIGHEST GUST DIRECTION    SW (240)
  AVERAGE WIND SPEED     2.6


SKY COVER
  POSSIBLE SUNSHINE  MM
  AVERAGE SKY COVER 0.8


WEATHER CONDITIONS
 THE FOLLOWING WEATHER WAS RECORDED YESTERDAY.
  NO SIGNIFICANT WEATHER WAS OBSERVED.


RELATIVE HUMIDITY (PERCENT)
 HIGHEST   100           800 AM
 LOWEST     78          1200 PM
 AVERAGE    89

..........................................................


THE MOUNT POCONO PA CLIMATE NORMALS FOR TODAY
                         NORMAL    RECORD    YEAR
 MAXIMUM TEMPERATURE (F)   33        56      1984
 MINIMUM TEMPERATURE (F)   20       -21      1919


SUNRISE AND SUNSET
DECEMBER 18 2017......SUNRISE   722 AM EST   SUNSET   435 PM EST
DECEMBER 19 2017......SUNRISE   722 AM EST   SUNSET   435 PM EST


-  INDICATES NEGATIVE NUMBERS.
R  INDICATES RECORD WAS SET OR TIED.
MM INDICATES DATA IS MISSING.
T  INDICATES TRACE AMOUNT.




$$
