000
CDUS41 KPHI 160552
CLIMPO


CLIMATE REPORT
NATIONAL WEATHER SERVICE MOUNT HOLLY NJ
151 AM EDT WED AUG 16 2017


...................................

...THE MOUNT POCONO PA CLIMATE SUMMARY FOR AUGUST 15 2017...

CLIMATE NORMAL PERIOD 1981 TO 2010
CLIMATE RECORD PERIOD 1901 TO 2017


WEATHER ITEM   OBSERVED TIME   RECORD YEAR NORMAL DEPARTURE LAST
                VALUE   (LST)  VALUE       VALUE  FROM      YEAR
                                                  NORMAL
..................................................................
TEMPERATURE (F)
 YESTERDAY
  MAXIMUM         74    459 PM  88    2002  77     -3       82
  MINIMUM         60   1130 PM  32    1907  57      3       65
  AVERAGE         67                        67      0       74

PRECIPITATION (IN)
  YESTERDAY        0.08          0.81 2006   0.15  -0.07     0.00
  MONTH TO DATE    3.90                      2.32   1.58     2.67
  SINCE JUN 1     13.34                     11.34   2.00    10.90
  SINCE JAN 1     30.24                     28.84   1.40    28.33

DEGREE DAYS
 HEATING
  YESTERDAY        0                         1     -1        0
  MONTH TO DATE   30                        15     15        1
  SINCE JUN 1    169                       137     32      109
  SINCE JUL 1     42                        37      5       17

 COOLING
  YESTERDAY        2                         3     -1        9
  MONTH TO DATE   20                        59    -39       77
  SINCE JUN 1    185                       242    -57      264
  SINCE JAN 1    203                       261    -58      293
..................................................................


WIND (MPH)
  HIGHEST WIND SPEED     9   HIGHEST WIND DIRECTION    SW (210)
  HIGHEST GUST SPEED    13   HIGHEST GUST DIRECTION     S (200)
  AVERAGE WIND SPEED     4.1


SKY COVER
  POSSIBLE SUNSHINE  MM
  AVERAGE SKY COVER 0.7


WEATHER CONDITIONS
 THE FOLLOWING WEATHER WAS RECORDED YESTERDAY.
  LIGHT RAIN
  FOG


RELATIVE HUMIDITY (PERCENT)
 HIGHEST   100           200 AM
 LOWEST     68           500 PM
 AVERAGE    84

..........................................................


THE MOUNT POCONO PA CLIMATE NORMALS FOR TODAY
                         NORMAL    RECORD    YEAR
 MAXIMUM TEMPERATURE (F)   77        88      1965
 MINIMUM TEMPERATURE (F)   57        36      1921


SUNRISE AND SUNSET
AUGUST 16 2017........SUNRISE   612 AM EDT   SUNSET   758 PM EDT
AUGUST 17 2017........SUNRISE   613 AM EDT   SUNSET   757 PM EDT


-  INDICATES NEGATIVE NUMBERS.
R  INDICATES RECORD WAS SET OR TIED.
MM INDICATES DATA IS MISSING.
T  INDICATES TRACE AMOUNT.




$$
