000
CDUS41 KBTV 300549
CLIMPV


CLIMATE REPORT
NATIONAL WEATHER SERVICE BURLINGTON VT
145 AM EDT THU MAR 30 2017


...................................

...THE MONTPELIER VT CLIMATE SUMMARY FOR MARCH 29 2017...

CLIMATE NORMAL PERIOD 1981 TO 2010
CLIMATE RECORD PERIOD 1948 TO 2017


WEATHER ITEM   OBSERVED TIME   RECORD YEAR NORMAL DEPARTURE LAST
                VALUE   (LST)  VALUE       VALUE  FROM      YEAR
                                                  NORMAL
..................................................................
TEMPERATURE (F)
 YESTERDAY
  MAXIMUM         35    317 PM  70    1977  44     -9       39
  MINIMUM         32   1159 PM  -5    1974  24      8       29
  AVERAGE         34                        34      0       34

PRECIPITATION (IN)
  YESTERDAY        T             0.71        0.08  -0.08     0.01
  MONTH TO DATE    2.14                      2.22  -0.08     2.50
  SINCE MAR 1      2.14                      2.22  -0.08     2.50
  SINCE JAN 1      6.06                      6.71  -0.65     7.67

DEGREE DAYS
 HEATING
  YESTERDAY       31                        31      0       31
  MONTH TO DATE 1217                      1058    159      924
  SINCE MAR 1   1217                      1058    159      924
  SINCE JUL 1   6438                      6966   -528     6078

 COOLING
  YESTERDAY        0                         0      0        0
  MONTH TO DATE    0                         0      0        0
  SINCE MAR 1      0                         0      0        0
  SINCE JAN 1      0                         0      0        0
..................................................................


WIND (MPH)
  HIGHEST WIND SPEED    20   HIGHEST WIND DIRECTION    NW (320)
  HIGHEST GUST SPEED    27   HIGHEST GUST DIRECTION    NW (310)
  AVERAGE WIND SPEED     9.3


SKY COVER
  AVERAGE SKY COVER 1.0


WEATHER CONDITIONS
 THE FOLLOWING WEATHER WAS RECORDED YESTERDAY.
  FOG


RELATIVE HUMIDITY (PERCENT)
 HIGHEST   100          1200 AM
 LOWEST     56          1100 PM
 AVERAGE    78

..........................................................


THE MONTPELIER VT CLIMATE NORMALS FOR TODAY
                         NORMAL    RECORD    YEAR
 MAXIMUM TEMPERATURE (F)   45        77      1977
 MINIMUM TEMPERATURE (F)   25         7      2008
                                             1970


SUNRISE AND SUNSET
MARCH 30 2017.........SUNRISE   635 AM EDT   SUNSET   715 PM EDT
MARCH 31 2017.........SUNRISE   633 AM EDT   SUNSET   717 PM EDT


-  INDICATES NEGATIVE NUMBERS.
R  INDICATES RECORD WAS SET OR TIED.
MM INDICATES DATA IS MISSING.
T  INDICATES TRACE AMOUNT.




$$
