000
CDUS41 KBTV 310536
CLIMPV


CLIMATE REPORT
NATIONAL WEATHER SERVICE BURLINGTON VT
134 AM EDT MON AUG 31 2015


...................................

...THE MONTPELIER VT CLIMATE SUMMARY FOR AUGUST 30 2015...

CLIMATE NORMAL PERIOD 1981 TO 2010
CLIMATE RECORD PERIOD 1948 TO 2015


WEATHER ITEM   OBSERVED TIME   RECORD YEAR NORMAL DEPARTURE LAST
                VALUE   (LST)  VALUE       VALUE  FROM      YEAR
                                                  NORMAL
..................................................................
TEMPERATURE (F)
 YESTERDAY
  MAXIMUM         78    321 PM  90    1973  75      3       77
  MINIMUM         59    530 AM  34    1965  52      7       50
  AVERAGE         69                        63      6       64

PRECIPITATION (IN)
  YESTERDAY        0.00          1.47        0.10  -0.10     0.00
  MONTH TO DATE    1.82                      3.91  -2.09     2.73
  SINCE JUN 1     15.24                     11.79   3.45    12.43
  SINCE JAN 1     25.94                     24.70   1.24    25.03

DEGREE DAYS
 HEATING
  YESTERDAY        0                         4     -4        1
  MONTH TO DATE   26                        65    -39       70
  SINCE JUN 1    239                       226     13      213
  SINCE JUL 1     77                       105    -28      113

 COOLING
  YESTERDAY        4                         2      2        0
  MONTH TO DATE   92                        76     16       31
  SINCE JUN 1    203                       234    -31      162
  SINCE JAN 1    237                       244     -7      163
..................................................................


WIND (MPH)
  HIGHEST WIND SPEED     9   HIGHEST WIND DIRECTION    NW (300)
  HIGHEST GUST SPEED    14   HIGHEST GUST DIRECTION    NW (310)
  AVERAGE WIND SPEED     2.2


SKY COVER
  AVERAGE SKY COVER 0.4


WEATHER CONDITIONS
 THE FOLLOWING WEATHER WAS RECORDED YESTERDAY.
  NO SIGNIFICANT WEATHER WAS OBSERVED.


RELATIVE HUMIDITY (PERCENT)
 HIGHEST    97           700 AM
 LOWEST     47           300 PM
 AVERAGE    72

..........................................................


THE MONTPELIER VT CLIMATE NORMALS FOR TODAY
                         NORMAL    RECORD    YEAR
 MAXIMUM TEMPERATURE (F)   74        89      1993
 MINIMUM TEMPERATURE (F)   51        31      1965


SUNRISE AND SUNSET
AUGUST 31 2015........SUNRISE   612 AM EDT   SUNSET   729 PM EDT
SEPTEMBER  1 2015.....SUNRISE   613 AM EDT   SUNSET   727 PM EDT


-  INDICATES NEGATIVE NUMBERS.
R  INDICATES RECORD WAS SET OR TIED.
MM INDICATES DATA IS MISSING.
T  INDICATES TRACE AMOUNT.




$$
