000
CDUS41 KBTV 210604
CLIMPV


CLIMATE REPORT
NATIONAL WEATHER SERVICE BURLINGTON VT
202 AM EDT MON APR 21 2014


...................................

...THE MONTPELIER VT CLIMATE SUMMARY FOR APRIL 20 2014...

CLIMATE NORMAL PERIOD 1981 TO 2010
CLIMATE RECORD PERIOD 1948 TO 2014


WEATHER ITEM   OBSERVED TIME   RECORD YEAR NORMAL DEPARTURE LAST
                VALUE   (LST)  VALUE       VALUE  FROM      YEAR
                                                  NORMAL
..................................................................
TEMPERATURE (F)
 YESTERDAY
  MAXIMUM         60    430 PM  80    1987  56      4       49
  MINIMUM         21    510 AM  18    2001  33    -12       31
  AVERAGE         41                        44     -3       40

PRECIPITATION (IN)
  YESTERDAY        0.00          1.11        0.09  -0.09     0.04
  MONTH TO DATE    1.35                      1.74  -0.39     1.93
  SINCE MAR 1      4.40                      4.13   0.27     2.82
  SINCE JAN 1      8.71                      8.62   0.09     5.06

DEGREE DAYS
 HEATING
  YESTERDAY       24                        20      4       25
  MONTH TO DATE  533                       495     38      529
  SINCE MAR 1   1982                      1612    370     1593
  SINCE JUL 1   8147                      7520    627     7142

 COOLING
  YESTERDAY        0                         0      0        0
  MONTH TO DATE    0                         0      0        0
  SINCE MAR 1      0                         0      0        0
  SINCE JAN 1      0                         0      0        0
..................................................................


WIND (MPH)
  HIGHEST WIND SPEED    14   HIGHEST WIND DIRECTION     S (200)
  HIGHEST GUST SPEED    21   HIGHEST GUST DIRECTION     S (160)
  AVERAGE WIND SPEED     4.4


SKY COVER
  AVERAGE SKY COVER 0.0


WEATHER CONDITIONS
 THE FOLLOWING WEATHER WAS RECORDED YESTERDAY.
  NO SIGNIFICANT WEATHER WAS OBSERVED.


RELATIVE HUMIDITY (PERCENT)
 HIGHEST    92           400 AM
 LOWEST     14           300 PM
 AVERAGE    53

..........................................................


THE MONTPELIER VT CLIMATE NORMALS FOR TODAY
                         NORMAL    RECORD    YEAR
 MAXIMUM TEMPERATURE (F)   56        81      1987
 MINIMUM TEMPERATURE (F)   34        19      1981


SUNRISE AND SUNSET
APRIL 21 2014.........SUNRISE   557 AM EDT   SUNSET   742 PM EDT
APRIL 22 2014.........SUNRISE   555 AM EDT   SUNSET   743 PM EDT


-  INDICATES NEGATIVE NUMBERS.
R  INDICATES RECORD WAS SET OR TIED.
MM INDICATES DATA IS MISSING.
T  INDICATES TRACE AMOUNT.




$$
