291
CDUS41 KBTV 240550
CLIMPV


CLIMATE REPORT
NATIONAL WEATHER SERVICE BURLINGTON VT
1248 AM EST FRI FEB 24 2017


...................................

...THE MONTPELIER VT CLIMATE SUMMARY FOR FEBRUARY 23 2017...

CLIMATE NORMAL PERIOD 1981 TO 2010
CLIMATE RECORD PERIOD 1948 TO 2017


WEATHER ITEM   OBSERVED TIME   RECORD YEAR NORMAL DEPARTURE LAST
                VALUE   (LST)  VALUE       VALUE  FROM      YEAR
                                                  NORMAL
..................................................................
TEMPERATURE (F)
 YESTERDAY
  MAXIMUM         63R   250 PM  58    1990  32     31       35
  MINIMUM         29    622 AM -18    2015  11     18        4
  AVERAGE         46                        22     24       20

PRECIPITATION (IN)
  YESTERDAY        0.00          0.59        0.07  -0.07      T
  MONTH TO DATE    1.47                      1.68  -0.21     1.48
  SINCE DEC 1      5.83                      6.87  -1.04     6.43
  SINCE JAN 1      3.24                      4.13  -0.89     2.74

DEGREE DAYS
 HEATING
  YESTERDAY       19                        43    -24       45
  MONTH TO DATE  952                      1050    -98     1005
  SINCE DEC 1   3499                      3849   -350     3309
  SINCE JUL 1   5088                      5695   -607     4952

 COOLING
  YESTERDAY        0                         0      0        0
  MONTH TO DATE    0                         0      0        0
  SINCE DEC 1      0                         0      0        0
  SINCE JAN 1      0                         0      0        0
..................................................................


WIND (MPH)
  HIGHEST WIND SPEED    21   HIGHEST WIND DIRECTION     S (170)
  HIGHEST GUST SPEED    30   HIGHEST GUST DIRECTION    SW (220)
  AVERAGE WIND SPEED     6.2


SKY COVER
  AVERAGE SKY COVER 0.4


WEATHER CONDITIONS
 THE FOLLOWING WEATHER WAS RECORDED YESTERDAY.
  NO SIGNIFICANT WEATHER WAS OBSERVED.


RELATIVE HUMIDITY (PERCENT)
 HIGHEST   100           100 AM
 LOWEST     48           200 PM
 AVERAGE    74

..........................................................


THE MONTPELIER VT CLIMATE NORMALS FOR TODAY
                         NORMAL    RECORD    YEAR
 MAXIMUM TEMPERATURE (F)   33        59      1985
 MINIMUM TEMPERATURE (F)   12       -23      2015


SUNRISE AND SUNSET
FEBRUARY 24 2017......SUNRISE   635 AM EST   SUNSET   532 PM EST
FEBRUARY 25 2017......SUNRISE   634 AM EST   SUNSET   533 PM EST


-  INDICATES NEGATIVE NUMBERS.
R  INDICATES RECORD WAS SET OR TIED.
MM INDICATES DATA IS MISSING.
T  INDICATES TRACE AMOUNT.




$$
