000
CDUS41 KBTV 010549
CLIMPV


CLIMATE REPORT
NATIONAL WEATHER SERVICE BURLINGTON VT
147 AM EDT WED JUL 1 2015


...................................

...THE MONTPELIER VT CLIMATE SUMMARY FOR JUNE 30 2015...

CLIMATE NORMAL PERIOD 1981 TO 2010
CLIMATE RECORD PERIOD 1948 TO 2015


WEATHER ITEM   OBSERVED TIME   RECORD YEAR NORMAL DEPARTURE LAST
                VALUE   (LST)  VALUE       VALUE  FROM      YEAR
                                                  NORMAL
..................................................................
TEMPERATURE (F)
 YESTERDAY
  MAXIMUM         75   1236 PM  94    1995  78     -3       83
  MINIMUM         51    445 AM  43    1956  55     -4       60
  AVERAGE         63                        66     -3       72

PRECIPITATION (IN)
  YESTERDAY        0.12          3.33        0.12   0.00      T
  MONTH TO DATE    9.05                      3.80   5.25     4.02
  SINCE JUN 1      9.05                      3.80   5.25     4.02
  SINCE JAN 1     19.75                     16.71   3.04    16.62

DEGREE DAYS
 HEATING
  YESTERDAY        2                         2      0        0
  MONTH TO DATE  162                       120     42      100
  SINCE JUN 1    162                       121     41      100
  SINCE JUL 1   8786                      8181    605     8763

 COOLING
  YESTERDAY        0                         3     -3        7
  MONTH TO DATE   12                        53    -41       30
  SINCE JUN 1     12                        53    -41       30
  SINCE JAN 1     46                        63    -17       31
..................................................................


WIND (MPH)
  HIGHEST WIND SPEED    13   HIGHEST WIND DIRECTION     S (190)
  HIGHEST GUST SPEED    16   HIGHEST GUST DIRECTION     S (190)
  AVERAGE WIND SPEED     2.0


SKY COVER
  AVERAGE SKY COVER 0.7


WEATHER CONDITIONS
 THE FOLLOWING WEATHER WAS RECORDED YESTERDAY.
  LIGHT RAIN
  FOG
  FOG W/VISIBILITY <= 1/4 MILE


RELATIVE HUMIDITY (PERCENT)
 HIGHEST   100           600 AM
 LOWEST     53          1200 PM
 AVERAGE    77

..........................................................


THE MONTPELIER VT CLIMATE NORMALS FOR TODAY
                         NORMAL    RECORD    YEAR
 MAXIMUM TEMPERATURE (F)   78        89      1968
 MINIMUM TEMPERATURE (F)   55        41      1991


SUNRISE AND SUNSET
JULY  1 2015..........SUNRISE   510 AM EDT   SUNSET   838 PM EDT
JULY  2 2015..........SUNRISE   511 AM EDT   SUNSET   837 PM EDT


-  INDICATES NEGATIVE NUMBERS.
R  INDICATES RECORD WAS SET OR TIED.
MM INDICATES DATA IS MISSING.
T  INDICATES TRACE AMOUNT.




$$
