106
CDUS41 KBTV 230535
CLIMPV


CLIMATE REPORT
NATIONAL WEATHER SERVICE BURLINGTON VT
1234 AM EST TUE JAN 23 2018


...................................

...THE MONTPELIER VT CLIMATE SUMMARY FOR JANUARY 22 2018...

CLIMATE NORMAL PERIOD 1981 TO 2010
CLIMATE RECORD PERIOD 1948 TO 2018


WEATHER ITEM   OBSERVED TIME   RECORD YEAR NORMAL DEPARTURE LAST
                VALUE   (LST)  VALUE       VALUE  FROM      YEAR
                                                  NORMAL
..................................................................
TEMPERATURE (F)
 YESTERDAY
  MAXIMUM         33    219 PM  50    1959  26      7       39
  MINIMUM         28   1159 PM -27    1984   7     21       33
  AVERAGE         31                        16     15       36

PRECIPITATION (IN)
  YESTERDAY        0.09          1.13        0.09   0.00     0.00
  MONTH TO DATE    2.00                      1.67   0.33     0.84
  SINCE DEC 1      4.27                      4.41  -0.14     3.43
  SINCE JAN 1      2.00                      1.67   0.33     0.84

DEGREE DAYS
 HEATING
  YESTERDAY       34                        49    -15       29
  MONTH TO DATE 1093                      1066     27      904
  SINCE DEC 1   2576                      2368    208     2199
  SINCE JUL 1   4210                      4214     -4     3788

 COOLING
  YESTERDAY        0                         0      0        0
  MONTH TO DATE    0                         0      0        0
  SINCE DEC 1      0                         0      0        0
  SINCE JAN 1      0                         0      0        0
..................................................................


WIND (MPH)
  HIGHEST WIND SPEED    18   HIGHEST WIND DIRECTION     S (160)
  HIGHEST GUST SPEED    25   HIGHEST GUST DIRECTION     S (170)
  AVERAGE WIND SPEED     5.2


SKY COVER
  AVERAGE SKY COVER 1.0


WEATHER CONDITIONS
 THE FOLLOWING WEATHER WAS RECORDED YESTERDAY.
  FREEZING RAIN
  LT FREEZING RAIN
  LIGHT SNOW
  FOG


RELATIVE HUMIDITY (PERCENT)
 HIGHEST    96           200 PM
 LOWEST     85           600 AM
 AVERAGE    91

..........................................................


THE MONTPELIER VT CLIMATE NORMALS FOR TODAY
                         NORMAL    RECORD    YEAR
 MAXIMUM TEMPERATURE (F)   26        54      1957
 MINIMUM TEMPERATURE (F)    7       -18      2000


SUNRISE AND SUNSET
JANUARY 23 2018.......SUNRISE   717 AM EST   SUNSET   448 PM EST
JANUARY 24 2018.......SUNRISE   716 AM EST   SUNSET   449 PM EST


-  INDICATES NEGATIVE NUMBERS.
R  INDICATES RECORD WAS SET OR TIED.
MM INDICATES DATA IS MISSING.
T  INDICATES TRACE AMOUNT.




$$
