000
CDUS41 KBTV 290543
CLIMPV


CLIMATE REPORT
NATIONAL WEATHER SERVICE BURLINGTON VT
140 AM EDT SUN MAY 29 2016


...................................

...THE MONTPELIER VT CLIMATE SUMMARY FOR MAY 28 2016...

CLIMATE NORMAL PERIOD 1981 TO 2010
CLIMATE RECORD PERIOD 1948 TO 2016


WEATHER ITEM   OBSERVED TIME   RECORD YEAR NORMAL DEPARTURE LAST
                VALUE   (LST)  VALUE       VALUE  FROM      YEAR
                                                  NORMAL
..................................................................
TEMPERATURE (F)
 YESTERDAY
  MAXIMUM         86    419 PM  88    1978  69     17       78
  MINIMUM         61    400 AM  32    2013  46     15       59
  AVERAGE         74                        58     16       69

PRECIPITATION (IN)
  YESTERDAY        0.00          0.58        0.12  -0.12      T
  MONTH TO DATE    2.18                      3.02  -0.84     2.25
  SINCE MAR 1      6.95                      8.07  -1.12     5.15
  SINCE JAN 1     12.12                     12.56  -0.44     8.02

DEGREE DAYS
 HEATING
  YESTERDAY        0                         8     -8        0
  MONTH TO DATE  347                       333     14      204
  SINCE MAR 1   2108                      2129    -21     2278
  SINCE JUL 1   7262                      8037   -775     8616

 COOLING
  YESTERDAY        9                         1      8        4
  MONTH TO DATE   18                         4     14       28
  SINCE MAR 1     18                         5     13       28
  SINCE JAN 1     18                         5     13       28
..................................................................


WIND (MPH)
  HIGHEST WIND SPEED    14   HIGHEST WIND DIRECTION     N (340)
  HIGHEST GUST SPEED    18   HIGHEST GUST DIRECTION     N (340)
  AVERAGE WIND SPEED     3.5


SKY COVER
  AVERAGE SKY COVER 0.0


WEATHER CONDITIONS
 THE FOLLOWING WEATHER WAS RECORDED YESTERDAY.
  FOG


RELATIVE HUMIDITY (PERCENT)
 HIGHEST    93           100 AM
 LOWEST     29           300 PM
 AVERAGE    61

..........................................................


THE MONTPELIER VT CLIMATE NORMALS FOR TODAY
                         NORMAL    RECORD    YEAR
 MAXIMUM TEMPERATURE (F)   70        87      1978
 MINIMUM TEMPERATURE (F)   46        32      1970


SUNRISE AND SUNSET
MAY 29 2016...........SUNRISE   511 AM EDT   SUNSET   825 PM EDT
MAY 30 2016...........SUNRISE   511 AM EDT   SUNSET   826 PM EDT


-  INDICATES NEGATIVE NUMBERS.
R  INDICATES RECORD WAS SET OR TIED.
MM INDICATES DATA IS MISSING.
T  INDICATES TRACE AMOUNT.




$$
