000
CDUS41 KBTV 220526
CLIMPV


CLIMATE REPORT
NATIONAL WEATHER SERVICE BURLINGTON VT
123 AM EDT SAT JUL 22 2017


...................................

...THE MONTPELIER VT CLIMATE SUMMARY FOR JULY 21 2017...

CLIMATE NORMAL PERIOD 1981 TO 2010
CLIMATE RECORD PERIOD 1948 TO 2017


WEATHER ITEM   OBSERVED TIME   RECORD YEAR NORMAL DEPARTURE LAST
                VALUE   (LST)  VALUE       VALUE  FROM      YEAR
                                                  NORMAL
..................................................................
TEMPERATURE (F)
 YESTERDAY
  MAXIMUM         81    528 PM  93    1994  79      2       82
  MINIMUM         53    435 AM  39    1950  56     -3       50
  AVERAGE         67                        67      0       66

PRECIPITATION (IN)
  YESTERDAY        0.01          1.31        0.13  -0.12     0.00
  MONTH TO DATE    3.73                      2.62   1.11     3.28
  SINCE JUN 1     12.33                      6.42   5.91     5.96
  SINCE JAN 1     27.53                     19.33   8.20    18.24

DEGREE DAYS
 HEATING
  YESTERDAY        0                         1     -1        0
  MONTH TO DATE   16                        27    -11       29
  SINCE JUN 1    162                       148     14      161
  SINCE JUL 1     16                        27    -11       29

 COOLING
  YESTERDAY        2                         3     -1        1
  MONTH TO DATE   62                        67     -5       61
  SINCE JUN 1    127                       120      7       93
  SINCE JAN 1    144                       130     14      122
..................................................................


WIND (MPH)
  HIGHEST WIND SPEED    20   HIGHEST WIND DIRECTION    NW (300)
  HIGHEST GUST SPEED    32   HIGHEST GUST DIRECTION     W (280)
  AVERAGE WIND SPEED     3.8


SKY COVER
  AVERAGE SKY COVER 0.3


WEATHER CONDITIONS
 THE FOLLOWING WEATHER WAS RECORDED YESTERDAY.
  LIGHT RAIN
  FOG
  FOG W/VISIBILITY <= 1/4 MILE


RELATIVE HUMIDITY (PERCENT)
 HIGHEST   100          1200 AM
 LOWEST     45           100 PM
 AVERAGE    73

..........................................................


THE MONTPELIER VT CLIMATE NORMALS FOR TODAY
                         NORMAL    RECORD    YEAR
 MAXIMUM TEMPERATURE (F)   79        95      1955
 MINIMUM TEMPERATURE (F)   56        42      1992


SUNRISE AND SUNSET
JULY 22 2017..........SUNRISE   528 AM EDT   SUNSET   825 PM EDT
JULY 23 2017..........SUNRISE   529 AM EDT   SUNSET   824 PM EDT


-  INDICATES NEGATIVE NUMBERS.
R  INDICATES RECORD WAS SET OR TIED.
MM INDICATES DATA IS MISSING.
T  INDICATES TRACE AMOUNT.




$$
