000
CDUS41 KBTV 300554
CLIMPV


CLIMATE REPORT
NATIONAL WEATHER SERVICE BURLINGTON VT
152 AM EDT THU OCT 30 2014


...................................

...THE MONTPELIER VT CLIMATE SUMMARY FOR OCTOBER 29 2014...

CLIMATE NORMAL PERIOD 1981 TO 2010
CLIMATE RECORD PERIOD 1948 TO 2014


WEATHER ITEM   OBSERVED TIME   RECORD YEAR NORMAL DEPARTURE LAST
                VALUE   (LST)  VALUE       VALUE  FROM      YEAR
                                                  NORMAL
..................................................................
TEMPERATURE (F)
 YESTERDAY
  MAXIMUM         59   1229 PM  70    1989  51      8       41
  MINIMUM         36   1022 PM  16    2013  32      4       16
  AVERAGE         48                        41      7       29

PRECIPITATION (IN)
  YESTERDAY        0.01          1.37        0.10  -0.09     0.00
  MONTH TO DATE    4.37                      3.23   1.14     2.36
  SINCE SEP 1      5.92                      6.35  -0.43     6.68
  SINCE JAN 1     31.01                     31.15  -0.14    31.97

DEGREE DAYS
 HEATING
  YESTERDAY       17                        24     -7       36
  MONTH TO DATE  449                       553   -104      499
  SINCE SEP 1    720                       800    -80      786
  SINCE JUL 1    833                       908    -75      879

 COOLING
  YESTERDAY        0                         0      0        0
  MONTH TO DATE    2                         0      2        0
  SINCE SEP 1     22                        19      3       29
  SINCE JAN 1    188                       263    -75      323
..................................................................


WIND (MPH)
  HIGHEST WIND SPEED    15   HIGHEST WIND DIRECTION     W (290)
  HIGHEST GUST SPEED    19   HIGHEST GUST DIRECTION     N (340)
  AVERAGE WIND SPEED     3.6


SKY COVER
  AVERAGE SKY COVER 0.7


WEATHER CONDITIONS
 THE FOLLOWING WEATHER WAS RECORDED YESTERDAY.
  LIGHT RAIN
  FOG


RELATIVE HUMIDITY (PERCENT)
 HIGHEST   100           500 AM
 LOWEST     51           200 PM
 AVERAGE    76

..........................................................


THE MONTPELIER VT CLIMATE NORMALS FOR TODAY
                         NORMAL    RECORD    YEAR
 MAXIMUM TEMPERATURE (F)   51        70      1989
 MINIMUM TEMPERATURE (F)   32        18      1966


SUNRISE AND SUNSET
OCTOBER 30 2014.......SUNRISE   724 AM EDT   SUNSET   543 PM EDT
OCTOBER 31 2014.......SUNRISE   726 AM EDT   SUNSET   541 PM EDT


-  INDICATES NEGATIVE NUMBERS.
R  INDICATES RECORD WAS SET OR TIED.
MM INDICATES DATA IS MISSING.
T  INDICATES TRACE AMOUNT.




$$
