000
CDUS41 KBTV 260547
CLIMPV


CLIMATE REPORT
NATIONAL WEATHER SERVICE BURLINGTON VT
1244 AM EST THU FEB 26 2015


...................................

...THE MONTPELIER VT CLIMATE SUMMARY FOR FEBRUARY 25 2015...

CLIMATE NORMAL PERIOD 1981 TO 2010
CLIMATE RECORD PERIOD 1948 TO 2015


WEATHER ITEM   OBSERVED TIME   RECORD YEAR NORMAL DEPARTURE LAST
                VALUE   (LST)  VALUE       VALUE  FROM      YEAR
                                                  NORMAL
..................................................................
TEMPERATURE (F)
 YESTERDAY
  MAXIMUM         24    321 PM  59    1985  33     -9       15
  MINIMUM         -1    605 AM  -9    1964  12    -13        3
  AVERAGE         12                        22    -10        9

PRECIPITATION (IN)
  YESTERDAY        T             1.31        0.07  -0.07     0.01
  MONTH TO DATE    1.09                      1.82  -0.73     2.48
  SINCE DEC 1      6.44                      7.01  -0.57     6.36
  SINCE JAN 1      2.87                      4.27  -1.40     4.31

DEGREE DAYS
 HEATING
  YESTERDAY       53                        43     10       56
  MONTH TO DATE 1489                      1136    353     1181
  SINCE DEC 1   4339                      3935    404     4084
  SINCE JUL 1   6157                      5781    376     5988

 COOLING
  YESTERDAY        0                         0      0        0
  MONTH TO DATE    0                         0      0        0
  SINCE DEC 1      0                         0      0        0
  SINCE JAN 1      0                         0      0        0
..................................................................


WIND (MPH)
  HIGHEST WIND SPEED    21   HIGHEST WIND DIRECTION     W (270)
  HIGHEST GUST SPEED    30   HIGHEST GUST DIRECTION     W (250)
  AVERAGE WIND SPEED     5.8


SKY COVER
  AVERAGE SKY COVER 0.5


WEATHER CONDITIONS
 THE FOLLOWING WEATHER WAS RECORDED YESTERDAY.
  FOG
  HAZE


RELATIVE HUMIDITY (PERCENT)
 HIGHEST    87           700 AM
 LOWEST     35           600 PM
 AVERAGE    61

..........................................................


THE MONTPELIER VT CLIMATE NORMALS FOR TODAY
                         NORMAL    RECORD    YEAR
 MAXIMUM TEMPERATURE (F)   33        58      1957
 MINIMUM TEMPERATURE (F)   12       -18      2003


SUNRISE AND SUNSET
FEBRUARY 26 2015......SUNRISE   633 AM EST   SUNSET   534 PM EST
FEBRUARY 27 2015......SUNRISE   631 AM EST   SUNSET   535 PM EST


-  INDICATES NEGATIVE NUMBERS.
R  INDICATES RECORD WAS SET OR TIED.
MM INDICATES DATA IS MISSING.
T  INDICATES TRACE AMOUNT.




$$
