000
CDUS41 KBTV 230536
CLIMPV


CLIMATE REPORT
NATIONAL WEATHER SERVICE BURLINGTON VT
134 AM EDT SAT MAY 23 2015


...................................

...THE MONTPELIER VT CLIMATE SUMMARY FOR MAY 22 2015...

CLIMATE NORMAL PERIOD 1981 TO 2010
CLIMATE RECORD PERIOD 1948 TO 2015


WEATHER ITEM   OBSERVED TIME   RECORD YEAR NORMAL DEPARTURE LAST
                VALUE   (LST)  VALUE       VALUE  FROM      YEAR
                                                  NORMAL
..................................................................
TEMPERATURE (F)
 YESTERDAY
  MAXIMUM         57   1233 PM  90    1994  68    -11       61
  MINIMUM         37   1159 PM  29    2002  44     -7       50
  AVERAGE         47                        56     -9       56

PRECIPITATION (IN)
  YESTERDAY        T             1.26        0.12  -0.12     0.17
  MONTH TO DATE    2.01                      2.32  -0.31     2.23
  SINCE MAR 1      4.91                      7.37  -2.46     7.38
  SINCE JAN 1      7.78                     11.86  -4.08    11.69

DEGREE DAYS
 HEATING
  YESTERDAY       18                        10      8        9
  MONTH TO DATE  182                       281    -99      254
  SINCE MAR 1   2256                      2077    179     2433
  SINCE JUL 1   8594                      7985    609     8598

 COOLING
  YESTERDAY        0                         0      0        0
  MONTH TO DATE    9                         0      9        1
  SINCE MAR 1      9                         1      8        1
  SINCE JAN 1      9                         1      8        1
..................................................................


WIND (MPH)
  HIGHEST WIND SPEED    22   HIGHEST WIND DIRECTION     N (350)
  HIGHEST GUST SPEED    32   HIGHEST GUST DIRECTION     N (360)
  AVERAGE WIND SPEED     9.2


SKY COVER
  AVERAGE SKY COVER 0.8


WEATHER CONDITIONS
 THE FOLLOWING WEATHER WAS RECORDED YESTERDAY.
  LIGHT RAIN


RELATIVE HUMIDITY (PERCENT)
 HIGHEST    70           500 AM
 LOWEST     35           300 PM
 AVERAGE    53

..........................................................


THE MONTPELIER VT CLIMATE NORMALS FOR TODAY
                         NORMAL    RECORD    YEAR
 MAXIMUM TEMPERATURE (F)   68        88      1975
 MINIMUM TEMPERATURE (F)   44        28      1990


SUNRISE AND SUNSET
MAY 23 2015...........SUNRISE   516 AM EDT   SUNSET   818 PM EDT
MAY 24 2015...........SUNRISE   515 AM EDT   SUNSET   819 PM EDT


-  INDICATES NEGATIVE NUMBERS.
R  INDICATES RECORD WAS SET OR TIED.
MM INDICATES DATA IS MISSING.
T  INDICATES TRACE AMOUNT.




$$
