000
CDUS43 KMPX 100633
CLIMPX


CLIMATE REPORT
NATIONAL WEATHER SERVICE CHANHASSEN MN
1232 AM CST SAT DEC 10 2016


...................................

...THE CHANHASSEN MN CLIMATE SUMMARY FOR DECEMBER 9 2016...

CLIMATE NORMAL PERIOD 1981 TO 2010
CLIMATE RECORD PERIOD 1995 TO 2016


WEATHER ITEM   OBSERVED TIME   RECORD YEAR NORMAL DEPARTURE LAST
                VALUE   (LST)  VALUE       VALUE  FROM      YEAR
                                                  NORMAL
..................................................................
TEMPERATURE (F)
 YESTERDAY
  MAXIMUM         16        MM  47    2006  27    -11       45
  MINIMUM          6        MM  -7    2013  13     -7       29
  AVERAGE         11                        20     -9       37

PRECIPITATION (IN)
  YESTERDAY        T             1.01 2012   0.04  -0.04     0.00
  MONTH TO DATE    0.20                      0.39  -0.19     0.09
  SINCE DEC 1      0.20                      0.39  -0.19     0.09
  SINCE JAN 1     38.48                     30.30   8.18    33.53

SNOWFALL (IN)
  YESTERDAY        T            13.6  2012   0.4   -0.4      0.0
  MONTH TO DATE    3.4                       3.8   -0.4      0.3
  SINCE DEC 1      3.4                       3.8   -0.4      0.3
  SINCE JUL 1      8.5                       9.6   -1.1      3.3
  SNOW DEPTH       T

DEGREE DAYS
 HEATING
  YESTERDAY       54                        45      9       28
  MONTH TO DATE  355                       389    -34      284
  SINCE DEC 1    355                       389    -34      284
  SINCE JUL 1   1578                      2096   -518     1616

 COOLING
  YESTERDAY        0                         0      0        0
  MONTH TO DATE    0                         0      0        0
  SINCE DEC 1      0                         0      0        0
  SINCE JAN 1    631                       605     26      551
..................................................................


WIND (MPH)
  HIGHEST WIND SPEED    MM   HIGHEST WIND DIRECTION    MM
  HIGHEST GUST SPEED    MM   HIGHEST GUST DIRECTION    MM
  AVERAGE WIND SPEED    MM


SKY COVER
  POSSIBLE SUNSHINE  MM
  AVERAGE SKY COVER  MM


WEATHER CONDITIONS
 THE FOLLOWING WEATHER WAS RECORDED YESTERDAY.
  NO SIGNIFICANT WEATHER WAS OBSERVED.


RELATIVE HUMIDITY (PERCENT)
 HIGHEST    MM
 LOWEST     MM
 AVERAGE    MM

..........................................................


THE CHANHASSEN MN CLIMATE NORMALS FOR TODAY
                         NORMAL    RECORD    YEAR
 MAXIMUM TEMPERATURE (F)   27        46      2015
 MINIMUM TEMPERATURE (F)   12        -8      2000


SUNRISE AND SUNSET
DECEMBER 10 2016......SUNRISE   741 AM CST   SUNSET   433 PM CST
DECEMBER 11 2016......SUNRISE   742 AM CST   SUNSET   433 PM CST


-  INDICATES NEGATIVE NUMBERS.
R  INDICATES RECORD WAS SET OR TIED.
MM INDICATES DATA IS MISSING.
T  INDICATES TRACE AMOUNT.




$$
