000
CDUS43 KMPX 040802
CLIMPX


CLIMATE REPORT
NATIONAL WEATHER SERVICE CHANHASSEN MN
301 AM CDT WED MAY 4 2016


...................................

...THE CHANHASSEN MN CLIMATE SUMMARY FOR MAY 3 2016...

CLIMATE NORMAL PERIOD 1981 TO 2010
CLIMATE RECORD PERIOD 1995 TO 2016


WEATHER ITEM   OBSERVED TIME   RECORD YEAR NORMAL DEPARTURE LAST
                VALUE   (LST)  VALUE       VALUE  FROM      YEAR
                                                  NORMAL
..................................................................
TEMPERATURE (F)
 YESTERDAY
  MAXIMUM         70        MM  MM      MM  65      5       80
  MINIMUM         40        MM  MM      MM  43     -3       52
  AVERAGE         55                        54      1       66

PRECIPITATION (IN)
  YESTERDAY        T            MM      MM   0.12  -0.12     0.42
  MONTH TO DATE    T                         0.34  -0.34     0.51
  SINCE MAR 1      4.73                      5.12  -0.39     3.51
  SINCE JAN 1      6.22                      6.93  -0.71     4.27

SNOWFALL (IN)
  YESTERDAY        0.0          MM      MM   0.0    0.0       T
  MONTH TO DATE    0.0                       0.1   -0.1       T
  SINCE MAR 1      5.6                      14.3   -8.7      9.3
  SINCE JUL 1     35.5                      54.0  -18.5     33.4
  SNOW DEPTH       0

DEGREE DAYS
 HEATING
  YESTERDAY       10                        11     -1        0
  MONTH TO DATE   38                        35      3        9
  SINCE MAR 1   1379                      1639   -260     1485
  SINCE JUL 1   6594                      7654  -1060     7743

 COOLING
  YESTERDAY        0                         0      0        1
  MONTH TO DATE    0                         0      0        1
  SINCE MAR 1      7                         3      4        1
  SINCE JAN 1      7                         3      4        1
..................................................................


WIND (MPH)
  HIGHEST WIND SPEED    MM   HIGHEST WIND DIRECTION    MM
  HIGHEST GUST SPEED    MM   HIGHEST GUST DIRECTION    MM
  AVERAGE WIND SPEED    MM


SKY COVER
  POSSIBLE SUNSHINE  MM
  AVERAGE SKY COVER  MM


WEATHER CONDITIONS
 THE FOLLOWING WEATHER WAS RECORDED YESTERDAY.
  NO SIGNIFICANT WEATHER WAS OBSERVED.


RELATIVE HUMIDITY (PERCENT)
 HIGHEST    MM
 LOWEST     MM
 AVERAGE    MM

..........................................................


THE CHANHASSEN MN CLIMATE NORMALS FOR TODAY
                         NORMAL    RECORD    YEAR
 MAXIMUM TEMPERATURE (F)   65        MM        MM
 MINIMUM TEMPERATURE (F)   44        MM        MM


SUNRISE AND SUNSET
MAY  4 2016...........SUNRISE   559 AM CDT   SUNSET   824 PM CDT
MAY  5 2016...........SUNRISE   557 AM CDT   SUNSET   825 PM CDT


-  INDICATES NEGATIVE NUMBERS.
R  INDICATES RECORD WAS SET OR TIED.
MM INDICATES DATA IS MISSING.
T  INDICATES TRACE AMOUNT.




$$
