000
CDUS43 KMPX 290059
CLIMPX


CLIMATE REPORT
NATIONAL WEATHER SERVICE CHANHASSEN MN
659 PM CST FRI NOV 28 2014


...................................

...THE CHANHASSEN MN CLIMATE SUMMARY FOR NOVEMBER 28 2014...
VALID TODAY AS OF 0600 PM LOCAL TIME.

CLIMATE NORMAL PERIOD 1981 TO 2010
CLIMATE RECORD PERIOD 1995 TO 2014


WEATHER ITEM   OBSERVED NORMAL DEPARTURE LAST
                VALUE   VALUE  FROM      YEAR
                               NORMAL
...............................................
TEMPERATURE (F)
 TODAY
  MAXIMUM         22     32    -10       25
  MINIMUM          4     18    -14        9
  AVERAGE         13     25    -12       17

PRECIPITATION (IN)
  TODAY            0.06   0.06   0.00      T
  MONTH TO DATE    0.73   1.86  -1.13     0.51
  SINCE SEP 1      2.95   7.80  -4.85     5.61
  SINCE JAN 1     35.46  29.80   5.66    33.82

SNOWFALL (IN)
  TODAY            0.6    0.3    0.3       T
  MONTH TO DATE    8.1    4.8    3.3      1.8
  SINCE SEP 1      8.1    5.2    2.9      1.8
  SINCE JUL 1      8.1    5.2    2.9      1.8
  SNOW DEPTH       2

DEGREE DAYS
 HEATING
  TODAY           52     40     12       48
  MONTH TO DATE 1131    889    242      942
  SINCE SEP 1   1832   1602    230     1621
  SINCE JUL 1   1848   1625    223     1642

 COOLING
  TODAY            0      0      0        0
  MONTH TO DATE    0      0      0        0
  SINCE SEP 1     35     52    -17       88
  SINCE JAN 1    514    605    -91      667
...............................................







THE CHANHASSEN MN CLIMATE NORMALS FOR TOMORROW
                         NORMAL
 MAXIMUM TEMPERATURE (F)   32
 MINIMUM TEMPERATURE (F)   17



-  INDICATES NEGATIVE NUMBERS.
R  INDICATES RECORD WAS SET OR TIED.
MM INDICATES DATA IS MISSING.
T  INDICATES TRACE AMOUNT.




$$
