000
CDUS43 KMQT 250515
CLIMQT


CLIMATE REPORT
NATIONAL WEATHER SERVICE MARQUETTE MI
114 AM EDT MON SEP 25 2017


...................................

...THE MARQUETTE MI CLIMATE SUMMARY FOR SEPTEMBER 24 2017...

CLIMATE NORMAL PERIOD 1981 TO 2010
CLIMATE RECORD PERIOD 1961 TO 2017


WEATHER ITEM   OBSERVED RECORD YEAR NORMAL DEPARTURE LAST
                VALUE   VALUE       VALUE  FROM      YEAR
                                           NORMAL
...........................................................
TEMPERATURE (F)
 YESTERDAY
  MAXIMUM         88R    84    2007  62     26       67
  MINIMUM         65     25    1989  43     22       42
  AVERAGE         77                 52     25       55

PRECIPITATION (IN)
  YESTERDAY        0.00   1.28 1984   0.14  -0.14      T
  MONTH TO DATE    2.63               2.90  -0.27     4.69
  SINCE SEP 1      2.63               2.90  -0.27     4.69
  SINCE JAN 1     29.96              25.27   4.69    32.46

SNOWFALL (IN)
  YESTERDAY        0.0   MM      MM   0.0    0.0      0.0
  MONTH TO DATE    T                  0.0    0.0      0.0
  SINCE SEP 1      T                  0.0    0.0      0.0
  SINCE JUL 1      T                  0.0    0.0       T
  SNOW DEPTH       0

DEGREE DAYS
 HEATING
  YESTERDAY        0                 13    -13       10
  MONTH TO DATE  150                211    -61      112
  SINCE SEP 1    150                211    -61      112
  SINCE JUL 1    415                396     19      212

 COOLING
  YESTERDAY       12                  0     12        0
  MONTH TO DATE   46                 21     25       10
  SINCE SEP 1     46                 21     25       10
  SINCE JAN 1    139                241   -102      246
...........................................................


WIND (MPH)
  RESULTANT WIND SPEED  MM   RESULTANT WIND DIRECTION  MM
  HIGHEST WIND SPEED    MM   HIGHEST WIND DIRECTION    MM
  HIGHEST GUST SPEED    26   HIGHEST GUST DIRECTION     S (180)
  AVERAGE WIND SPEED    MM


SKY COVER
  POSSIBLE SUNSHINE  MM
  AVERAGE SKY COVER  MM


WEATHER CONDITIONS
 THE FOLLOWING WEATHER WAS RECORDED YESTERDAY.
  NO SIGNIFICANT WEATHER WAS OBSERVED.


RELATIVE HUMIDITY (PERCENT)
 HIGHEST    MM
 LOWEST     MM
 AVERAGE    MM

..........................................................


THE MARQUETTE MI CLIMATE NORMALS FOR TODAY
                         NORMAL    RECORD    YEAR
 MAXIMUM TEMPERATURE (F)   62        75      1979
 MINIMUM TEMPERATURE (F)   42        25      1975


SUNRISE AND SUNSET
SEPTEMBER 25 2017.....SUNRISE   741 AM EDT   SUNSET   741 PM EDT
SEPTEMBER 26 2017.....SUNRISE   743 AM EDT   SUNSET   739 PM EDT


-  INDICATES NEGATIVE NUMBERS.
R  INDICATES RECORD WAS SET OR TIED.
MM INDICATES DATA IS MISSING.
T  INDICATES TRACE AMOUNT.




$$
