000
CDUS43 KMQT 302207
CLIMQT


CLIMATE REPORT
NATIONAL WEATHER SERVICE MARQUETTE MI
506 PM EST FRI JAN 30 2015


...................................

...THE MARQUETTE MI CLIMATE SUMMARY FOR JANUARY 30 2015...
VALID TODAY AS OF 0500 PM LOCAL TIME.

CLIMATE NORMAL PERIOD 1981 TO 2010
CLIMATE RECORD PERIOD 1961 TO 2015


WEATHER ITEM   OBSERVED RECORD YEAR NORMAL DEPARTURE LAST
                VALUE   VALUE       VALUE  FROM      YEAR
                                           NORMAL
...........................................................
TEMPERATURE (F)
 TODAY
  MAXIMUM         13     41    1989  22     -9       21
  MINIMUM          6    -25    1963   4      2        7
  AVERAGE         10                 13     -3       14

PRECIPITATION (IN)
  TODAY            0.01   0.69 2013   0.07  -0.06     0.26
  MONTH TO DATE    1.17               2.33  -1.16     2.18
  SINCE DEC 1      3.45               4.90  -1.45     4.76
  SINCE JAN 1      1.17               2.33  -1.16     2.18

SNOWFALL (IN)
  TODAY            0.2   14.3  2013   1.4   -1.2      3.5
  MONTH TO DATE   25.9               41.9  -16.0     39.2
  SINCE DEC 1     52.9               84.7  -31.8     86.1
  SINCE JUL 1    109.1              115.2   -6.1    108.6
  SNOW DEPTH      25

DEGREE DAYS
 HEATING
  TODAY           55                 52      3       51
  MONTH TO DATE 1617               1543     74     1763
  SINCE DEC 1   2982               2983     -1     3434
  SINCE JUL 1   5512               5185    327     5603

 COOLING
  TODAY            0                  0      0        0
  MONTH TO DATE    0                  0      0        0
  SINCE DEC 1      0                  0      0        0
  SINCE JAN 1      0                  0      0        0
...........................................................


WIND (MPH)
  HIGHEST WIND SPEED    MM   HIGHEST WIND DIRECTION    MM
  HIGHEST GUST SPEED    23   HIGHEST GUST DIRECTION     N (360)
  AVERAGE WIND SPEED    MM


SKY COVER
  POSSIBLE SUNSHINE  MM
  AVERAGE SKY COVER  MM


WEATHER CONDITIONS
 THE FOLLOWING WEATHER WAS RECORDED TODAY.
  LIGHT SNOW


RELATIVE HUMIDITY (PERCENT)
 HIGHEST    MM
 LOWEST     MM
 AVERAGE    MM

..........................................................


THE MARQUETTE MI CLIMATE NORMALS FOR TOMORROW
                         NORMAL    RECORD    YEAR
 MAXIMUM TEMPERATURE (F)   22        42      1993
 MINIMUM TEMPERATURE (F)    4       -27      1996


SUNRISE AND SUNSET
JANUARY 30 2015.......SUNRISE   817 AM EST   SUNSET   551 PM EST
JANUARY 31 2015.......SUNRISE   815 AM EST   SUNSET   552 PM EST


-  INDICATES NEGATIVE NUMBERS.
R  INDICATES RECORD WAS SET OR TIED.
MM INDICATES DATA IS MISSING.
T  INDICATES TRACE AMOUNT.




$$
