000
CDUS43 KMQT 180505
CLIMQT


CLIMATE REPORT
NATIONAL WEATHER SERVICE MARQUETTE MI
1204 AM EST SAT NOV 18 2017


...................................

...THE MARQUETTE MI CLIMATE SUMMARY FOR NOVEMBER 17 2017...

CLIMATE NORMAL PERIOD 1981 TO 2010
CLIMATE RECORD PERIOD 1961 TO 2017


WEATHER ITEM   OBSERVED RECORD YEAR NORMAL DEPARTURE LAST
                VALUE   VALUE       VALUE  FROM      YEAR
                                           NORMAL
...........................................................
TEMPERATURE (F)
 YESTERDAY
  MAXIMUM         35     64    2001  37     -2       53
  MINIMUM         21      4    1973  23     -2       41
  AVERAGE         28                 30     -2       47

PRECIPITATION (IN)
  YESTERDAY        0.30   1.53 1987   0.11   0.19     0.01
  MONTH TO DATE    1.65               1.79  -0.14     0.34
  SINCE SEP 1     13.09               9.35   3.74     8.87
  SINCE JAN 1     40.42              31.72   8.70    36.64

SNOWFALL (IN)
  YESTERDAY        1.0    8.9  2008   0.9    0.1      0.0
  MONTH TO DATE   12.7               10.7    2.0       T
  SINCE SEP 1     21.5               16.8    4.7       T
  SINCE JUL 1     21.5               16.8    4.7       T
  SNOW DEPTH       1

DEGREE DAYS
 HEATING
  YESTERDAY       37                 35      2       18
  MONTH TO DATE  633                540     93      328
  SINCE SEP 1   1393               1516   -123     1082
  SINCE JUL 1   1658               1701    -43     1182

 COOLING
  YESTERDAY        0                  0      0        0
  MONTH TO DATE    0                  0      0        0
  SINCE SEP 1     52                 22     30       10
  SINCE JAN 1    145                242    -97      246
...........................................................


WIND (MPH)
  RESULTANT WIND SPEED  MM   RESULTANT WIND DIRECTION  MM
  HIGHEST WIND SPEED    MM   HIGHEST WIND DIRECTION    MM
  HIGHEST GUST SPEED    30   HIGHEST GUST DIRECTION     S (180)
  AVERAGE WIND SPEED    MM


SKY COVER
  POSSIBLE SUNSHINE  MM
  AVERAGE SKY COVER  MM


WEATHER CONDITIONS
 THE FOLLOWING WEATHER WAS RECORDED YESTERDAY.
  MIXED PRECIP
  LIGHT RAIN
  LT FREEZING RAIN
  LIGHT SNOW
  SLEET
  FOG


RELATIVE HUMIDITY (PERCENT)
 HIGHEST    MM
 LOWEST     MM
 AVERAGE    MM

..........................................................


THE MARQUETTE MI CLIMATE NORMALS FOR TODAY
                         NORMAL    RECORD    YEAR
 MAXIMUM TEMPERATURE (F)   36        60      2001
 MINIMUM TEMPERATURE (F)   22        -2      1986


SUNRISE AND SUNSET
NOVEMBER 18 2017......SUNRISE   757 AM EST   SUNSET   514 PM EST
NOVEMBER 19 2017......SUNRISE   758 AM EST   SUNSET   513 PM EST


-  INDICATES NEGATIVE NUMBERS.
R  INDICATES RECORD WAS SET OR TIED.
MM INDICATES DATA IS MISSING.
T  INDICATES TRACE AMOUNT.




$$
