000
CDUS41 KLWX 272128
CLIMRB


CLIMATE REPORT
NATIONAL WEATHER SERVICE BALTIMORE MD/WASHINGTON DC
527 PM EDT THU AUG 27 2015


...................................

...THE MARTINSBURG WV CLIMATE SUMMARY FOR AUGUST 27 2015...
VALID TODAY AS OF 0500 PM LOCAL TIME.

CLIMATE NORMAL PERIOD 1981 TO 2010
CLIMATE RECORD PERIOD 1926 TO 2015


WEATHER ITEM   OBSERVED TIME   RECORD YEAR NORMAL DEPARTURE LAST
                VALUE   (LST)  VALUE       VALUE  FROM      YEAR
                                                  NORMAL
..................................................................
TEMPERATURE (F)
 TODAY
  MAXIMUM         78    159 PM  98    1948  83     -5       89
  MINIMUM         54    605 AM  46    1942  60     -6       58
  AVERAGE         66                        71     -5       74

PRECIPITATION (IN)
  TODAY            0.00          2.15 1936   0.09  -0.09     0.00
  MONTH TO DATE    1.36                      2.69  -1.33     2.23
  SINCE JUN 1      8.01                     10.12  -2.11     9.60
  SINCE JAN 1     18.95                     25.85  -6.90    24.47

DEGREE DAYS
 HEATING
  TODAY            0                         0      0        0
  MONTH TO DATE    0                         0      0        0
  SINCE JUN 1     15                        25    -10        5
  SINCE JUL 1      0                         1     -1        3

 COOLING
  TODAY            1                         7     -6        9
  MONTH TO DATE  221                       223     -2      181
  SINCE JUN 1    786                       709     77      718
  SINCE JAN 1    934                       766    168      799
..................................................................


WIND (MPH)
  HIGHEST WIND SPEED    14   HIGHEST WIND DIRECTION    NW (330)
  HIGHEST GUST SPEED    20   HIGHEST GUST DIRECTION    NW (320)
  AVERAGE WIND SPEED     4.5


SKY COVER
  POSSIBLE SUNSHINE  MM
  AVERAGE SKY COVER 0.5


WEATHER CONDITIONS
 THE FOLLOWING WEATHER WAS RECORDED TODAY.
  NO SIGNIFICANT WEATHER WAS OBSERVED.


RELATIVE HUMIDITY (PERCENT)
 HIGHEST    93           300 AM
 LOWEST     39           100 PM
 AVERAGE    66

..........................................................


THE MARTINSBURG WV CLIMATE NORMALS FOR TOMORROW
                         NORMAL    RECORD    YEAR
 MAXIMUM TEMPERATURE (F)   83        99      1993
 MINIMUM TEMPERATURE (F)   60        45      1968


SUNRISE AND SUNSET
AUGUST 27 2015........SUNRISE   635 AM EDT   SUNSET   751 PM EDT
AUGUST 28 2015........SUNRISE   636 AM EDT   SUNSET   749 PM EDT


-  INDICATES NEGATIVE NUMBERS.
R  INDICATES RECORD WAS SET OR TIED.
MM INDICATES DATA IS MISSING.
T  INDICATES TRACE AMOUNT.




$$
