000
CDUS41 KLWX 180523
CLIMRB


CLIMATE REPORT
NATIONAL WEATHER SERVICE BALTIMORE MD/WASHINGTON DC
123 AM EDT FRI AUG 18 2017


...................................

...THE MARTINSBURG WV CLIMATE SUMMARY FOR AUGUST 17 2017...

CLIMATE NORMAL PERIOD 1981 TO 2010
CLIMATE RECORD PERIOD 1926 TO 2017


WEATHER ITEM   OBSERVED TIME   RECORD YEAR NORMAL DEPARTURE LAST
                VALUE   (LST)  VALUE       VALUE  FROM      YEAR
                                                  NORMAL
..................................................................
TEMPERATURE (F)
 YESTERDAY
  MAXIMUM         89    349 PM 102    1988  84      5       89
  MINIMUM         65    526 AM  46    1979  62      3       71
  AVERAGE         77                        73      4       80

PRECIPITATION (IN)
  YESTERDAY        T             2.67 1994   0.10  -0.10     1.12
  MONTH TO DATE    1.69                      1.74  -0.05     2.16
  SINCE JUN 1      9.19                      9.17   0.02     5.23
  SINCE JAN 1     26.41                     24.90   1.51    16.82

DEGREE DAYS
 HEATING
  YESTERDAY        0                         0      0        0
  MONTH TO DATE    0                         0      0        0
  SINCE JUN 1     10                        25    -15        5
  SINCE JUL 1      0                         1     -1        0

 COOLING
  YESTERDAY       12                         8      4       15
  MONTH TO DATE  123                       149    -26      225
  SINCE JUN 1    704                       635     69      844
  SINCE JAN 1    811                       692    119      917
..................................................................


WIND (MPH)
  HIGHEST WIND SPEED    12   HIGHEST WIND DIRECTION    SE (140)
  HIGHEST GUST SPEED    15   HIGHEST GUST DIRECTION    SE (130)
  AVERAGE WIND SPEED     2.6


SKY COVER
  POSSIBLE SUNSHINE  MM
  AVERAGE SKY COVER 0.1


WEATHER CONDITIONS
 THE FOLLOWING WEATHER WAS RECORDED YESTERDAY.
  FOG
  HAZE


RELATIVE HUMIDITY (PERCENT)
 HIGHEST    94          1100 PM
 LOWEST     59           300 PM
 AVERAGE    77

..........................................................


THE MARTINSBURG WV CLIMATE NORMALS FOR TODAY
                         NORMAL    RECORD    YEAR
 MAXIMUM TEMPERATURE (F)   84        98      1937
 MINIMUM TEMPERATURE (F)   62        43      1981


SUNRISE AND SUNSET
AUGUST 18 2017........SUNRISE   628 AM EDT   SUNSET   803 PM EDT
AUGUST 19 2017........SUNRISE   629 AM EDT   SUNSET   802 PM EDT


-  INDICATES NEGATIVE NUMBERS.
R  INDICATES RECORD WAS SET OR TIED.
MM INDICATES DATA IS MISSING.
T  INDICATES TRACE AMOUNT.




$$
