237
CDUS44 KHUN 090809
CLIMSL


CLIMATE REPORT
NATIONAL WEATHER SERVICE HUNTSVILLE AL
209 AM CST TUE FEB 9 2016


...................................

...THE MUSCLE SHOALS CLIMATE SUMMARY FOR FEBRUARY 8 2016...

CLIMATE NORMAL PERIOD 1981 TO 2010
CLIMATE RECORD PERIOD 1893 TO 2016


WEATHER ITEM   OBSERVED TIME   RECORD YEAR NORMAL DEPARTURE LAST
                VALUE   (LST)  VALUE       VALUE  FROM      YEAR
                                                  NORMAL
..................................................................
TEMPERATURE (F)
 YESTERDAY
  MAXIMUM         49   1050 AM  78    1937  54     -5       66
  MINIMUM         35   1159 PM  -1    1895  33      2       48
  AVERAGE         42                        44     -2       57

PRECIPITATION (IN)
  YESTERDAY        T             2.52 1944   0.16  -0.16     0.00
  MONTH TO DATE    0.93                      1.30  -0.37     0.41
  SINCE DEC 1     11.52                     11.59  -0.07     9.71
  SINCE JAN 1      4.58                      5.91  -1.33     4.58

SNOWFALL (IN)
  YESTERDAY        0.0
  MONTH TO DATE    0.0
  SINCE DEC 1      T
  SINCE JUL 1      T
  SNOW DEPTH       0

DEGREE DAYS
 HEATING
  YESTERDAY       23                        21      2        8
  MONTH TO DATE  149                       177    -28      179
  SINCE DEC 1   1263                      1595   -332     1502
  SINCE JUL 1   1628                      2157   -529     2154

 COOLING
  YESTERDAY        0                         0      0        0
  MONTH TO DATE    0                         0      0        0
  SINCE DEC 1     22                         1     21        0
  SINCE JAN 1      0                         0      0        0
..................................................................


WIND (MPH)
  HIGHEST WIND SPEED    29   HIGHEST WIND DIRECTION     W (290)
  HIGHEST GUST SPEED    37   HIGHEST GUST DIRECTION     W (290)
  AVERAGE WIND SPEED    15.0


SKY COVER
  POSSIBLE SUNSHINE  MM
  AVERAGE SKY COVER 0.7


WEATHER CONDITIONS
 THE FOLLOWING WEATHER WAS RECORDED YESTERDAY.
  LIGHT RAIN


RELATIVE HUMIDITY (PERCENT)
 HIGHEST    64           900 PM
 LOWEST     36          1100 AM
 AVERAGE    50

..........................................................


THE MUSCLE SHOALS CLIMATE NORMALS FOR TODAY
                         NORMAL    RECORD    YEAR
 MAXIMUM TEMPERATURE (F)   54        77      1939
 MINIMUM TEMPERATURE (F)   34         1      1933


SUNRISE AND SUNSET
FEBRUARY  9 2016......SUNRISE   642 AM CST   SUNSET   527 PM CST
FEBRUARY 10 2016......SUNRISE   642 AM CST   SUNSET   528 PM CST


-  INDICATES NEGATIVE NUMBERS.
R  INDICATES RECORD WAS SET OR TIED.
MM INDICATES DATA IS MISSING.
T  INDICATES TRACE AMOUNT.




$$
