000
CDUS44 KHUN 302123
CLIMSL


CLIMATE REPORT
NATIONAL WEATHER SERVICE HUNTSVILLE AL
423 PM CDT TUE AUG 30 2016


...................................

...THE MUSCLE SHOALS CLIMATE SUMMARY FOR AUGUST 30 2016...
VALID TODAY AS OF 0400 PM LOCAL TIME.

CLIMATE NORMAL PERIOD 1981 TO 2010
CLIMATE RECORD PERIOD 1893 TO 2016


WEATHER ITEM   OBSERVED TIME   RECORD YEAR NORMAL DEPARTURE LAST
                VALUE   (LST)  VALUE       VALUE  FROM      YEAR
                                                  NORMAL
..................................................................
TEMPERATURE (F)
 TODAY
  MAXIMUM         94    246 PM 104    1951  90      4       79
                                      1924
  MINIMUM         68    542 AM  55    1931  67      1       66
                                      1913
  AVERAGE         81                        78      3       73

PRECIPITATION (IN)
  TODAY            0.00          0.76 1917   0.10  -0.10      T
  MONTH TO DATE    5.41                      3.05   2.36     5.56
  SINCE JUN 1     15.15                     12.11   3.04    12.65
  SINCE JAN 1     31.63                     35.61  -3.98    36.54

SNOWFALL (IN)
  TODAY            0.0
  MONTH TO DATE    0.0
  SINCE JUN 1      0.0
  SINCE JUL 1      0.0
  SNOW DEPTH       0

DEGREE DAYS
 HEATING
  TODAY            0                         0      0        0
  MONTH TO DATE    0                         0      0        0
  SINCE JUN 1      0                         1     -1        0
  SINCE JUL 1      0                         0      0        0

 COOLING
  TODAY           16                        13      3        8
  MONTH TO DATE  510                       447     63      390
  SINCE JUN 1   1518                      1286    232     1390
  SINCE JAN 1   1785                      1530    255     1644
..................................................................


WIND (MPH)
  HIGHEST WIND SPEED    12   HIGHEST WIND DIRECTION    SE (140)
  HIGHEST GUST SPEED    14   HIGHEST GUST DIRECTION     E (70)
  AVERAGE WIND SPEED     2.5


SKY COVER
  POSSIBLE SUNSHINE  MM
  AVERAGE SKY COVER 0.1


WEATHER CONDITIONS
 THE FOLLOWING WEATHER WAS RECORDED TODAY.
  FOG


RELATIVE HUMIDITY (PERCENT)
 HIGHEST    93           200 AM
 LOWEST     36           200 PM
 AVERAGE    65

..........................................................


THE MUSCLE SHOALS CLIMATE NORMALS FOR TOMORROW
                         NORMAL    RECORD    YEAR
 MAXIMUM TEMPERATURE (F)   89       105      1951
 MINIMUM TEMPERATURE (F)   67        49      1915


SUNRISE AND SUNSET
AUGUST 30 2016........SUNRISE   622 AM CDT   SUNSET   719 PM CDT
AUGUST 31 2016........SUNRISE   623 AM CDT   SUNSET   718 PM CDT


-  INDICATES NEGATIVE NUMBERS.
R  INDICATES RECORD WAS SET OR TIED.
MM INDICATES DATA IS MISSING.
T  INDICATES TRACE AMOUNT.




$$
