000
CDUS44 KHUN 290704
CLIMSL


CLIMATE REPORT
NATIONAL WEATHER SERVICE HUNTSVILLE AL
204 AM CDT THU SEP 29 2016


...................................

...THE MUSCLE SHOALS CLIMATE SUMMARY FOR SEPTEMBER 28 2016...

CLIMATE NORMAL PERIOD 1981 TO 2010
CLIMATE RECORD PERIOD 1893 TO 2016


WEATHER ITEM   OBSERVED TIME   RECORD YEAR NORMAL DEPARTURE LAST
                VALUE   (LST)  VALUE       VALUE  FROM      YEAR
                                                  NORMAL
..................................................................
TEMPERATURE (F)
 YESTERDAY
  MAXIMUM         88    217 PM  96    1904  80      8       77
  MINIMUM         47    604 AM  39    1940  57    -10       67
                                      1909
  AVERAGE         68                        68      0       72

PRECIPITATION (IN)
  YESTERDAY        0.00          2.68 1917   0.12  -0.12      T
  MONTH TO DATE    0.50                      3.46  -2.96     0.51
  SINCE SEP 1      0.50                      3.46  -2.96     0.51
  SINCE JAN 1     32.13                     39.17  -7.04    37.05

SNOWFALL (IN)
  YESTERDAY        0.0
  MONTH TO DATE    0.0
  SINCE SEP 1      0.0
  SINCE JUL 1      0.0
  SNOW DEPTH       0

DEGREE DAYS
 HEATING
  YESTERDAY        0                         1     -1        0
  MONTH TO DATE    0                        10    -10        5
  SINCE SEP 1      0                        10    -10        5
  SINCE JUL 1      0                        10    -10        5

 COOLING
  YESTERDAY        3                         5     -2        7
  MONTH TO DATE  399                       251    148      247
  SINCE SEP 1    399                       251    148      247
  SINCE JAN 1   2202                      1794    408     1900
..................................................................


WIND (MPH)
  HIGHEST WIND SPEED    18   HIGHEST WIND DIRECTION    SW (240)
  HIGHEST GUST SPEED    26   HIGHEST GUST DIRECTION     N (10)
  AVERAGE WIND SPEED     6.1


SKY COVER
  POSSIBLE SUNSHINE  MM
  AVERAGE SKY COVER 0.2


WEATHER CONDITIONS
 THE FOLLOWING WEATHER WAS RECORDED YESTERDAY.
  HAZE


RELATIVE HUMIDITY (PERCENT)
 HIGHEST    93           400 AM
 LOWEST     20           100 PM
 AVERAGE    57

..........................................................


THE MUSCLE SHOALS CLIMATE NORMALS FOR TODAY
                         NORMAL    RECORD    YEAR
 MAXIMUM TEMPERATURE (F)   80        97      1904
 MINIMUM TEMPERATURE (F)   56        39      1967
                                             1909
                                             1908


SUNRISE AND SUNSET
SEPTEMBER 29 2016.....SUNRISE   644 AM CDT   SUNSET   637 PM CDT
SEPTEMBER 30 2016.....SUNRISE   645 AM CDT   SUNSET   635 PM CDT


-  INDICATES NEGATIVE NUMBERS.
R  INDICATES RECORD WAS SET OR TIED.
MM INDICATES DATA IS MISSING.
T  INDICATES TRACE AMOUNT.




$$
