000
CDUS44 KHUN 190704
CLIMSL


CLIMATE REPORT
NATIONAL WEATHER SERVICE HUNTSVILLE AL
203 AM CDT THU OCT 19 2017


...................................

...THE MUSCLE SHOALS CLIMATE SUMMARY FOR OCTOBER 18 2017...

CLIMATE NORMAL PERIOD 1981 TO 2010
CLIMATE RECORD PERIOD 1893 TO 2017


WEATHER ITEM   OBSERVED TIME   RECORD YEAR NORMAL DEPARTURE LAST
                VALUE   (LST)  VALUE       VALUE  FROM      YEAR
                                                  NORMAL
..................................................................
TEMPERATURE (F)
 YESTERDAY
  MAXIMUM         74    243 PM  91    1915  74      0       90
  MINIMUM         40    605 AM  29    1948  49     -9       68
  AVERAGE         57                        61     -4       79

PRECIPITATION (IN)
  YESTERDAY        0.00          1.94 1937   0.11  -0.11     0.00
  MONTH TO DATE    1.88                      1.90  -0.02     0.03
  SINCE SEP 1      5.39                      5.62  -0.23     0.53
  SINCE JAN 1     39.21                     41.33  -2.12    32.16

SNOWFALL (IN)
  YESTERDAY        0.0
  MONTH TO DATE    0.0
  SINCE SEP 1      0.0
  SINCE JUL 1      0.0
  SNOW DEPTH       0

DEGREE DAYS
 HEATING
  YESTERDAY        8                         5      3        0
  MONTH TO DATE   23                        63    -40        1
  SINCE SEP 1     35                        78    -43        6
  SINCE JUL 1     35                        78    -43        6

 COOLING
  YESTERDAY        0                         2     -2       14
  MONTH TO DATE   92                        48     44       96
  SINCE SEP 1    319                       307     12      495
  SINCE JAN 1   1944                      1850     94     2298
..................................................................


WIND (MPH)
  HIGHEST WIND SPEED    13   HIGHEST WIND DIRECTION     S (170)
  HIGHEST GUST SPEED    16   HIGHEST GUST DIRECTION     S (180)
  AVERAGE WIND SPEED     2.9


SKY COVER
  POSSIBLE SUNSHINE  MM
  AVERAGE SKY COVER 0.0


WEATHER CONDITIONS
 THE FOLLOWING WEATHER WAS RECORDED YESTERDAY.
  NO SIGNIFICANT WEATHER WAS OBSERVED.


RELATIVE HUMIDITY (PERCENT)
 HIGHEST    96           500 AM
 LOWEST     33           300 PM
 AVERAGE    65

..........................................................


THE MUSCLE SHOALS CLIMATE NORMALS FOR TODAY
                         NORMAL    RECORD    YEAR
 MAXIMUM TEMPERATURE (F)   73        91      2016
 MINIMUM TEMPERATURE (F)   49        28      1948


SUNRISE AND SUNSET
OCTOBER 19 2017.......SUNRISE   700 AM CDT   SUNSET   610 PM CDT
OCTOBER 20 2017.......SUNRISE   701 AM CDT   SUNSET   609 PM CDT


-  INDICATES NEGATIVE NUMBERS.
R  INDICATES RECORD WAS SET OR TIED.
MM INDICATES DATA IS MISSING.
T  INDICATES TRACE AMOUNT.




$$
