000
CDUS43 KMKX 210659
CLIMSN


CLIMATE REPORT
NATIONAL WEATHER SERVICE IN MILWAUKEE
158 AM CDT FRI JUL 21 2017


...................................

...THE MADISON WI CLIMATE SUMMARY FOR JULY 20 2017...

CLIMATE NORMAL PERIOD 1981 TO 2010
CLIMATE RECORD PERIOD 1871 TO 2017


WEATHER ITEM   OBSERVED TIME   RECORD YEAR NORMAL DEPARTURE LAST
                VALUE   (LST)  VALUE       VALUE  FROM      YEAR
                                                  NORMAL
..................................................................
TEMPERATURE (F)
 YESTERDAY
  MAXIMUM         87    401 PM  97    2011  82      5       84
                                      1930
                                      1901
  MINIMUM         67    538 AM  45    1970  61      6       68
  AVERAGE         77                        71      6       76

PRECIPITATION (IN)
  YESTERDAY        0.67          2.53 1912   0.13   0.54     0.00
  MONTH TO DATE    4.67                      2.77   1.90     1.01
  SINCE JUN 1     11.40                      7.31   4.09     6.36
  SINCE JAN 1     27.06                     19.14   7.92    16.15

SNOWFALL (IN)
  YESTERDAY        0.0           0.0    MM   0.0    0.0      0.0
  MONTH TO DATE    0.0                       0.0    0.0      0.0
  SINCE JUN 1      0.0                       0.0    0.0      0.0
  SINCE JUL 1      0.0                       0.0    0.0      0.0
  SNOW DEPTH       0

DEGREE DAYS
 HEATING
  YESTERDAY        0                         0      0        0
  MONTH TO DATE    0                         0      0        4
  SINCE JUN 1     30                        60    -30       18
  SINCE JUL 1      0                         0      0        4

 COOLING
  YESTERDAY       12                         7      5       11
  MONTH TO DATE  140                       138      2      140
  SINCE JUN 1    297                       258     39      289
  SINCE JAN 1    312                       288     24      341
..................................................................


WIND (MPH)
  HIGHEST WIND SPEED    13   HIGHEST WIND DIRECTION     E (110)
  HIGHEST GUST SPEED    16   HIGHEST GUST DIRECTION    SW (220)
  AVERAGE WIND SPEED     4.6


SKY COVER
  POSSIBLE SUNSHINE  MM
  AVERAGE SKY COVER 0.7


WEATHER CONDITIONS
 THE FOLLOWING WEATHER WAS RECORDED YESTERDAY.
  THUNDERSTORM
  HEAVY RAIN
  RAIN
  LIGHT RAIN
  FOG


RELATIVE HUMIDITY (PERCENT)
 HIGHEST    97          1100 PM
 LOWEST     63           400 PM
 AVERAGE    80

..........................................................


THE MADISON WI CLIMATE NORMALS FOR TODAY
                         NORMAL    RECORD    YEAR
 MAXIMUM TEMPERATURE (F)   82       104      1901
 MINIMUM TEMPERATURE (F)   61        41      1966


SUNRISE AND SUNSET
JULY 21 2017..........SUNRISE   537 AM CDT   SUNSET   830 PM CDT
JULY 22 2017..........SUNRISE   538 AM CDT   SUNSET   829 PM CDT


-  INDICATES NEGATIVE NUMBERS.
R  INDICATES RECORD WAS SET OR TIED.
MM INDICATES DATA IS MISSING.
T  INDICATES TRACE AMOUNT.




$$
