000
CDUS43 KMKX 240704
CLIMSN


CLIMATE REPORT
NATIONAL WEATHER SERVICE IN MILWAUKEE
157 AM CDT WED AUG 24 2016


...................................

...THE MADISON WI CLIMATE SUMMARY FOR AUGUST 23 2016...

CLIMATE NORMAL PERIOD 1981 TO 2010
CLIMATE RECORD PERIOD 1871 TO 2016


WEATHER ITEM   OBSERVED TIME   RECORD YEAR NORMAL DEPARTURE LAST
                VALUE   (LST)  VALUE       VALUE  FROM      YEAR
                                                  NORMAL
..................................................................
TEMPERATURE (F)
 YESTERDAY
  MAXIMUM         80    243 PM  98    1947  79      1       71
  MINIMUM         62    531 AM  43    1952  58      4       59
  AVERAGE         71                        68      3       65

PRECIPITATION (IN)
  YESTERDAY        0.00          3.00 1910   0.13  -0.13     0.04
  MONTH TO DATE    6.28                      3.23   3.05     2.30
  SINCE JUN 1     16.86                     11.95   4.91    10.47
  SINCE JAN 1     26.65                     23.78   2.87    20.99

SNOWFALL (IN)
  YESTERDAY        0.0           0.0    MM   0.0    0.0      0.0
  MONTH TO DATE    0.0                       0.0    0.0      0.0
  SINCE JUN 1      0.0                       0.0    0.0      0.0
  SINCE JUL 1      0.0                       0.0    0.0      0.0
  SNOW DEPTH       0

DEGREE DAYS
 HEATING
  YESTERDAY        0                         1     -1        0
  MONTH TO DATE    3                        20    -17        3
  SINCE JUN 1     21                        90    -69       56
  SINCE JUL 1      7                        30    -23       19

 COOLING
  YESTERDAY        6                         5      1        0
  MONTH TO DATE  187                       127     60      160
  SINCE JUN 1    591                       453    138      471
  SINCE JAN 1    643                       483    160      521
..................................................................


WIND (MPH)
  HIGHEST WIND SPEED    22   HIGHEST WIND DIRECTION     S (180)
  HIGHEST GUST SPEED    28   HIGHEST GUST DIRECTION     S (180)
  AVERAGE WIND SPEED    12.7


SKY COVER
  POSSIBLE SUNSHINE  MM
  AVERAGE SKY COVER 0.6


WEATHER CONDITIONS
 THE FOLLOWING WEATHER WAS RECORDED YESTERDAY.
  THUNDERSTORM


RELATIVE HUMIDITY (PERCENT)
 HIGHEST    84           500 AM
 LOWEST     51           200 PM
 AVERAGE    68

..........................................................


THE MADISON WI CLIMATE NORMALS FOR TODAY
                         NORMAL    RECORD    YEAR
 MAXIMUM TEMPERATURE (F)   79        98      1948
                                             1947
 MINIMUM TEMPERATURE (F)   58        41      1984
                                             1977


SUNRISE AND SUNSET
AUGUST 24 2016........SUNRISE   613 AM CDT   SUNSET   745 PM CDT
AUGUST 25 2016........SUNRISE   614 AM CDT   SUNSET   743 PM CDT


-  INDICATES NEGATIVE NUMBERS.
R  INDICATES RECORD WAS SET OR TIED.
MM INDICATES DATA IS MISSING.
T  INDICATES TRACE AMOUNT.




$$
