000
CDUS43 KMKX 170647
CLIMSN


CLIMATE REPORT
NATIONAL WEATHER SERVICE IN MILWAUKEE
146 AM CDT THU APR 17 2014


...................................

...THE MADISON WI CLIMATE SUMMARY FOR APRIL 16 2014...

CLIMATE NORMAL PERIOD 1981 TO 2010
CLIMATE RECORD PERIOD 1871 TO 2014


WEATHER ITEM   OBSERVED TIME   RECORD YEAR NORMAL DEPARTURE LAST
                VALUE   (LST)  VALUE       VALUE  FROM      YEAR
                                                  NORMAL
..................................................................
TEMPERATURE (F)
 YESTERDAY
  MAXIMUM         52    321 PM  86    2002  58     -6       53
  MINIMUM         27   1240 AM  12    1875  36     -9       33
  AVERAGE         40                        47     -7       43

PRECIPITATION (IN)
  YESTERDAY        0.00          1.10 1880   0.12  -0.12     0.00
  MONTH TO DATE    3.35                      1.78   1.57     3.97
  SINCE MAR 1      4.61                      3.98   0.63     6.38
  SINCE JAN 1      6.50                      6.66  -0.16    11.66

SNOWFALL (IN)
  YESTERDAY        0.0          10.2  1921   0.0    0.0      0.0
  MONTH TO DATE    1.0                       1.8   -0.8      0.3
  SINCE MAR 1      9.2                       8.8    0.4     15.5
  SINCE JUL 1     59.2                      49.9    9.3     70.6
  SNOW DEPTH       0

DEGREE DAYS
 HEATING
  YESTERDAY       25                        18      7       22
  MONTH TO DATE  354                       341     13      400
  SINCE MAR 1   1502                      1304    198     1582
  SINCE JUL 1   7614                      6790    824     6740

 COOLING
  YESTERDAY        0                         0      0        0
  MONTH TO DATE    0                         0      0        0
  SINCE MAR 1      0                         0      0        0
  SINCE JAN 1      0                         0      0        0
..................................................................


WIND (MPH)
  HIGHEST WIND SPEED    35   HIGHEST WIND DIRECTION     S (160)
  HIGHEST GUST SPEED    44   HIGHEST GUST DIRECTION     S (170)
  AVERAGE WIND SPEED    17.5


SKY COVER
  POSSIBLE SUNSHINE  MM
  AVERAGE SKY COVER 0.8


WEATHER CONDITIONS
 THE FOLLOWING WEATHER WAS RECORDED YESTERDAY.
  NO SIGNIFICANT WEATHER WAS OBSERVED.


RELATIVE HUMIDITY (PERCENT)
 HIGHEST    75           400 AM
 LOWEST     41           200 PM
 AVERAGE    58

..........................................................


THE MADISON WI CLIMATE NORMALS FOR TODAY
                         NORMAL    RECORD    YEAR
 MAXIMUM TEMPERATURE (F)   58        86      1977
 MINIMUM TEMPERATURE (F)   36        11      1875


SUNRISE AND SUNSET
APRIL 17 2014.........SUNRISE   612 AM CDT   SUNSET   742 PM CDT
APRIL 18 2014.........SUNRISE   611 AM CDT   SUNSET   744 PM CDT


-  INDICATES NEGATIVE NUMBERS.
R  INDICATES RECORD WAS SET OR TIED.
MM INDICATES DATA IS MISSING.
T  INDICATES TRACE AMOUNT.




$$
