000
CDUS43 KMKX 230650
CLIMSN


CLIMATE REPORT
NATIONAL WEATHER SERVICE IN MILWAUKEE
1249 AM CST TUE JAN 23 2018


...................................

...THE MADISON WI CLIMATE SUMMARY FOR JANUARY 22 2018...

CLIMATE NORMAL PERIOD 1981 TO 2010
CLIMATE RECORD PERIOD 1871 TO 2018


WEATHER ITEM   OBSERVED TIME   RECORD YEAR NORMAL DEPARTURE LAST
                VALUE   (LST)  VALUE       VALUE  FROM      YEAR
                                                  NORMAL
..................................................................
TEMPERATURE (F)
 YESTERDAY
  MAXIMUM         38    252 PM  53    1964  26     12       41
  MINIMUM         31   1159 PM -26    1936  11     20       36
  AVERAGE         35                        18     17       39

PRECIPITATION (IN)
  YESTERDAY        1.12          1.70 1887   0.04   1.08     0.00
  MONTH TO DATE    1.63                      0.88   0.75     1.83
  SINCE DEC 1      2.36                      2.62  -0.26     3.86
  SINCE JAN 1      1.63                      0.88   0.75     1.83

SNOWFALL (IN)
  YESTERDAY        0.9           3.5  1974   0.4    0.5      0.0
  MONTH TO DATE    8.5                       9.1   -0.6      2.1
  SINCE DEC 1     12.2                      22.6  -10.4     24.8
  SINCE JUL 1     12.5                      26.7  -14.2     24.8
  SNOW DEPTH       0

DEGREE DAYS
 HEATING
  YESTERDAY       30                        46    -16       26
  MONTH TO DATE 1047                      1021     26      943
  SINCE DEC 1   2370                      2321     49     2252
  SINCE JUL 1   3729                      3900   -171     3274

 COOLING
  YESTERDAY        0                         0      0        0
  MONTH TO DATE    0                         0      0        0
  SINCE DEC 1      0                         0      0        0
  SINCE JAN 1      0                         0      0        0
..................................................................


WIND (MPH)
  HIGHEST WIND SPEED    28   HIGHEST WIND DIRECTION     E (70)
  HIGHEST GUST SPEED    37   HIGHEST GUST DIRECTION     E (70)
  AVERAGE WIND SPEED    12.5


SKY COVER
  POSSIBLE SUNSHINE  MM
  AVERAGE SKY COVER 0.9


WEATHER CONDITIONS
 THE FOLLOWING WEATHER WAS RECORDED YESTERDAY.
  HEAVY RAIN
  RAIN
  LIGHT RAIN
  LIGHT SNOW
  FOG


RELATIVE HUMIDITY (PERCENT)
 HIGHEST   100           200 AM
 LOWEST     92           700 AM
 AVERAGE    96

..........................................................


THE MADISON WI CLIMATE NORMALS FOR TODAY
                         NORMAL    RECORD    YEAR
 MAXIMUM TEMPERATURE (F)   26        50      1909
 MINIMUM TEMPERATURE (F)   11       -27      1963


SUNRISE AND SUNSET
JANUARY 23 2018.......SUNRISE   721 AM CST   SUNSET   458 PM CST
JANUARY 24 2018.......SUNRISE   720 AM CST   SUNSET   459 PM CST


-  INDICATES NEGATIVE NUMBERS.
R  INDICATES RECORD WAS SET OR TIED.
MM INDICATES DATA IS MISSING.
T  INDICATES TRACE AMOUNT.




$$
