000
CDUS43 KMKX 310704
CLIMSN


CLIMATE REPORT
NATIONAL WEATHER SERVICE IN MILWAUKEE
203 AM CDT MON AUG 31 2015


...................................

...THE MADISON WI CLIMATE SUMMARY FOR AUGUST 30 2015...

CLIMATE NORMAL PERIOD 1981 TO 2010
CLIMATE RECORD PERIOD 1871 TO 2015


WEATHER ITEM   OBSERVED TIME   RECORD YEAR NORMAL DEPARTURE LAST
                VALUE   (LST)  VALUE       VALUE  FROM      YEAR
                                                  NORMAL
..................................................................
TEMPERATURE (F)
 YESTERDAY
  MAXIMUM         74    406 PM  97    1953  78     -4       81
  MINIMUM         61    613 AM  40    1967  57      4       65
  AVERAGE         68                        67      1       73

PRECIPITATION (IN)
  YESTERDAY        0.00          1.50 1956   0.13  -0.13     0.20
  MONTH TO DATE    4.10                      4.14  -0.04     5.43
  SINCE JUN 1     12.27                     12.86  -0.59    16.06
  SINCE JAN 1     22.79                     24.69  -1.90    27.81

SNOWFALL (IN)
  YESTERDAY        0.0           0.0    MM   0.0    0.0      0.0
  MONTH TO DATE    0.0                       0.0    0.0      0.0
  SINCE JUN 1      0.0                       0.0    0.0      0.0
  SINCE JUL 1      0.0                       0.0    0.0      0.0
  SNOW DEPTH       0

DEGREE DAYS
 HEATING
  YESTERDAY        0                         2     -2        0
  MONTH TO DATE   16                        28    -12        4
  SINCE JUN 1     69                        98    -29       26
  SINCE JUL 1     32                        38     -6       17

 COOLING
  YESTERDAY        3                         4     -1        8
  MONTH TO DATE  163                       155      8      192
  SINCE JUN 1    474                       481     -7      517
  SINCE JAN 1    524                       511     13      568
..................................................................


WIND (MPH)
  HIGHEST WIND SPEED    10   HIGHEST WIND DIRECTION     S (180)
  HIGHEST GUST SPEED    14   HIGHEST GUST DIRECTION    SW (220)
  AVERAGE WIND SPEED     2.7


SKY COVER
  POSSIBLE SUNSHINE  MM
  AVERAGE SKY COVER 0.7


WEATHER CONDITIONS
 THE FOLLOWING WEATHER WAS RECORDED YESTERDAY.
  FOG


RELATIVE HUMIDITY (PERCENT)
 HIGHEST    93          1200 AM
 LOWEST     68           100 PM
 AVERAGE    81

..........................................................


THE MADISON WI CLIMATE NORMALS FOR TODAY
                         NORMAL    RECORD    YEAR
 MAXIMUM TEMPERATURE (F)   77       100      1953
 MINIMUM TEMPERATURE (F)   56        37      1967


SUNRISE AND SUNSET
AUGUST 31 2015........SUNRISE   620 AM CDT   SUNSET   734 PM CDT
SEPTEMBER  1 2015.....SUNRISE   621 AM CDT   SUNSET   733 PM CDT


-  INDICATES NEGATIVE NUMBERS.
R  INDICATES RECORD WAS SET OR TIED.
MM INDICATES DATA IS MISSING.
T  INDICATES TRACE AMOUNT.




$$
