000
CDUS43 KMKX 240716
CLIMSN


CLIMATE REPORT
NATIONAL WEATHER SERVICE IN MILWAUKEE
208 AM CDT THU JUL 24 2014


...................................

...THE MADISON WI CLIMATE SUMMARY FOR JULY 23 2014...

CLIMATE NORMAL PERIOD 1981 TO 2010
CLIMATE RECORD PERIOD 1871 TO 2014


WEATHER ITEM   OBSERVED TIME   RECORD YEAR NORMAL DEPARTURE LAST
                VALUE   (LST)  VALUE       VALUE  FROM      YEAR
                                                  NORMAL
..................................................................
TEMPERATURE (F)
 YESTERDAY
  MAXIMUM         80    153 PM 101    1934  81     -1       75
  MINIMUM         58   1159 PM  46    1985  61     -3       56
                                      1970
  AVERAGE         69                        71     -2       66

PRECIPITATION (IN)
  YESTERDAY        0.00          2.05 1884   0.13  -0.13     0.00
  MONTH TO DATE    1.03                      3.17  -2.14     3.60
  SINCE JUN 1     10.58                      7.71   2.87    14.46
  SINCE JAN 1     22.33                     19.54   2.79    34.55

SNOWFALL (IN)
  YESTERDAY        0.0           0.0    MM   0.0    0.0      0.0
  MONTH TO DATE    0.0                       0.0    0.0      0.0
  SINCE JUN 1      0.0                       0.0    0.0      0.0
  SINCE JUL 1      0.0                       0.0    0.0      0.0
  SNOW DEPTH       0

DEGREE DAYS
 HEATING
  YESTERDAY        0                         0      0        0
  MONTH TO DATE   13                         0     13        2
  SINCE JUN 1     22                        60    -38       54
  SINCE JUL 1     13                         0     13        2

 COOLING
  YESTERDAY        4                         7     -3        1
  MONTH TO DATE  108                       159    -51      216
  SINCE JUN 1    290                       279     11      353
  SINCE JAN 1    341                       309     32      406
..................................................................


WIND (MPH)
  HIGHEST WIND SPEED    17   HIGHEST WIND DIRECTION     N (20)
  HIGHEST GUST SPEED    23   HIGHEST GUST DIRECTION    NE (30)
  AVERAGE WIND SPEED     9.4


SKY COVER
  POSSIBLE SUNSHINE  MM
  AVERAGE SKY COVER 0.4


WEATHER CONDITIONS
 THE FOLLOWING WEATHER WAS RECORDED YESTERDAY.
  NO SIGNIFICANT WEATHER WAS OBSERVED.


RELATIVE HUMIDITY (PERCENT)
 HIGHEST    84           300 AM
 LOWEST     42          1200 PM
 AVERAGE    63

..........................................................


THE MADISON WI CLIMATE NORMALS FOR TODAY
                         NORMAL    RECORD    YEAR
 MAXIMUM TEMPERATURE (F)   81       101      1934
                                             1901
 MINIMUM TEMPERATURE (F)   61        48      1957


SUNRISE AND SUNSET
JULY 24 2014..........SUNRISE   540 AM CDT   SUNSET   827 PM CDT
JULY 25 2014..........SUNRISE   541 AM CDT   SUNSET   826 PM CDT


-  INDICATES NEGATIVE NUMBERS.
R  INDICATES RECORD WAS SET OR TIED.
MM INDICATES DATA IS MISSING.
T  INDICATES TRACE AMOUNT.




$$
