000
CDUS45 KMSO 292251
CLIMSO


CLIMATE REPORT
NATIONAL WEATHER SERVICE MISSOULA, MT
450 PM MDT MON AUG 29 2016


...................................

...THE MISSOULA MT CLIMATE SUMMARY FOR AUGUST 29 2016...
VALID TODAY AS OF 0400 PM LOCAL TIME.

CLIMATE NORMAL PERIOD 1981 TO 2010
CLIMATE RECORD PERIOD 1893 TO 2016


WEATHER ITEM   OBSERVED TIME   RECORD YEAR NORMAL DEPARTURE LAST
                VALUE   (LST)  VALUE       VALUE  FROM      YEAR
                                                  NORMAL
..................................................................
TEMPERATURE (F)
 TODAY
  MAXIMUM         94R   259 PM  94    2006  81     13       81
                                      1998
                                      1948
  MINIMUM         47    633 AM  32    1980  47      0       55
  AVERAGE         71                        64      7       68

PRECIPITATION (IN)
  TODAY            0.00          0.32 1986   0.05  -0.05      T
  MONTH TO DATE    0.28                      1.11  -0.83     0.17
  SINCE OCT 1     11.59                     12.88  -1.29    11.43
  SINCE JAN 1      8.20                      9.95  -1.75     6.12

SNOWFALL (IN)
  TODAY            0.0
  MONTH TO DATE    0.0
  SINCE JAN 1     13.1
  SINCE JUL 1      0.0
  SNOW DEPTH       0

DEGREE DAYS
 HEATING
  TODAY            0                         3     -3        0
  MONTH TO DATE   41                        41      0       26
  SINCE JUN 1    217                       239    -22       94
  SINCE JUL 1     98                        79     19       47

 COOLING
  TODAY            6                         2      4        3
  MONTH TO DATE   86                       120    -34      117
  SINCE JUN 1    274                       308    -34      400
  SINCE JAN 1    274                       314    -40      400
..................................................................


WIND (MPH)
  HIGHEST WIND SPEED    12   HIGHEST WIND DIRECTION    SE (140)
  HIGHEST GUST SPEED    15   HIGHEST GUST DIRECTION    SE (120)
  AVERAGE WIND SPEED     1.4


SKY COVER
  POSSIBLE SUNSHINE  MM
  AVERAGE SKY COVER 0.0


WEATHER CONDITIONS
 THE FOLLOWING WEATHER WAS RECORDED TODAY.
  HAZE


RELATIVE HUMIDITY (PERCENT)
 HIGHEST    71           600 AM
 LOWEST     13           300 PM
 AVERAGE    42

..........................................................


THE MISSOULA MT CLIMATE NORMALS FOR TOMORROW
                         NORMAL    RECORD    YEAR
 MAXIMUM TEMPERATURE (F)   80        96      1955
                                             1940
 MINIMUM TEMPERATURE (F)   47        33      1965
                                             1910


SUNRISE AND SUNSET
AUGUST 29 2016........SUNRISE   653 AM MDT   SUNSET   820 PM MDT
AUGUST 30 2016........SUNRISE   654 AM MDT   SUNSET   819 PM MDT


-  INDICATES NEGATIVE NUMBERS.
R  INDICATES RECORD WAS SET OR TIED.
MM INDICATES DATA IS MISSING.
T  INDICATES TRACE AMOUNT.




$$
