000
CDUS45 KMSO 250737
CLIMSO


CLIMATE REPORT
NATIONAL WEATHER SERVICE MISSOULA, MT
137 AM MDT FRI JUL 25 2014


...................................

...THE MISSOULA MT CLIMATE SUMMARY FOR JULY 24 2014...

CLIMATE NORMAL PERIOD 1981 TO 2010
CLIMATE RECORD PERIOD 1893 TO 2014


WEATHER ITEM   OBSERVED TIME   RECORD YEAR NORMAL DEPARTURE LAST
                VALUE   (LST)  VALUE       VALUE  FROM      YEAR
                                                  NORMAL
..................................................................
TEMPERATURE (F)
 YESTERDAY
  MAXIMUM         71    510 PM 100    2006  88    -17       98
                                      1933
  MINIMUM         51   1159 PM  40    1964  52     -1       53
                                      1960
  AVERAGE         61                        70     -9       76

PRECIPITATION (IN)
  YESTERDAY        0.02          0.45 1947   0.02   0.00     0.00
  MONTH TO DATE    0.24                      0.79  -0.55     0.09
  SINCE OCT 1     10.79                     11.57  -0.78    10.69
  SINCE JAN 1      9.08                      8.64   0.44     5.90

SNOWFALL (IN)
  YESTERDAY        0.0
  MONTH TO DATE    0.0
  SINCE JAN 1     51.9
  SINCE JUL 1      0.0
  SNOW DEPTH       0

DEGREE DAYS
 HEATING
  YESTERDAY        4                         1      3        0
  MONTH TO DATE    4                        35    -31        0
  SINCE JUN 1    181                       195    -14      141
  SINCE JUL 1      4                        35    -31        0

 COOLING
  YESTERDAY        0                         6     -6       11
  MONTH TO DATE  184                       110     74      202
  SINCE JUN 1    192                       147     45      245
  SINCE JAN 1    192                       153     39      249
..................................................................


WIND (MPH)
  HIGHEST WIND SPEED    26   HIGHEST WIND DIRECTION     W (280)
  HIGHEST GUST SPEED    32   HIGHEST GUST DIRECTION     W (270)
  AVERAGE WIND SPEED    11.2


SKY COVER
  POSSIBLE SUNSHINE  MM
  AVERAGE SKY COVER 0.6


WEATHER CONDITIONS
 THE FOLLOWING WEATHER WAS RECORDED YESTERDAY.
  LIGHT RAIN


RELATIVE HUMIDITY (PERCENT)
 HIGHEST    67           600 AM
 LOWEST     26           300 PM
 AVERAGE    47

..........................................................


THE MISSOULA MT CLIMATE NORMALS FOR TODAY
                         NORMAL    RECORD    YEAR
 MAXIMUM TEMPERATURE (F)   88       101      1933
 MINIMUM TEMPERATURE (F)   52        40      1960
                                             1893


SUNRISE AND SUNSET
JULY 25 2014..........SUNRISE   608 AM MDT   SUNSET   917 PM MDT
JULY 26 2014..........SUNRISE   609 AM MDT   SUNSET   916 PM MDT


-  INDICATES NEGATIVE NUMBERS.
R  INDICATES RECORD WAS SET OR TIED.
MM INDICATES DATA IS MISSING.
T  INDICATES TRACE AMOUNT.




$$
