000
CDUS45 KMSO 232231
CLIMSO


CLIMATE REPORT
NATIONAL WEATHER SERVICE MISSOULA, MT
430 PM MDT MON OCT 23 2017


...................................

...THE MISSOULA MT CLIMATE SUMMARY FOR OCTOBER 23 2017...
VALID TODAY AS OF 0400 PM LOCAL TIME.

CLIMATE NORMAL PERIOD 1981 TO 2010
CLIMATE RECORD PERIOD 1893 TO 2017


WEATHER ITEM   OBSERVED TIME   RECORD YEAR NORMAL DEPARTURE LAST
                VALUE   (LST)  VALUE       VALUE  FROM      YEAR
                                                  NORMAL
..................................................................
TEMPERATURE (F)
 TODAY
  MAXIMUM         55    259 PM  75    1944  54      1       56
  MINIMUM         32    747 AM  15    1895  31      1       31
  AVERAGE         44                        42      2       44

PRECIPITATION (IN)
  TODAY            0.00          0.40 1919   0.02  -0.02     0.00
  MONTH TO DATE    0.57                      0.64  -0.07     1.78
  SINCE OCT 1      0.57                      0.64  -0.07     1.78
  SINCE JAN 1     11.99                     11.84   0.15    11.11

SNOWFALL (IN)
  TODAY            0.0
  MONTH TO DATE    0.4
  SINCE JAN 1     38.6
  SINCE JUL 1      0.4
  SNOW DEPTH       0

DEGREE DAYS
 HEATING
  TODAY           21                        23     -2       21
  MONTH TO DATE  484                       423     61      443
  SINCE SEP 1    755                       664     91      702
  SINCE JUL 1    756                       748      8      800

 COOLING
  TODAY            0                         0      0        0
  MONTH TO DATE    0                         0      0        0
  SINCE SEP 1     34                        15     19        5
  SINCE JAN 1    509                       332    177      287
..................................................................


WIND (MPH)
  HIGHEST WIND SPEED    10   HIGHEST WIND DIRECTION     W (270)
  HIGHEST GUST SPEED    22   HIGHEST GUST DIRECTION     N (360)
  AVERAGE WIND SPEED     4.4


SKY COVER
  POSSIBLE SUNSHINE  MM
  AVERAGE SKY COVER 0.4


WEATHER CONDITIONS
 THE FOLLOWING WEATHER WAS RECORDED TODAY.
  NO SIGNIFICANT WEATHER WAS OBSERVED.


RELATIVE HUMIDITY (PERCENT)
 HIGHEST    96           500 AM
 LOWEST     38           300 PM
 AVERAGE    67

..........................................................


THE MISSOULA MT CLIMATE NORMALS FOR TOMORROW
                         NORMAL    RECORD    YEAR
 MAXIMUM TEMPERATURE (F)   54        74      1944
 MINIMUM TEMPERATURE (F)   30        14      2002


SUNRISE AND SUNSET
OCTOBER 23 2017.......SUNRISE   806 AM MDT   SUNSET   634 PM MDT
OCTOBER 24 2017.......SUNRISE   808 AM MDT   SUNSET   633 PM MDT


-  INDICATES NEGATIVE NUMBERS.
R  INDICATES RECORD WAS SET OR TIED.
MM INDICATES DATA IS MISSING.
T  INDICATES TRACE AMOUNT.




$$
