000
CDUS45 KMSO 210741
CLIMSO


CLIMATE REPORT
NATIONAL WEATHER SERVICE MISSOULA, MT
141 AM MDT THU AUG 21 2014


...................................

...THE MISSOULA MT CLIMATE SUMMARY FOR AUGUST 20 2014...

CLIMATE NORMAL PERIOD 1981 TO 2010
CLIMATE RECORD PERIOD 1893 TO 2014


WEATHER ITEM   OBSERVED TIME   RECORD YEAR NORMAL DEPARTURE LAST
                VALUE   (LST)  VALUE       VALUE  FROM      YEAR
                                                  NORMAL
..................................................................
TEMPERATURE (F)
 YESTERDAY
  MAXIMUM         78    518 PM  99    1940  84     -6       88
  MINIMUM         51    555 AM  36    1916  50      1       52
  AVERAGE         65                        67     -2       70

PRECIPITATION (IN)
  YESTERDAY        0.08          0.97 1981   0.05   0.03     0.00
  MONTH TO DATE    0.55                      0.74  -0.19     0.32
  SINCE OCT 1     11.34                     12.51  -1.17    11.01
  SINCE JAN 1      9.63                      9.58   0.05     6.22

SNOWFALL (IN)
  YESTERDAY        0.0
  MONTH TO DATE    0.0
  SINCE JAN 1     51.9
  SINCE JUL 1      0.0
  SNOW DEPTH       0

DEGREE DAYS
 HEATING
  YESTERDAY        0                         2     -2        0
  MONTH TO DATE    2                        21    -19        8
  SINCE JUN 1    185                       219    -34      149
  SINCE JUL 1      8                        59    -51        8

 COOLING
  YESTERDAY        0                         3     -3        5
  MONTH TO DATE  127                        98     29      129
  SINCE JUN 1    367                       286     81      426
  SINCE JAN 1    367                       292     75      430
..................................................................


WIND (MPH)
  HIGHEST WIND SPEED    16   HIGHEST WIND DIRECTION    NE (30)
  HIGHEST GUST SPEED    22   HIGHEST GUST DIRECTION     N (20)
  AVERAGE WIND SPEED     6.4


SKY COVER
  POSSIBLE SUNSHINE  MM
  AVERAGE SKY COVER 0.4


WEATHER CONDITIONS
 THE FOLLOWING WEATHER WAS RECORDED YESTERDAY.
  THUNDERSTORM
  LIGHT RAIN
  FOG


RELATIVE HUMIDITY (PERCENT)
 HIGHEST    89           600 AM
 LOWEST     36           400 PM
 AVERAGE    63

..........................................................


THE MISSOULA MT CLIMATE NORMALS FOR TODAY
                         NORMAL    RECORD    YEAR
 MAXIMUM TEMPERATURE (F)   84       100      1969
 MINIMUM TEMPERATURE (F)   49        36      1904


SUNRISE AND SUNSET
AUGUST 21 2014........SUNRISE   642 AM MDT   SUNSET   836 PM MDT
AUGUST 22 2014........SUNRISE   643 AM MDT   SUNSET   834 PM MDT


-  INDICATES NEGATIVE NUMBERS.
R  INDICATES RECORD WAS SET OR TIED.
MM INDICATES DATA IS MISSING.
T  INDICATES TRACE AMOUNT.




$$
