000
CDUS45 KMSO 240744
CLIMSO


CLIMATE REPORT
NATIONAL WEATHER SERVICE MISSOULA, MT
1244 AM MST MON NOV 24 2014


...................................

...THE MISSOULA MT CLIMATE SUMMARY FOR NOVEMBER 23 2014...

CLIMATE NORMAL PERIOD 1981 TO 2010
CLIMATE RECORD PERIOD 1893 TO 2014


WEATHER ITEM   OBSERVED TIME   RECORD YEAR NORMAL DEPARTURE LAST
                VALUE   (LST)  VALUE       VALUE  FROM      YEAR
                                                  NORMAL
..................................................................
TEMPERATURE (F)
 YESTERDAY
  MAXIMUM         40    507 PM  59    1954  37      3       33
                                      1933
  MINIMUM         30   1112 PM  -8    1985  23      7       10
                                      1931
  AVERAGE         35                        30      5       22

PRECIPITATION (IN)
  YESTERDAY        0.03          0.56 1998   0.03   0.00     0.00
  MONTH TO DATE    1.92                      0.76   1.16     0.51
  SINCE OCT 1      3.08                      1.64   1.44     0.57
  SINCE JAN 1     13.38                     12.84   0.54     8.30

SNOWFALL (IN)
  YESTERDAY        T
  MONTH TO DATE    4.1
  SINCE JAN 1     56.0
  SINCE JUL 1      4.1
  SNOW DEPTH       T

DEGREE DAYS
 HEATING
  YESTERDAY       30                        35     -5       43
  MONTH TO DATE  843                       698    145      677
  SINCE SEP 1   1495                      1556    -61     1580
  SINCE JUL 1   1537                      1640   -103     1588

 COOLING
  YESTERDAY        0                         0      0        0
  MONTH TO DATE    0                         0      0        0
  SINCE SEP 1     12                        15     -3       87
  SINCE JAN 1    390                       332     58      579
..................................................................


WIND (MPH)
  HIGHEST WIND SPEED    20   HIGHEST WIND DIRECTION     W (280)
  HIGHEST GUST SPEED    25   HIGHEST GUST DIRECTION     W (280)
  AVERAGE WIND SPEED     5.7


SKY COVER
  POSSIBLE SUNSHINE  MM
  AVERAGE SKY COVER 0.9


WEATHER CONDITIONS
 THE FOLLOWING WEATHER WAS RECORDED YESTERDAY.
  LIGHT RAIN
  LIGHT SNOW
  FOG


RELATIVE HUMIDITY (PERCENT)
 HIGHEST   100          1100 PM
 LOWEST     64           600 AM
 AVERAGE    82

..........................................................


THE MISSOULA MT CLIMATE NORMALS FOR TODAY
                         NORMAL    RECORD    YEAR
 MAXIMUM TEMPERATURE (F)   37        58      1960
 MINIMUM TEMPERATURE (F)   22       -11      2010


SUNRISE AND SUNSET
NOVEMBER 24 2014......SUNRISE   752 AM MST   SUNSET   454 PM MST
NOVEMBER 25 2014......SUNRISE   753 AM MST   SUNSET   453 PM MST


-  INDICATES NEGATIVE NUMBERS.
R  INDICATES RECORD WAS SET OR TIED.
MM INDICATES DATA IS MISSING.
T  INDICATES TRACE AMOUNT.




$$
