000
CDUS45 KMSO 180737
CLIMSO


CLIMATE REPORT
NATIONAL WEATHER SERVICE MISSOULA, MT
137 AM MDT FRI AUG 18 2017


...................................

...THE MISSOULA MT CLIMATE SUMMARY FOR AUGUST 17 2017...

CLIMATE NORMAL PERIOD 1981 TO 2010
CLIMATE RECORD PERIOD 1893 TO 2017


WEATHER ITEM   OBSERVED TIME   RECORD YEAR NORMAL DEPARTURE LAST
                VALUE   (LST)  VALUE       VALUE  FROM      YEAR
                                                  NORMAL
..................................................................
TEMPERATURE (F)
 YESTERDAY
  MAXIMUM         87    430 PM  99    2008  85      2       95
                                      1967
                                      1931
  MINIMUM         47    452 AM  38    2002  50     -3       51
                                      1976
                                      1910
  AVERAGE         67                        68     -1       73

PRECIPITATION (IN)
  YESTERDAY        0.00          0.53 1930   0.04  -0.04     0.00
  MONTH TO DATE    0.14                      0.61  -0.47     0.13
  SINCE OCT 1     14.85                     12.38   2.47    11.44
  SINCE JAN 1     10.19                      9.45   0.74     8.05

SNOWFALL (IN)
  YESTERDAY        0.0
  MONTH TO DATE    0.0
  SINCE JAN 1     38.2
  SINCE JUL 1      0.0
  SNOW DEPTH       0

DEGREE DAYS
 HEATING
  YESTERDAY        0                         1     -1        0
  MONTH TO DATE    0                        17    -17       17
  SINCE JUN 1    115                       215   -100      193
  SINCE JUL 1      0                        55    -55       74

 COOLING
  YESTERDAY        2                         4     -2        8
  MONTH TO DATE   98                        87     11       57
  SINCE JUN 1    413                       275    138      245
  SINCE JAN 1    422                       281    141      245
..................................................................


WIND (MPH)
  HIGHEST WIND SPEED    17   HIGHEST WIND DIRECTION    NW (310)
  HIGHEST GUST SPEED    22   HIGHEST GUST DIRECTION     W (280)
  AVERAGE WIND SPEED     4.3


SKY COVER
  POSSIBLE SUNSHINE  MM
  AVERAGE SKY COVER 0.1


WEATHER CONDITIONS
 THE FOLLOWING WEATHER WAS RECORDED YESTERDAY.
  HAZE


RELATIVE HUMIDITY (PERCENT)
 HIGHEST    71           500 AM
 LOWEST     17           400 PM
 AVERAGE    44

..........................................................


THE MISSOULA MT CLIMATE NORMALS FOR TODAY
                         NORMAL    RECORD    YEAR
 MAXIMUM TEMPERATURE (F)   85       100      2008
 MINIMUM TEMPERATURE (F)   50        39      1987
                                             1954


SUNRISE AND SUNSET
AUGUST 18 2017........SUNRISE   638 AM MDT   SUNSET   841 PM MDT
AUGUST 19 2017........SUNRISE   639 AM MDT   SUNSET   839 PM MDT


-  INDICATES NEGATIVE NUMBERS.
R  INDICATES RECORD WAS SET OR TIED.
MM INDICATES DATA IS MISSING.
T  INDICATES TRACE AMOUNT.




$$
