000
CDUS45 KMSO 312230
CLIMSO


CLIMATE REPORT
NATIONAL WEATHER SERVICE MISSOULA, MT
430 PM MDT TUE MAY 31 2016


...................................

...THE MISSOULA MT CLIMATE SUMMARY FOR MAY 31 2016...
VALID TODAY AS OF 0400 PM LOCAL TIME.

CLIMATE NORMAL PERIOD 1981 TO 2010
CLIMATE RECORD PERIOD 1893 TO 2016


WEATHER ITEM   OBSERVED TIME   RECORD YEAR NORMAL DEPARTURE LAST
                VALUE   (LST)  VALUE       VALUE  FROM      YEAR
                                                  NORMAL
..................................................................
TEMPERATURE (F)
 TODAY
  MAXIMUM         72    257 PM  92    1986  71      1       82
                                      1956
  MINIMUM         37    457 AM  30    1965  44     -7       48
                                      1950
                                      1920
  AVERAGE         55                        57     -2       65

PRECIPITATION (IN)
  TODAY            0.00          1.60 1908   0.09  -0.09     0.01
  MONTH TO DATE    1.82                      2.01  -0.19     0.76
  SINCE OCT 1      8.49                      8.71  -0.22     9.23
  SINCE JAN 1      5.10                      5.78  -0.68     3.92

SNOWFALL (IN)
  TODAY            0.0
  MONTH TO DATE    0.0
  SINCE JAN 1     13.1
  SINCE JUL 1     30.2
  SNOW DEPTH       0

DEGREE DAYS
 HEATING
  TODAY           10                         8      2        0
  MONTH TO DATE  331                       359    -28      316
  SINCE MAR 1   1545                      1755   -210     1657
  SINCE JUL 1   6729                      7124   -395     6649

 COOLING
  TODAY            0                         0      0        0
  MONTH TO DATE    0                         6     -6        0
  SINCE MAR 1      0                         6     -6        0
  SINCE JAN 1      0                         6     -6        0
..................................................................


WIND (MPH)
  HIGHEST WIND SPEED    10   HIGHEST WIND DIRECTION     N (20)
  HIGHEST GUST SPEED    14   HIGHEST GUST DIRECTION     N (20)
  AVERAGE WIND SPEED     1.6


SKY COVER
  POSSIBLE SUNSHINE  MM
  AVERAGE SKY COVER 0.1


WEATHER CONDITIONS
 THE FOLLOWING WEATHER WAS RECORDED TODAY.
  NO SIGNIFICANT WEATHER WAS OBSERVED.


RELATIVE HUMIDITY (PERCENT)
 HIGHEST    85           500 AM
 LOWEST     23           200 PM
 AVERAGE    54

..........................................................


THE MISSOULA MT CLIMATE NORMALS FOR TOMORROW
                         NORMAL    RECORD    YEAR
 MAXIMUM TEMPERATURE (F)   71        92      1986
                                             1903
 MINIMUM TEMPERATURE (F)   44        30      1917
                                             1916


SUNRISE AND SUNSET
MAY 31 2016...........SUNRISE   546 AM MDT   SUNSET   923 PM MDT
JUNE  1 2016..........SUNRISE   545 AM MDT   SUNSET   924 PM MDT


-  INDICATES NEGATIVE NUMBERS.
R  INDICATES RECORD WAS SET OR TIED.
MM INDICATES DATA IS MISSING.
T  INDICATES TRACE AMOUNT.




$$
