000
CDUS45 KMSO 012231
CLIMSO


CLIMATE REPORT
NATIONAL WEATHER SERVICE MISSOULA, MT
430 PM MDT FRI AUG 1 2014


...................................

...THE MISSOULA MT CLIMATE SUMMARY FOR AUGUST 1 2014...
VALID TODAY AS OF 0400 PM LOCAL TIME.

CLIMATE NORMAL PERIOD 1981 TO 2010
CLIMATE RECORD PERIOD 1893 TO 2014


WEATHER ITEM   OBSERVED TIME   RECORD YEAR NORMAL DEPARTURE LAST
                VALUE   (LST)  VALUE       VALUE  FROM      YEAR
                                                  NORMAL
..................................................................
TEMPERATURE (F)
 TODAY
  MAXIMUM         97    213 PM 101    1971  88      9       75
                                      1893
  MINIMUM         55    620 AM  30    1901  52      3       55
  AVERAGE         76                        70      6       65

PRECIPITATION (IN)
  TODAY            0.00          0.74 1960   0.03  -0.03     0.28
  MONTH TO DATE    0.00                      0.03  -0.03     0.28
  SINCE OCT 1     10.79                     11.80  -1.01    10.97
  SINCE JAN 1      9.08                      8.87   0.21     6.18

SNOWFALL (IN)
  TODAY            0.0
  MONTH TO DATE    0.0
  SINCE JAN 1     51.9
  SINCE JUL 1      0.0
  SNOW DEPTH       0

DEGREE DAYS
 HEATING
  TODAY            0                         1     -1        0
  MONTH TO DATE    0                         1     -1        0
  SINCE JUN 1    183                       199    -16      141
  SINCE JUL 1      6                        39    -33        0

 COOLING
  TODAY           11                         6      5        0
  MONTH TO DATE   11                         6      5        0
  SINCE JUN 1    251                       194     57      297
  SINCE JAN 1    251                       200     51      301
..................................................................


WIND (MPH)
  HIGHEST WIND SPEED    10   HIGHEST WIND DIRECTION    SE (140)
  HIGHEST GUST SPEED    17   HIGHEST GUST DIRECTION     E (100)
  AVERAGE WIND SPEED     1.8


SKY COVER
  POSSIBLE SUNSHINE  MM
  AVERAGE SKY COVER 0.0


WEATHER CONDITIONS
 THE FOLLOWING WEATHER WAS RECORDED TODAY.
  NO SIGNIFICANT WEATHER WAS OBSERVED.


RELATIVE HUMIDITY (PERCENT)
 HIGHEST    57           600 AM
 LOWEST     12           200 PM
 AVERAGE    35

..........................................................


THE MISSOULA MT CLIMATE NORMALS FOR TOMORROW
                         NORMAL    RECORD    YEAR
 MAXIMUM TEMPERATURE (F)   88       102      1961
 MINIMUM TEMPERATURE (F)   52        37      1987


SUNRISE AND SUNSET
AUGUST  1 2014........SUNRISE   616 AM MDT   SUNSET   908 PM MDT
AUGUST  2 2014........SUNRISE   617 AM MDT   SUNSET   907 PM MDT


-  INDICATES NEGATIVE NUMBERS.
R  INDICATES RECORD WAS SET OR TIED.
MM INDICATES DATA IS MISSING.
T  INDICATES TRACE AMOUNT.




$$
