000
CDUS45 KMSO 240738
CLIMSO


CLIMATE REPORT
NATIONAL WEATHER SERVICE MISSOULA, MT
137 AM MDT MON APR 24 2017


...................................

...THE MISSOULA MT CLIMATE SUMMARY FOR APRIL 23 2017...

CLIMATE NORMAL PERIOD 1981 TO 2010
CLIMATE RECORD PERIOD 1893 TO 2017


WEATHER ITEM   OBSERVED TIME   RECORD YEAR NORMAL DEPARTURE LAST
                VALUE   (LST)  VALUE       VALUE  FROM      YEAR
                                                  NORMAL
..................................................................
TEMPERATURE (F)
 YESTERDAY
  MAXIMUM         58    452 PM  85    2012  60     -2       56
  MINIMUM         42   1159 PM  20    2013  34      8       45
  AVERAGE         50                        47      3       51

PRECIPITATION (IN)
  YESTERDAY        0.12          0.79 1925   0.04   0.08     0.71
  MONTH TO DATE    1.01                      0.93   0.08     1.01
  SINCE OCT 1     10.95                      6.41   4.54     6.34
  SINCE JAN 1      6.29                      3.48   2.81     2.95

SNOWFALL (IN)
  YESTERDAY        0.0
  MONTH TO DATE    0.9
  SINCE JAN 1     35.5
  SINCE JUL 1     64.6
  SNOW DEPTH       0

DEGREE DAYS
 HEATING
  YESTERDAY       15                        18     -3       14
  MONTH TO DATE  484                       463     21      323
  SINCE MAR 1   1241                      1277    -36     1101
  SINCE JUL 1   7017                      6646    371     6285

 COOLING
  YESTERDAY        0                         0      0        0
  MONTH TO DATE    0                         0      0        0
  SINCE MAR 1      0                         0      0        0
  SINCE JAN 1      0                         0      0        0
..................................................................


WIND (MPH)
  HIGHEST WIND SPEED    20   HIGHEST WIND DIRECTION    NW (320)
  HIGHEST GUST SPEED    26   HIGHEST GUST DIRECTION    NW (320)
  AVERAGE WIND SPEED     9.2


SKY COVER
  POSSIBLE SUNSHINE  MM
  AVERAGE SKY COVER 0.8


WEATHER CONDITIONS
 THE FOLLOWING WEATHER WAS RECORDED YESTERDAY.
  LIGHT RAIN
  FOG


RELATIVE HUMIDITY (PERCENT)
 HIGHEST    89           700 AM
 LOWEST     47           500 PM
 AVERAGE    68

..........................................................


THE MISSOULA MT CLIMATE NORMALS FOR TODAY
                         NORMAL    RECORD    YEAR
 MAXIMUM TEMPERATURE (F)   61        87      1910
 MINIMUM TEMPERATURE (F)   34        20      2002


SUNRISE AND SUNSET
APRIL 24 2017.........SUNRISE   632 AM MDT   SUNSET   838 PM MDT
APRIL 25 2017.........SUNRISE   630 AM MDT   SUNSET   839 PM MDT


-  INDICATES NEGATIVE NUMBERS.
R  INDICATES RECORD WAS SET OR TIED.
MM INDICATES DATA IS MISSING.
T  INDICATES TRACE AMOUNT.




$$
