000
CDUS45 KMSO 290738
CLIMSO


CLIMATE REPORT
NATIONAL WEATHER SERVICE MISSOULA, MT
1237 AM MST THU JAN 29 2015


...................................

...THE MISSOULA MT CLIMATE SUMMARY FOR JANUARY 28 2015...

CLIMATE NORMAL PERIOD 1981 TO 2010
CLIMATE RECORD PERIOD 1893 TO 2015


WEATHER ITEM   OBSERVED TIME   RECORD YEAR NORMAL DEPARTURE LAST
                VALUE   (LST)  VALUE       VALUE  FROM      YEAR
                                                  NORMAL
..................................................................
TEMPERATURE (F)
 YESTERDAY
  MAXIMUM         47    413 PM  52    1984  35     12       30
  MINIMUM         24    457 AM -18    1972  20      4        9
  AVERAGE         36                        27      9       20

PRECIPITATION (IN)
  YESTERDAY        0.00          0.73 1907   0.03  -0.03      T
  MONTH TO DATE    1.22                      0.78   0.44     0.39
  SINCE OCT 1      6.53                      3.71   2.82     2.10
  SINCE JAN 1      1.22                      0.78   0.44     0.39

SNOWFALL (IN)
  YESTERDAY        0.0
  MONTH TO DATE    9.4
  SINCE JAN 1      9.4
  SINCE JUL 1     30.0
  SNOW DEPTH       1

DEGREE DAYS
 HEATING
  YESTERDAY       29                        38     -9       45
  MONTH TO DATE 1089                      1104    -15      985
  SINCE DEC 1   2278                      2380   -102     2287
  SINCE JUL 1   4034                      4276   -242     4142

 COOLING
  YESTERDAY        0                         0      0        0
  MONTH TO DATE    0                         0      0        0
  SINCE DEC 1      0                         0      0        0
  SINCE JAN 1      0                         0      0        0
..................................................................


WIND (MPH)
  HIGHEST WIND SPEED    10   HIGHEST WIND DIRECTION     N (10)
  HIGHEST GUST SPEED    15   HIGHEST GUST DIRECTION     N (10)
  AVERAGE WIND SPEED     1.8


SKY COVER
  POSSIBLE SUNSHINE  MM
  AVERAGE SKY COVER 0.3


WEATHER CONDITIONS
 THE FOLLOWING WEATHER WAS RECORDED YESTERDAY.
  FOG


RELATIVE HUMIDITY (PERCENT)
 HIGHEST   100           300 AM
 LOWEST     53           500 PM
 AVERAGE    77

..........................................................


THE MISSOULA MT CLIMATE NORMALS FOR TODAY
                         NORMAL    RECORD    YEAR
 MAXIMUM TEMPERATURE (F)   35        52      1971
 MINIMUM TEMPERATURE (F)   20       -19      1963
                                             1951
                                             1950


SUNRISE AND SUNSET
JANUARY 29 2015.......SUNRISE   805 AM MST   SUNSET   535 PM MST
JANUARY 30 2015.......SUNRISE   804 AM MST   SUNSET   536 PM MST


-  INDICATES NEGATIVE NUMBERS.
R  INDICATES RECORD WAS SET OR TIED.
MM INDICATES DATA IS MISSING.
T  INDICATES TRACE AMOUNT.




$$
