000
CDUS43 KMPX 160648
CLIMSP


CLIMATE REPORT
NATIONAL WEATHER SERVICE CHANHASSEN MN
1248 AM CST MON JAN 16 2017


...................................

...THE TWIN CITIES MN CLIMATE SUMMARY FOR JANUARY 15 2017...

CLIMATE NORMAL PERIOD 1981 TO 2010
CLIMATE RECORD PERIOD 1871 TO 2017


WEATHER ITEM   OBSERVED TIME   RECORD YEAR NORMAL DEPARTURE LAST
                VALUE   (LST)  VALUE       VALUE  FROM      YEAR
                                                  NORMAL
..................................................................
TEMPERATURE (F)
 YESTERDAY
  MAXIMUM         34    351 PM  43    1990  23     11       23
  MINIMUM          1    643 AM -37    1888   7     -6       12
  AVERAGE         18                        15      3       18

PRECIPITATION (IN)
  YESTERDAY        0.00          0.45 1969   0.03  -0.03      T
  MONTH TO DATE    0.44                      0.46  -0.02     0.20
  SINCE DEC 1      2.58                      1.62   0.96     2.52
  SINCE JAN 1      0.44                      0.46  -0.02     0.20

SNOWFALL (IN)
  YESTERDAY        0.0           3.2  1953   0.4   -0.4       T
  MONTH TO DATE    5.0                       6.0   -1.0      2.6
  SINCE DEC 1     20.8                      17.9    2.9     12.1
  SINCE JUL 1     23.1                      27.8   -4.7     17.2
  SNOW DEPTH       2

DEGREE DAYS
 HEATING
  YESTERDAY       47                        50     -3       47
  MONTH TO DATE  813                       743     70      724
  SINCE DEC 1   2171                      2147     24     1795
  SINCE JUL 1   3215                      3766   -551     2970

 COOLING
  YESTERDAY        0                         0      0        0
  MONTH TO DATE    0                         0      0        0
  SINCE DEC 1      0                         0      0        0
  SINCE JAN 1      0                         0      0        0
..................................................................


WIND (MPH)
  HIGHEST WIND SPEED    10   HIGHEST WIND DIRECTION    SW (230)
  HIGHEST GUST SPEED    15   HIGHEST GUST DIRECTION    SW (210)
  AVERAGE WIND SPEED     3.5


SKY COVER
  POSSIBLE SUNSHINE  MM
  AVERAGE SKY COVER 0.3


WEATHER CONDITIONS
 THE FOLLOWING WEATHER WAS RECORDED YESTERDAY.
  FOG


RELATIVE HUMIDITY (PERCENT)
 HIGHEST    95           700 AM
 LOWEST     56           300 PM
 AVERAGE    76

..........................................................


THE TWIN CITIES MN CLIMATE NORMALS FOR TODAY
                         NORMAL    RECORD    YEAR
 MAXIMUM TEMPERATURE (F)   23        46      1961
 MINIMUM TEMPERATURE (F)    7       -29      1888


SUNRISE AND SUNSET
JANUARY 16 2017.......SUNRISE   746 AM CST   SUNSET   500 PM CST
JANUARY 17 2017.......SUNRISE   746 AM CST   SUNSET   501 PM CST


-  INDICATES NEGATIVE NUMBERS.
R  INDICATES RECORD WAS SET OR TIED.
MM INDICATES DATA IS MISSING.
T  INDICATES TRACE AMOUNT.




$$
