000
CDUS43 KMPX 260633
CLIMSP


CLIMATE REPORT
NATIONAL WEATHER SERVICE CHANHASSEN MN
132 AM CDT MON JUN 26 2017


...................................

...THE TWIN CITIES MN CLIMATE SUMMARY FOR JUNE 25 2017...

CLIMATE NORMAL PERIOD 1981 TO 2010
CLIMATE RECORD PERIOD 1871 TO 2017


WEATHER ITEM   OBSERVED TIME   RECORD YEAR NORMAL DEPARTURE LAST
                VALUE   (LST)  VALUE       VALUE  FROM      YEAR
                                                  NORMAL
..................................................................
TEMPERATURE (F)
 YESTERDAY
  MAXIMUM         69    423 PM  98    1934  82    -13       96
  MINIMUM         54    501 AM  46    1957  62     -8       72
  AVERAGE         62                        72    -10       84

PRECIPITATION (IN)
  YESTERDAY        T             2.88 1978   0.15  -0.15      T
  MONTH TO DATE    3.21                      3.53  -0.32     4.39
  SINCE JUN 1      3.21                      3.53  -0.32     4.39
  SINCE JAN 1     14.76                     13.11   1.65    13.31

SNOWFALL (IN)
  YESTERDAY        0.0           0.0    MM   0.0    0.0      0.0
  MONTH TO DATE    T                         0.0    0.0      0.0
  SINCE JUN 1      T                         0.0    0.0      0.0
  SINCE JUL 1     32.0                      54.4  -22.4     36.7
  SNOW DEPTH       0

DEGREE DAYS
 HEATING
  YESTERDAY        3                         1      2        0
  MONTH TO DATE    9                        44    -35        7
  SINCE JUN 1      9                        44    -35        7
  SINCE JUL 1   6307                      7580  -1273     6283

 COOLING
  YESTERDAY        0                         7     -7       19
  MONTH TO DATE  190                       119     71      171
  SINCE JUN 1    190                       119     71      171
  SINCE JAN 1    211                       161     50      247
..................................................................


WIND (MPH)
  HIGHEST WIND SPEED    23   HIGHEST WIND DIRECTION    NW (320)
  HIGHEST GUST SPEED    31   HIGHEST GUST DIRECTION    NW (310)
  AVERAGE WIND SPEED    12.7


SKY COVER
  POSSIBLE SUNSHINE  MM
  AVERAGE SKY COVER 0.8


WEATHER CONDITIONS
 THE FOLLOWING WEATHER WAS RECORDED YESTERDAY.
  HAZE


RELATIVE HUMIDITY (PERCENT)
 HIGHEST    83           900 AM
 LOWEST     37           400 PM
 AVERAGE    60

..........................................................


THE TWIN CITIES MN CLIMATE NORMALS FOR TODAY
                         NORMAL    RECORD    YEAR
 MAXIMUM TEMPERATURE (F)   82        99      1931
 MINIMUM TEMPERATURE (F)   62        46      1926


SUNRISE AND SUNSET
JUNE 26 2017..........SUNRISE   528 AM CDT   SUNSET   903 PM CDT
JUNE 27 2017..........SUNRISE   529 AM CDT   SUNSET   903 PM CDT


-  INDICATES NEGATIVE NUMBERS.
R  INDICATES RECORD WAS SET OR TIED.
MM INDICATES DATA IS MISSING.
T  INDICATES TRACE AMOUNT.




$$
