000
CDUS41 KBTV 310528
CLIMSS


CLIMATE REPORT
NATIONAL WEATHER SERVICE BURLINGTON VT
119 AM EDT WED AUG 31 2016


...................................

...THE MASSENA NY CLIMATE SUMMARY FOR AUGUST 30 2016...

CLIMATE NORMAL PERIOD 1981 TO 2010
CLIMATE RECORD PERIOD 1948 TO 2016


WEATHER ITEM   OBSERVED TIME   RECORD YEAR NORMAL DEPARTURE LAST
                VALUE   (LST)  VALUE       VALUE  FROM      YEAR
                                                  NORMAL
..................................................................
TEMPERATURE (F)
 YESTERDAY
  MAXIMUM         78    211 PM  93    1991  75      3       80
  MINIMUM         53    555 AM  35    2000  53      0       58
  AVERAGE         66                        64      2       69

PRECIPITATION (IN)
  YESTERDAY        0.00          1.14        0.11  -0.11     0.00
  MONTH TO DATE    2.80                      3.41  -0.61     3.24
  SINCE JUN 1     10.46                     10.50  -0.04    11.78
  SINCE JAN 1     19.80                     22.43  -2.63    17.77

DEGREE DAYS
 HEATING
  YESTERDAY        0                         3     -3        0
  MONTH TO DATE    2                        48    -46       12
  SINCE JUN 1     76                       167    -91      135
  SINCE JUL 1     11                        71    -60       34

 COOLING
  YESTERDAY        1                         2     -1        4
  MONTH TO DATE  200                        98    102      122
  SINCE JUN 1    428                       318    110      325
  SINCE JAN 1    474                       332    142      370
..................................................................


WIND (MPH)
  HIGHEST WIND SPEED    17   HIGHEST WIND DIRECTION    SW (230)
  HIGHEST GUST SPEED    21   HIGHEST GUST DIRECTION    SW (220)
  AVERAGE WIND SPEED     6.4


SKY COVER
  AVERAGE SKY COVER 0.4


WEATHER CONDITIONS
 THE FOLLOWING WEATHER WAS RECORDED YESTERDAY.
  FOG


RELATIVE HUMIDITY (PERCENT)
 HIGHEST   100           200 AM
 LOWEST     54           100 PM
 AVERAGE    77

..........................................................


THE MASSENA NY CLIMATE NORMALS FOR TODAY
                         NORMAL    RECORD    YEAR
 MAXIMUM TEMPERATURE (F)   75        91      1993
 MINIMUM TEMPERATURE (F)   53        35      2000
                                             1965


SUNRISE AND SUNSET
AUGUST 31 2016........SUNRISE   621 AM EDT   SUNSET   737 PM EDT
SEPTEMBER  1 2016.....SUNRISE   622 AM EDT   SUNSET   736 PM EDT


-  INDICATES NEGATIVE NUMBERS.
R  INDICATES RECORD WAS SET OR TIED.
MM INDICATES DATA IS MISSING.
T  INDICATES TRACE AMOUNT.




$$
