000
CDUS41 KBTV 220526
CLIMSS


CLIMATE REPORT
NATIONAL WEATHER SERVICE BURLINGTON VT
123 AM EDT SAT JUL 22 2017


...................................

...THE MASSENA NY CLIMATE SUMMARY FOR JULY 21 2017...

CLIMATE NORMAL PERIOD 1981 TO 2010
CLIMATE RECORD PERIOD 1948 TO 2017


WEATHER ITEM   OBSERVED TIME   RECORD YEAR NORMAL DEPARTURE LAST
                VALUE   (LST)  VALUE       VALUE  FROM      YEAR
                                                  NORMAL
..................................................................
TEMPERATURE (F)
 YESTERDAY
  MAXIMUM         84    414 PM  96    1955  80      4       88
  MINIMUM         62    450 AM  46    1989  58      4       56
  AVERAGE         73                        69      4       72

PRECIPITATION (IN)
  YESTERDAY        0.01          0.91        0.13  -0.12     0.01
  MONTH TO DATE    3.29                      2.37   0.92     1.90
  SINCE JUN 1      9.39                      5.89   3.50     6.59
  SINCE JAN 1     24.04                     17.82   6.22    15.93

DEGREE DAYS
 HEATING
  YESTERDAY        0                         1     -1        0
  MONTH TO DATE    0                        21    -21        9
  SINCE JUN 1     94                       117    -23       74
  SINCE JUL 1      0                        21    -21        9

 COOLING
  YESTERDAY        8                         5      3        7
  MONTH TO DATE  105                       102      3      101
  SINCE JUN 1    183                       177      6      168
  SINCE JAN 1    199                       191      8      214
..................................................................


WIND (MPH)
  HIGHEST WIND SPEED    17   HIGHEST WIND DIRECTION    SW (230)
  HIGHEST GUST SPEED    22   HIGHEST GUST DIRECTION     W (260)
  AVERAGE WIND SPEED     8.8


SKY COVER
  AVERAGE SKY COVER 0.1


WEATHER CONDITIONS
 THE FOLLOWING WEATHER WAS RECORDED YESTERDAY.
  RAIN


RELATIVE HUMIDITY (PERCENT)
 HIGHEST    93           400 AM
 LOWEST     51           600 PM
 AVERAGE    72

..........................................................


THE MASSENA NY CLIMATE NORMALS FOR TODAY
                         NORMAL    RECORD    YEAR
 MAXIMUM TEMPERATURE (F)   80        96      1955
 MINIMUM TEMPERATURE (F)   58        44      1992


SUNRISE AND SUNSET
JULY 22 2017..........SUNRISE   534 AM EDT   SUNSET   837 PM EDT
JULY 23 2017..........SUNRISE   535 AM EDT   SUNSET   836 PM EDT


-  INDICATES NEGATIVE NUMBERS.
R  INDICATES RECORD WAS SET OR TIED.
MM INDICATES DATA IS MISSING.
T  INDICATES TRACE AMOUNT.




$$
