000
CDUS41 KBTV 210534
CLIMSS


CLIMATE REPORT
NATIONAL WEATHER SERVICE BURLINGTON VT
1233 AM EST SUN JAN 21 2018


...................................

...THE MASSENA NY CLIMATE SUMMARY FOR JANUARY 20 2018...

CLIMATE NORMAL PERIOD 1981 TO 2010
CLIMATE RECORD PERIOD 1948 TO 2018


WEATHER ITEM   OBSERVED TIME   RECORD YEAR NORMAL DEPARTURE LAST
                VALUE   (LST)  VALUE       VALUE  FROM      YEAR
                                                  NORMAL
..................................................................
TEMPERATURE (F)
 YESTERDAY
  MAXIMUM         41    327 PM  47    2013  24     17       38
                                      2006
  MINIMUM         36   1220 AM -21    1974   4     32       33
  AVERAGE         39                        14     25       36

PRECIPITATION (IN)
  YESTERDAY        0.01          1.17        0.07  -0.06      T
  MONTH TO DATE    1.27                      1.47  -0.20     1.43
  SINCE DEC 1      2.24                      3.90  -1.66     3.76
  SINCE JAN 1      1.27                      1.47  -0.20     1.43

DEGREE DAYS
 HEATING
  YESTERDAY       26                        51    -25       29
  MONTH TO DATE 1048                      1007     41      805
  SINCE DEC 1   2215                      2337   -122     2028
  SINCE JUL 1   3614                      4106   -492     3434

 COOLING
  YESTERDAY        0                         0      0        0
  MONTH TO DATE    0                         0      0        0
  SINCE DEC 1      0                         0      0        0
  SINCE JAN 1      0                         0      0        0
..................................................................


WIND (MPH)
  HIGHEST WIND SPEED    33   HIGHEST WIND DIRECTION    SW (220)
  HIGHEST GUST SPEED    45   HIGHEST GUST DIRECTION    SW (220)
  AVERAGE WIND SPEED    18.5


SKY COVER
  AVERAGE SKY COVER 0.7


WEATHER CONDITIONS
 THE FOLLOWING WEATHER WAS RECORDED YESTERDAY.
  NO SIGNIFICANT WEATHER WAS OBSERVED.


RELATIVE HUMIDITY (PERCENT)
 HIGHEST    82           700 PM
 LOWEST     59           100 AM
 AVERAGE    71

..........................................................


THE MASSENA NY CLIMATE NORMALS FOR TODAY
                         NORMAL    RECORD    YEAR
 MAXIMUM TEMPERATURE (F)   24        57      1959
 MINIMUM TEMPERATURE (F)    4       -27      2005


SUNRISE AND SUNSET
JANUARY 21 2018.......SUNRISE   730 AM EST   SUNSET   452 PM EST
JANUARY 22 2018.......SUNRISE   729 AM EST   SUNSET   453 PM EST


-  INDICATES NEGATIVE NUMBERS.
R  INDICATES RECORD WAS SET OR TIED.
MM INDICATES DATA IS MISSING.
T  INDICATES TRACE AMOUNT.




$$
