000
CDUS41 KBTV 070521
CLIMSS


CLIMATE REPORT
NATIONAL WEATHER SERVICE BURLINGTON VT
120 AM EDT TUE JUL 7 2015


...................................

...THE MASSENA NY CLIMATE SUMMARY FOR JULY 6 2015...

CLIMATE NORMAL PERIOD 1981 TO 2010
CLIMATE RECORD PERIOD 1948 TO 2015


WEATHER ITEM   OBSERVED TIME   RECORD YEAR NORMAL DEPARTURE LAST
                VALUE   (LST)  VALUE       VALUE  FROM      YEAR
                                                  NORMAL
..................................................................
TEMPERATURE (F)
 YESTERDAY
  MAXIMUM         84    315 PM  95    1993  80      4       81
  MINIMUM         55    513 AM  41    1962  58     -3       64
  AVERAGE         70                        69      1       73

PRECIPITATION (IN)
  YESTERDAY        0.00          1.92        0.11  -0.11      T
  MONTH TO DATE    0.39                      0.69  -0.30     0.04
  SINCE JUN 1      5.51                      4.21   1.30     4.97
  SINCE JAN 1     11.50                     16.14  -4.64    14.90

DEGREE DAYS
 HEATING
  YESTERDAY        0                         1     -1        0
  MONTH TO DATE    6                         6      0        0
  SINCE JUN 1    107                       102      5       38
  SINCE JUL 1      6                         6      0        0

 COOLING
  YESTERDAY        5                         5      0        8
  MONTH TO DATE   11                        27    -16       41
  SINCE JUN 1     58                       102    -44      125
  SINCE JAN 1    103                       116    -13      140
..................................................................


WIND (MPH)
  HIGHEST WIND SPEED    13   HIGHEST WIND DIRECTION    SW (220)
  HIGHEST GUST SPEED    21   HIGHEST GUST DIRECTION    SW (210)
  AVERAGE WIND SPEED     2.4


SKY COVER
  AVERAGE SKY COVER 0.1


WEATHER CONDITIONS
 THE FOLLOWING WEATHER WAS RECORDED YESTERDAY.
  FOG
  HAZE


RELATIVE HUMIDITY (PERCENT)
 HIGHEST    93           300 AM
 LOWEST     46           100 PM
 AVERAGE    70

..........................................................


THE MASSENA NY CLIMATE NORMALS FOR TODAY
                         NORMAL    RECORD    YEAR
 MAXIMUM TEMPERATURE (F)   80        94      1975
 MINIMUM TEMPERATURE (F)   58        40      1969


SUNRISE AND SUNSET
JULY  7 2015..........SUNRISE   520 AM EDT   SUNSET   848 PM EDT
JULY  8 2015..........SUNRISE   521 AM EDT   SUNSET   847 PM EDT


-  INDICATES NEGATIVE NUMBERS.
R  INDICATES RECORD WAS SET OR TIED.
MM INDICATES DATA IS MISSING.
T  INDICATES TRACE AMOUNT.




$$
