000
CDUS41 KBTV 150538
CLIMSS


CLIMATE REPORT
NATIONAL WEATHER SERVICE BURLINGTON VT
135 AM EDT MON SEP 15 2014


...................................

...THE MASSENA NY CLIMATE SUMMARY FOR SEPTEMBER 14 2014...

CLIMATE NORMAL PERIOD 1981 TO 2010
CLIMATE RECORD PERIOD 1948 TO 2014


WEATHER ITEM   OBSERVED TIME   RECORD YEAR NORMAL DEPARTURE LAST
                VALUE   (LST)  VALUE       VALUE  FROM      YEAR
                                                  NORMAL
..................................................................
TEMPERATURE (F)
 YESTERDAY
  MAXIMUM         51    532 PM  87    1993  70    -19       61
  MINIMUM         34   1103 PM  27    1963  48    -14       44
  AVERAGE         43                        59    -16       53

PRECIPITATION (IN)
  YESTERDAY        0.00          4.97        0.13  -0.13     0.00
  MONTH TO DATE    1.00                      1.62  -0.62     3.38
  SINCE SEP 1      1.00                      1.62  -0.62     3.38
  SINCE JAN 1     26.46                     24.16   2.30    26.50

DEGREE DAYS
 HEATING
  YESTERDAY       22                         7     15       12
  MONTH TO DATE   66                        68     -2       80
  SINCE SEP 1     66                        68     -2       80
  SINCE JUL 1    126                       143    -17      136

 COOLING
  YESTERDAY        0                         1     -1        0
  MONTH TO DATE   39                        19     20       30
  SINCE SEP 1     39                        19     20       30
  SINCE JAN 1    327                       355    -28      417
..................................................................


WIND (MPH)
  HIGHEST WIND SPEED    14   HIGHEST WIND DIRECTION     W (270)
  HIGHEST GUST SPEED    20   HIGHEST GUST DIRECTION     W (290)
  AVERAGE WIND SPEED     4.4


SKY COVER
  AVERAGE SKY COVER 0.8


WEATHER CONDITIONS
 THE FOLLOWING WEATHER WAS RECORDED YESTERDAY.
  FOG


RELATIVE HUMIDITY (PERCENT)
 HIGHEST   100          1100 PM
 LOWEST     66           200 PM
 AVERAGE    83

..........................................................


THE MASSENA NY CLIMATE NORMALS FOR TODAY
                         NORMAL    RECORD    YEAR
 MAXIMUM TEMPERATURE (F)   70        84      2008
 MINIMUM TEMPERATURE (F)   48        33      1984


SUNRISE AND SUNSET
SEPTEMBER 15 2014.....SUNRISE   638 AM EDT   SUNSET   710 PM EDT
SEPTEMBER 16 2014.....SUNRISE   639 AM EDT   SUNSET   708 PM EDT


-  INDICATES NEGATIVE NUMBERS.
R  INDICATES RECORD WAS SET OR TIED.
MM INDICATES DATA IS MISSING.
T  INDICATES TRACE AMOUNT.




$$
