000
CDUS41 KBTV 250708
CLIMSS


CLIMATE REPORT
NATIONAL WEATHER SERVICE BURLINGTON VT
307 AM EDT MON SEP 25 2017


...................................

...THE MASSENA NY CLIMATE SUMMARY FOR SEPTEMBER 24 2017...

CLIMATE NORMAL PERIOD 1981 TO 2010
CLIMATE RECORD PERIOD 1948 TO 2017


WEATHER ITEM   OBSERVED TIME   RECORD YEAR NORMAL DEPARTURE LAST
                VALUE   (LST)  VALUE       VALUE  FROM      YEAR
                                                  NORMAL
..................................................................
TEMPERATURE (F)
 YESTERDAY
  MAXIMUM         88R   400 PM  87    2010  66     22       63
  MINIMUM         63   1237 AM  27    1953  44     19       39
  AVERAGE         76                        55     21       51

PRECIPITATION (IN)
  YESTERDAY        0.00          2.13        0.13  -0.13     0.00
  MONTH TO DATE    0.77                      2.90  -2.13     1.35
  SINCE SEP 1      0.77                      2.90  -2.13     1.35
  SINCE JAN 1     30.14                     25.44   4.70    22.46

DEGREE DAYS
 HEATING
  YESTERDAY        0                        10    -10       14
  MONTH TO DATE   86                       153    -67       81
  SINCE SEP 1     86                       153    -67       81
  SINCE JUL 1    138                       228    -90       92

 COOLING
  YESTERDAY       11                         0     11        0
  MONTH TO DATE   39                        24     15       47
  SINCE SEP 1     39                        24     15       47
  SINCE JAN 1    365                       360      5      527
..................................................................


WIND (MPH)
  HIGHEST WIND SPEED    10   HIGHEST WIND DIRECTION     W (280)
  HIGHEST GUST SPEED    14   HIGHEST GUST DIRECTION     W (250)
  AVERAGE WIND SPEED     4.6


SKY COVER
  AVERAGE SKY COVER 0.0


WEATHER CONDITIONS
 THE FOLLOWING WEATHER WAS RECORDED YESTERDAY.
  FOG


RELATIVE HUMIDITY (PERCENT)
 HIGHEST   100           800 PM
 LOWEST     55           400 PM
 AVERAGE    78

..........................................................


THE MASSENA NY CLIMATE NORMALS FOR TODAY
                         NORMAL    RECORD    YEAR
 MAXIMUM TEMPERATURE (F)   65        90      2007
 MINIMUM TEMPERATURE (F)   44        28      1963


SUNRISE AND SUNSET
SEPTEMBER 25 2017.....SUNRISE   650 AM EDT   SUNSET   651 PM EDT
SEPTEMBER 26 2017.....SUNRISE   652 AM EDT   SUNSET   649 PM EDT


-  INDICATES NEGATIVE NUMBERS.
R  INDICATES RECORD WAS SET OR TIED.
MM INDICATES DATA IS MISSING.
T  INDICATES TRACE AMOUNT.




$$
