000
CDUS41 KBTV 230533
CLIMSS


CLIMATE REPORT
NATIONAL WEATHER SERVICE BURLINGTON VT
131 AM EDT SAT AUG 23 2014


...................................

...THE MASSENA NY CLIMATE SUMMARY FOR AUGUST 22 2014...

CLIMATE NORMAL PERIOD 1981 TO 2010
CLIMATE RECORD PERIOD 1948 TO 2014


WEATHER ITEM   OBSERVED TIME   RECORD YEAR NORMAL DEPARTURE LAST
                VALUE   (LST)  VALUE       VALUE  FROM      YEAR
                                                  NORMAL
..................................................................
TEMPERATURE (F)
 YESTERDAY
  MAXIMUM         76    325 PM  87    2008  77     -1       77
                                      1974
  MINIMUM         62    414 AM  36    1957  55      7       58
  AVERAGE         69                        66      3       68

PRECIPITATION (IN)
  YESTERDAY        T             1.43        0.10  -0.10     1.43
  MONTH TO DATE    3.35                      2.55   0.80     3.00
  SINCE JUN 1     13.75                      9.64   4.11    14.21
  SINCE JAN 1     23.68                     21.57   2.11    22.51

DEGREE DAYS
 HEATING
  YESTERDAY        0                         2     -2        0
  MONTH TO DATE   30                        28      2       24
  SINCE JUN 1     90                       147    -57      162
  SINCE JUL 1     52                        51      1       46

 COOLING
  YESTERDAY        4                         3      1        3
  MONTH TO DATE   49                        80    -31       58
  SINCE JUN 1    240                       300    -60      330
  SINCE JAN 1    255                       314    -59      353
..................................................................


WIND (MPH)
  HIGHEST WIND SPEED    18   HIGHEST WIND DIRECTION    NE (40)
  HIGHEST GUST SPEED    22   HIGHEST GUST DIRECTION    NE (40)
  AVERAGE WIND SPEED     8.2


SKY COVER
  AVERAGE SKY COVER 0.8


WEATHER CONDITIONS
 THE FOLLOWING WEATHER WAS RECORDED YESTERDAY.
  NO SIGNIFICANT WEATHER WAS OBSERVED.


RELATIVE HUMIDITY (PERCENT)
 HIGHEST   100           100 AM
 LOWEST     69           300 PM
 AVERAGE    85

..........................................................


THE MASSENA NY CLIMATE NORMALS FOR TODAY
                         NORMAL    RECORD    YEAR
 MAXIMUM TEMPERATURE (F)   77        88      1949
 MINIMUM TEMPERATURE (F)   54        37      1957


SUNRISE AND SUNSET
AUGUST 23 2014........SUNRISE   611 AM EDT   SUNSET   752 PM EDT
AUGUST 24 2014........SUNRISE   612 AM EDT   SUNSET   751 PM EDT


-  INDICATES NEGATIVE NUMBERS.
R  INDICATES RECORD WAS SET OR TIED.
MM INDICATES DATA IS MISSING.
T  INDICATES TRACE AMOUNT.




$$
