000
CDUS41 KBTV 220543
CLIMSS


CLIMATE REPORT
NATIONAL WEATHER SERVICE BURLINGTON VT
1243 AM EST SUN JAN 22 2017


...................................

...THE MASSENA NY CLIMATE SUMMARY FOR JANUARY 21 2017...

CLIMATE NORMAL PERIOD 1981 TO 2010
CLIMATE RECORD PERIOD 1948 TO 2017


WEATHER ITEM   OBSERVED TIME   RECORD YEAR NORMAL DEPARTURE LAST
                VALUE   (LST)  VALUE       VALUE  FROM      YEAR
                                                  NORMAL
..................................................................
TEMPERATURE (F)
 YESTERDAY
  MAXIMUM         40    353 PM  57    1959  24     16       18
  MINIMUM         33    653 AM -27    2005   4     29       -6
  AVERAGE         37                        14     23        6

PRECIPITATION (IN)
  YESTERDAY        0.00          0.50        0.07  -0.07     0.00
  MONTH TO DATE    1.43                      1.54  -0.11     0.38
  SINCE DEC 1      3.76                      3.97  -0.21     3.03
  SINCE JAN 1      1.43                      1.54  -0.11     0.38

DEGREE DAYS
 HEATING
  YESTERDAY       28                        51    -23       59
  MONTH TO DATE  833                      1058   -225      969
  SINCE DEC 1   2056                      2388   -332     1840
  SINCE JUL 1   3462                      4157   -695     3314

 COOLING
  YESTERDAY        0                         0      0        0
  MONTH TO DATE    0                         0      0        0
  SINCE DEC 1      0                         0      0        0
  SINCE JAN 1      0                         0      0        0
..................................................................


WIND (MPH)
  HIGHEST WIND SPEED    12   HIGHEST WIND DIRECTION    SW (240)
  HIGHEST GUST SPEED    17   HIGHEST GUST DIRECTION    SW (230)
  AVERAGE WIND SPEED     2.8


SKY COVER
  AVERAGE SKY COVER 1.0


WEATHER CONDITIONS
 THE FOLLOWING WEATHER WAS RECORDED YESTERDAY.
  FOG


RELATIVE HUMIDITY (PERCENT)
 HIGHEST   100           500 AM
 LOWEST     89          1200 AM
 AVERAGE    95

..........................................................


THE MASSENA NY CLIMATE NORMALS FOR TODAY
                         NORMAL    RECORD    YEAR
 MAXIMUM TEMPERATURE (F)   24        57      1959
 MINIMUM TEMPERATURE (F)    4       -30      2014


SUNRISE AND SUNSET
JANUARY 22 2017.......SUNRISE   729 AM EST   SUNSET   454 PM EST
JANUARY 23 2017.......SUNRISE   728 AM EST   SUNSET   455 PM EST


-  INDICATES NEGATIVE NUMBERS.
R  INDICATES RECORD WAS SET OR TIED.
MM INDICATES DATA IS MISSING.
T  INDICATES TRACE AMOUNT.




$$
