000
CDUS41 KBTV 310535
CLIMSS


CLIMATE REPORT
NATIONAL WEATHER SERVICE BURLINGTON VT
133 AM EDT THU JUL 31 2014


...................................

...THE MASSENA NY CLIMATE SUMMARY FOR JULY 30 2014...

CLIMATE NORMAL PERIOD 1981 TO 2010
CLIMATE RECORD PERIOD 1948 TO 2014


WEATHER ITEM   OBSERVED TIME   RECORD YEAR NORMAL DEPARTURE LAST
                VALUE   (LST)  VALUE       VALUE  FROM      YEAR
                                                  NORMAL
..................................................................
TEMPERATURE (F)
 YESTERDAY
  MAXIMUM         75    332 PM  91    1990  80     -5       74
  MINIMUM         52    502 AM  41    1952  58     -6       55
  AVERAGE         64                        69     -5       65

PRECIPITATION (IN)
  YESTERDAY        0.00          0.41        0.12  -0.12     0.00
  MONTH TO DATE    5.09                      3.46   1.63     3.59
  SINCE JUN 1     10.02                      6.98   3.04    11.21
  SINCE JAN 1     19.95                     18.91   1.04    19.51

DEGREE DAYS
 HEATING
  YESTERDAY        1                         1      0        0
  MONTH TO DATE   18                        30    -12       22
  SINCE JUN 1     56                       126    -70      138
  SINCE JUL 1     18                        30    -12       22

 COOLING
  YESTERDAY        0                         4     -4        0
  MONTH TO DATE  107                       146    -39      194
  SINCE JUN 1    191                       221    -30      271
  SINCE JAN 1    206                       235    -29      294
..................................................................


WIND (MPH)
  HIGHEST WIND SPEED    15   HIGHEST WIND DIRECTION    SW (210)
  HIGHEST GUST SPEED    19   HIGHEST GUST DIRECTION    SW (210)
  AVERAGE WIND SPEED     5.7


SKY COVER
  AVERAGE SKY COVER 0.4


WEATHER CONDITIONS
 THE FOLLOWING WEATHER WAS RECORDED YESTERDAY.
  THUNDERSTORM


RELATIVE HUMIDITY (PERCENT)
 HIGHEST   100           200 AM
 LOWEST     53           200 PM
 AVERAGE    77

..........................................................


THE MASSENA NY CLIMATE NORMALS FOR TODAY
                         NORMAL    RECORD    YEAR
 MAXIMUM TEMPERATURE (F)   80        95      1975
 MINIMUM TEMPERATURE (F)   58        41      1978


SUNRISE AND SUNSET
JULY 31 2014..........SUNRISE   544 AM EDT   SUNSET   827 PM EDT
AUGUST  1 2014........SUNRISE   545 AM EDT   SUNSET   826 PM EDT


-  INDICATES NEGATIVE NUMBERS.
R  INDICATES RECORD WAS SET OR TIED.
MM INDICATES DATA IS MISSING.
T  INDICATES TRACE AMOUNT.




$$
