000
CDUS41 KBTV 260637
CLIMSS


CLIMATE REPORT
NATIONAL WEATHER SERVICE BURLINGTON VT
234 AM EDT MON SEP 26 2016


...................................

...THE MASSENA NY CLIMATE SUMMARY FOR SEPTEMBER 25 2016...

CLIMATE NORMAL PERIOD 1981 TO 2010
CLIMATE RECORD PERIOD 1948 TO 2016


WEATHER ITEM   OBSERVED TIME   RECORD YEAR NORMAL DEPARTURE LAST
                VALUE   (LST)  VALUE       VALUE  FROM      YEAR
                                                  NORMAL
..................................................................
TEMPERATURE (F)
 YESTERDAY
  MAXIMUM         64    309 PM  90    2007  65     -1       64
  MINIMUM         36    614 AM  28    1963  44     -8       41
  AVERAGE         50                        55     -5       53

PRECIPITATION (IN)
  YESTERDAY        0.00          0.95        0.13  -0.13     0.00
  MONTH TO DATE    1.35                      3.03  -1.68     2.91
  SINCE SEP 1      1.35                      3.03  -1.68     2.91
  SINCE JAN 1     22.46                     25.57  -3.11    20.68

DEGREE DAYS
 HEATING
  YESTERDAY       15                        11      4       12
  MONTH TO DATE   96                       164    -68       64
  SINCE SEP 1     96                       164    -68       64
  SINCE JUL 1    107                       239   -132       98

 COOLING
  YESTERDAY        0                         0      0        0
  MONTH TO DATE   47                        24     23       79
  SINCE SEP 1     47                        24     23       79
  SINCE JAN 1    527                       360    167      452
..................................................................


WIND (MPH)
  HIGHEST WIND SPEED    14   HIGHEST WIND DIRECTION    NW (300)
  HIGHEST GUST SPEED    17   HIGHEST GUST DIRECTION    NW (300)
  AVERAGE WIND SPEED     3.8


SKY COVER
  AVERAGE SKY COVER 0.0


WEATHER CONDITIONS
 THE FOLLOWING WEATHER WAS RECORDED YESTERDAY.
  FOG


RELATIVE HUMIDITY (PERCENT)
 HIGHEST    92           200 AM
 LOWEST     36           300 PM
 AVERAGE    64

..........................................................


THE MASSENA NY CLIMATE NORMALS FOR TODAY
                         NORMAL    RECORD    YEAR
 MAXIMUM TEMPERATURE (F)   65        82      1970
 MINIMUM TEMPERATURE (F)   43        27      1978


SUNRISE AND SUNSET
SEPTEMBER 26 2016.....SUNRISE   652 AM EDT   SUNSET   648 PM EDT
SEPTEMBER 27 2016.....SUNRISE   653 AM EDT   SUNSET   647 PM EDT


-  INDICATES NEGATIVE NUMBERS.
R  INDICATES RECORD WAS SET OR TIED.
MM INDICATES DATA IS MISSING.
T  INDICATES TRACE AMOUNT.




$$
