000
CDUS41 KBTV 230529
CLIMSS


CLIMATE REPORT
NATIONAL WEATHER SERVICE BURLINGTON VT
129 AM EDT WED JUL 23 2014


...................................

...THE MASSENA NY CLIMATE SUMMARY FOR JULY 22 2014...

CLIMATE NORMAL PERIOD 1981 TO 2010
CLIMATE RECORD PERIOD 1948 TO 2014


WEATHER ITEM   OBSERVED TIME   RECORD YEAR NORMAL DEPARTURE LAST
                VALUE   (LST)  VALUE       VALUE  FROM      YEAR
                                                  NORMAL
..................................................................
TEMPERATURE (F)
 YESTERDAY
  MAXIMUM         85    416 PM  96    1955  80      5       77
  MINIMUM         60    444 AM  44    1992  58      2       48
  AVERAGE         73                        69      4       63

PRECIPITATION (IN)
  YESTERDAY        0.00          0.95        0.12  -0.12     0.00
  MONTH TO DATE    2.33                      2.49  -0.16     3.11
  SINCE JUN 1      7.26                      6.01   1.25    10.73
  SINCE JAN 1     17.19                     17.94  -0.75    19.03

DEGREE DAYS
 HEATING
  YESTERDAY        0                         1     -1        2
  MONTH TO DATE    8                        22    -14        5
  SINCE JUN 1     46                       118    -72      121
  SINCE JUL 1      8                        22    -14        5

 COOLING
  YESTERDAY        8                         5      3        0
  MONTH TO DATE   94                       107    -13      181
  SINCE JUN 1    178                       182     -4      258
  SINCE JAN 1    193                       196     -3      281
..................................................................


WIND (MPH)
  HIGHEST WIND SPEED    14   HIGHEST WIND DIRECTION    SW (220)
  HIGHEST GUST SPEED    17   HIGHEST GUST DIRECTION    SW (220)
  AVERAGE WIND SPEED     5.9


SKY COVER
  AVERAGE SKY COVER 0.1


WEATHER CONDITIONS
 THE FOLLOWING WEATHER WAS RECORDED YESTERDAY.
  FOG


RELATIVE HUMIDITY (PERCENT)
 HIGHEST   100          1200 AM
 LOWEST     55           100 PM
 AVERAGE    78

..........................................................


THE MASSENA NY CLIMATE NORMALS FOR TODAY
                         NORMAL    RECORD    YEAR
 MAXIMUM TEMPERATURE (F)   80        92      2012
                                             1952
 MINIMUM TEMPERATURE (F)   58        47      1962


SUNRISE AND SUNSET
JULY 23 2014..........SUNRISE   535 AM EDT   SUNSET   836 PM EDT
JULY 24 2014..........SUNRISE   536 AM EDT   SUNSET   835 PM EDT


-  INDICATES NEGATIVE NUMBERS.
R  INDICATES RECORD WAS SET OR TIED.
MM INDICATES DATA IS MISSING.
T  INDICATES TRACE AMOUNT.




$$
