000
CDUS41 KBTV 210639
CLIMSS


CLIMATE REPORT
NATIONAL WEATHER SERVICE BURLINGTON VT
117 AM EST TUE FEB 21 2017


...................................

...THE MASSENA NY CLIMATE SUMMARY FOR FEBRUARY 20 2017...

CLIMATE NORMAL PERIOD 1981 TO 2010
CLIMATE RECORD PERIOD 1948 TO 2017


WEATHER ITEM   OBSERVED TIME   RECORD YEAR NORMAL DEPARTURE LAST
                VALUE   (LST)  VALUE       VALUE  FROM      YEAR
                                                  NORMAL
..................................................................
TEMPERATURE (F)
 YESTERDAY
  MAXIMUM         35    426 PM  63    1994  29      6       42
  MINIMUM         16   1153 PM -18    1993   9      7       31
  AVERAGE         26                        19      7       37

PRECIPITATION (IN)
  YESTERDAY        0.00          0.56        0.07  -0.07     0.19
  MONTH TO DATE    1.30                      1.22   0.08     2.28
  SINCE DEC 1      5.20                      5.83  -0.63     5.46
  SINCE JAN 1      2.87                      3.40  -0.53     2.81

DEGREE DAYS
 HEATING
  YESTERDAY       39                        46     -7       28
  MONTH TO DATE  853                       966   -113      910
  SINCE DEC 1   3296                      3860   -564     3195
  SINCE JUL 1   4702                      5629   -927     4669

 COOLING
  YESTERDAY        0                         0      0        0
  MONTH TO DATE    0                         0      0        0
  SINCE DEC 1      0                         0      0        0
  SINCE JAN 1      0                         0      0        0
..................................................................


WIND (MPH)
  HIGHEST WIND SPEED    16   HIGHEST WIND DIRECTION    NW (310)
  HIGHEST GUST SPEED    22   HIGHEST GUST DIRECTION    NW (320)
  AVERAGE WIND SPEED     4.9


SKY COVER
  AVERAGE SKY COVER 0.0


WEATHER CONDITIONS
 THE FOLLOWING WEATHER WAS RECORDED YESTERDAY.
  NO SIGNIFICANT WEATHER WAS OBSERVED.


RELATIVE HUMIDITY (PERCENT)
 HIGHEST    84           900 PM
 LOWEST     35           500 PM
 AVERAGE    60

..........................................................


THE MASSENA NY CLIMATE NORMALS FOR TODAY
                         NORMAL    RECORD    YEAR
 MAXIMUM TEMPERATURE (F)   30        62      1953
 MINIMUM TEMPERATURE (F)    9       -21      1950


SUNRISE AND SUNSET
FEBRUARY 21 2017......SUNRISE   650 AM EST   SUNSET   536 PM EST
FEBRUARY 22 2017......SUNRISE   649 AM EST   SUNSET   538 PM EST


-  INDICATES NEGATIVE NUMBERS.
R  INDICATES RECORD WAS SET OR TIED.
MM INDICATES DATA IS MISSING.
T  INDICATES TRACE AMOUNT.




$$
