000
CDUS41 KBTV 030533
CLIMSS


CLIMATE REPORT
NATIONAL WEATHER SERVICE BURLINGTON VT
131 AM EDT WED SEP 3 2014


...................................

...THE MASSENA NY CLIMATE SUMMARY FOR SEPTEMBER 2 2014...

CLIMATE NORMAL PERIOD 1981 TO 2010
CLIMATE RECORD PERIOD 1948 TO 2014


WEATHER ITEM   OBSERVED TIME   RECORD YEAR NORMAL DEPARTURE LAST
                VALUE   (LST)  VALUE       VALUE  FROM      YEAR
                                                  NORMAL
..................................................................
TEMPERATURE (F)
 YESTERDAY
  MAXIMUM         83    100 PM  95    1973  75      8       76
  MINIMUM         64   1111 PM  36    1992  52     12       63
  AVERAGE         74                        63     11       70

PRECIPITATION (IN)
  YESTERDAY        0.10          0.98        0.11  -0.01     0.61
  MONTH TO DATE    0.10                      0.23  -0.13     0.61
  SINCE SEP 1      0.10                      0.23  -0.13     0.61
  SINCE JAN 1     25.56                     22.77   2.79    23.73

DEGREE DAYS
 HEATING
  YESTERDAY        0                         4     -4        0
  MONTH TO DATE    0                         7     -7        0
  SINCE SEP 1      0                         7     -7        0
  SINCE JUL 1     60                        82    -22       56

 COOLING
  YESTERDAY        9                         2      7        5
  MONTH TO DATE   18                         4     14       13
  SINCE SEP 1     18                         4     14       13
  SINCE JAN 1    306                       340    -34      400
..................................................................


WIND (MPH)
  HIGHEST WIND SPEED    20   HIGHEST WIND DIRECTION     W (280)
  HIGHEST GUST SPEED    26   HIGHEST GUST DIRECTION     W (280)
  AVERAGE WIND SPEED     9.2


SKY COVER
  AVERAGE SKY COVER 0.5


WEATHER CONDITIONS
 THE FOLLOWING WEATHER WAS RECORDED YESTERDAY.
  LIGHT RAIN
  FOG


RELATIVE HUMIDITY (PERCENT)
 HIGHEST   100           100 AM
 LOWEST     62           200 PM
 AVERAGE    81

..........................................................


THE MASSENA NY CLIMATE NORMALS FOR TODAY
                         NORMAL    RECORD    YEAR
 MAXIMUM TEMPERATURE (F)   74        92      1973
 MINIMUM TEMPERATURE (F)   52        34      1976


SUNRISE AND SUNSET
SEPTEMBER  3 2014.....SUNRISE   624 AM EDT   SUNSET   733 PM EDT
SEPTEMBER  4 2014.....SUNRISE   625 AM EDT   SUNSET   731 PM EDT


-  INDICATES NEGATIVE NUMBERS.
R  INDICATES RECORD WAS SET OR TIED.
MM INDICATES DATA IS MISSING.
T  INDICATES TRACE AMOUNT.




$$
