000
CDUS42 KKEY 250532
CLIMTH


CLIMATE REPORT
NATIONAL WEATHER SERVICE KEY WEST, FL
129 AM EDT SAT MAR 25 2017


...................................

...THE MARATHON CLIMATE SUMMARY FOR MARCH 24 2017...

CLIMATE NORMAL PERIOD 1981 TO 2010


WEATHER ITEM   OBSERVED TIME   NORMAL DEPARTURE LAST
               VALUE    (LST)  VALUE  FROM      YEAR
                                      NORMAL
......................................................
TEMPERATURE (F)
 YESTERDAY
  MAXIMUM         81    258 PM  80      1       83
  MINIMUM         70    543 AM  69      1       75
  AVERAGE         76            75      1       79

PRECIPITATION (IN)
  YESTERDAY        0.04          0.07  -0.03     0.31
  MONTH TO DATE    0.38          1.80  -1.42     0.59
  SINCE MAR 1      0.38          1.80  -1.42     0.59
  SINCE JAN 1      1.90          5.62  -3.72     8.95

SNOWFALL (IN)
  YESTERDAY        0.0
  MONTH TO DATE    0.0
  SINCE MAR 1      0.0
  SINCE JUL 1      0.0
  SNOW DEPTH       0

DEGREE DAYS
 HEATING
  YESTERDAY        0             0      0        0
  MONTH TO DATE    0             0      0        0
  SINCE MAR 1      0             0      0        0
  SINCE JUL 1      3            75    -72       49

 COOLING
  YESTERDAY       11            10      1       14
  MONTH TO DATE  242           210     32      263
  SINCE MAR 1    242           210     32      263
  SINCE JAN 1    878           592    286      559
......................................................


WIND (MPH)
  HIGHEST WIND SPEED    22   HIGHEST WIND DIRECTION    NE (60)
  HIGHEST GUST SPEED    30   HIGHEST GUST DIRECTION     E (90)
  AVERAGE WIND SPEED    14.1


SKY COVER
  POSSIBLE SUNSHINE  MM
  AVERAGE SKY COVER 0.3


WEATHER CONDITIONS
 THE FOLLOWING WEATHER WAS RECORDED YESTERDAY.
  THUNDERSTORM
  LIGHT RAIN
  FOG


RELATIVE HUMIDITY (PERCENT)
 HIGHEST    84
 LOWEST     62
 AVERAGE    73

..........................................................


THE MARATHON CLIMATE NORMALS FOR TODAY
                         NORMAL
 MAXIMUM TEMPERATURE (F)   81
 MINIMUM TEMPERATURE (F)   69


SUNRISE AND SUNSET
MARCH 25 2017.........SUNRISE   723 AM EDT   SUNSET   738 PM EDT
MARCH 26 2017.........SUNRISE   722 AM EDT   SUNSET   738 PM EDT


-  INDICATES NEGATIVE NUMBERS.
R  INDICATES RECORD WAS SET OR TIED.
MM INDICATES DATA IS MISSING.
T  INDICATES TRACE AMOUNT.


$$
