000
CDUS42 KKEY 010540
CLIMTH

CLIMATE REPORT
NATIONAL WEATHER SERVICE KEY WEST, FL
137 AM EDT SUN MAY 1 2016


...................................

...THE MARATHON CLIMATE SUMMARY FOR APRIL 30 2016...

CLIMATE NORMAL PERIOD 1981 TO 2010


WEATHER ITEM   OBSERVED TIME   NORMAL DEPARTURE LAST
                VALUE   (LST)  VALUE  FROM      YEAR
                                      NORMAL
......................................................
TEMPERATURE (F)
 YESTERDAY
  MAXIMUM         85    237 PM  84      1       85
  MINIMUM         76    605 AM  74      2       75
  AVERAGE         81            79      2       80

PRECIPITATION (IN)
  YESTERDAY        0.00          0.07  -0.07      T
  MONTH TO DATE    1.46          2.38  -0.92     3.09
  SINCE MAR 1      2.12          4.77  -2.65     4.21
  SINCE JAN 1     10.48          8.59   1.89     6.44

SNOWFALL (IN)
  YESTERDAY        0.0
  MONTH TO DATE    0.0
  SINCE MAR 1      0.0
  SINCE JUL 1      0.0
  SNOW DEPTH       0

DEGREE DAYS
 HEATING
  YESTERDAY        0             0      0        0
  MONTH TO DATE    0             0      0        0
  SINCE MAR 1      0             6     -6        0
  SINCE JUL 1     49            81    -32       50

 COOLING
  YESTERDAY       16            14      2       15
  MONTH TO DATE  419           371     48      520
  SINCE MAR 1    795           654    141      924
  SINCE JAN 1   1091          1036     55     1311
......................................................


WIND (MPH)
  HIGHEST WIND SPEED    15   HIGHEST WIND DIRECTION     E (90)
  HIGHEST GUST SPEED    21   HIGHEST GUST DIRECTION     E (70)
  AVERAGE WIND SPEED     9.4


SKY COVER
  POSSIBLE SUNSHINE  MM
  AVERAGE SKY COVER 0.1


WEATHER CONDITIONS
 THE FOLLOWING WEATHER WAS RECORDED YESTERDAY.
  NO SIGNIFICANT WEATHER WAS OBSERVED.


RELATIVE HUMIDITY (PERCENT)
 HIGHEST    79
 LOWEST     51
 AVERAGE    65

..........................................................


THE MARATHON CLIMATE NORMALS FOR TODAY
                         NORMAL
 MAXIMUM TEMPERATURE (F)   84
 MINIMUM TEMPERATURE (F)   74


SUNRISE AND SUNSET
MAY  1 2016...........SUNRISE   649 AM EDT   SUNSET   754 PM EDT
MAY  2 2016...........SUNRISE   648 AM EDT   SUNSET   755 PM EDT


-  INDICATES NEGATIVE NUMBERS.
R  INDICATES RECORD WAS SET OR TIED.
MM INDICATES DATA IS MISSING.
T  INDICATES TRACE AMOUNT.




$$
