000
CDUS42 KKEY 260555
CLIMTH


CLIMATE REPORT
NATIONAL WEATHER SERVICE KEY WEST, FL
151 AM EDT TUE SEP 26 2017


...................................

...THE MARATHON CLIMATE SUMMARY FOR SEPTEMBER 25 2017...

CLIMATE NORMAL PERIOD 1981 TO 2010

WEATHER ITEM   OBSERVED TIME   NORMAL DEPARTURE LAST
                VALUE   (LST)  VALUE  FROM      YEAR
                                      NORMAL
......................................................
TEMPERATURE (F)
 YESTERDAY
  MAXIMUM         93    203 PM  89      4       90
  MINIMUM         80    630 AM  78      2       77
  AVERAGE         87            84      3       84

PRECIPITATION (IN)
  YESTERDAY        0.00          0.21  -0.21     0.05
  MONTH TO DATE    2.05          6.74  -4.69     0.79
  SINCE SEP 1      2.05          6.74  -4.69     0.79
  SINCE JAN 1     20.72         35.56 -14.84    29.98

SNOWFALL (IN)
  YESTERDAY        0.0
  MONTH TO DATE    0.0
  SINCE SEP 1      0.0
  SINCE JUL 1      0.0
  SNOW DEPTH       0

DEGREE DAYS
 HEATING
  YESTERDAY        0             0      0        0
  MONTH TO DATE    0             0      0        0
  SINCE SEP 1      0             0      0        0
  SINCE JUL 1      0             0      0        0

 COOLING
  YESTERDAY       22            18      4       19
  MONTH TO DATE  467           477    -10      514
  SINCE SEP 1    467           477    -10      514
  SINCE JAN 1   4414          3863    551     3994
......................................................


WIND (MPH)
  HIGHEST WIND SPEED     8   HIGHEST WIND DIRECTION    SW (230)
  HIGHEST GUST SPEED    13   HIGHEST GUST DIRECTION    SW (210)
  AVERAGE WIND SPEED     4.2


SKY COVER
  POSSIBLE SUNSHINE  MM
  AVERAGE SKY COVER 0.0


WEATHER CONDITIONS
 THE FOLLOWING WEATHER WAS RECORDED YESTERDAY.
  NO SIGNIFICANT WEATHER WAS OBSERVED.


RELATIVE HUMIDITY (PERCENT)
 HIGHEST    80
 LOWEST     52
 AVERAGE    66

..........................................................


THE MARATHON CLIMATE NORMALS FOR TODAY
                         NORMAL
 MAXIMUM TEMPERATURE (F)   89
 MINIMUM TEMPERATURE (F)   78


SUNRISE AND SUNSET
SEPTEMBER 26 2017.....SUNRISE   715 AM EDT   SUNSET   716 PM EDT
SEPTEMBER 27 2017.....SUNRISE   715 AM EDT   SUNSET   715 PM EDT


-  INDICATES NEGATIVE NUMBERS.
R  INDICATES RECORD WAS SET OR TIED.
MM INDICATES DATA IS MISSING.
T  INDICATES TRACE AMOUNT.




$$

MONTH-TO-DATE AND ANNUAL RAINFALL TOTALS ARE MISSING DATA. THIS INCLUDES
SIGNIFICANT RAINFALL FROM SEPTEMBER 10TH, DUE TO AN ASOS OUTAGE RELATED TO
HURRICANE IRMA.

BS
