981
CDUS45 KGJT 240738
CLIMTJ


CLIMATE REPORT
NATIONAL WEATHER SERVICE GRAND JUNCTION CO
135 AM MDT SAT JUN 24 2017


...................................

...THE MONTROSE CO CLIMATE SUMMARY FOR JUNE 23 2017...

CLIMATE NORMAL PERIOD 1981 TO 2010
CLIMATE RECORD PERIOD 9999 TO 9999


WEATHER ITEM   OBSERVED TIME   RECORD YEAR NORMAL DEPARTURE LAST
                VALUE   (LST)  VALUE       VALUE  FROM      YEAR
                                                  NORMAL
..................................................................
TEMPERATURE (F)
 YESTERDAY
  MAXIMUM         90    359 PM  MM      MM  87      3       92
  MINIMUM         56    526 AM  MM      MM  54      2       63
  AVERAGE         73                        70      3       78

PRECIPITATION (IN)
  YESTERDAY        0.00         MM      MM   0.03  -0.03     0.10
  MONTH TO DATE    0.05                      0.56  -0.51     0.34
  SINCE JUN 1      0.05                      0.56  -0.51     0.34
  SINCE JAN 1      3.44                      4.86  -1.42     3.27

SNOWFALL (IN)
  YESTERDAY       MM            MM      MM  MM     MM       MM
  MONTH TO DATE   MM                        MM     MM       MM
  SINCE JUN 1     MM                        MM     MM       MM
  SINCE JUL 1     MM                        MM     MM       MM
  SNOW DEPTH      MM

DEGREE DAYS
 HEATING
  YESTERDAY        0                         0      0        0
  MONTH TO DATE    6                        38    -32        6
  SINCE JUN 1      6                        38    -32        6
  SINCE JUL 1   5196                      6202  -1006     5910

 COOLING
  YESTERDAY        8                         6      2       13
  MONTH TO DATE  157                        88     69      165
  SINCE JUN 1    157                        88     69      165
  SINCE JAN 1    163                       105     58      167
..................................................................


WIND (MPH)
  HIGHEST WIND SPEED    17   HIGHEST WIND DIRECTION    NW (330)
  HIGHEST GUST SPEED    22   HIGHEST GUST DIRECTION    NW (330)
  AVERAGE WIND SPEED     8.8


SKY COVER
  POSSIBLE SUNSHINE  MM
  AVERAGE SKY COVER 0.0


WEATHER CONDITIONS
 THE FOLLOWING WEATHER WAS RECORDED YESTERDAY.
  HAZE


RELATIVE HUMIDITY (PERCENT)
 HIGHEST    44           300 AM
 LOWEST      8           500 PM
 AVERAGE    26

..........................................................


THE MONTROSE CO CLIMATE NORMALS FOR TODAY
                         NORMAL    RECORD    YEAR
 MAXIMUM TEMPERATURE (F)   88        MM        MM
 MINIMUM TEMPERATURE (F)   54        MM        MM


SUNRISE AND SUNSET
JUNE 24 2017..........SUNRISE   549 AM MDT   SUNSET   840 PM MDT
JUNE 25 2017..........SUNRISE   549 AM MDT   SUNSET   840 PM MDT


-  INDICATES NEGATIVE NUMBERS.
R  INDICATES RECORD WAS SET OR TIED.
MM INDICATES DATA IS MISSING.
T  INDICATES TRACE AMOUNT.




$$
