000
CDUS43 KILX 220649
CLIMTO


CLIMATE REPORT
NATIONAL WEATHER SERVICE LINCOLN IL
1241 AM CST MON DEC 22 2014


...................................

...THE MATTOON IL AIRPORT CLIMATE SUMMARY FOR DECEMBER 21 2014...

CLIMATE NORMAL PERIOD 1981 TO 2010
CLIMATE RECORD PERIOD 9999 TO 9999


WEATHER ITEM   OBSERVED TIME   RECORD YEAR NORMAL DEPARTURE LAST
                VALUE   (LST)  VALUE       VALUE  FROM      YEAR
                                                  NORMAL
..................................................................
TEMPERATURE (F)
 YESTERDAY
  MAXIMUM         42    111 PM  MM      MM  37      5       37
  MINIMUM         30    808 AM  MM      MM  23      7       32
  AVERAGE         36                        30      6       35

PRECIPITATION (IN)
  YESTERDAY        0.00         MM      MM   0.11  -0.11     1.23
  MONTH TO DATE    0.63                      1.72  -1.09     1.59
  SINCE DEC 1      0.63                      1.72  -1.09     1.59
  SINCE JAN 1     31.26                     37.00  -5.74    42.35

DEGREE DAYS
 HEATING
  YESTERDAY       29                        35     -6       30
  MONTH TO DATE  657                       681    -24      741
  SINCE DEC 1    657                       681    -24      741
  SINCE JUL 1   1953                      1740    213     1858

 COOLING
  YESTERDAY        0                         0      0        0
  MONTH TO DATE    0                         0      0        0
  SINCE DEC 1      0                         0      0        0
  SINCE JAN 1    932                      1057   -125     1007
..................................................................


WIND (MPH)
  HIGHEST WIND SPEED    15   HIGHEST WIND DIRECTION    SE (140)
  HIGHEST GUST SPEED    18   HIGHEST GUST DIRECTION    SE (150)
  AVERAGE WIND SPEED     8.9


SKY COVER
  POSSIBLE SUNSHINE  MM
  AVERAGE SKY COVER 0.6


WEATHER CONDITIONS
 THE FOLLOWING WEATHER WAS RECORDED YESTERDAY.
  FOG
  HAZE


RELATIVE HUMIDITY (PERCENT)
 HIGHEST    85          1200 AM
 LOWEST     59           400 PM
 AVERAGE    72

..........................................................


THE MATTOON IL AIRPORT CLIMATE NORMALS FOR TODAY
                         NORMAL    RECORD    YEAR
 MAXIMUM TEMPERATURE (F)   37        MM        MM
 MINIMUM TEMPERATURE (F)   22        MM        MM


SUNRISE AND SUNSET
DECEMBER 22 2014......SUNRISE   710 AM CST   SUNSET   433 PM CST
DECEMBER 23 2014......SUNRISE   711 AM CST   SUNSET   434 PM CST


-  INDICATES NEGATIVE NUMBERS.
R  INDICATES RECORD WAS SET OR TIED.
MM INDICATES DATA IS MISSING.
T  INDICATES TRACE AMOUNT.




$$
