442
CDUS43 KILX 260701
CLIMTO


CLIMATE REPORT
NATIONAL WEATHER SERVICE LINCOLN IL
159 AM CDT TUE JUL 26 2016


...................................

...THE MATTOON IL AIRPORT CLIMATE SUMMARY FOR JULY 25 2016...

CLIMATE NORMAL PERIOD 1981 TO 2010
CLIMATE RECORD PERIOD 9999 TO 9999


WEATHER ITEM   OBSERVED TIME   RECORD YEAR NORMAL DEPARTURE LAST
                VALUE   (LST)  VALUE       VALUE  FROM      YEAR
                                                  NORMAL
..................................................................
TEMPERATURE (F)
 YESTERDAY
  MAXIMUM         85    100 PM  MM      MM  86     -1       89
  MINIMUM         70    402 AM  MM      MM  65      5       67
  AVERAGE         78                        75      3       78

PRECIPITATION (IN)
  YESTERDAY        0.15         MM      MM   0.12   0.03     0.00
  MONTH TO DATE    4.00                      3.62   0.38     3.00
  SINCE JUN 1      6.14                      7.86  -1.72    12.30
  SINCE JAN 1     17.88                     22.21  -4.33    22.85

DEGREE DAYS
 HEATING
  YESTERDAY        0                         0      0        0
  MONTH TO DATE    5                         0      5        0
  SINCE JUN 1      5                        17    -12        8
  SINCE JUL 1      5                         0      5        0

 COOLING
  YESTERDAY       13                        10      3       13
  MONTH TO DATE  271                       272     -1      217
  SINCE JUN 1    584                       495     89      455
  SINCE JAN 1    659                       583     76      582
..................................................................


WIND (MPH)
  HIGHEST WIND SPEED    17   HIGHEST WIND DIRECTION    NW (330)
  HIGHEST GUST SPEED    21   HIGHEST GUST DIRECTION    NW (320)
  AVERAGE WIND SPEED     4.8


SKY COVER
  POSSIBLE SUNSHINE  MM
  AVERAGE SKY COVER 0.2


WEATHER CONDITIONS
 THE FOLLOWING WEATHER WAS RECORDED YESTERDAY.
  THUNDERSTORM
  HEAVY RAIN
  RAIN
  LIGHT RAIN
  FOG


RELATIVE HUMIDITY (PERCENT)
 HIGHEST    97           400 AM
 LOWEST     69          1100 AM
 AVERAGE    83

..........................................................


THE MATTOON IL AIRPORT CLIMATE NORMALS FOR TODAY
                         NORMAL    RECORD    YEAR
 MAXIMUM TEMPERATURE (F)   86        MM        MM
 MINIMUM TEMPERATURE (F)   65        MM        MM


SUNRISE AND SUNSET
JULY 26 2016..........SUNRISE   548 AM CDT   SUNSET   811 PM CDT
JULY 27 2016..........SUNRISE   549 AM CDT   SUNSET   810 PM CDT


-  INDICATES NEGATIVE NUMBERS.
R  INDICATES RECORD WAS SET OR TIED.
MM INDICATES DATA IS MISSING.
T  INDICATES TRACE AMOUNT.




$$
