000
CDUS43 KILX 160658
CLIMTO


CLIMATE REPORT
NATIONAL WEATHER SERVICE LINCOLN IL
1256 AM CST MON JAN 16 2017


...................................

...THE MATTOON IL AIRPORT CLIMATE SUMMARY FOR JANUARY 15 2017...

CLIMATE NORMAL PERIOD 1981 TO 2010
CLIMATE RECORD PERIOD 9999 TO 9999


WEATHER ITEM   OBSERVED TIME   RECORD YEAR NORMAL DEPARTURE LAST
                VALUE   (LST)  VALUE       VALUE  FROM      YEAR
                                                  NORMAL
..................................................................
TEMPERATURE (F)
 YESTERDAY
  MAXIMUM         35   1149 PM  MM      MM  35      0       46
  MINIMUM         30    831 AM  MM      MM  19     11       28
  AVERAGE         33                        27      6       37

PRECIPITATION (IN)
  YESTERDAY        T            MM      MM   0.08  -0.08     0.09
  MONTH TO DATE    0.45                      1.25  -0.80     0.30
  SINCE DEC 1      0.98                      4.02  -3.04     6.58
  SINCE JAN 1      0.45                      1.25  -0.80     0.30

DEGREE DAYS
 HEATING
  YESTERDAY       32                        38     -6       28
  MONTH TO DATE  558                       567     -9      518
  SINCE DEC 1   1651                      1611     40     1224
  SINCE JUL 1   2362                      2670   -308     2016

 COOLING
  YESTERDAY        0                         0      0        0
  MONTH TO DATE    0                         0      0        0
  SINCE DEC 1      0                         0      0        0
  SINCE JAN 1      0                         0      0        0
..................................................................


WIND (MPH)
  HIGHEST WIND SPEED    12   HIGHEST WIND DIRECTION    NE (40)
  HIGHEST GUST SPEED    14   HIGHEST GUST DIRECTION    NE (40)
  AVERAGE WIND SPEED     5.3


SKY COVER
  POSSIBLE SUNSHINE  MM
  AVERAGE SKY COVER 1.0


WEATHER CONDITIONS
 THE FOLLOWING WEATHER WAS RECORDED YESTERDAY.
  LIGHT RAIN
  FOG


RELATIVE HUMIDITY (PERCENT)
 HIGHEST   100          1000 PM
 LOWEST     85           800 AM
 AVERAGE    93

..........................................................


THE MATTOON IL AIRPORT CLIMATE NORMALS FOR TODAY
                         NORMAL    RECORD    YEAR
 MAXIMUM TEMPERATURE (F)   35        MM        MM
 MINIMUM TEMPERATURE (F)   19        MM        MM


SUNRISE AND SUNSET
JANUARY 16 2017.......SUNRISE   711 AM CST   SUNSET   455 PM CST
JANUARY 17 2017.......SUNRISE   711 AM CST   SUNSET   456 PM CST


-  INDICATES NEGATIVE NUMBERS.
R  INDICATES RECORD WAS SET OR TIED.
MM INDICATES DATA IS MISSING.
T  INDICATES TRACE AMOUNT.




$$
