000
CDUS43 KILX 300651
CLIMTO


CLIMATE REPORT
NATIONAL WEATHER SERVICE LINCOLN IL
139 AM CDT SUN APR 30 2017


...................................

...THE MATTOON IL AIRPORT CLIMATE SUMMARY FOR APRIL 29 2017...

CLIMATE NORMAL PERIOD 1981 TO 2010
CLIMATE RECORD PERIOD 9999 TO 9999


WEATHER ITEM   OBSERVED TIME   RECORD YEAR NORMAL DEPARTURE LAST
                VALUE   (LST)  VALUE       VALUE  FROM      YEAR
                                                  NORMAL
..................................................................
TEMPERATURE (F)
 YESTERDAY
  MAXIMUM         73    341 PM  MM      MM  68      5       63
  MINIMUM         51    812 AM  MM      MM  48      3       48
  AVERAGE         62                        58      4       56

PRECIPITATION (IN)
  YESTERDAY        1.73         MM      MM   0.17   1.56     0.00
  MONTH TO DATE    5.27                      3.26   2.01     4.02
  SINCE MAR 1      6.68                      5.83   0.85     7.83
  SINCE JAN 1      8.51                      9.81  -1.30     8.56

DEGREE DAYS
 HEATING
  YESTERDAY        3                         7     -4        9
  MONTH TO DATE  237                       353   -116      342
  SINCE MAR 1    885                      1052   -167      850
  SINCE JUL 1   4266                      5256   -990     4372

 COOLING
  YESTERDAY        0                         1     -1        0
  MONTH TO DATE   21                        10     11        7
  SINCE MAR 1     21                        11     10        7
  SINCE JAN 1     21                        11     10        7
..................................................................


WIND (MPH)
  HIGHEST WIND SPEED    24   HIGHEST WIND DIRECTION    NE (50)
  HIGHEST GUST SPEED    35   HIGHEST GUST DIRECTION     W (250)
  AVERAGE WIND SPEED    10.9


SKY COVER
  POSSIBLE SUNSHINE  MM
  AVERAGE SKY COVER 1.0


WEATHER CONDITIONS
 THE FOLLOWING WEATHER WAS RECORDED YESTERDAY.
  THUNDERSTORM
  HEAVY RAIN
  RAIN
  LIGHT RAIN
  FOG


RELATIVE HUMIDITY (PERCENT)
 HIGHEST   100          1200 AM
 LOWEST     79           400 PM
 AVERAGE    90

..........................................................


THE MATTOON IL AIRPORT CLIMATE NORMALS FOR TODAY
                         NORMAL    RECORD    YEAR
 MAXIMUM TEMPERATURE (F)   69        MM        MM
 MINIMUM TEMPERATURE (F)   49        MM        MM


SUNRISE AND SUNSET
APRIL 30 2017.........SUNRISE   555 AM CDT   SUNSET   746 PM CDT
MAY  1 2017...........SUNRISE   554 AM CDT   SUNSET   747 PM CDT


-  INDICATES NEGATIVE NUMBERS.
R  INDICATES RECORD WAS SET OR TIED.
MM INDICATES DATA IS MISSING.
T  INDICATES TRACE AMOUNT.




$$
