000
CDUS43 KILX 030633
CLIMTO


CLIMATE REPORT
NATIONAL WEATHER SERVICE LINCOLN IL
132 AM CDT MON AUG 3 2015


...................................

...THE MATTOON IL AIRPORT CLIMATE SUMMARY FOR AUGUST 2 2015...

CLIMATE NORMAL PERIOD 1981 TO 2010
CLIMATE RECORD PERIOD 9999 TO 9999


WEATHER ITEM   OBSERVED TIME   RECORD YEAR NORMAL DEPARTURE LAST
                VALUE   (LST)  VALUE       VALUE  FROM      YEAR
                                                  NORMAL
..................................................................
TEMPERATURE (F)
 YESTERDAY
  MAXIMUM         90    308 PM  MM      MM  86      4       81
  MINIMUM         68    533 AM  MM      MM  64      4       57
  AVERAGE         79                        75      4       69

PRECIPITATION (IN)
  YESTERDAY        0.00         MM      MM   0.09  -0.09     0.00
  MONTH TO DATE    0.00                      0.18  -0.18     0.14
  SINCE JUN 1     12.32                      8.67   3.65     8.68
  SINCE JAN 1     22.87                     23.02  -0.15    18.85

DEGREE DAYS
 HEATING
  YESTERDAY        0                         0      0        0
  MONTH TO DATE    0                         0      0        0
  SINCE JUN 1      8                        18    -10        7
  SINCE JUL 1      0                         1     -1        4

 COOLING
  YESTERDAY       14                        10      4        4
  MONTH TO DATE   24                        20      4       11
  SINCE JUN 1    557                       573    -16      439
  SINCE JAN 1    684                       661     23      569
..................................................................


WIND (MPH)
  HIGHEST WIND SPEED    14   HIGHEST WIND DIRECTION    SW (210)
  HIGHEST GUST SPEED    22   HIGHEST GUST DIRECTION     S (190)
  AVERAGE WIND SPEED     7.7


SKY COVER
  POSSIBLE SUNSHINE  MM
  AVERAGE SKY COVER 0.0


WEATHER CONDITIONS
 THE FOLLOWING WEATHER WAS RECORDED YESTERDAY.
  NO SIGNIFICANT WEATHER WAS OBSERVED.


RELATIVE HUMIDITY (PERCENT)
 HIGHEST    87          1100 PM
 LOWEST     44           300 PM
 AVERAGE    66

..........................................................


THE MATTOON IL AIRPORT CLIMATE NORMALS FOR TODAY
                         NORMAL    RECORD    YEAR
 MAXIMUM TEMPERATURE (F)   86        MM        MM
 MINIMUM TEMPERATURE (F)   64        MM        MM


SUNRISE AND SUNSET
AUGUST  3 2015........SUNRISE   554 AM CDT   SUNSET   804 PM CDT
AUGUST  4 2015........SUNRISE   555 AM CDT   SUNSET   803 PM CDT


-  INDICATES NEGATIVE NUMBERS.
R  INDICATES RECORD WAS SET OR TIED.
MM INDICATES DATA IS MISSING.
T  INDICATES TRACE AMOUNT.




$$
