000
CDUS43 KILX 200627
CLIMTO


CLIMATE REPORT
NATIONAL WEATHER SERVICE LINCOLN IL
127 AM CDT MON OCT 20 2014


...................................

...THE MATTOON IL AIRPORT CLIMATE SUMMARY FOR OCTOBER 19 2014...

CLIMATE NORMAL PERIOD 1981 TO 2010
CLIMATE RECORD PERIOD 9999 TO 9999


WEATHER ITEM   OBSERVED TIME   RECORD YEAR NORMAL DEPARTURE LAST
                VALUE   (LST)  VALUE       VALUE  FROM      YEAR
                                                  NORMAL
..................................................................
TEMPERATURE (F)
 YESTERDAY
  MAXIMUM         54    409 PM  MM      MM  64    -10       56
  MINIMUM         41    544 AM  MM      MM  43     -2       40
  AVERAGE         48                        54     -6       48

PRECIPITATION (IN)
  YESTERDAY        0.00         MM      MM   0.10  -0.10     0.25
  MONTH TO DATE    4.18                      1.71   2.47     1.03
  SINCE SEP 1      7.95                      4.78   3.17     1.51
  SINCE JAN 1     29.39                     30.68  -1.29    39.76

DEGREE DAYS
 HEATING
  YESTERDAY       17                        12      5       17
  MONTH TO DATE  180                       171      9      113
  SINCE SEP 1    276                       237     39      143
  SINCE JUL 1    281                       242     39      153

 COOLING
  YESTERDAY        0                         0      0        0
  MONTH TO DATE   10                        15     -5       31
  SINCE SEP 1     94                       133    -39      203
  SINCE JAN 1    928                      1053   -125     1007
..................................................................


WIND (MPH)
  HIGHEST WIND SPEED    12   HIGHEST WIND DIRECTION     S (190)
  HIGHEST GUST SPEED    16   HIGHEST GUST DIRECTION     S (200)
  AVERAGE WIND SPEED     5.8


SKY COVER
  POSSIBLE SUNSHINE  MM
  AVERAGE SKY COVER 0.6


WEATHER CONDITIONS
 THE FOLLOWING WEATHER WAS RECORDED YESTERDAY.
  NO SIGNIFICANT WEATHER WAS OBSERVED.


RELATIVE HUMIDITY (PERCENT)
 HIGHEST    89           600 AM
 LOWEST     63          1000 AM
 AVERAGE    76

..........................................................


THE MATTOON IL AIRPORT CLIMATE NORMALS FOR TODAY
                         NORMAL    RECORD    YEAR
 MAXIMUM TEMPERATURE (F)   64        MM        MM
 MINIMUM TEMPERATURE (F)   43        MM        MM


SUNRISE AND SUNSET
OCTOBER 20 2014.......SUNRISE   708 AM CDT   SUNSET   607 PM CDT
OCTOBER 21 2014.......SUNRISE   709 AM CDT   SUNSET   606 PM CDT


-  INDICATES NEGATIVE NUMBERS.
R  INDICATES RECORD WAS SET OR TIED.
MM INDICATES DATA IS MISSING.
T  INDICATES TRACE AMOUNT.




$$
