000
CDUS43 KILX 300636
CLIMTO


CLIMATE REPORT
NATIONAL WEATHER SERVICE LINCOLN IL
135 AM CDT SAT MAY 30 2015


...................................

...THE MATTOON IL AIRPORT CLIMATE SUMMARY FOR MAY 29 2015...

CLIMATE NORMAL PERIOD 1981 TO 2010
CLIMATE RECORD PERIOD 9999 TO 9999


WEATHER ITEM   OBSERVED TIME   RECORD YEAR NORMAL DEPARTURE LAST
                VALUE   (LST)  VALUE       VALUE  FROM      YEAR
                                                  NORMAL
..................................................................
TEMPERATURE (F)
 YESTERDAY
  MAXIMUM         83    354 PM  MM      MM  77      6       84
  MINIMUM         66    511 AM  MM      MM  57      9       65
  AVERAGE         75                        67      8       75

PRECIPITATION (IN)
  YESTERDAY        0.06         MM      MM   0.10  -0.04     0.38
  MONTH TO DATE    2.00                      4.14  -2.14     3.10
  SINCE MAR 1      8.31                     10.14  -1.83     8.24
  SINCE JAN 1      9.66                     14.12  -4.46    10.17

DEGREE DAYS
 HEATING
  YESTERDAY        0                         2     -2        0
  MONTH TO DATE   80                       125    -45      135
  SINCE MAR 1   1200                      1183     17     1348
  SINCE JUL 1   5893                      5387    506     6195

 COOLING
  YESTERDAY       10                         4      6       10
  MONTH TO DATE  125                        67     58      105
  SINCE MAR 1    127                        81     46      109
  SINCE JAN 1    127                        81     46      109
..................................................................


WIND (MPH)
  HIGHEST WIND SPEED    16   HIGHEST WIND DIRECTION    SW (220)
  HIGHEST GUST SPEED    25   HIGHEST GUST DIRECTION     S (160)
  AVERAGE WIND SPEED     8.0


SKY COVER
  POSSIBLE SUNSHINE  MM
  AVERAGE SKY COVER 0.5


WEATHER CONDITIONS
 THE FOLLOWING WEATHER WAS RECORDED YESTERDAY.
  LIGHT RAIN
  FOG


RELATIVE HUMIDITY (PERCENT)
 HIGHEST    93          1000 PM
 LOWEST     58           400 PM
 AVERAGE    76

..........................................................


THE MATTOON IL AIRPORT CLIMATE NORMALS FOR TODAY
                         NORMAL    RECORD    YEAR
 MAXIMUM TEMPERATURE (F)   78        MM        MM
 MINIMUM TEMPERATURE (F)   57        MM        MM


SUNRISE AND SUNSET
MAY 30 2015...........SUNRISE   529 AM CDT   SUNSET   813 PM CDT
MAY 31 2015...........SUNRISE   528 AM CDT   SUNSET   813 PM CDT


-  INDICATES NEGATIVE NUMBERS.
R  INDICATES RECORD WAS SET OR TIED.
MM INDICATES DATA IS MISSING.
T  INDICATES TRACE AMOUNT.




$$
