000
CDUS43 KILX 220638
CLIMTO


CLIMATE REPORT
NATIONAL WEATHER SERVICE LINCOLN IL
137 AM CDT SUN OCT 22 2017


...................................

...THE MATTOON IL AIRPORT CLIMATE SUMMARY FOR OCTOBER 21 2017...

CLIMATE NORMAL PERIOD 1981 TO 2010
CLIMATE RECORD PERIOD 9999 TO 9999


WEATHER ITEM   OBSERVED TIME   RECORD YEAR NORMAL DEPARTURE LAST
                VALUE   (LST)  VALUE       VALUE  FROM      YEAR
                                                  NORMAL
..................................................................
TEMPERATURE (F)
 YESTERDAY
  MAXIMUM         78    126 PM  MM      MM  64     14       57
  MINIMUM         54    625 AM  MM      MM  43     11       39
  AVERAGE         66                        53     13       48

PRECIPITATION (IN)
  YESTERDAY        0.00         MM      MM   0.10  -0.10     0.00
  MONTH TO DATE    3.45                      1.91   1.54     2.74
  SINCE SEP 1      3.69                      4.98  -1.29     5.17
  SINCE JAN 1     30.84                     30.88  -0.04    28.64

DEGREE DAYS
 HEATING
  YESTERDAY        0                        12    -12       17
  MONTH TO DATE   60                       195   -135       84
  SINCE SEP 1    104                       261   -157       94
  SINCE JUL 1    105                       266   -161       99

 COOLING
  YESTERDAY        1                         0      1        0
  MONTH TO DATE   56                        15     41       44
  SINCE SEP 1    236                       133    103      237
  SINCE JAN 1   1161                      1053    108     1300
..................................................................


WIND (MPH)
  HIGHEST WIND SPEED    22   HIGHEST WIND DIRECTION     S (170)
  HIGHEST GUST SPEED    30   HIGHEST GUST DIRECTION     S (170)
  AVERAGE WIND SPEED    10.9


SKY COVER
  POSSIBLE SUNSHINE  MM
  AVERAGE SKY COVER 0.1


WEATHER CONDITIONS
 THE FOLLOWING WEATHER WAS RECORDED YESTERDAY.
  NO SIGNIFICANT WEATHER WAS OBSERVED.


RELATIVE HUMIDITY (PERCENT)
 HIGHEST    83           400 AM
 LOWEST     54          1200 PM
 AVERAGE    69

..........................................................


THE MATTOON IL AIRPORT CLIMATE NORMALS FOR TODAY
                         NORMAL    RECORD    YEAR
 MAXIMUM TEMPERATURE (F)   63        MM        MM
 MINIMUM TEMPERATURE (F)   42        MM        MM


SUNRISE AND SUNSET
OCTOBER 22 2017.......SUNRISE   711 AM CDT   SUNSET   604 PM CDT
OCTOBER 23 2017.......SUNRISE   712 AM CDT   SUNSET   602 PM CDT


-  INDICATES NEGATIVE NUMBERS.
R  INDICATES RECORD WAS SET OR TIED.
MM INDICATES DATA IS MISSING.
T  INDICATES TRACE AMOUNT.




$$
