000
CDUS43 KILX 180642
CLIMTO


CLIMATE REPORT
NATIONAL WEATHER SERVICE LINCOLN IL
134 AM CDT FRI APR 18 2014


...................................

...THE MATTOON IL AIRPORT CLIMATE SUMMARY FOR APRIL 17 2014...

CLIMATE NORMAL PERIOD 1981 TO 2010
CLIMATE RECORD PERIOD 9999 TO 9999


WEATHER ITEM   OBSERVED TIME   RECORD YEAR NORMAL DEPARTURE LAST
                VALUE   (LST)  VALUE       VALUE  FROM      YEAR
                                                  NORMAL
..................................................................
TEMPERATURE (F)
 YESTERDAY
  MAXIMUM         65    430 PM  MM      MM  64      1       79
  MINIMUM         40    114 AM  MM      MM  44     -4       46
  AVERAGE         53                        54     -1       63

PRECIPITATION (IN)
  YESTERDAY        0.00         MM      MM   0.11  -0.11     0.47
  MONTH TO DATE    2.33                      1.69   0.64     3.15
  SINCE MAR 1      3.33                      4.26  -0.93     4.09
  SINCE JAN 1      5.26                      8.24  -2.98    10.54

DEGREE DAYS
 HEATING
  YESTERDAY       12                        11      1        2
  MONTH TO DATE  243                       243      0      219
  SINCE MAR 1   1132                       942    190     1115
  SINCE JUL 1   5979                      5146    833     5078

 COOLING
  YESTERDAY        0                         0      0        0
  MONTH TO DATE    1                         0      1        2
  SINCE MAR 1      1                         1      0        2
  SINCE JAN 1      1                         1      0        2
..................................................................


WIND (MPH)
  HIGHEST WIND SPEED    17   HIGHEST WIND DIRECTION     S (190)
  HIGHEST GUST SPEED    23   HIGHEST GUST DIRECTION     S (190)
  AVERAGE WIND SPEED     8.1


SKY COVER
  POSSIBLE SUNSHINE  MM
  AVERAGE SKY COVER 0.0


WEATHER CONDITIONS
 THE FOLLOWING WEATHER WAS RECORDED YESTERDAY.
  NO SIGNIFICANT WEATHER WAS OBSERVED.


RELATIVE HUMIDITY (PERCENT)
 HIGHEST    77          1000 PM
 LOWEST     34           300 PM
 AVERAGE    56

..........................................................


THE MATTOON IL AIRPORT CLIMATE NORMALS FOR TODAY
                         NORMAL    RECORD    YEAR
 MAXIMUM TEMPERATURE (F)   65        MM        MM
 MINIMUM TEMPERATURE (F)   44        MM        MM


SUNRISE AND SUNSET
APRIL 18 2014.........SUNRISE   612 AM CDT   SUNSET   734 PM CDT
APRIL 19 2014.........SUNRISE   610 AM CDT   SUNSET   735 PM CDT


-  INDICATES NEGATIVE NUMBERS.
R  INDICATES RECORD WAS SET OR TIED.
MM INDICATES DATA IS MISSING.
T  INDICATES TRACE AMOUNT.




$$
