000
CDUS41 KBTV 170532
CLIMVL


CLIMATE REPORT
NATIONAL WEATHER SERVICE BURLINGTON VT
1231 AM EST WED JAN 17 2018


...................................

...THE MORRISVILLE VT CLIMATE SUMMARY FOR JANUARY 16 2018...

CLIMATE NORMAL PERIOD 1981 TO 2010
CLIMATE RECORD PERIOD 9999 TO 9999


WEATHER ITEM   OBSERVED TIME   NORMAL DEPARTURE LAST
                VALUE   (LST)  VALUE  FROM      YEAR
                                      NORMAL
......................................................
TEMPERATURE (F)
 YESTERDAY
  MAXIMUM         25    238 PM  26     -1       40
  MINIMUM          6   1248 AM   5      1        5
  AVERAGE         16            15      1       23

PRECIPITATION (IN)
  YESTERDAY        0.01          0.08  -0.07     0.00
  MONTH TO DATE    2.53          1.42   1.11     0.64
  SINCE DEC 1      3.38          4.06  -0.68     3.85
  SINCE JAN 1      2.53          1.42   1.11     0.64

DEGREE DAYS
 HEATING
  YESTERDAY       49            50     -1       42
  MONTH TO DATE  739           778    -39      705
  SINCE DEC 1   2222          2088    134     1975
  SINCE JUL 1   3863          3916    -53     3566

 COOLING
  YESTERDAY        0             0      0        0
  MONTH TO DATE    0             0      0        0
  SINCE DEC 1      0             0      0        0
  SINCE JAN 1      0             0      0        0
......................................................


WIND (MPH)
  HIGHEST WIND SPEED     8   HIGHEST WIND DIRECTION     S (160)
  HIGHEST GUST SPEED    10   HIGHEST GUST DIRECTION     S (170)
  AVERAGE WIND SPEED     2.2


SKY COVER
  AVERAGE SKY COVER 1.0


WEATHER CONDITIONS
 THE FOLLOWING WEATHER WAS RECORDED YESTERDAY.
  LIGHT SNOW
  FOG


RELATIVE HUMIDITY (PERCENT)
 HIGHEST    92           700 AM
 LOWEST     77          1200 PM
 AVERAGE    85

..........................................................


THE MORRISVILLE VT CLIMATE NORMALS FOR TODAY
                         NORMAL    RECORD    YEAR
 MAXIMUM TEMPERATURE (F)   26        42      1999
 MINIMUM TEMPERATURE (F)    5       -18      2009


SUNRISE AND SUNSET
JANUARY 17 2018.......SUNRISE   722 AM EST   SUNSET   439 PM EST
JANUARY 18 2018.......SUNRISE   722 AM EST   SUNSET   440 PM EST


-  INDICATES NEGATIVE NUMBERS.
R  INDICATES RECORD WAS SET OR TIED.
MM INDICATES DATA IS MISSING.
T  INDICATES TRACE AMOUNT.




$$
