000
CDUS41 KBTV 170531
CLIMVL


CLIMATE REPORT
NATIONAL WEATHER SERVICE BURLINGTON VT
1230 AM EST WED DEC 17 2014


...................................

...THE MORRISVILLE VT CLIMATE SUMMARY FOR DECEMBER 16 2014...

CLIMATE NORMAL PERIOD 1981 TO 2010
CLIMATE RECORD PERIOD 9999 TO 9999


WEATHER ITEM   OBSERVED TIME   NORMAL DEPARTURE LAST
                VALUE   (LST)  VALUE  FROM      YEAR
                                      NORMAL
......................................................
TEMPERATURE (F)
 YESTERDAY
  MAXIMUM         35   1048 PM  32      3       13
  MINIMUM         28    619 AM  13     15      -13
  AVERAGE         32            22     10        0

PRECIPITATION (IN)
  YESTERDAY        0.01          0.08  -0.07      T
  MONTH TO DATE    0.62          1.49  -0.87     0.87
  SINCE DEC 1      0.62          1.49  -0.87     0.87
  SINCE JAN 1     34.11         34.85  -0.74    39.64

DEGREE DAYS
 HEATING
  YESTERDAY       33            43    -10       65
  MONTH TO DATE  547           633    -86      692
  SINCE DEC 1    547           633    -86      692
  SINCE JUL 1   1890          2461   -571     2475

 COOLING
  YESTERDAY        0             0      0        0
  MONTH TO DATE    0             0      0        0
  SINCE DEC 1      0             0      0        0
  SINCE JAN 1    249           265    -16      401
......................................................


WIND (MPH)
  HIGHEST WIND SPEED     9   HIGHEST WIND DIRECTION     S (200)
  HIGHEST GUST SPEED    14   HIGHEST GUST DIRECTION     S (190)
  AVERAGE WIND SPEED     2.3


SKY COVER
  AVERAGE SKY COVER 1.0


WEATHER CONDITIONS
 THE FOLLOWING WEATHER WAS RECORDED YESTERDAY.
  LIGHT RAIN
  LIGHT SNOW
  FOG


RELATIVE HUMIDITY (PERCENT)
 HIGHEST    96          1100 PM
 LOWEST     82           100 PM
 AVERAGE    89

..........................................................


THE MORRISVILLE VT CLIMATE NORMALS FOR TODAY
                         NORMAL    RECORD    YEAR
 MAXIMUM TEMPERATURE (F)   31        MM        MM
 MINIMUM TEMPERATURE (F)   13        MM        MM


SUNRISE AND SUNSET
DECEMBER 17 2014......SUNRISE   721 AM EST   SUNSET   412 PM EST
DECEMBER 18 2014......SUNRISE   722 AM EST   SUNSET   412 PM EST


-  INDICATES NEGATIVE NUMBERS.
R  INDICATES RECORD WAS SET OR TIED.
MM INDICATES DATA IS MISSING.
T  INDICATES TRACE AMOUNT.




$$
