000
CDUS41 KBTV 260643
CLIMVL

CLIMATE REPORT
NATIONAL WEATHER SERVICE BURLINGTON VT
238 AM EDT THU MAY 26 2016

...................................

...THE MORRISVILLE VT CLIMATE SUMMARY FOR MAY 25 2016...

CLIMATE NORMAL PERIOD 1981 TO 2010
CLIMATE RECORD PERIOD 9999 TO 9999


WEATHER ITEM   OBSERVED TIME   NORMAL DEPARTURE LAST
                VALUE   (LST)  VALUE  FROM      YEAR
                                      NORMAL
......................................................
TEMPERATURE (F)
 YESTERDAY
  MAXIMUM         81   1149 AM  69     12       74
  MINIMUM         49    126 AM  44      5       54
  AVERAGE         65            57      8       64

PRECIPITATION (IN)
  YESTERDAY        0.00          0.12  -0.12     0.03
  MONTH TO DATE    0.84          2.49  -1.65     1.49
  SINCE MAR 1      3.66          6.56  -2.90     2.99
  SINCE JAN 1      6.81         10.84  -4.03     4.11

DEGREE DAYS
 HEATING
  YESTERDAY        0             9     -9        1
  MONTH TO DATE  351           304     47      172
  SINCE MAR 1   2128          2124      4     2188
  SINCE JUL 1   6701          8084  -1383     7870

 COOLING
  YESTERDAY        0             0      0        0
  MONTH TO DATE    0             0      0       18
  SINCE MAR 1      0             1     -1       18
  SINCE JAN 1      0             1     -1       18
......................................................


WIND (MPH)
  HIGHEST WIND SPEED    14   HIGHEST WIND DIRECTION     N (350)
  HIGHEST GUST SPEED    22   HIGHEST GUST DIRECTION     N (350)
  AVERAGE WIND SPEED     4.6


SKY COVER
  AVERAGE SKY COVER 0.7


WEATHER CONDITIONS
 THE FOLLOWING WEATHER WAS RECORDED YESTERDAY.
  FOG
  FOG W/VISIBILITY <= 1/4 MILE


RELATIVE HUMIDITY (PERCENT)
 HIGHEST   100           200 AM
 LOWEST     28          1200 PM
 AVERAGE    64

..........................................................


THE MORRISVILLE VT CLIMATE NORMALS FOR TODAY
                         NORMAL    RECORD    YEAR
 MAXIMUM TEMPERATURE (F)   70        89      2010
 MINIMUM TEMPERATURE (F)   44        29      2009


SUNRISE AND SUNSET
MAY 26 2016...........SUNRISE   512 AM EDT   SUNSET   823 PM EDT
MAY 27 2016...........SUNRISE   512 AM EDT   SUNSET   824 PM EDT


-  INDICATES NEGATIVE NUMBERS.
R  INDICATES RECORD WAS SET OR TIED.
MM INDICATES DATA IS MISSING.
T  INDICATES TRACE AMOUNT.

$$
