000
CDUS41 KBTV 060600
CLIMVL


CLIMATE REPORT
NATIONAL WEATHER SERVICE BURLINGTON VT
158 AM EDT MON JUL 6 2015


...................................

...THE MORRISVILLE VT CLIMATE SUMMARY FOR JULY 5 2015...

CLIMATE NORMAL PERIOD 1981 TO 2010
CLIMATE RECORD PERIOD 9999 TO 9999


WEATHER ITEM   OBSERVED TIME   NORMAL DEPARTURE LAST
                VALUE   (LST)  VALUE  FROM      YEAR
                                      NORMAL
......................................................
TEMPERATURE (F)
 YESTERDAY
  MAXIMUM         80    428 PM  79      1       78
  MINIMUM         57    616 AM  55      2       57
  AVERAGE         69            67      2       68

PRECIPITATION (IN)
  YESTERDAY        0.00          0.15  -0.15     0.00
  MONTH TO DATE    0.69          0.73  -0.04     2.29
  SINCE JUN 1      7.60          4.71   2.89     6.18
  SINCE JAN 1     12.85         16.33  -3.48    19.78

DEGREE DAYS
 HEATING
  YESTERDAY        0             1     -1        0
  MONTH TO DATE    9             6      3        3
  SINCE JUN 1    114           129    -15       75
  SINCE JUL 1      9             6      3        3

 COOLING
  YESTERDAY        4             3      1        3
  MONTH TO DATE    7            15     -8       40
  SINCE JUN 1     47            63    -16       80
  SINCE JAN 1    100            71     29       85
......................................................


WIND (MPH)
  HIGHEST WIND SPEED    13   HIGHEST WIND DIRECTION    NW (330)
  HIGHEST GUST SPEED    16   HIGHEST GUST DIRECTION    NW (300)
  AVERAGE WIND SPEED     2.1


SKY COVER
  AVERAGE SKY COVER 0.6


WEATHER CONDITIONS
 THE FOLLOWING WEATHER WAS RECORDED YESTERDAY.
  FOG
  FOG W/VISIBILITY <= 1/4 MILE


RELATIVE HUMIDITY (PERCENT)
 HIGHEST    93           100 AM
 LOWEST     45           300 PM
 AVERAGE    69

..........................................................


THE MORRISVILLE VT CLIMATE NORMALS FOR TODAY
                         NORMAL    RECORD    YEAR
 MAXIMUM TEMPERATURE (F)   79        92      2010
 MINIMUM TEMPERATURE (F)   55        45      2000


SUNRISE AND SUNSET
JULY  6 2015..........SUNRISE   512 AM EDT   SUNSET   838 PM EDT
JULY  7 2015..........SUNRISE   513 AM EDT   SUNSET   837 PM EDT


-  INDICATES NEGATIVE NUMBERS.
R  INDICATES RECORD WAS SET OR TIED.
MM INDICATES DATA IS MISSING.
T  INDICATES TRACE AMOUNT.




$$
