000
CDUS41 KBTV 310535
CLIMVL


CLIMATE REPORT
NATIONAL WEATHER SERVICE BURLINGTON VT
134 AM EDT FRI JUL 31 2015


...................................

...THE MORRISVILLE VT CLIMATE SUMMARY FOR JULY 30 2015...

CLIMATE NORMAL PERIOD 1981 TO 2010
CLIMATE RECORD PERIOD 9999 TO 9999


WEATHER ITEM   OBSERVED TIME   NORMAL DEPARTURE LAST
                VALUE   (LST)  VALUE  FROM      YEAR
                                      NORMAL
......................................................
TEMPERATURE (F)
 YESTERDAY
  MAXIMUM         85   1023 AM  80      5       74
  MINIMUM         65    548 AM  55     10       47
  AVERAGE         75            67      8       61

PRECIPITATION (IN)
  YESTERDAY        0.04          0.13  -0.09     0.00
  MONTH TO DATE    2.62          4.01  -1.39     6.16
  SINCE JUN 1      9.53          7.99   1.54    10.05
  SINCE JAN 1     14.78         19.61  -4.83    23.65

DEGREE DAYS
 HEATING
  YESTERDAY        0             1     -1        4
  MONTH TO DATE   23            31     -8       26
  SINCE JUN 1    128           154    -26       98
  SINCE JUL 1     23            31     -8       26

 COOLING
  YESTERDAY       10             4      6        0
  MONTH TO DATE  151           113     38      109
  SINCE JUN 1    191           161     30      149
  SINCE JAN 1    244           169     75      154
......................................................


WIND (MPH)
  HIGHEST WIND SPEED    12   HIGHEST WIND DIRECTION     S (190)
  HIGHEST GUST SPEED    18   HIGHEST GUST DIRECTION     S (200)
  AVERAGE WIND SPEED     2.5


SKY COVER
  AVERAGE SKY COVER 0.4


WEATHER CONDITIONS
 THE FOLLOWING WEATHER WAS RECORDED YESTERDAY.
  HEAVY RAIN
  RAIN
  LIGHT RAIN
  FOG
  FOG W/VISIBILITY <= 1/4 MILE


RELATIVE HUMIDITY (PERCENT)
 HIGHEST    93           200 AM
 LOWEST     65          1000 AM
 AVERAGE    79

..........................................................


THE MORRISVILLE VT CLIMATE NORMALS FOR TODAY
                         NORMAL    RECORD    YEAR
 MAXIMUM TEMPERATURE (F)   80        91      1999
 MINIMUM TEMPERATURE (F)   55        43      2010


SUNRISE AND SUNSET
JULY 31 2015..........SUNRISE   536 AM EDT   SUNSET   817 PM EDT
AUGUST  1 2015........SUNRISE   537 AM EDT   SUNSET   816 PM EDT


-  INDICATES NEGATIVE NUMBERS.
R  INDICATES RECORD WAS SET OR TIED.
MM INDICATES DATA IS MISSING.
T  INDICATES TRACE AMOUNT.




$$
