265
CDUS41 KBTV 190601
CLIMVL


CLIMATE REPORT
NATIONAL WEATHER SERVICE BURLINGTON VT
1259 AM EST SUN NOV 19 2017


...................................

...THE MORRISVILLE VT CLIMATE SUMMARY FOR NOVEMBER 18 2017...

CLIMATE NORMAL PERIOD 1981 TO 2010
CLIMATE RECORD PERIOD 9999 TO 9999


WEATHER ITEM   OBSERVED TIME   NORMAL DEPARTURE LAST
                VALUE   (LST)  VALUE  FROM      YEAR
                                      NORMAL
......................................................
TEMPERATURE (F)
 YESTERDAY
  MAXIMUM         33        MM  43    -10       58
  MINIMUM         13        MM  26    -13       29
  AVERAGE         23            34    -11       44

PRECIPITATION (IN)
  YESTERDAY        0.02          0.12  -0.10     0.00
  MONTH TO DATE    1.30          1.85  -0.55     0.35
  SINCE SEP 1      7.90          8.33  -0.43     2.43
  SINCE JAN 1     34.86         32.09   2.77    18.07

DEGREE DAYS
 HEATING
  YESTERDAY       42            31     11       21
  MONTH TO DATE  533           496     37      443
  SINCE SEP 1   1086          1332   -246     1145
  SINCE JUL 1   1248          1427   -179     1204

 COOLING
  YESTERDAY        0             0      0        0
  MONTH TO DATE    0             0      0        0
  SINCE SEP 1     48            18     30       34
  SINCE JAN 1    192           265    -73      322
......................................................


WIND (MPH)
  HIGHEST WIND SPEED     9   HIGHEST WIND DIRECTION     S (200)
  HIGHEST GUST SPEED    MM   HIGHEST GUST DIRECTION    MM
  AVERAGE WIND SPEED     5.1


SKY COVER
  AVERAGE SKY COVER 0.7


WEATHER CONDITIONS
 THE FOLLOWING WEATHER WAS RECORDED YESTERDAY.
  FOG


RELATIVE HUMIDITY (PERCENT)
 HIGHEST    96           500 AM
 LOWEST     51           500 PM
 AVERAGE    74

..........................................................


THE MORRISVILLE VT CLIMATE NORMALS FOR TODAY
                         NORMAL    RECORD    YEAR
 MAXIMUM TEMPERATURE (F)   43        64      2016
                                             2001
 MINIMUM TEMPERATURE (F)   25         8      2008


SUNRISE AND SUNSET
NOVEMBER 19 2017......SUNRISE   652 AM EST   SUNSET   419 PM EST
NOVEMBER 20 2017......SUNRISE   654 AM EST   SUNSET   418 PM EST


-  INDICATES NEGATIVE NUMBERS.
R  INDICATES RECORD WAS SET OR TIED.
MM INDICATES DATA IS MISSING.
T  INDICATES TRACE AMOUNT.




$$
