877
CDUS46 KOTX 270828
CLIMWH


CLIMATE REPORT
NATIONAL WEATHER SERVICE SPOKANE, WA
128 AM PDT FRI MAY 27 2016


...................................

...THE MOSES LAKE WA AIRPORT CLIMATE SUMMARY FOR MAY 26 2016...

CLIMATE NORMAL PERIOD 1981 TO 2010
CLIMATE RECORD PERIOD 9999 TO 9999


WEATHER ITEM   OBSERVED TIME   RECORD YEAR NORMAL DEPARTURE LAST
                VALUE   (LST)  VALUE       VALUE  FROM      YEAR
                                                  NORMAL
..................................................................
TEMPERATURE (F)
 YESTERDAY
  MAXIMUM         74    456 PM  MM      MM  76     -2       75
  MINIMUM         48    340 AM  MM      MM  48      0       53
  AVERAGE         61                        62     -1       64

PRECIPITATION (IN)
  YESTERDAY        0.00         MM      MM   0.02  -0.02     0.05
  MONTH TO DATE    0.48                      0.50  -0.02     0.58
  SINCE OCT 1      7.65                      7.21   0.44     5.81
  SINCE JAN 1      4.39                      3.92   0.47     3.15

SNOWFALL (IN)
  YESTERDAY       MM

DEGREE DAYS
 HEATING
  YESTERDAY        4                         4      0        1
  MONTH TO DATE   81                       191   -110       93
  SINCE MAR 1    897                      1303   -406     1034
  SINCE JUL 1   4930                      5808   -878     4792

 COOLING
  YESTERDAY        0                         1     -1        0
  MONTH TO DATE   18                        16      2       38
  SINCE MAR 1     19                        17      2       38
  SINCE JAN 1     19                        17      2       38
..................................................................


WIND (MPH)
  HIGHEST WIND SPEED    22   HIGHEST WIND DIRECTION     W (270)
  HIGHEST GUST SPEED    26   HIGHEST GUST DIRECTION     W (280)
  AVERAGE WIND SPEED     9.6


SKY COVER
  POSSIBLE SUNSHINE  MM
  AVERAGE SKY COVER 0.1


WEATHER CONDITIONS
 THE FOLLOWING WEATHER WAS RECORDED YESTERDAY.
  NO SIGNIFICANT WEATHER WAS OBSERVED.


RELATIVE HUMIDITY (PERCENT)
 HIGHEST    80           500 AM
 LOWEST     19           400 PM
 AVERAGE    50

..........................................................


THE MOSES LAKE WA AIRPORT CLIMATE NORMALS FOR TODAY
                         NORMAL    RECORD    YEAR
 MAXIMUM TEMPERATURE (F)   76        MM        MM
 MINIMUM TEMPERATURE (F)   48        MM        MM


SUNRISE AND SUNSET
MAY 27 2016...........SUNRISE   508 AM PDT   SUNSET   841 PM PDT
MAY 28 2016...........SUNRISE   508 AM PDT   SUNSET   842 PM PDT


-  INDICATES NEGATIVE NUMBERS.
R  INDICATES RECORD WAS SET OR TIED.
MM INDICATES DATA IS MISSING.
T  INDICATES TRACE AMOUNT.




$$
