000
CDUS46 KOTX 270856
CLIMWH


CLIMATE REPORT
NATIONAL WEATHER SERVICE SPOKANE, WA
156 AM PDT THU JUL 27 2017


...................................

...THE MOSES LAKE WA AIRPORT CLIMATE SUMMARY FOR JULY 26 2017...

CLIMATE NORMAL PERIOD 1981 TO 2010
CLIMATE RECORD PERIOD 9999 TO 9999


WEATHER ITEM   OBSERVED TIME   RECORD YEAR NORMAL DEPARTURE LAST
                VALUE   (LST)  VALUE       VALUE  FROM      YEAR
                                                  NORMAL
..................................................................
TEMPERATURE (F)
 YESTERDAY
  MAXIMUM         96    440 PM  MM      MM  91      5       96
  MINIMUM         56    440 AM  MM      MM  57     -1       63
  AVERAGE         76                        74      2       80

PRECIPITATION (IN)
  YESTERDAY        0.00         MM      MM   0.02  -0.02     0.00
  MONTH TO DATE    0.00                      0.35  -0.35     0.56
  SINCE OCT 1      9.57                      8.41   1.16     8.91
  SINCE JAN 1      5.68                      5.12   0.56     5.65

SNOWFALL (IN)
  YESTERDAY       MM

DEGREE DAYS
 HEATING
  YESTERDAY        0                         0      0        0
  MONTH TO DATE    0                         6     -6        2
  SINCE JUN 1     48                        61    -13       56
  SINCE JUL 1      0                         6     -6        2

 COOLING
  YESTERDAY       11                         9      2       15
  MONTH TO DATE  257                       197     60      145
  SINCE JUN 1    378                       282     96      301
  SINCE JAN 1    421                       307    114      320
..................................................................


WIND (MPH)
  HIGHEST WIND SPEED    16   HIGHEST WIND DIRECTION     S (160)
  HIGHEST GUST SPEED    20   HIGHEST GUST DIRECTION    SE (140)
  AVERAGE WIND SPEED     6.1


SKY COVER
  POSSIBLE SUNSHINE  MM
  AVERAGE SKY COVER 0.0


WEATHER CONDITIONS
 THE FOLLOWING WEATHER WAS RECORDED YESTERDAY.
  NO SIGNIFICANT WEATHER WAS OBSERVED.


RELATIVE HUMIDITY (PERCENT)
 HIGHEST    60           100 AM
 LOWEST     16           400 PM
 AVERAGE    38

..........................................................


THE MOSES LAKE WA AIRPORT CLIMATE NORMALS FOR TODAY
                         NORMAL    RECORD    YEAR
 MAXIMUM TEMPERATURE (F)   91        MM        MM
 MINIMUM TEMPERATURE (F)   57        MM        MM


SUNRISE AND SUNSET
JULY 27 2017..........SUNRISE   530 AM PDT   SUNSET   836 PM PDT
JULY 28 2017..........SUNRISE   532 AM PDT   SUNSET   835 PM PDT


-  INDICATES NEGATIVE NUMBERS.
R  INDICATES RECORD WAS SET OR TIED.
MM INDICATES DATA IS MISSING.
T  INDICATES TRACE AMOUNT.




$$
