000
CDUS46 KOTX 310832
CLIMWH


CLIMATE REPORT
NATIONAL WEATHER SERVICE SPOKANE, WA
130 AM PDT MON AUG 31 2015


...................................

...THE MOSES LAKE WA AIRPORT CLIMATE SUMMARY FOR AUGUST 30 2015...

CLIMATE NORMAL PERIOD 1981 TO 2010
CLIMATE RECORD PERIOD 9999 TO 9999


WEATHER ITEM   OBSERVED TIME   RECORD YEAR NORMAL DEPARTURE LAST
                VALUE   (LST)  VALUE       VALUE  FROM      YEAR
                                                  NORMAL
..................................................................
TEMPERATURE (F)
 YESTERDAY
  MAXIMUM         75    317 PM  MM      MM  84     -9       79
  MINIMUM         58   1146 PM  MM      MM  52      6       55
  AVERAGE         67                        68     -1       67

PRECIPITATION (IN)
  YESTERDAY        0.05         MM      MM   0.01   0.04     0.00
  MONTH TO DATE    0.06                      0.24  -0.18     0.59
  SINCE OCT 1      5.89                      8.71  -2.82     4.52
  SINCE JAN 1      3.23                      5.42  -2.19     3.88

SNOWFALL (IN)
  YESTERDAY       MM

DEGREE DAYS
 HEATING
  YESTERDAY        0                         1     -1        0
  MONTH TO DATE    0                         7     -7        0
  SINCE JUN 1      4                        70    -66       24
  SINCE JUL 1      0                        15    -15        0

 COOLING
  YESTERDAY        2                         4     -2        2
  MONTH TO DATE  266                       211     55      316
  SINCE JUN 1    961                       540    421      840
  SINCE JAN 1   1032                       565    467      875
..................................................................


WIND (MPH)
  HIGHEST WIND SPEED    25   HIGHEST WIND DIRECTION     S (190)
  HIGHEST GUST SPEED    34   HIGHEST GUST DIRECTION     S (200)
  AVERAGE WIND SPEED    11.5


SKY COVER
  POSSIBLE SUNSHINE  MM
  AVERAGE SKY COVER 0.3


WEATHER CONDITIONS
 THE FOLLOWING WEATHER WAS RECORDED YESTERDAY.
  LIGHT RAIN


RELATIVE HUMIDITY (PERCENT)
 HIGHEST    72           500 AM
 LOWEST     29           400 PM
 AVERAGE    51

..........................................................


THE MOSES LAKE WA AIRPORT CLIMATE NORMALS FOR TODAY
                         NORMAL    RECORD    YEAR
 MAXIMUM TEMPERATURE (F)   84        MM        MM
 MINIMUM TEMPERATURE (F)   52        MM        MM


SUNRISE AND SUNSET
AUGUST 31 2015........SUNRISE   615 AM PDT   SUNSET   739 PM PDT
SEPTEMBER  1 2015.....SUNRISE   616 AM PDT   SUNSET   737 PM PDT


-  INDICATES NEGATIVE NUMBERS.
R  INDICATES RECORD WAS SET OR TIED.
MM INDICATES DATA IS MISSING.
T  INDICATES TRACE AMOUNT.




$$
