000
CDUS46 KOTX 230822
CLIMWH


CLIMATE REPORT
NATIONAL WEATHER SERVICE SPOKANE, WA
122 AM PDT SAT SEP 23 2017


...................................

...THE MOSES LAKE WA AIRPORT CLIMATE SUMMARY FOR SEPTEMBER 22 2017...

CLIMATE NORMAL PERIOD 1981 TO 2010
CLIMATE RECORD PERIOD 9999 TO 9999


WEATHER ITEM   OBSERVED TIME   RECORD YEAR NORMAL DEPARTURE LAST
                VALUE   (LST)  VALUE       VALUE  FROM      YEAR
                                                  NORMAL
..................................................................
TEMPERATURE (F)
 YESTERDAY
  MAXIMUM         66    333 PM  MM      MM  75     -9       74
  MINIMUM         43    538 AM  MM      MM  44     -1       49
  AVERAGE         55                        60     -5       62

PRECIPITATION (IN)
  YESTERDAY        0.00         MM      MM   0.02  -0.02     0.02
  MONTH TO DATE    0.12                      0.23  -0.11     0.10
  SINCE OCT 1      9.71                      8.95   0.76     9.01
  SINCE JAN 1      5.82                      5.66   0.16     5.75

SNOWFALL (IN)
  YESTERDAY       MM

DEGREE DAYS
 HEATING
  YESTERDAY       10                         6      4        3
  MONTH TO DATE   80                        69     11       81
  SINCE SEP 1     80                        69     11       81
  SINCE JUL 1     80                        89     -9       83

 COOLING
  YESTERDAY        0                         1     -1        0
  MONTH TO DATE   90                        43     47        3
  SINCE SEP 1     90                        43     47        3
  SINCE JAN 1    885                       613    272      626
..................................................................


WIND (MPH)
  HIGHEST WIND SPEED    13   HIGHEST WIND DIRECTION    SW (230)
  HIGHEST GUST SPEED    16   HIGHEST GUST DIRECTION     W (270)
  AVERAGE WIND SPEED     4.5


SKY COVER
  POSSIBLE SUNSHINE  MM
  AVERAGE SKY COVER 0.5


WEATHER CONDITIONS
 THE FOLLOWING WEATHER WAS RECORDED YESTERDAY.
  NO SIGNIFICANT WEATHER WAS OBSERVED.


RELATIVE HUMIDITY (PERCENT)
 HIGHEST    89           400 AM
 LOWEST     32           300 PM
 AVERAGE    61

..........................................................


THE MOSES LAKE WA AIRPORT CLIMATE NORMALS FOR TODAY
                         NORMAL    RECORD    YEAR
 MAXIMUM TEMPERATURE (F)   75        MM        MM
 MINIMUM TEMPERATURE (F)   44        MM        MM


SUNRISE AND SUNSET
SEPTEMBER 23 2017.....SUNRISE   646 AM PDT   SUNSET   652 PM PDT
SEPTEMBER 24 2017.....SUNRISE   647 AM PDT   SUNSET   650 PM PDT


-  INDICATES NEGATIVE NUMBERS.
R  INDICATES RECORD WAS SET OR TIED.
MM INDICATES DATA IS MISSING.
T  INDICATES TRACE AMOUNT.




$$
