000
CDUS45 KBOI 220930
CLIMYL


CLIMATE REPORT
NATIONAL WEATHER SERVICE BOISE ID
330 AM MDT TUE AUG 22 2017


...................................

...THE MCCALL ID CLIMATE SUMMARY FOR AUGUST 21 2017...

CLIMATE NORMAL PERIOD 1981 TO 2010
CLIMATE RECORD PERIOD 1930 TO 2017


WEATHER ITEM   OBSERVED TIME   RECORD YEAR NORMAL DEPARTURE LAST
                VALUE   (LST)  VALUE       VALUE  FROM      YEAR
                                                  NORMAL
..................................................................
TEMPERATURE (F)
 YESTERDAY
  MAXIMUM         83    456 PM  94    1967  77      6       86
  MINIMUM         45    510 AM  30    1974  41      4       44
                                      1966
                                      1924
  AVERAGE         64                        59      5       65

PRECIPITATION (IN)
  YESTERDAY        0.00          0.35 1965   0.02  -0.02     0.00
  MONTH TO DATE    0.07                      0.44  -0.37      T
  SINCE OCT 1     29.84                     18.98  10.86    25.23
  SINCE JAN 1     21.35                     12.80   8.55    14.66

DEGREE DAYS
 HEATING
  YESTERDAY        1                         6     -5        0
  MONTH TO DATE   27                       100    -73       43
  SINCE JUN 1    266                       617   -351      383
  SINCE JUL 1     30                       250   -220      157

 COOLING
  YESTERDAY        0                         0      0        0
  MONTH TO DATE   42                         7     35       33
  SINCE JUN 1    172                        23    149      105
  SINCE JAN 1    172                        23    149      105
..................................................................


WIND (MPH)
  HIGHEST WIND SPEED     9   HIGHEST WIND DIRECTION    NW (330)
  HIGHEST GUST SPEED    14   HIGHEST GUST DIRECTION     W (260)
  AVERAGE WIND SPEED     2.6


SKY COVER
  AVERAGE SKY COVER 0.0


WEATHER CONDITIONS
 THE FOLLOWING WEATHER WAS RECORDED YESTERDAY.
  NO SIGNIFICANT WEATHER WAS OBSERVED.


RELATIVE HUMIDITY (PERCENT)
 HIGHEST    60           500 AM
 LOWEST     13           400 PM
 AVERAGE    37

..........................................................


THE MCCALL ID CLIMATE NORMALS FOR TODAY
                         NORMAL    RECORD    YEAR
 MAXIMUM TEMPERATURE (F)   77        94      1969
 MINIMUM TEMPERATURE (F)   40        23      1988


SUNRISE AND SUNSET
AUGUST 22 2017........SUNRISE   655 AM MDT   SUNSET   838 PM MDT
AUGUST 23 2017........SUNRISE   656 AM MDT   SUNSET   837 PM MDT


-  INDICATES NEGATIVE NUMBERS.
R  INDICATES RECORD WAS SET OR TIED.
MM INDICATES DATA IS MISSING.
T  INDICATES TRACE AMOUNT.




$$
