043
CDUS45 KBOI 280947
CLIMYL


CLIMATE REPORT
NATIONAL WEATHER SERVICE BOISE ID
347 AM MDT WED JUN 28 2017


...................................

...THE MCCALL ID CLIMATE SUMMARY FOR JUNE 27 2017...

CLIMATE NORMAL PERIOD 1981 TO 2010
CLIMATE RECORD PERIOD 1930 TO 2017


WEATHER ITEM   OBSERVED TIME   RECORD YEAR NORMAL DEPARTURE LAST
                VALUE   (LST)  VALUE       VALUE  FROM      YEAR
                                                  NORMAL
..................................................................
TEMPERATURE (F)
 YESTERDAY
  MAXIMUM         77    532 PM  95    2015  72      5       89
  MINIMUM         49    534 AM  27    1976  40      9       47
  AVERAGE         63                        56      7       68

PRECIPITATION (IN)
  YESTERDAY        T             0.68 1927   0.03  -0.03     0.00
  MONTH TO DATE    1.56                      1.74  -0.18     0.83
  SINCE OCT 1     29.77                     17.70  12.07    23.83
  SINCE JAN 1     21.28                     11.52   9.76    13.26

DEGREE DAYS
 HEATING
  YESTERDAY        2                         9     -7        0
  MONTH TO DATE  221                       341   -120      226
  SINCE JUN 1    221                       341   -120      226
  SINCE JUL 1   8687                      9570   -883     8173

 COOLING
  YESTERDAY        0                         0      0        3
  MONTH TO DATE    6                         0      6       17
  SINCE JUN 1      6                         0      6       17
  SINCE JAN 1      6                         0      6       17
..................................................................


WIND (MPH)
  HIGHEST WIND SPEED    16   HIGHEST WIND DIRECTION     E (100)
  HIGHEST GUST SPEED    20   HIGHEST GUST DIRECTION     E (110)
  AVERAGE WIND SPEED     6.1


SKY COVER
  AVERAGE SKY COVER 0.2


WEATHER CONDITIONS
 THE FOLLOWING WEATHER WAS RECORDED YESTERDAY.
  THUNDERSTORM
  LIGHT RAIN


RELATIVE HUMIDITY (PERCENT)
 HIGHEST    83           400 AM
 LOWEST     29           500 PM
 AVERAGE    56

..........................................................


THE MCCALL ID CLIMATE NORMALS FOR TODAY
                         NORMAL    RECORD    YEAR
 MAXIMUM TEMPERATURE (F)   73        97      2015
 MINIMUM TEMPERATURE (F)   40        27      1908


SUNRISE AND SUNSET
JUNE 28 2017..........SUNRISE   601 AM MDT   SUNSET   935 PM MDT
JUNE 29 2017..........SUNRISE   601 AM MDT   SUNSET   935 PM MDT


-  INDICATES NEGATIVE NUMBERS.
R  INDICATES RECORD WAS SET OR TIED.
MM INDICATES DATA IS MISSING.
T  INDICATES TRACE AMOUNT.




$$
