000
CDUS45 KBOI 030930
CLIMYL


CLIMATE REPORT
NATIONAL WEATHER SERVICE BOISE ID
230 AM MST TUE MAR 3 2015


...................................

...THE MCCALL ID CLIMATE SUMMARY FOR MARCH 2 2015...

CLIMATE NORMAL PERIOD 1981 TO 2010
CLIMATE RECORD PERIOD 1930 TO 2015


WEATHER ITEM   OBSERVED TIME   RECORD YEAR NORMAL DEPARTURE LAST
                VALUE   (LST)  VALUE       VALUE  FROM      YEAR
                                                  NORMAL
..................................................................
TEMPERATURE (F)
 YESTERDAY
  MAXIMUM         40    242 PM  57    1992  37      3       39
  MINIMUM         15    749 AM -13    1971  14      1       31
  AVERAGE         28                        25      3       35

PRECIPITATION (IN)
  YESTERDAY        0.01          0.76 1984   0.06  -0.05     0.42
  MONTH TO DATE    0.01                      0.11  -0.10     0.69
  SINCE OCT 1     12.96                      9.76   3.20     9.57
  SINCE JAN 1      4.20                      3.58   0.62     5.50

DEGREE DAYS
 HEATING
  YESTERDAY       37                        40     -3       30
  MONTH TO DATE   75                        80     -5       62
  SINCE MAR 1     75                        80     -5       62
  SINCE JUL 1   5446                      6755  -1309     6056

 COOLING
  YESTERDAY        0                         0      0        0
  MONTH TO DATE    0                         0      0        0
  SINCE MAR 1      0                         0      0        0
  SINCE JAN 1      0                         0      0        0
..................................................................


WIND (MPH)
  HIGHEST WIND SPEED    14   HIGHEST WIND DIRECTION     N (10)
  HIGHEST GUST SPEED    17   HIGHEST GUST DIRECTION     N (10)
  AVERAGE WIND SPEED     4.0


SKY COVER
  AVERAGE SKY COVER 0.4


WEATHER CONDITIONS
 THE FOLLOWING WEATHER WAS RECORDED YESTERDAY.
  LIGHT SNOW
  FOG


RELATIVE HUMIDITY (PERCENT)
 HIGHEST    88           700 AM
 LOWEST     32           100 PM
 AVERAGE    60

..........................................................


THE MCCALL ID CLIMATE NORMALS FOR TODAY
                         NORMAL    RECORD    YEAR
 MAXIMUM TEMPERATURE (F)   37        55      1994
 MINIMUM TEMPERATURE (F)   14       -10      1966


SUNRISE AND SUNSET
MARCH  3 2015.........SUNRISE   719 AM MST   SUNSET   634 PM MST
MARCH  4 2015.........SUNRISE   717 AM MST   SUNSET   636 PM MST


-  INDICATES NEGATIVE NUMBERS.
R  INDICATES RECORD WAS SET OR TIED.
MM INDICATES DATA IS MISSING.
T  INDICATES TRACE AMOUNT.




$$
