000
CDUS45 KBOI 270934
CLIMYL


CLIMATE REPORT
NATIONAL WEATHER SERVICE BOISE ID
230 AM MST TUE JAN 27 2015


...................................

...THE MCCALL ID CLIMATE SUMMARY FOR JANUARY 26 2015...

CLIMATE NORMAL PERIOD 1981 TO 2010
CLIMATE RECORD PERIOD 1930 TO 2015


WEATHER ITEM   OBSERVED TIME   RECORD YEAR NORMAL DEPARTURE LAST
                VALUE   (LST)  VALUE       VALUE  FROM      YEAR
                                                  NORMAL
..................................................................
TEMPERATURE (F)
 YESTERDAY
  MAXIMUM         47R   350 PM  43    1992  30     17       37
  MINIMUM         21    245 AM -27    1957  11     10        5
  AVERAGE         34                        20     14       21

PRECIPITATION (IN)
  YESTERDAY        0.00          0.63 2003   0.05  -0.05     0.00
  MONTH TO DATE    1.78                      1.47   0.31     1.04
  SINCE OCT 1     10.54                      7.65   2.89     5.11
  SINCE JAN 1      1.78                      1.47   0.31     1.04

DEGREE DAYS
 HEATING
  YESTERDAY       31                        45    -14       44
  MONTH TO DATE 1058                      1179   -121     1125
  SINCE DEC 1   2226                      2615   -389     2581
  SINCE JUL 1   4290                      5253   -963     4671

 COOLING
  YESTERDAY        0                         0      0        0
  MONTH TO DATE    0                         0      0        0
  SINCE DEC 1      0                         0      0        0
  SINCE JAN 1      0                         0      0        0
..................................................................


WIND (MPH)
  HIGHEST WIND SPEED    10   HIGHEST WIND DIRECTION    NW (300)
  HIGHEST GUST SPEED    13   HIGHEST GUST DIRECTION    NW (300)
  AVERAGE WIND SPEED     1.8


SKY COVER
  AVERAGE SKY COVER 0.4


WEATHER CONDITIONS
 THE FOLLOWING WEATHER WAS RECORDED YESTERDAY.
  FOG
  FOG W/VISIBILITY <= 1/4 MILE
  HAZE


RELATIVE HUMIDITY (PERCENT)
 HIGHEST   100           400 AM
 LOWEST     53           400 PM
 AVERAGE    77

..........................................................


THE MCCALL ID CLIMATE NORMALS FOR TODAY
                         NORMAL    RECORD    YEAR
 MAXIMUM TEMPERATURE (F)   30        47      1987
 MINIMUM TEMPERATURE (F)   11       -24      1957


SUNRISE AND SUNSET
JANUARY 27 2015.......SUNRISE   809 AM MST   SUNSET   545 PM MST
JANUARY 28 2015.......SUNRISE   808 AM MST   SUNSET   547 PM MST


-  INDICATES NEGATIVE NUMBERS.
R  INDICATES RECORD WAS SET OR TIED.
MM INDICATES DATA IS MISSING.
T  INDICATES TRACE AMOUNT.




$$
