134
CDUS45 KBOI 220933
CLIMYL


CLIMATE REPORT
NATIONAL WEATHER SERVICE BOISE ID
333 AM MDT MON MAY 22 2017


...................................

...THE MCCALL ID CLIMATE SUMMARY FOR MAY 21 2017...

CLIMATE NORMAL PERIOD 1981 TO 2010
CLIMATE RECORD PERIOD 1930 TO 2017


WEATHER ITEM   OBSERVED TIME   RECORD YEAR NORMAL DEPARTURE LAST
                VALUE   (LST)  VALUE       VALUE  FROM      YEAR
                                                  NORMAL
..................................................................
TEMPERATURE (F)
 YESTERDAY
  MAXIMUM         70    431 PM  84    1928  60     10       49
  MINIMUM         34    524 AM  20    1931  34      0       32
  AVERAGE         52                        47      5       41

PRECIPITATION (IN)
  YESTERDAY        0.00          1.30 1932   0.07  -0.07     0.40
  MONTH TO DATE    1.65                      1.47   0.18     1.21
  SINCE OCT 1     27.92                     15.24  12.68    22.92
  SINCE JAN 1     19.43                      9.06  10.37    12.35

DEGREE DAYS
 HEATING
  YESTERDAY       13                        18     -5       24
  MONTH TO DATE  400                       427    -27      308
  SINCE MAR 1   2168                      2387   -219     1902
  SINCE JUL 1   8371                      9062   -691     7771

 COOLING
  YESTERDAY        0                         0      0        0
  MONTH TO DATE    0                         0      0        0
  SINCE MAR 1      0                         0      0        0
  SINCE JAN 1      0                         0      0        0
..................................................................


WIND (MPH)
  HIGHEST WIND SPEED    13   HIGHEST WIND DIRECTION     N (10)
  HIGHEST GUST SPEED    17   HIGHEST GUST DIRECTION     N (10)
  AVERAGE WIND SPEED     4.5


SKY COVER
  AVERAGE SKY COVER 0.0


WEATHER CONDITIONS
 THE FOLLOWING WEATHER WAS RECORDED YESTERDAY.
  NO SIGNIFICANT WEATHER WAS OBSERVED.


RELATIVE HUMIDITY (PERCENT)
 HIGHEST    92           200 AM
 LOWEST     23           500 PM
 AVERAGE    58

..........................................................


THE MCCALL ID CLIMATE NORMALS FOR TODAY
                         NORMAL    RECORD    YEAR
 MAXIMUM TEMPERATURE (F)   61        84      1958
 MINIMUM TEMPERATURE (F)   34        22      1989


SUNRISE AND SUNSET
MAY 22 2017...........SUNRISE   608 AM MDT   SUNSET   914 PM MDT
MAY 23 2017...........SUNRISE   607 AM MDT   SUNSET   915 PM MDT


-  INDICATES NEGATIVE NUMBERS.
R  INDICATES RECORD WAS SET OR TIED.
MM INDICATES DATA IS MISSING.
T  INDICATES TRACE AMOUNT.




$$
