000
CDUS45 KBOI 280931
CLIMYL


CLIMATE REPORT
NATIONAL WEATHER SERVICE BOISE ID
331 AM MDT WED SEP 28 2016


...................................

...THE MCCALL ID CLIMATE SUMMARY FOR SEPTEMBER 27 2016...

CLIMATE NORMAL PERIOD 1981 TO 2010
CLIMATE RECORD PERIOD 1930 TO 2016


WEATHER ITEM   OBSERVED TIME   RECORD YEAR NORMAL DEPARTURE LAST
                VALUE   (LST)  VALUE       VALUE  FROM      YEAR
                                                  NORMAL
..................................................................
TEMPERATURE (F)
 YESTERDAY
  MAXIMUM         80    253 PM  84    1963  63     17       69
  MINIMUM         39    703 AM  18    1987  29     10       41
  AVERAGE         60                        46     14       55

PRECIPITATION (IN)
  YESTERDAY        0.00          0.56 1988   0.04  -0.04     0.00
  MONTH TO DATE    1.05                      0.78   0.27     2.06
  SINCE OCT 1     26.28                     20.00   6.28    22.96
  SINCE JAN 1     15.71                     13.82   1.89    14.20

DEGREE DAYS
 HEATING
  YESTERDAY        5                        19    -14       10
  MONTH TO DATE  339                       377    -38      304
  SINCE SEP 1    339                       377    -38      304
  SINCE JUL 1    532                       705   -173      454

 COOLING
  YESTERDAY        0                         0      0        0
  MONTH TO DATE    0                         0      0        0
  SINCE SEP 1      0                         0      0        0
  SINCE JAN 1    108                        25     83      169
..................................................................


WIND (MPH)
  HIGHEST WIND SPEED     8   HIGHEST WIND DIRECTION    NW (310)
  HIGHEST GUST SPEED    11   HIGHEST GUST DIRECTION    NW (310)
  AVERAGE WIND SPEED     2.3


SKY COVER
  AVERAGE SKY COVER 0.0


WEATHER CONDITIONS
 THE FOLLOWING WEATHER WAS RECORDED YESTERDAY.
  NO SIGNIFICANT WEATHER WAS OBSERVED.


RELATIVE HUMIDITY (PERCENT)
 HIGHEST    86           500 AM
 LOWEST     21           300 PM
 AVERAGE    54

..........................................................


THE MCCALL ID CLIMATE NORMALS FOR TODAY
                         NORMAL    RECORD    YEAR
 MAXIMUM TEMPERATURE (F)   63        84      1994
 MINIMUM TEMPERATURE (F)   29        15      1999


SUNRISE AND SUNSET
SEPTEMBER 28 2016.....SUNRISE   739 AM MDT   SUNSET   729 PM MDT
SEPTEMBER 29 2016.....SUNRISE   741 AM MDT   SUNSET   728 PM MDT


-  INDICATES NEGATIVE NUMBERS.
R  INDICATES RECORD WAS SET OR TIED.
MM INDICATES DATA IS MISSING.
T  INDICATES TRACE AMOUNT.




$$
