000
CDUS45 KBOI 210931
CLIMYL


CLIMATE REPORT
NATIONAL WEATHER SERVICE BOISE ID
230 AM MST WED FEB 21 2018


...................................

...THE MCCALL ID CLIMATE SUMMARY FOR FEBRUARY 20 2018...

CLIMATE NORMAL PERIOD 1981 TO 2010
CLIMATE RECORD PERIOD 1930 TO 2018


WEATHER ITEM   OBSERVED TIME   RECORD YEAR NORMAL DEPARTURE LAST
                VALUE   (LST)  VALUE       VALUE  FROM      YEAR
                                                  NORMAL
..................................................................
TEMPERATURE (F)
 YESTERDAY
  MAXIMUM         11    510 PM  56    1995  34    -23       43
  MINIMUM        -18    744 AM -21    1937  11    -29       31
  AVERAGE         -3                        23    -26       37

PRECIPITATION (IN)
  YESTERDAY        0.01          0.69 1992   0.06  -0.05     0.35
  MONTH TO DATE    1.35                      1.26   0.09     4.30
  SINCE OCT 1     11.57                      9.17   2.40    15.99
  SINCE JAN 1      4.72                      2.99   1.73     7.50

DEGREE DAYS
 HEATING
  YESTERDAY       68                        42     26       28
  MONTH TO DATE  786                       870    -84      691
  SINCE DEC 1   3312                      3706   -394     3834
  SINCE JUL 1   5438                      6344   -906     5871

 COOLING
  YESTERDAY        0                         0      0        0
  MONTH TO DATE    0                         0      0        0
  SINCE DEC 1      0                         0      0        0
  SINCE JAN 1      0                         0      0        0
..................................................................


WIND (MPH)
  HIGHEST WIND SPEED     9   HIGHEST WIND DIRECTION     S (190)
  HIGHEST GUST SPEED    10   HIGHEST GUST DIRECTION    SE (150)
  AVERAGE WIND SPEED     2.0


SKY COVER
  AVERAGE SKY COVER 0.4


WEATHER CONDITIONS
 THE FOLLOWING WEATHER WAS RECORDED YESTERDAY.
  LIGHT SNOW
  FOG
  HAZE


RELATIVE HUMIDITY (PERCENT)
 HIGHEST    95          1000 AM
 LOWEST     58           400 PM
 AVERAGE    77

..........................................................


THE MCCALL ID CLIMATE NORMALS FOR TODAY
                         NORMAL    RECORD    YEAR
 MAXIMUM TEMPERATURE (F)   35        53      1930
 MINIMUM TEMPERATURE (F)   11       -17      1975


SUNRISE AND SUNSET
FEBRUARY 21 2018......SUNRISE   735 AM MST   SUNSET   621 PM MST
FEBRUARY 22 2018......SUNRISE   734 AM MST   SUNSET   623 PM MST


-  INDICATES NEGATIVE NUMBERS.
R  INDICATES RECORD WAS SET OR TIED.
MM INDICATES DATA IS MISSING.
T  INDICATES TRACE AMOUNT.




$$
