000
CDUS45 KBOI 280933
CLIMYL


CLIMATE REPORT
NATIONAL WEATHER SERVICE BOISE ID
332 AM MDT TUE MAR 28 2017


...................................

...THE MCCALL ID CLIMATE SUMMARY FOR MARCH 27 2017...

CLIMATE NORMAL PERIOD 1981 TO 2010
CLIMATE RECORD PERIOD 1930 TO 2017


WEATHER ITEM   OBSERVED TIME   RECORD YEAR NORMAL DEPARTURE LAST
                VALUE   (LST)  VALUE       VALUE  FROM      YEAR
                                                  NORMAL
..................................................................
TEMPERATURE (F)
 YESTERDAY
  MAXIMUM         42    419 PM  66    2015  42      0       38
  MINIMUM         27   1130 PM  -8    1975  21      6       23
  AVERAGE         35                        32      3       31

PRECIPITATION (IN)
  YESTERDAY        0.31          2.00 2005   0.08   0.23     0.08
  MONTH TO DATE    4.81                      1.85   2.96     4.76
  SINCE OCT 1     21.92                     11.50  10.42    20.05
  SINCE JAN 1     13.43                      5.32   8.11     9.48

DEGREE DAYS
 HEATING
  YESTERDAY       30                        33     -3       34
  MONTH TO DATE  840                       984   -144      881
  SINCE MAR 1    840                       984   -144      881
  SINCE JUL 1   7043                      7659   -616     6750

 COOLING
  YESTERDAY        0                         0      0        0
  MONTH TO DATE    0                         0      0        0
  SINCE MAR 1      0                         0      0        0
  SINCE JAN 1      0                         0      0        0
..................................................................


WIND (MPH)
  HIGHEST WIND SPEED    14   HIGHEST WIND DIRECTION     W (270)
  HIGHEST GUST SPEED    22   HIGHEST GUST DIRECTION     W (280)
  AVERAGE WIND SPEED     4.8


SKY COVER
  AVERAGE SKY COVER 0.8


WEATHER CONDITIONS
 THE FOLLOWING WEATHER WAS RECORDED YESTERDAY.
  LIGHT RAIN
  SNOW
  LIGHT SNOW
  FOG


RELATIVE HUMIDITY (PERCENT)
 HIGHEST    89          1200 AM
 LOWEST     59           200 PM
 AVERAGE    74

..........................................................


THE MCCALL ID CLIMATE NORMALS FOR TODAY
                         NORMAL    RECORD    YEAR
 MAXIMUM TEMPERATURE (F)   43        64      1986
 MINIMUM TEMPERATURE (F)   22        -9      1975


SUNRISE AND SUNSET
MARCH 28 2017.........SUNRISE   732 AM MDT   SUNSET   807 PM MDT
MARCH 29 2017.........SUNRISE   730 AM MDT   SUNSET   809 PM MDT


-  INDICATES NEGATIVE NUMBERS.
R  INDICATES RECORD WAS SET OR TIED.
MM INDICATES DATA IS MISSING.
T  INDICATES TRACE AMOUNT.




$$
