000
CDUS45 KBOI 310937
CLIMYL


CLIMATE REPORT
NATIONAL WEATHER SERVICE BOISE ID
337 AM MDT MON AUG 31 2015


...................................

...THE MCCALL ID CLIMATE SUMMARY FOR AUGUST 30 2015...

CLIMATE NORMAL PERIOD 1981 TO 2010
CLIMATE RECORD PERIOD 1930 TO 2015


WEATHER ITEM   OBSERVED TIME   RECORD YEAR NORMAL DEPARTURE LAST
                VALUE   (LST)  VALUE       VALUE  FROM      YEAR
                                                  NORMAL
..................................................................
TEMPERATURE (F)
 YESTERDAY
  MAXIMUM         65    353 PM  90    1955  74     -9       69
  MINIMUM         43   1156 PM  25    1956  39      4       49
  AVERAGE         54                        56     -2       59

PRECIPITATION (IN)
  YESTERDAY        0.00          0.29 1977   0.02  -0.02     0.01
  MONTH TO DATE    0.31                      0.65  -0.34     1.17
  SINCE OCT 1     20.90                     19.19   1.71    20.66
  SINCE JAN 1     12.14                     13.01  -0.87    16.59

DEGREE DAYS
 HEATING
  YESTERDAY       11                         9      2        6
  MONTH TO DATE   68                       170   -102       86
  SINCE JUN 1    248                       687   -439      418
  SINCE JUL 1    139                       320   -181      104

 COOLING
  YESTERDAY        0                         0      0        0
  MONTH TO DATE   56                         7     49       54
  SINCE JUN 1    169                        23    146      185
  SINCE JAN 1    169                        23    146      185
..................................................................


WIND (MPH)
  HIGHEST WIND SPEED    22   HIGHEST WIND DIRECTION     S (180)
  HIGHEST GUST SPEED    29   HIGHEST GUST DIRECTION     S (190)
  AVERAGE WIND SPEED     5.7


SKY COVER
  AVERAGE SKY COVER 0.6


WEATHER CONDITIONS
 THE FOLLOWING WEATHER WAS RECORDED YESTERDAY.
  HAZE


RELATIVE HUMIDITY (PERCENT)
 HIGHEST    96           400 AM
 LOWEST     34           400 PM
 AVERAGE    65

..........................................................


THE MCCALL ID CLIMATE NORMALS FOR TODAY
                         NORMAL    RECORD    YEAR
 MAXIMUM TEMPERATURE (F)   73        90      1991
 MINIMUM TEMPERATURE (F)   38        28      2006


SUNRISE AND SUNSET
AUGUST 31 2015........SUNRISE   705 AM MDT   SUNSET   823 PM MDT
SEPTEMBER  1 2015.....SUNRISE   706 AM MDT   SUNSET   822 PM MDT


-  INDICATES NEGATIVE NUMBERS.
R  INDICATES RECORD WAS SET OR TIED.
MM INDICATES DATA IS MISSING.
T  INDICATES TRACE AMOUNT.




$$
