000
CDUS45 KBOI 210932
CLIMYL


CLIMATE REPORT
NATIONAL WEATHER SERVICE BOISE ID
231 AM MST SUN DEC 21 2014


...................................

...THE MCCALL ID CLIMATE SUMMARY FOR DECEMBER 20 2014...

CLIMATE NORMAL PERIOD 1981 TO 2010
CLIMATE RECORD PERIOD 1930 TO 2014


WEATHER ITEM   OBSERVED TIME   RECORD YEAR NORMAL DEPARTURE LAST
                VALUE   (LST)  VALUE       VALUE  FROM      YEAR
                                                  NORMAL
..................................................................
TEMPERATURE (F)
 YESTERDAY
  MAXIMUM         33   1146 PM  41    1939  27      6       17
  MINIMUM         30    420 AM -14    1930   9     21        1
  AVERAGE         32                        18     14        9

PRECIPITATION (IN)
  YESTERDAY        0.44          0.94 1974   0.08   0.36     0.48
  MONTH TO DATE    2.09                      1.23   0.86     1.37
  SINCE OCT 1      7.18                      5.35   1.83     3.71
  SINCE JAN 1     24.59                     19.27   5.32    19.32

DEGREE DAYS
 HEATING
  YESTERDAY       33                        47    -14       56
  MONTH TO DATE  665                       918   -253      969
  SINCE DEC 1    665                       918   -253      969
  SINCE JUL 1   2729                      3556   -827     3059

 COOLING
  YESTERDAY        0                         0      0        0
  MONTH TO DATE    0                         0      0        0
  SINCE DEC 1      0                         0      0        0
  SINCE JAN 1    185                        25    160      186
..................................................................


WIND (MPH)
  HIGHEST WIND SPEED    15   HIGHEST WIND DIRECTION    SE (150)
  HIGHEST GUST SPEED    20   HIGHEST GUST DIRECTION     S (160)
  AVERAGE WIND SPEED     7.0


SKY COVER
  AVERAGE SKY COVER 1.0


WEATHER CONDITIONS
 THE FOLLOWING WEATHER WAS RECORDED YESTERDAY.
  LIGHT SNOW
  FOG
  FOG W/VISIBILITY <= 1/4 MILE


RELATIVE HUMIDITY (PERCENT)
 HIGHEST   100          1200 AM
 LOWEST     89           400 PM
 AVERAGE    95

..........................................................


THE MCCALL ID CLIMATE NORMALS FOR TODAY
                         NORMAL    RECORD    YEAR
 MAXIMUM TEMPERATURE (F)   27        42      1964
 MINIMUM TEMPERATURE (F)    9       -23      1998


SUNRISE AND SUNSET
DECEMBER 21 2014......SUNRISE   819 AM MST   SUNSET   506 PM MST
DECEMBER 22 2014......SUNRISE   820 AM MST   SUNSET   507 PM MST


-  INDICATES NEGATIVE NUMBERS.
R  INDICATES RECORD WAS SET OR TIED.
MM INDICATES DATA IS MISSING.
T  INDICATES TRACE AMOUNT.




$$
