000
CDUS44 KLIX 160701
CLINEW


CLIMATE REPORT
NATIONAL WEATHER SERVICE NEW ORLEANS
201 AM CDT WED AUG 16 2017


...................................

...THE NEW ORLEANS CLIMATE SUMMARY FOR AUGUST 15 2017...

CLIMATE NORMAL PERIOD 1981 TO 2010
CLIMATE RECORD PERIOD 1946 TO 2017


WEATHER ITEM   OBSERVED TIME   RECORD YEAR NORMAL DEPARTURE LAST
                VALUE   (LST)  VALUE       VALUE  FROM      YEAR
                                                  NORMAL
..................................................................
TEMPERATURE (F)
 YESTERDAY
  MAXIMUM         90   1024 AM  98    1995  91     -1       95
                                      1951
  MINIMUM         73   1140 AM  65    1965  75     -2       81
  AVERAGE         82                        83     -1       88

PRECIPITATION (IN)
  YESTERDAY        1.75          2.23 1985   0.20   1.55     0.00
  MONTH TO DATE    9.15                      2.91   6.24     7.30
  SINCE JUN 1     31.13                     16.90  14.23    21.53
  SINCE JAN 1     57.03                     41.14  15.89    50.86

SNOWFALL (IN)
  YESTERDAY        0.0
  MONTH TO DATE    0.0
  SINCE JUN 1      0.0
  SINCE JUL 1      0.0
  SNOW DEPTH       0

DEGREE DAYS
 HEATING
  YESTERDAY        0                         0      0        0
  MONTH TO DATE    0                         0      0        0
  SINCE JUN 1      0                         0      0        0
  SINCE JUL 1      0                         0      0        0

 COOLING
  YESTERDAY       17                        18     -1       23
  MONTH TO DATE  265                       270     -5      306
  SINCE JUN 1   1296                      1331    -35     1572
  SINCE JAN 1   2051                      1950    101     2352
..................................................................


WIND (MPH)
  HIGHEST WIND SPEED    22   HIGHEST WIND DIRECTION     S (180)
  HIGHEST GUST SPEED    31   HIGHEST GUST DIRECTION     W (250)
  AVERAGE WIND SPEED     3.9


SKY COVER
  POSSIBLE SUNSHINE  MM
  AVERAGE SKY COVER 0.8


WEATHER CONDITIONS
 THE FOLLOWING WEATHER WAS RECORDED YESTERDAY.
  THUNDERSTORM
  HEAVY RAIN
  RAIN
  LIGHT RAIN
  FOG


RELATIVE HUMIDITY (PERCENT)
 HIGHEST   100           600 PM
 LOWEST     70          1000 AM
 AVERAGE    85

..........................................................


THE NEW ORLEANS CLIMATE NORMALS FOR TODAY
                         NORMAL    RECORD    YEAR
 MAXIMUM TEMPERATURE (F)   91        98      1995
 MINIMUM TEMPERATURE (F)   75        68      2004
                                             1992
                                             1989


SUNRISE AND SUNSET
AUGUST 16 2017........SUNRISE   629 AM CDT   SUNSET   741 PM CDT
AUGUST 17 2017........SUNRISE   630 AM CDT   SUNSET   740 PM CDT


-  INDICATES NEGATIVE NUMBERS.
R  INDICATES RECORD WAS SET OR TIED.
MM INDICATES DATA IS MISSING.
T  INDICATES TRACE AMOUNT.




$$
