000
CDUS44 KLIX 212118
CLINEW


CLIMATE REPORT
NATIONAL WEATHER SERVICE NEW ORLEANS
418 PM CDT TUE OCT 21 2014


...................................

...THE NEW ORLEANS CLIMATE SUMMARY FOR OCTOBER 21 2014...
VALID TODAY AS OF 0400 PM LOCAL TIME.

CLIMATE NORMAL PERIOD 1981 TO 2010
CLIMATE RECORD PERIOD 1946 TO 2014


WEATHER ITEM   OBSERVED TIME   RECORD YEAR NORMAL DEPARTURE LAST
                VALUE   (LST)  VALUE       VALUE  FROM      YEAR
                                                  NORMAL
..................................................................
TEMPERATURE (F)
 TODAY
  MAXIMUM         80    259 PM  90    1979  79      1       74
  MINIMUM         59    602 AM  36    1964  61     -2       60
  AVERAGE         70                        70      0       67

PRECIPITATION (IN)
  TODAY            0.00          1.41 1990   0.12  -0.12     0.01
  MONTH TO DATE    1.84                      2.34  -0.50     1.97
  SINCE SEP 1      5.68                      7.31  -1.63    10.65
  SINCE JAN 1     48.64                     51.52  -2.88    60.96

SNOWFALL (IN)
  TODAY            0.0
  MONTH TO DATE    0.0
  SINCE SEP 1      0.0
  SINCE JUL 1      0.0
  SNOW DEPTH       0

DEGREE DAYS
 HEATING
  TODAY            0                         1     -1        0
  MONTH TO DATE    0                         8     -8        0
  SINCE SEP 1      0                         8     -8        0
  SINCE JUL 1      0                         8     -8        0

 COOLING
  TODAY            5                         6     -1        2
  MONTH TO DATE  199                       173     26      214
  SINCE SEP 1    703                       616     87      725
  SINCE JAN 1   2887                      2862     25     2861
..................................................................


WIND (MPH)
  HIGHEST WIND SPEED    14   HIGHEST WIND DIRECTION    NE (50)
  HIGHEST GUST SPEED    17   HIGHEST GUST DIRECTION    NE (50)
  AVERAGE WIND SPEED     5.3


SKY COVER
  POSSIBLE SUNSHINE  MM
  AVERAGE SKY COVER 0.1


WEATHER CONDITIONS
 THE FOLLOWING WEATHER WAS RECORDED TODAY.
  NO SIGNIFICANT WEATHER WAS OBSERVED.


RELATIVE HUMIDITY (PERCENT)
 HIGHEST    80           500 AM
 LOWEST     39           100 PM
 AVERAGE    60

..........................................................


THE NEW ORLEANS CLIMATE NORMALS FOR TOMORROW
                         NORMAL    RECORD    YEAR
 MAXIMUM TEMPERATURE (F)   78        88      1991
 MINIMUM TEMPERATURE (F)   61        39      1976


SUNRISE AND SUNSET
OCTOBER 21 2014.......SUNRISE   707 AM CDT   SUNSET   624 PM CDT
OCTOBER 22 2014.......SUNRISE   708 AM CDT   SUNSET   623 PM CDT


-  INDICATES NEGATIVE NUMBERS.
R  INDICATES RECORD WAS SET OR TIED.
MM INDICATES DATA IS MISSING.
T  INDICATES TRACE AMOUNT.




$$
