000
CDUS44 KLIX 310820
CLINEW


CLIMATE REPORT
NATIONAL WEATHER SERVICE NEW ORLEANS
220 AM CST SAT JAN 31 2015


...................................

...THE NEW ORLEANS CLIMATE SUMMARY FOR JANUARY 30 2015...

CLIMATE NORMAL PERIOD 1981 TO 2010
CLIMATE RECORD PERIOD 1946 TO 2015


WEATHER ITEM   OBSERVED TIME   RECORD YEAR NORMAL DEPARTURE LAST
                VALUE   (LST)  VALUE       VALUE  FROM      YEAR
                                                  NORMAL
..................................................................
TEMPERATURE (F)
 YESTERDAY
  MAXIMUM         61    142 AM  82    1957  63     -2       50
  MINIMUM         47    717 AM  18    1966  45      2       25
  AVERAGE         54                        54      0       38

PRECIPITATION (IN)
  YESTERDAY        0.00          2.68 1991   0.17  -0.17     0.00
  MONTH TO DATE    5.67                      4.98   0.69     2.72
  SINCE DEC 1      9.63                     10.22  -0.59     5.92
  SINCE JAN 1      5.67                      4.98   0.69     2.72

SNOWFALL (IN)
  YESTERDAY        0.0
  MONTH TO DATE    0.0
  SINCE DEC 1      0.0
  SINCE JUL 1      0.0
  SNOW DEPTH       0

DEGREE DAYS
 HEATING
  YESTERDAY       11                        11      0       27
  MONTH TO DATE  391                       359     32      533
  SINCE DEC 1    604                       676    -72      872
  SINCE JUL 1    834                       840     -6     1072

 COOLING
  YESTERDAY        0                         1     -1        0
  MONTH TO DATE    8                        13     -5        0
  SINCE DEC 1     39                        40     -1       42
  SINCE JAN 1      8                        13     -5        0
..................................................................


WIND (MPH)
  HIGHEST WIND SPEED    23   HIGHEST WIND DIRECTION    NE (30)
  HIGHEST GUST SPEED    29   HIGHEST GUST DIRECTION    NE (30)
  AVERAGE WIND SPEED    11.3


SKY COVER
  POSSIBLE SUNSHINE  MM
  AVERAGE SKY COVER 0.6


WEATHER CONDITIONS
 THE FOLLOWING WEATHER WAS RECORDED YESTERDAY.
  NO SIGNIFICANT WEATHER WAS OBSERVED.


RELATIVE HUMIDITY (PERCENT)
 HIGHEST    86           100 AM
 LOWEST     40           400 PM
 AVERAGE    63

..........................................................


THE NEW ORLEANS CLIMATE NORMALS FOR TODAY
                         NORMAL    RECORD    YEAR
 MAXIMUM TEMPERATURE (F)   63        83      1957
 MINIMUM TEMPERATURE (F)   46        24      1966


SUNRISE AND SUNSET
JANUARY 31 2015.......SUNRISE   652 AM CST   SUNSET   537 PM CST
FEBRUARY  1 2015......SUNRISE   651 AM CST   SUNSET   538 PM CST


-  INDICATES NEGATIVE NUMBERS.
R  INDICATES RECORD WAS SET OR TIED.
MM INDICATES DATA IS MISSING.
T  INDICATES TRACE AMOUNT.




$$
