394
CDUS44 KLIX 220720
CLINEW


CLIMATE REPORT
NATIONAL WEATHER SERVICE NEW ORLEANS
220 AM CDT FRI MAY 22 2015


...................................

...THE NEW ORLEANS CLIMATE SUMMARY FOR MAY 21 2015...

CLIMATE NORMAL PERIOD 1981 TO 2010
CLIMATE RECORD PERIOD 1946 TO 2015


WEATHER ITEM   OBSERVED TIME   RECORD YEAR NORMAL DEPARTURE LAST
                VALUE   (LST)  VALUE       VALUE  FROM      YEAR
                                                  NORMAL
..................................................................
TEMPERATURE (F)
 YESTERDAY
  MAXIMUM         91    207 PM  92    2012  86      5       87
                                      2005
  MINIMUM         69    417 PM  53    1981  69      0       70
  AVERAGE         80                        78      2       79

PRECIPITATION (IN)
  YESTERDAY        1.45          2.78 1966   0.15   1.30     0.00
  MONTH TO DATE    5.43                      2.94   2.49     3.97
  SINCE MAR 1     23.76                     12.10  11.66    11.53
  SINCE JAN 1     31.46                     22.55   8.91    20.56

SNOWFALL (IN)
  YESTERDAY        0.0
  MONTH TO DATE    0.0
  SINCE MAR 1      0.0
  SINCE JUL 1      0.0
  SNOW DEPTH       0

DEGREE DAYS
 HEATING
  YESTERDAY        0                         0      0        0
  MONTH TO DATE    0                         0      0        0
  SINCE MAR 1     70                       170   -100      228
  SINCE JUL 1   1274                      1279     -5     1581

 COOLING
  YESTERDAY       15                        13      2       14
  MONTH TO DATE  280                       222     58      191
  SINCE MAR 1    672                       442    230      370
  SINCE JAN 1    690                       479    211      394
..................................................................


WIND (MPH)
  HIGHEST WIND SPEED    33   HIGHEST WIND DIRECTION     E (100)
  HIGHEST GUST SPEED    43   HIGHEST GUST DIRECTION     E (100)
  AVERAGE WIND SPEED     6.2


SKY COVER
  POSSIBLE SUNSHINE  MM
  AVERAGE SKY COVER 0.7


WEATHER CONDITIONS
 THE FOLLOWING WEATHER WAS RECORDED YESTERDAY.
  THUNDERSTORM
  HEAVY RAIN
  RAIN
  LIGHT RAIN
  FOG


RELATIVE HUMIDITY (PERCENT)
 HIGHEST    87           100 AM
 LOWEST     55           100 PM
 AVERAGE    71

..........................................................


THE NEW ORLEANS CLIMATE NORMALS FOR TODAY
                         NORMAL    RECORD    YEAR
 MAXIMUM TEMPERATURE (F)   87        93      1996
                                             1956
 MINIMUM TEMPERATURE (F)   70        53      1954


SUNRISE AND SUNSET
MAY 22 2015...........SUNRISE   604 AM CDT   SUNSET   752 PM CDT
MAY 23 2015...........SUNRISE   604 AM CDT   SUNSET   752 PM CDT


-  INDICATES NEGATIVE NUMBERS.
R  INDICATES RECORD WAS SET OR TIED.
MM INDICATES DATA IS MISSING.
T  INDICATES TRACE AMOUNT.




$$
