000
CDUS44 KLIX 240709
CLINEW


CLIMATE REPORT
NATIONAL WEATHER SERVICE NEW ORLEANS
209 AM CDT SAT SEP 24 2016


...................................

...THE NEW ORLEANS CLIMATE SUMMARY FOR SEPTEMBER 23 2016...

CLIMATE NORMAL PERIOD 1981 TO 2010
CLIMATE RECORD PERIOD 1946 TO 2016


WEATHER ITEM   OBSERVED TIME   RECORD YEAR NORMAL DEPARTURE LAST
                VALUE   (LST)  VALUE       VALUE  FROM      YEAR
                                                  NORMAL
..................................................................
TEMPERATURE (F)
 YESTERDAY
  MAXIMUM         93   1229 PM  94    1993  86      7       88
  MINIMUM         78    522 AM  55    1983  70      8       75
  AVERAGE         86                        78      8       82

PRECIPITATION (IN)
  YESTERDAY        0.04          4.06 1956   0.15  -0.11     0.00
  MONTH TO DATE    4.35                      4.04   0.31     1.52
  SINCE SEP 1      4.35                      4.04   0.31     1.52
  SINCE JAN 1     59.78                     48.25  11.53    47.89

SNOWFALL (IN)
  YESTERDAY        0.0
  MONTH TO DATE    0.0
  SINCE SEP 1      0.0
  SINCE JUL 1      0.0
  SNOW DEPTH       0

DEGREE DAYS
 HEATING
  YESTERDAY        0                         0      0        0
  MONTH TO DATE    0                         0      0        0
  SINCE SEP 1      0                         0      0        0
  SINCE JUL 1      0                         0      0        0

 COOLING
  YESTERDAY       21                        13      8       17
  MONTH TO DATE  483                       358    125      369
  SINCE SEP 1    483                       358    125      369
  SINCE JAN 1   3185                      2604    581     2998
..................................................................


WIND (MPH)
  HIGHEST WIND SPEED    20   HIGHEST WIND DIRECTION    SW (240)
  HIGHEST GUST SPEED    27   HIGHEST GUST DIRECTION    SW (230)
  AVERAGE WIND SPEED     3.4


SKY COVER
  POSSIBLE SUNSHINE  MM
  AVERAGE SKY COVER 0.3


WEATHER CONDITIONS
 THE FOLLOWING WEATHER WAS RECORDED YESTERDAY.
  THUNDERSTORM
  LIGHT RAIN
  HAZE


RELATIVE HUMIDITY (PERCENT)
 HIGHEST    85          1200 AM
 LOWEST     64          1000 AM
 AVERAGE    75

..........................................................


THE NEW ORLEANS CLIMATE NORMALS FOR TODAY
                         NORMAL    RECORD    YEAR
 MAXIMUM TEMPERATURE (F)   86        93      1980
                                             1973
                                             1951
 MINIMUM TEMPERATURE (F)   70        54      1994


SUNRISE AND SUNSET
SEPTEMBER 24 2016.....SUNRISE   651 AM CDT   SUNSET   654 PM CDT
SEPTEMBER 25 2016.....SUNRISE   651 AM CDT   SUNSET   653 PM CDT


-  INDICATES NEGATIVE NUMBERS.
R  INDICATES RECORD WAS SET OR TIED.
MM INDICATES DATA IS MISSING.
T  INDICATES TRACE AMOUNT.




$$
