000
CDUS44 KLIX 122223
CLINEW


CLIMATE REPORT
NATIONAL WEATHER SERVICE NEW ORLEANS
422 PM CST TUE DEC 12 2017


...................................

...THE NEW ORLEANS CLIMATE SUMMARY FOR DECEMBER 12 2017...
VALID TODAY AS OF 0400 PM LOCAL TIME.

CLIMATE NORMAL PERIOD 1981 TO 2010
CLIMATE RECORD PERIOD 1946 TO 2017


WEATHER ITEM   OBSERVED TIME   RECORD YEAR NORMAL DEPARTURE LAST
                VALUE   (LST)  VALUE       VALUE  FROM      YEAR
                                                  NORMAL
..................................................................
TEMPERATURE (F)
 TODAY
  MAXIMUM         63    226 PM  82    2016  65     -2       82
                                      1971
                                      1949
  MINIMUM         50    115 AM  20    1962  47      3       57
  AVERAGE         57                        56      1       70

PRECIPITATION (IN)
  TODAY            0.00          5.26 2009   0.16  -0.16     0.00
  MONTH TO DATE    1.78                      2.00  -0.22     3.29
  SINCE DEC 1      1.78                      2.00  -0.22     3.29
  SINCE JAN 1     69.04                     59.21   9.83    66.17

SNOWFALL (IN)
  TODAY            0.0
  MONTH TO DATE    T
  SINCE DEC 1      T
  SINCE JUL 1      T
  SNOW DEPTH       0

DEGREE DAYS
 HEATING
  TODAY            8                        10     -2        0
  MONTH TO DATE  131                       106     25      102
  SINCE DEC 1    131                       106     25      102
  SINCE JUL 1    263                       270     -7      173

 COOLING
  TODAY            0                         1     -1        5
  MONTH TO DATE    8                        12     -4        5
  SINCE DEC 1      8                        12     -4        5
  SINCE JAN 1   3212                      2990    222     3840
..................................................................


WIND (MPH)
  HIGHEST WIND SPEED    18   HIGHEST WIND DIRECTION     W (280)
  HIGHEST GUST SPEED    24   HIGHEST GUST DIRECTION     W (260)
  AVERAGE WIND SPEED    11.4


SKY COVER
  POSSIBLE SUNSHINE  MM
  AVERAGE SKY COVER 0.0


WEATHER CONDITIONS
 THE FOLLOWING WEATHER WAS RECORDED TODAY.
  NO SIGNIFICANT WEATHER WAS OBSERVED.


RELATIVE HUMIDITY (PERCENT)
 HIGHEST    89           200 AM
 LOWEST     36           100 PM
 AVERAGE    63

..........................................................


THE NEW ORLEANS CLIMATE NORMALS FOR TOMORROW
                         NORMAL    RECORD    YEAR
 MAXIMUM TEMPERATURE (F)   65        81      2016
 MINIMUM TEMPERATURE (F)   47        17      1962


SUNRISE AND SUNSET
DECEMBER 12 2017......SUNRISE   647 AM CST   SUNSET   502 PM CST
DECEMBER 13 2017......SUNRISE   648 AM CST   SUNSET   503 PM CST


-  INDICATES NEGATIVE NUMBERS.
R  INDICATES RECORD WAS SET OR TIED.
MM INDICATES DATA IS MISSING.
T  INDICATES TRACE AMOUNT.




$$
