000
CDUS44 KLIX 250720
CLINEW


CLIMATE REPORT
NATIONAL WEATHER SERVICE NEW ORLEANS
220 AM CDT FRI APR 25 2014


...................................

...THE NEW ORLEANS CLIMATE SUMMARY FOR APRIL 24 2014...

CLIMATE NORMAL PERIOD 1981 TO 2010
CLIMATE RECORD PERIOD 1946 TO 2014


WEATHER ITEM   OBSERVED TIME   RECORD YEAR NORMAL DEPARTURE LAST
                VALUE   (LST)  VALUE       VALUE  FROM      YEAR
                                                  NORMAL
..................................................................
TEMPERATURE (F)
 YESTERDAY
  MAXIMUM         83    157 PM  90    1988  80      3       73
                                      1958
  MINIMUM         63    538 AM  44    1968  62      1       59
  AVERAGE         73                        71      2       66

PRECIPITATION (IN)
  YESTERDAY        0.00          2.71 1982   0.16  -0.16     1.16
  MONTH TO DATE    2.17                      3.64  -1.47     7.92
  SINCE MAR 1      7.42                      8.19  -0.77     9.00
  SINCE JAN 1     16.45                     18.64  -2.19    22.80

SNOWFALL (IN)
  YESTERDAY        0.0
  MONTH TO DATE    0.0
  SINCE MAR 1      0.0
  SINCE JUL 1      T
  SNOW DEPTH       0

DEGREE DAYS
 HEATING
  YESTERDAY        0                         0      0        0
  MONTH TO DATE   41                        32      9       32
  SINCE MAR 1    228                       168     60      241
  SINCE JUL 1   1581                      1277    304     1130

 COOLING
  YESTERDAY        8                         7      1        1
  MONTH TO DATE   87                       113    -26      100
  SINCE MAR 1    108                       176    -68      136
  SINCE JAN 1    132                       213    -81      168
..................................................................


WIND (MPH)
  HIGHEST WIND SPEED    21   HIGHEST WIND DIRECTION     S (160)
  HIGHEST GUST SPEED    24   HIGHEST GUST DIRECTION    SE (150)
  AVERAGE WIND SPEED     8.2


SKY COVER
  POSSIBLE SUNSHINE  MM
  AVERAGE SKY COVER 0.4


WEATHER CONDITIONS
 THE FOLLOWING WEATHER WAS RECORDED YESTERDAY.
  FOG
  FOG W/VISIBILITY <= 1/4 MILE


RELATIVE HUMIDITY (PERCENT)
 HIGHEST   100           700 AM
 LOWEST     58           200 PM
 AVERAGE    79

..........................................................


THE NEW ORLEANS CLIMATE NORMALS FOR TODAY
                         NORMAL    RECORD    YEAR
 MAXIMUM TEMPERATURE (F)   80        88      2006
                                             1967
 MINIMUM TEMPERATURE (F)   63        40      1968


SUNRISE AND SUNSET
APRIL 25 2014.........SUNRISE   624 AM CDT   SUNSET   735 PM CDT
APRIL 26 2014.........SUNRISE   623 AM CDT   SUNSET   735 PM CDT


-  INDICATES NEGATIVE NUMBERS.
R  INDICATES RECORD WAS SET OR TIED.
MM INDICATES DATA IS MISSING.
T  INDICATES TRACE AMOUNT.




$$
