000
CDUS44 KLIX 212118
CLINEW


CLIMATE REPORT
NATIONAL WEATHER SERVICE NEW ORLEANS
418 PM CDT THU AUG 21 2014


...................................

...THE NEW ORLEANS CLIMATE SUMMARY FOR AUGUST 21 2014...
VALID TODAY AS OF 0400 PM LOCAL TIME.

CLIMATE NORMAL PERIOD 1981 TO 2010
CLIMATE RECORD PERIOD 1946 TO 2014


WEATHER ITEM   OBSERVED TIME   RECORD YEAR NORMAL DEPARTURE LAST
                VALUE   (LST)  VALUE       VALUE  FROM      YEAR
                                                  NORMAL
..................................................................
TEMPERATURE (F)
 TODAY
  MAXIMUM         94    229 PM  99    1980  91      3       88
  MINIMUM         77    608 AM  68    1961  75      2       75
  AVERAGE         86                        83      3       82

PRECIPITATION (IN)
  TODAY            T             3.35 2009   0.20  -0.20     1.74
  MONTH TO DATE    3.31                      4.09  -0.78     6.44
  SINCE JUN 1     15.83                     18.08  -2.25    14.80
  SINCE JAN 1     40.77                     42.32  -1.55    49.53

SNOWFALL (IN)
  TODAY            0.0
  MONTH TO DATE    0.0
  SINCE JUN 1      0.0
  SINCE JUL 1      0.0
  SNOW DEPTH       0

DEGREE DAYS
 HEATING
  TODAY            0                         0      0        0
  MONTH TO DATE    0                         0      0        0
  SINCE JUN 1      0                         0      0        0
  SINCE JUL 1      0                         0      0        0

 COOLING
  TODAY           21                        18      3       17
  MONTH TO DATE  413                       378     35      398
  SINCE JUN 1   1467                      1439     28     1485
  SINCE JAN 1   1990                      2058    -68     1978
..................................................................


WIND (MPH)
  HIGHEST WIND SPEED    29   HIGHEST WIND DIRECTION    SE (130)
  HIGHEST GUST SPEED    38   HIGHEST GUST DIRECTION    SE (130)
  AVERAGE WIND SPEED     2.8


SKY COVER
  POSSIBLE SUNSHINE  MM
  AVERAGE SKY COVER 0.6


WEATHER CONDITIONS
 THE FOLLOWING WEATHER WAS RECORDED TODAY.
  THUNDERSTORM
  LIGHT RAIN


RELATIVE HUMIDITY (PERCENT)
 HIGHEST    88           400 AM
 LOWEST     56           200 PM
 AVERAGE    72

..........................................................


THE NEW ORLEANS CLIMATE NORMALS FOR TOMORROW
                         NORMAL    RECORD    YEAR
 MAXIMUM TEMPERATURE (F)   91       102      1980
 MINIMUM TEMPERATURE (F)   75        66      1956


SUNRISE AND SUNSET
AUGUST 21 2014........SUNRISE   632 AM CDT   SUNSET   736 PM CDT
AUGUST 22 2014........SUNRISE   632 AM CDT   SUNSET   735 PM CDT


-  INDICATES NEGATIVE NUMBERS.
R  INDICATES RECORD WAS SET OR TIED.
MM INDICATES DATA IS MISSING.
T  INDICATES TRACE AMOUNT.




$$
