000
CDUS44 KLIX 280705
CLINEW


CLIMATE REPORT
NATIONAL WEATHER SERVICE NEW ORLEANS
204 AM CDT FRI AUG 28 2015


...................................

...THE NEW ORLEANS CLIMATE SUMMARY FOR AUGUST 27 2015...

CLIMATE NORMAL PERIOD 1981 TO 2010
CLIMATE RECORD PERIOD 1946 TO 2015


WEATHER ITEM   OBSERVED TIME   RECORD YEAR NORMAL DEPARTURE LAST
                VALUE   (LST)  VALUE       VALUE  FROM      YEAR
                                                  NORMAL
..................................................................
TEMPERATURE (F)
 YESTERDAY
  MAXIMUM         87    507 PM  99    1989  91     -4       91
  MINIMUM         72   1150 PM  63    1966  75     -3       80
  AVERAGE         80                        83     -3       86

PRECIPITATION (IN)
  YESTERDAY        0.00          2.85 1991   0.18  -0.18     0.00
  MONTH TO DATE    3.28                      5.20  -1.92     3.94
  SINCE JUN 1     11.20                     19.19  -7.99    16.46
  SINCE JAN 1     46.37                     43.43   2.94    41.40

SNOWFALL (IN)
  YESTERDAY        0.0
  MONTH TO DATE    0.0
  SINCE JUN 1      0.0
  SINCE JUL 1      0.0
  SNOW DEPTH       0

DEGREE DAYS
 HEATING
  YESTERDAY        0                         0      0        0
  MONTH TO DATE    0                         0      0        0
  SINCE JUN 1      0                         0      0        0
  SINCE JUL 1      0                         0      0        0

 COOLING
  YESTERDAY       15                        18     -3       21
  MONTH TO DATE  556                       486     70      535
  SINCE JUN 1   1731                      1547    184     1589
  SINCE JAN 1   2560                      2166    394     2112
..................................................................


WIND (MPH)
  HIGHEST WIND SPEED    15   HIGHEST WIND DIRECTION    NE (30)
  HIGHEST GUST SPEED    19   HIGHEST GUST DIRECTION     N (360)
  AVERAGE WIND SPEED     7.0


SKY COVER
  POSSIBLE SUNSHINE  MM
  AVERAGE SKY COVER 0.1


WEATHER CONDITIONS
 THE FOLLOWING WEATHER WAS RECORDED YESTERDAY.
  NO SIGNIFICANT WEATHER WAS OBSERVED.


RELATIVE HUMIDITY (PERCENT)
 HIGHEST    73          1100 PM
 LOWEST     35           400 PM
 AVERAGE    54

..........................................................


THE NEW ORLEANS CLIMATE NORMALS FOR TODAY
                         NORMAL    RECORD    YEAR
 MAXIMUM TEMPERATURE (F)   91        99      1998
 MINIMUM TEMPERATURE (F)   75        67      1971


SUNRISE AND SUNSET
AUGUST 28 2015........SUNRISE   636 AM CDT   SUNSET   728 PM CDT
AUGUST 29 2015........SUNRISE   636 AM CDT   SUNSET   727 PM CDT


-  INDICATES NEGATIVE NUMBERS.
R  INDICATES RECORD WAS SET OR TIED.
MM INDICATES DATA IS MISSING.
T  INDICATES TRACE AMOUNT.




$$
