000
CDUS44 KLIX 280802
CLINEW


CLIMATE REPORT
NATIONAL WEATHER SERVICE NEW ORLEANS
201 AM CST SUN DEC 28 2014


...................................

...THE NEW ORLEANS CLIMATE SUMMARY FOR DECEMBER 27 2014...

CLIMATE NORMAL PERIOD 1981 TO 2010
CLIMATE RECORD PERIOD 1946 TO 2014


WEATHER ITEM   OBSERVED TIME   RECORD YEAR NORMAL DEPARTURE LAST
                VALUE   (LST)  VALUE       VALUE  FROM      YEAR
                                                  NORMAL
..................................................................
TEMPERATURE (F)
 YESTERDAY
  MAXIMUM         71    924 PM  80    2008  63      8       59
                                      1959
  MINIMUM         63    541 AM  25    1977  45     18       45
  AVERAGE         67                        54     13       52

PRECIPITATION (IN)
  YESTERDAY        0.52          3.93 1983   0.17   0.35      T
  MONTH TO DATE    3.76                      4.55  -0.79     1.92
  SINCE DEC 1      3.76                      4.55  -0.79     1.92
  SINCE JAN 1     54.54                     61.76  -7.22    65.09

SNOWFALL (IN)
  YESTERDAY        0.0
  MONTH TO DATE    0.0
  SINCE DEC 1      0.0
  SINCE JUL 1      0.0
  SNOW DEPTH       0

DEGREE DAYS
 HEATING
  YESTERDAY        0                        12    -12       13
  MONTH TO DATE  176                       270    -94      280
  SINCE DEC 1    176                       270    -94      280
  SINCE JUL 1    406                       434    -28      480

 COOLING
  YESTERDAY        2                         1      1        0
  MONTH TO DATE   31                        27      4       42
  SINCE DEC 1     31                        27      4       42
  SINCE JAN 1   2997                      3005     -8     3001
..................................................................


WIND (MPH)
  HIGHEST WIND SPEED    21   HIGHEST WIND DIRECTION    SE (130)
  HIGHEST GUST SPEED    27   HIGHEST GUST DIRECTION    SE (130)
  AVERAGE WIND SPEED     9.0


SKY COVER
  POSSIBLE SUNSHINE  MM
  AVERAGE SKY COVER 0.9


WEATHER CONDITIONS
 THE FOLLOWING WEATHER WAS RECORDED YESTERDAY.
  RAIN
  LIGHT RAIN
  FOG
  FOG W/VISIBILITY <= 1/4 MILE


RELATIVE HUMIDITY (PERCENT)
 HIGHEST    97           500 PM
 LOWEST     73          1200 AM
 AVERAGE    85

..........................................................


THE NEW ORLEANS CLIMATE NORMALS FOR TODAY
                         NORMAL    RECORD    YEAR
 MAXIMUM TEMPERATURE (F)   63        82      1974
 MINIMUM TEMPERATURE (F)   45        26      1972


SUNRISE AND SUNSET
DECEMBER 28 2014......SUNRISE   656 AM CST   SUNSET   510 PM CST
DECEMBER 29 2014......SUNRISE   656 AM CST   SUNSET   510 PM CST


-  INDICATES NEGATIVE NUMBERS.
R  INDICATES RECORD WAS SET OR TIED.
MM INDICATES DATA IS MISSING.
T  INDICATES TRACE AMOUNT.




$$
