000
CDUS44 KLIX 240701
CLINEW


CLIMATE REPORT
NATIONAL WEATHER SERVICE NEW ORLEANS
201 AM CDT SAT JUN 24 2017


...................................

...THE NEW ORLEANS CLIMATE SUMMARY FOR JUNE 23 2017...

CLIMATE NORMAL PERIOD 1981 TO 2010
CLIMATE RECORD PERIOD 1946 TO 2017


WEATHER ITEM   OBSERVED TIME   RECORD YEAR NORMAL DEPARTURE LAST
                VALUE   (LST)  VALUE       VALUE  FROM      YEAR
                                                  NORMAL
..................................................................
TEMPERATURE (F)
 YESTERDAY
  MAXIMUM         89    145 PM  99    2009  90     -1       93
  MINIMUM         80   1159 PM  65    1966  75      5       75
  AVERAGE         85                        82      3       84

PRECIPITATION (IN)
  YESTERDAY        0.04          1.65 2014   0.28  -0.24     0.00
  MONTH TO DATE   11.21                      6.21   5.00     8.64
  SINCE JUN 1     11.21                      6.21   5.00     8.64
  SINCE JAN 1     37.11                     30.45   6.66    37.97

SNOWFALL (IN)
  YESTERDAY        0.0
  MONTH TO DATE    0.0
  SINCE JUN 1      0.0
  SINCE JUL 1      0.0
  SNOW DEPTH       0

DEGREE DAYS
 HEATING
  YESTERDAY        0                         0      0        0
  MONTH TO DATE    0                         0      0        0
  SINCE JUN 1      0                         0      0        0
  SINCE JUL 1    635                      1280   -645      755

 COOLING
  YESTERDAY       20                        17      3       19
  MONTH TO DATE  345                       371    -26      434
  SINCE JUN 1    345                       371    -26      434
  SINCE JAN 1   1100                       990    110     1214
..................................................................


WIND (MPH)
  HIGHEST WIND SPEED    21   HIGHEST WIND DIRECTION     S (190)
  HIGHEST GUST SPEED    27   HIGHEST GUST DIRECTION     S (190)
  AVERAGE WIND SPEED    12.3


SKY COVER
  POSSIBLE SUNSHINE  MM
  AVERAGE SKY COVER 0.6


WEATHER CONDITIONS
 THE FOLLOWING WEATHER WAS RECORDED YESTERDAY.
  THUNDERSTORM
  LIGHT RAIN
  FOG


RELATIVE HUMIDITY (PERCENT)
 HIGHEST    94           900 PM
 LOWEST     74           900 AM
 AVERAGE    84

..........................................................


THE NEW ORLEANS CLIMATE NORMALS FOR TODAY
                         NORMAL    RECORD    YEAR
 MAXIMUM TEMPERATURE (F)   90       101      2009
 MINIMUM TEMPERATURE (F)   75        65      1990


SUNRISE AND SUNSET
JUNE 24 2017..........SUNRISE   601 AM CDT   SUNSET   806 PM CDT
JUNE 25 2017..........SUNRISE   602 AM CDT   SUNSET   806 PM CDT


-  INDICATES NEGATIVE NUMBERS.
R  INDICATES RECORD WAS SET OR TIED.
MM INDICATES DATA IS MISSING.
T  INDICATES TRACE AMOUNT.




$$
