000
CDUS44 KLIX 180701
CLINEW


CLIMATE REPORT
NATIONAL WEATHER SERVICE NEW ORLEANS
200 AM CDT WED OCT 18 2017


...................................

...THE NEW ORLEANS CLIMATE SUMMARY FOR OCTOBER 17 2017...

CLIMATE NORMAL PERIOD 1981 TO 2010
CLIMATE RECORD PERIOD 1946 TO 2017


WEATHER ITEM   OBSERVED TIME   RECORD YEAR NORMAL DEPARTURE LAST
                VALUE   (LST)  VALUE       VALUE  FROM      YEAR
                                                  NORMAL
..................................................................
TEMPERATURE (F)
 YESTERDAY
  MAXIMUM         75    418 PM  91    2016  80     -5       91
                                      1980
  MINIMUM         60    720 AM  43    1977  62     -2       75
  AVERAGE         68                        71     -3       83

PRECIPITATION (IN)
  YESTERDAY        0.00          1.10 1950   0.11  -0.11     0.00
  MONTH TO DATE    1.82                      1.88  -0.06     0.00
  SINCE SEP 1      2.24                      6.85  -4.61     4.63
  SINCE JAN 1     65.89                     51.06  14.83    60.06

SNOWFALL (IN)
  YESTERDAY        0.0
  MONTH TO DATE    0.0
  SINCE SEP 1      0.0
  SINCE JUL 1      0.0
  SNOW DEPTH       0

DEGREE DAYS
 HEATING
  YESTERDAY        0                         1     -1        0
  MONTH TO DATE    0                         4     -4        0
  SINCE SEP 1      0                         4     -4        0
  SINCE JUL 1      0                         4     -4        0

 COOLING
  YESTERDAY        3                         7     -4       18
  MONTH TO DATE  241                       149     92      261
  SINCE SEP 1    700                       592    108      873
  SINCE JAN 1   3053                      2838    215     3575
..................................................................


WIND (MPH)
  HIGHEST WIND SPEED    18   HIGHEST WIND DIRECTION    NE (40)
  HIGHEST GUST SPEED    24   HIGHEST GUST DIRECTION    NE (30)
  AVERAGE WIND SPEED     7.5


SKY COVER
  POSSIBLE SUNSHINE  MM
  AVERAGE SKY COVER 0.1


WEATHER CONDITIONS
 THE FOLLOWING WEATHER WAS RECORDED YESTERDAY.
  NO SIGNIFICANT WEATHER WAS OBSERVED.


RELATIVE HUMIDITY (PERCENT)
 HIGHEST    93           900 PM
 LOWEST     57           400 PM
 AVERAGE    75

..........................................................


THE NEW ORLEANS CLIMATE NORMALS FOR TODAY
                         NORMAL    RECORD    YEAR
 MAXIMUM TEMPERATURE (F)   80        89      2016
 MINIMUM TEMPERATURE (F)   62        44      1991
                                             1977


SUNRISE AND SUNSET
OCTOBER 18 2017.......SUNRISE   705 AM CDT   SUNSET   627 PM CDT
OCTOBER 19 2017.......SUNRISE   706 AM CDT   SUNSET   626 PM CDT


-  INDICATES NEGATIVE NUMBERS.
R  INDICATES RECORD WAS SET OR TIED.
MM INDICATES DATA IS MISSING.
T  INDICATES TRACE AMOUNT.




$$
