126
CDUS44 KLIX 220828
CLINEW


CLIMATE REPORT
NATIONAL WEATHER SERVICE NEW ORLEANS
NATIONAL WEATHER SERVICE NEW ORL
222 AM CST THU FEB 22 2018


...................................

...THE NEW ORLEANS CLIMATE SUMMARY FOR FEBRUARY 21 2018...

CLIMATE NORMAL PERIOD 1981 TO 2010
CLIMATE RECORD PERIOD 1946 TO 2018


WEATHER ITEM   OBSERVED TIME   RECORD YEAR NORMAL DEPARTURE LAST
                VALUE   (LST)  VALUE       VALUE  FROM      YEAR
                                                  NORMAL
..................................................................
TEMPERATURE (F)
 YESTERDAY
  MAXIMUM         84R  1256 PM  80    2011  67     17       73
                                      2008
                                      2005
  MINIMUM         70    357 AM  31    1978  49     21       56
  AVERAGE         77                        58     19       65

PRECIPITATION (IN)
  YESTERDAY        0.00          4.75 1961   0.18  -0.18     0.37
  MONTH TO DATE    1.48                      4.10  -2.62     2.69
  SINCE DEC 1     11.19                     14.49  -3.30    15.45
  SINCE JAN 1      6.03                      9.25  -3.22     7.59

SNOWFALL (IN)
  YESTERDAY        0.0
  MONTH TO DATE    0.0
  SINCE DEC 1      T
  SINCE JUL 1      T
  SNOW DEPTH       0

DEGREE DAYS
 HEATING
  YESTERDAY        0                         8     -8        0
  MONTH TO DATE   51                       203   -152       66
  SINCE DEC 1    867                       895    -28      481
  SINCE JUL 1    999                      1059    -60      552

 COOLING
  YESTERDAY       12                         1     11        0
  MONTH TO DATE   86                        21     65       45
  SINCE DEC 1    120                        64     56      152
  SINCE JAN 1     90                        37     53       97
..................................................................


WIND (MPH)
  HIGHEST WIND SPEED    26   HIGHEST WIND DIRECTION    SE (150)
  HIGHEST GUST SPEED    36   HIGHEST GUST DIRECTION    SE (150)
  AVERAGE WIND SPEED    12.9


SKY COVER
  POSSIBLE SUNSHINE  MM
  AVERAGE SKY COVER 0.6


WEATHER CONDITIONS
 THE FOLLOWING WEATHER WAS RECORDED YESTERDAY.
  FOG


RELATIVE HUMIDITY (PERCENT)
 HIGHEST   100          1200 AM
 LOWEST     69          1200 PM
 AVERAGE    85

..........................................................


THE NEW ORLEANS CLIMATE NORMALS FOR TODAY
                         NORMAL    RECORD    YEAR
 MAXIMUM TEMPERATURE (F)   67        82      2006
 MINIMUM TEMPERATURE (F)   49        26      1978


SUNRISE AND SUNSET
FEBRUARY 22 2018......SUNRISE   634 AM CST   SUNSET   555 PM CST
FEBRUARY 23 2018......SUNRISE   633 AM CST   SUNSET   556 PM CST


-  INDICATES NEGATIVE NUMBERS.
R  INDICATES RECORD WAS SET OR TIED.
MM INDICATES DATA IS MISSING.
T  INDICATES TRACE AMOUNT.




$$
