000
CDUS46 KMTR 210845
CLINUQ


CLIMATE REPORT
NATIONAL WEATHER SERVICE SAN FRANCISCO BAY AREA
1245 AM PST SUN JAN 21 2018


...................................

...THE MOFFETT FIELD CLIMATE SUMMARY FOR JANUARY 20 2018...

CLIMATE NORMAL PERIOD 1981 TO 2010
CLIMATE RECORD PERIOD 1945 TO 2018


WEATHER ITEM   OBSERVED TIME   RECORD YEAR NORMAL DEPARTURE LAST
                VALUE   (LST)  VALUE       VALUE  FROM      YEAR
                                                  NORMAL
..................................................................
TEMPERATURE (F)
 YESTERDAY
  MAXIMUM         55    251 PM  71    2014  59     -4       55
  MINIMUM         37    719 AM  30    1963  43     -6       47
  AVERAGE         46                        51     -5       51

PRECIPITATION (IN)
  YESTERDAY        0.00          1.94 1964   0.08  -0.08     0.81
  MONTH TO DATE    2.44                      1.87   0.57     4.48
  SINCE OCT 1      4.39                      6.71  -2.32     9.05
  SINCE JAN 1      2.44                      1.87   0.57     4.48

DEGREE DAYS
 HEATING
  YESTERDAY       19                                        14
  MONTH TO DATE  238                                       301
  SINCE DEC 1    676                                       760
  SINCE JUL 1    958                                      1047

 COOLING
  YESTERDAY        0                                         0
  MONTH TO DATE    0                                         0
  SINCE DEC 1      0                                         0
  SINCE JAN 1      0                                         0
..................................................................


WIND (MPH)
  RESULTANT WIND SPEED   2   RESULTANT WIND DIRECTION  NW (330)
  HIGHEST WIND SPEED    13   HIGHEST WIND DIRECTION     N (350)
  HIGHEST GUST SPEED    14   HIGHEST GUST DIRECTION     N (340)
  AVERAGE WIND SPEED     3.4


SKY COVER
  POSSIBLE SUNSHINE  MM
  AVERAGE SKY COVER 0.0


WEATHER CONDITIONS
 THE FOLLOWING WEATHER WAS RECORDED YESTERDAY.
  NO SIGNIFICANT WEATHER WAS OBSERVED.


RELATIVE HUMIDITY (PERCENT)
 HIGHEST   100           400 AM
 LOWEST     59           200 PM
 AVERAGE    80

..........................................................


THE MOFFETT FIELD CLIMATE NORMALS FOR TODAY
                         NORMAL    RECORD    YEAR
 MAXIMUM TEMPERATURE (F)   59        70      1975
 MINIMUM TEMPERATURE (F)   43        30      1966


SUNRISE AND SUNSET
JANUARY 21 2018.......SUNRISE   719 AM PST   SUNSET   521 PM PST
JANUARY 22 2018.......SUNRISE   718 AM PST   SUNSET   522 PM PST


-  INDICATES NEGATIVE NUMBERS.
R  INDICATES RECORD WAS SET OR TIED.
MM INDICATES DATA IS MISSING.
T  INDICATES TRACE AMOUNT.




$$
