000
CDUS46 KMTR 220826
CLINUQ


CLIMATE REPORT
NATIONAL WEATHER SERVICE SAN FRANCISCO BAY AREA
1226 AM PST SUN JAN 22 2017


...................................

...THE MOFFETT FIELD CLIMATE SUMMARY FOR JANUARY 21 2017...

CLIMATE NORMAL PERIOD 1981 TO 2010
CLIMATE RECORD PERIOD 1945 TO 2017


WEATHER ITEM   OBSERVED TIME   RECORD YEAR NORMAL DEPARTURE LAST
                VALUE   (LST)  VALUE       VALUE  FROM      YEAR
                                                  NORMAL
..................................................................
TEMPERATURE (F)
 YESTERDAY
  MAXIMUM         57    138 PM  70    1975  59     -2       68
  MINIMUM         44    711 AM  30    1966  43      1       48
  AVERAGE         51                        51      0       58

PRECIPITATION (IN)
  YESTERDAY        0.08          2.25 1967   0.07   0.01     0.00
  MONTH TO DATE    4.56                      1.94   2.62     3.17
  SINCE OCT 1      9.13                      6.78   2.35     7.57
  SINCE JAN 1      4.56                      1.94   2.62     3.17

DEGREE DAYS
 HEATING
  YESTERDAY       14                                         7
  MONTH TO DATE  315                                       253
  SINCE DEC 1    774                                       725
  SINCE JUL 1   1061                                      1068

 COOLING
  YESTERDAY        0                                         0
  MONTH TO DATE    0                                         0
  SINCE DEC 1      0                                         0
  SINCE JAN 1      0                                         0
..................................................................


WIND (MPH)
  RESULTANT WIND SPEED   6   RESULTANT WIND DIRECTION  SE (150)
  HIGHEST WIND SPEED    25   HIGHEST WIND DIRECTION    SE (140)
  HIGHEST GUST SPEED    35   HIGHEST GUST DIRECTION    SE (150)
  AVERAGE WIND SPEED     7.7


SKY COVER
  POSSIBLE SUNSHINE  MM
  AVERAGE SKY COVER 0.7


WEATHER CONDITIONS
 THE FOLLOWING WEATHER WAS RECORDED YESTERDAY.
  LIGHT RAIN
  FOG


RELATIVE HUMIDITY (PERCENT)
 HIGHEST    92           400 AM
 LOWEST     55          1200 PM
 AVERAGE    74

..........................................................


THE MOFFETT FIELD CLIMATE NORMALS FOR TODAY
                         NORMAL    RECORD    YEAR
 MAXIMUM TEMPERATURE (F)   59        74      2014
 MINIMUM TEMPERATURE (F)   43        30      1962


SUNRISE AND SUNSET
JANUARY 22 2017.......SUNRISE   718 AM PST   SUNSET   522 PM PST
JANUARY 23 2017.......SUNRISE   718 AM PST   SUNSET   523 PM PST


-  INDICATES NEGATIVE NUMBERS.
R  INDICATES RECORD WAS SET OR TIED.
MM INDICATES DATA IS MISSING.
T  INDICATES TRACE AMOUNT.




$$
