000
CDUS46 KMTR 080836
CLINUQ


CLIMATE REPORT
NATIONAL WEATHER SERVICE SAN FRANCISCO BAY AREA
1235 AM PST THU DEC 8 2016


...................................

...THE MOFFETT FIELD CLIMATE SUMMARY FOR DECEMBER 7 2016...

CLIMATE NORMAL PERIOD 1981 TO 2010
CLIMATE RECORD PERIOD 1945 TO 2016


WEATHER ITEM   OBSERVED TIME   RECORD YEAR NORMAL DEPARTURE LAST
                VALUE   (LST)  VALUE       VALUE  FROM      YEAR
                                                  NORMAL
..................................................................
TEMPERATURE (F)
 YESTERDAY
  MAXIMUM         52    819 PM  71    1988  60     -8       60
  MINIMUM         39    515 AM  34    2013  43     -4       50
                                      2009
  AVERAGE         46                        52     -6       55

PRECIPITATION (IN)
  YESTERDAY        0.02          1.04 1950   0.07  -0.05     0.00
  MONTH TO DATE    0.02                      0.47  -0.45     0.11
  SINCE OCT 1      3.11                      2.75   0.36     2.58
  SINCE JAN 1     11.86                     12.59  -0.73     6.84

DEGREE DAYS
 HEATING
  YESTERDAY       19                                        10
  MONTH TO DATE   99                                        89
  SINCE DEC 1     99                                        89
  SINCE JUL 1    386                                       432

 COOLING
  YESTERDAY        0                                         0
  MONTH TO DATE    0                                         0
  SINCE DEC 1      0                                         0
  SINCE JAN 1    460                                       667
..................................................................


WIND (MPH)
  RESULTANT WIND SPEED   2   RESULTANT WIND DIRECTION  SE (130)
  HIGHEST WIND SPEED    16   HIGHEST WIND DIRECTION    SE (130)
  HIGHEST GUST SPEED    21   HIGHEST GUST DIRECTION    SE (130)
  AVERAGE WIND SPEED     3.5


SKY COVER
  POSSIBLE SUNSHINE  MM
  AVERAGE SKY COVER 0.6


WEATHER CONDITIONS
 THE FOLLOWING WEATHER WAS RECORDED YESTERDAY.
  LIGHT RAIN
  HAZE


RELATIVE HUMIDITY (PERCENT)
 HIGHEST    85           300 AM
 LOWEST     59          1200 PM
 AVERAGE    72

..........................................................


THE MOFFETT FIELD CLIMATE NORMALS FOR TODAY
                         NORMAL    RECORD    YEAR
 MAXIMUM TEMPERATURE (F)   60        72      1988
 MINIMUM TEMPERATURE (F)   43        31      2009


SUNRISE AND SUNSET
DECEMBER  8 2016......SUNRISE   711 AM PST   SUNSET   450 PM PST
DECEMBER  9 2016......SUNRISE   711 AM PST   SUNSET   450 PM PST


-  INDICATES NEGATIVE NUMBERS.
R  INDICATES RECORD WAS SET OR TIED.
MM INDICATES DATA IS MISSING.
T  INDICATES TRACE AMOUNT.




$$
