000
CDUS41 KOKX 250624
CLINYC


CLIMATE REPORT
NATIONAL WEATHER SERVICE NEW YORK NY
124 AM EST SUN JAN 25 2015


...................................

...THE CENTRAL PARK NY CLIMATE SUMMARY FOR JANUARY 24 2015...

CLIMATE NORMAL PERIOD 1981 TO 2010
CLIMATE RECORD PERIOD 1869 TO 2015


WEATHER ITEM   OBSERVED TIME   RECORD YEAR NORMAL DEPARTURE LAST
                VALUE   (LST)  VALUE       VALUE  FROM      YEAR
                                                  NORMAL
..................................................................
TEMPERATURE (F)
 YESTERDAY
  MAXIMUM         39    730 PM  68    1967  38      1       20
  MINIMUM         33    825 AM  -6    1882  27      6       10
  AVERAGE         36                        32      4       15

PRECIPITATION (IN)
  YESTERDAY        0.72          2.18 1979   0.11   0.61     0.00
  MONTH TO DATE    4.31                      2.87   1.44     2.71
  SINCE DEC 1     10.35                      6.87   3.48     7.56
  SINCE JAN 1      4.31                      2.87   1.44     2.71

SNOWFALL (IN)
  YESTERDAY        2.5           7.0  1908   0.3    2.2      0.0
  MONTH TO DATE    4.5                       5.3   -0.8     17.9
  SINCE OCT 1      5.7                      10.4   -4.7     26.5
  SINCE JUL 1      5.7                      10.4   -4.7     26.5
  SNOW DEPTH       3

DEGREE DAYS
 HEATING
  YESTERDAY       29                        33     -4       50
  MONTH TO DATE  816                       783     33      839
  SINCE DEC 1   1567                      1635    -68     1654
  SINCE JUL 1   2352                      2468   -116     2462

 COOLING
  YESTERDAY        0                         0      0        0
  MONTH TO DATE    0                         0      0        0
  SINCE DEC 1      0                         0      0        1
  SINCE JAN 1      0                         0      0        0
..................................................................


WIND (MPH)
  HIGHEST WIND SPEED    14   HIGHEST WIND DIRECTION     W (290)
  HIGHEST GUST SPEED    24   HIGHEST GUST DIRECTION     W (290)
  AVERAGE WIND SPEED     6.0


SKY COVER
  AVERAGE SKY COVER 0.8


WEATHER CONDITIONS
 THE FOLLOWING WEATHER WAS RECORDED YESTERDAY.
  RAIN
  LIGHT RAIN
  SNOW
  LIGHT SNOW
  FOG
  HAZE


RELATIVE HUMIDITY (PERCENT)
 HIGHEST    89           200 AM
 LOWEST     52           900 PM
 AVERAGE    71

..........................................................


THE CENTRAL PARK NY CLIMATE NORMALS FOR TODAY
                         NORMAL    RECORD    YEAR
 MAXIMUM TEMPERATURE (F)   38        60      1967
 MINIMUM TEMPERATURE (F)   27         2      1945


SUNRISE AND SUNSET
JANUARY 25 2015.......SUNRISE   712 AM EST   SUNSET   504 PM EST
JANUARY 26 2015.......SUNRISE   711 AM EST   SUNSET   506 PM EST


-  INDICATES NEGATIVE NUMBERS.
R  INDICATES RECORD WAS SET OR TIED.
MM INDICATES DATA IS MISSING.
T  INDICATES TRACE AMOUNT.




$$
