000
CDUS41 KOKX 240620
CLINYC


CLIMATE REPORT
NATIONAL WEATHER SERVICE NEW YORK NY
219 AM EDT SAT JUN 24 2017


...................................

...THE CENTRAL PARK NY CLIMATE SUMMARY FOR JUNE 23 2017...

CLIMATE NORMAL PERIOD 1981 TO 2010
CLIMATE RECORD PERIOD 1869 TO 2017


WEATHER ITEM   OBSERVED TIME   RECORD YEAR NORMAL DEPARTURE LAST
                VALUE   (LST)  VALUE       VALUE  FROM      YEAR
                                                  NORMAL
..................................................................
TEMPERATURE (F)
 YESTERDAY
  MAXIMUM         83    542 PM  96    1888  81      2       83
  MINIMUM         76    113 PM  49    1918  66     10       69
  AVERAGE         80                        74      6       76

PRECIPITATION (IN)
  YESTERDAY        0.04          1.75 1887   0.13  -0.09     0.00
  MONTH TO DATE    3.29                      3.51  -0.22     2.02
  SINCE JUN 1      3.29                      3.51  -0.22     2.02
  SINCE JAN 1     26.07                     23.30   2.77    17.36

SNOWFALL (IN)
  YESTERDAY        0.0           0.0  2002   0.0    0.0      0.0
                                      2001
  MONTH TO DATE    0.0                       0.0    0.0      0.0
  SINCE OCT 1     30.2                      25.8    4.4     32.8
  SINCE JUL 1     30.2                      25.8    4.4     32.8
  SNOW DEPTH       0

DEGREE DAYS
 HEATING
  YESTERDAY        0                         0      0        0
  MONTH TO DATE   24                        17      7        7
  SINCE JUN 1     24                        17      7        7
  SINCE JUL 1   4226                      4748   -522     3768

 COOLING
  YESTERDAY       15                         9      6       11
  MONTH TO DATE  176                       145     31      161
  SINCE JUN 1    176                       145     31      161
  SINCE JAN 1    265                       214     51      280
..................................................................


WIND (MPH)
  HIGHEST WIND SPEED    15   HIGHEST WIND DIRECTION    SW (240)
  HIGHEST GUST SPEED    26   HIGHEST GUST DIRECTION     W (270)
  AVERAGE WIND SPEED     4.8


SKY COVER
  AVERAGE SKY COVER 0.4


WEATHER CONDITIONS
 THE FOLLOWING WEATHER WAS RECORDED YESTERDAY.
  LIGHT RAIN
  FOG


RELATIVE HUMIDITY (PERCENT)
 HIGHEST    88          1000 PM
 LOWEST     69          1200 AM
 AVERAGE    79

..........................................................


THE CENTRAL PARK NY CLIMATE NORMALS FOR TODAY
                         NORMAL    RECORD    YEAR
 MAXIMUM TEMPERATURE (F)   82        96      1888
 MINIMUM TEMPERATURE (F)   66        52      1932
                                             1881


SUNRISE AND SUNSET
JUNE 24 2017..........SUNRISE   525 AM EDT   SUNSET   831 PM EDT
JUNE 25 2017..........SUNRISE   526 AM EDT   SUNSET   831 PM EDT


-  INDICATES NEGATIVE NUMBERS.
R  INDICATES RECORD WAS SET OR TIED.
MM INDICATES DATA IS MISSING.
T  INDICATES TRACE AMOUNT.




$$
