000
CDUS41 KOKX 280656
CLINYC


CLIMATE REPORT
NATIONAL WEATHER SERVICE NEW YORK NY
256 AM EDT THU MAY 28 2015


...................................

...THE CENTRAL PARK NY CLIMATE SUMMARY FOR MAY 27 2015...

CLIMATE NORMAL PERIOD 1981 TO 2010
CLIMATE RECORD PERIOD 1869 TO 2015


WEATHER ITEM   OBSERVED TIME   RECORD YEAR NORMAL DEPARTURE LAST
                VALUE   (LST)  VALUE       VALUE  FROM      YEAR
                                                  NORMAL
..................................................................
TEMPERATURE (F)
 YESTERDAY
  MAXIMUM         85   1256 PM  96    1880  74     11       86
  MINIMUM         70   1150 PM  41    1961  57     13       64
  AVERAGE         78                        66     12       75

PRECIPITATION (IN)
  YESTERDAY        0.08          2.62 1906   0.14  -0.06      T
  MONTH TO DATE    0.40                      3.59  -3.19     4.32
  SINCE MAR 1      7.20                     12.45  -5.25    15.84
  SINCE JAN 1     14.47                     19.19  -4.72    24.11

SNOWFALL (IN)
  YESTERDAY        0.0           0.0  2002   0.0    0.0      0.0
                                      2001
  MONTH TO DATE    0.0                       0.0    0.0      0.0
  SINCE OCT 1     50.3                      25.8   24.5     57.4
  SINCE JUL 1     50.3                      25.8   24.5     57.4
  SNOW DEPTH       0

DEGREE DAYS
 HEATING
  YESTERDAY        0                         3     -3        0
  MONTH TO DATE   37                       130    -93       61
  SINCE MAR 1   1182                      1201    -19     1280
  SINCE JUL 1   4941                      4723    218     4950

 COOLING
  YESTERDAY       13                         3     10       10
  MONTH TO DATE  113                        44     69       50
  SINCE MAR 1    118                        56     62       54
  SINCE JAN 1    118                        56     62       54
..................................................................


WIND (MPH)
  HIGHEST WIND SPEED    15   HIGHEST WIND DIRECTION     S (170)
  HIGHEST GUST SPEED    23   HIGHEST GUST DIRECTION     S (160)
  AVERAGE WIND SPEED     5.1


SKY COVER
  AVERAGE SKY COVER 0.4


WEATHER CONDITIONS
 THE FOLLOWING WEATHER WAS RECORDED YESTERDAY.
  LIGHT RAIN
  FOG
  HAZE


RELATIVE HUMIDITY (PERCENT)
 HIGHEST    84           800 PM
 LOWEST     55           100 PM
 AVERAGE    70

..........................................................


THE CENTRAL PARK NY CLIMATE NORMALS FOR TODAY
                         NORMAL    RECORD    YEAR
 MAXIMUM TEMPERATURE (F)   74        94      1959
 MINIMUM TEMPERATURE (F)   58        43      1961
                                             1907


SUNRISE AND SUNSET
MAY 28 2015...........SUNRISE   529 AM EDT   SUNSET   818 PM EDT
MAY 29 2015...........SUNRISE   528 AM EDT   SUNSET   819 PM EDT


-  INDICATES NEGATIVE NUMBERS.
R  INDICATES RECORD WAS SET OR TIED.
MM INDICATES DATA IS MISSING.
T  INDICATES TRACE AMOUNT.




$$
