000
CDUS45 KPSR 250012
CLINYL

CLIMATE REPORT
NATIONAL WEATHER SERVICE PHOENIX AZ
510 PM MST FRI FEB 24 2017


...................................

...THE YUMA AZ CLIMATE SUMMARY FOR FEBRUARY 24 2017...
VALID TODAY AS OF 0500 PM LOCAL TIME.

CLIMATE NORMAL PERIOD 1981 TO 2010
CLIMATE RECORD PERIOD 1876 TO 2017


WEATHER ITEM   OBSERVED TIME   RECORD YEAR NORMAL DEPARTURE LAST
                VALUE   (LST)  VALUE       VALUE  FROM      YEAR
                                                  NORMAL
..................................................................
TEMPERATURE (F)
 TODAY
  MAXIMUM         66    447 PM  93    1986  76    -10       79
  MINIMUM         45    637 AM  32    1894  52     -7       52
  AVERAGE         56                        64     -8       66

PRECIPITATION (IN)
  TODAY            0.00          0.23 1944   0.01  -0.01     0.00
  MONTH TO DATE    0.86                      0.33   0.53     0.00
  SINCE OCT 1      2.12                      1.64   0.48     0.63
  SINCE JAN 1      1.17                      0.70   0.47     0.49

DEGREE DAYS
 HEATING
  TODAY            9                         3      6        0
  MONTH TO DATE   41                       102    -61       54
  SINCE DEC 1    446                       542    -96      506
  SINCE JUL 1    492                       610   -118      576

 COOLING
  TODAY            0                         2     -2        1
  MONTH TO DATE   41                        26     15      105
  SINCE DEC 1     50                        34     16      109
  SINCE JAN 1     41                        32      9      107
..................................................................


WIND (MPH)
  HIGHEST WIND SPEED    13   HIGHEST WIND DIRECTION    NE (40)
  HIGHEST GUST SPEED    17   HIGHEST GUST DIRECTION     N (20)
  AVERAGE WIND SPEED     5.6


SKY COVER
  AVERAGE SKY COVER 0.1


WEATHER CONDITIONS
 THE FOLLOWING WEATHER WAS RECORDED TODAY.
  NO SIGNIFICANT WEATHER WAS OBSERVED.


RELATIVE HUMIDITY (PERCENT)
 HIGHEST    60
 LOWEST     19
 AVERAGE    40

..........................................................


THE YUMA AZ CLIMATE NORMALS FOR TOMORROW
                         NORMAL    RECORD    YEAR
 MAXIMUM TEMPERATURE (F)   76        95      1986
 MINIMUM TEMPERATURE (F)   52        32      1960


SUNRISE AND SUNSET
FEBRUARY 24 2017......SUNRISE   712 AM MST   SUNSET   632 PM MST
FEBRUARY 25 2017......SUNRISE   710 AM MST   SUNSET   633 PM MST


-  INDICATES NEGATIVE NUMBERS.
R  INDICATES RECORD WAS SET OR TIED.
MM INDICATES DATA IS MISSING.
T  INDICATES TRACE AMOUNT.

$$
