000
CDUS45 KPSR 290827
CLINYL

CLIMATE REPORT
NATIONAL WEATHER SERVICE PHOENIX AZ
126 AM MST FRI MAY 29 2015


...................................

...THE YUMA AZ CLIMATE SUMMARY FOR MAY 28 2015...

CLIMATE NORMAL PERIOD 1981 TO 2010
CLIMATE RECORD PERIOD 1876 TO 2015


WEATHER ITEM   OBSERVED TIME   RECORD YEAR NORMAL DEPARTURE LAST
                VALUE   (LST)  VALUE       VALUE  FROM      YEAR
                                                  NORMAL
..................................................................
TEMPERATURE (F)
 YESTERDAY
  MAXIMUM         99    402 PM 116    1983  99      0      106
  MINIMUM         67    558 AM  51    1908  70     -3       77
  AVERAGE         83                        84     -1       92

PRECIPITATION (IN)
  YESTERDAY        0.00          T    1990   0.00   0.00     0.00
                                      1944
                                      1937
  MONTH TO DATE    0.31                      0.07   0.24     0.00
  SINCE OCT 1      1.26                      2.25  -0.99     1.18
  SINCE JAN 1      0.82                      1.31  -0.49     0.07

DEGREE DAYS
 HEATING
  YESTERDAY        0                         0      0        0
  MONTH TO DATE    3                         0      3        0
  SINCE MAR 1     26                        63    -37        9
  SINCE JUL 1     86                       686   -600      370

 COOLING
  YESTERDAY       18                        19     -1       27
  MONTH TO DATE  319                       446   -127      469
  SINCE MAR 1    898                       816     82      967
  SINCE JAN 1   1009                       852    157     1081
..................................................................


WIND (MPH)
  HIGHEST WIND SPEED    13   HIGHEST WIND DIRECTION     S (180)
  HIGHEST GUST SPEED    17   HIGHEST GUST DIRECTION     S (200)
  AVERAGE WIND SPEED     5.2


SKY COVER
  AVERAGE SKY COVER 0.2


WEATHER CONDITIONS
 THE FOLLOWING WEATHER WAS RECORDED YESTERDAY.
  HAZE


RELATIVE HUMIDITY (PERCENT)
 HIGHEST    45
 LOWEST     10
 AVERAGE    28

..........................................................


THE YUMA AZ CLIMATE NORMALS FOR TODAY
                         NORMAL    RECORD    YEAR
 MAXIMUM TEMPERATURE (F)   99       115      1984
                                             1910
 MINIMUM TEMPERATURE (F)   70        51      1971


SUNRISE AND SUNSET
MAY 29 2015...........SUNRISE   533 AM MST   SUNSET   739 PM MST
MAY 30 2015...........SUNRISE   532 AM MST   SUNSET   740 PM MST


-  INDICATES NEGATIVE NUMBERS.
R  INDICATES RECORD WAS SET OR TIED.
MM INDICATES DATA IS MISSING.
T  INDICATES TRACE AMOUNT.

$$
