000
CDUS45 KPSR 070806
CLINYL

CLIMATE REPORT
NATIONAL WEATHER SERVICE PHOENIX AZ
105 AM MST WED DEC 7 2016

...................................

...THE YUMA AZ CLIMATE SUMMARY FOR DECEMBER 6 2016...

CLIMATE NORMAL PERIOD 1981 TO 2010
CLIMATE RECORD PERIOD 1876 TO 2016


WEATHER ITEM   OBSERVED TIME   RECORD YEAR NORMAL DEPARTURE LAST
                VALUE   (LST)  VALUE       VALUE  FROM      YEAR
                                                  NORMAL
..................................................................
TEMPERATURE (F)
 YESTERDAY
  MAXIMUM         71    419 PM  83    1966  70      1       75
  MINIMUM         48    641 AM  30    1892  47      1       48
  AVERAGE         60                        58      2       62

PRECIPITATION (IN)
  YESTERDAY        0.00          1.01 1887   0.01  -0.01     0.00
  MONTH TO DATE    0.00                      0.08  -0.08     0.00
  SINCE OCT 1      0.04                      0.51  -0.47     0.08
  SINCE JAN 1      1.91                      3.13  -1.22     2.27

DEGREE DAYS
 HEATING
  YESTERDAY        5                         7     -2        3
  MONTH TO DATE   36                        36      0       30
  SINCE DEC 1     36                        36      0       30
  SINCE JUL 1     82                       104    -22      100

 COOLING
  YESTERDAY        0                         0      0        0
  MONTH TO DATE    0                         0      0        0
  SINCE DEC 1      0                         0      0        0
  SINCE JAN 1   5073                      4649    424     5174
..................................................................


WIND (MPH)
  HIGHEST WIND SPEED    12   HIGHEST WIND DIRECTION     S (180)
  HIGHEST GUST SPEED    15   HIGHEST GUST DIRECTION     S (190)
  AVERAGE WIND SPEED     4.8


SKY COVER
  AVERAGE SKY COVER 0.3


WEATHER CONDITIONS
 THE FOLLOWING WEATHER WAS RECORDED YESTERDAY.
  NO SIGNIFICANT WEATHER WAS OBSERVED.


RELATIVE HUMIDITY (PERCENT)
 HIGHEST    77
 LOWEST     40
 AVERAGE    59

..........................................................


THE YUMA AZ CLIMATE NORMALS FOR TODAY
                         NORMAL    RECORD    YEAR
 MAXIMUM TEMPERATURE (F)   69        83      1958
                                             1938
 MINIMUM TEMPERATURE (F)   47        30      1978


SUNRISE AND SUNSET
DECEMBER  7 2016......SUNRISE   728 AM MST   SUNSET   533 PM MST
DECEMBER  8 2016......SUNRISE   729 AM MST   SUNSET   533 PM MST


-  INDICATES NEGATIVE NUMBERS.
R  INDICATES RECORD WAS SET OR TIED.
MM INDICATES DATA IS MISSING.
T  INDICATES TRACE AMOUNT.

$$
