000
CDUS45 KPSR 220815
CLINYL

CLIMATE REPORT
NATIONAL WEATHER SERVICE PHOENIX AZ
114 AM MST MON SEP 22 2014


...................................

...THE YUMA AZ CLIMATE SUMMARY FOR SEPTEMBER 21 2014...

CLIMATE NORMAL PERIOD 1981 TO 2010
CLIMATE RECORD PERIOD 1876 TO 2014


WEATHER ITEM   OBSERVED TIME   RECORD YEAR NORMAL DEPARTURE LAST
                VALUE   (LST)  VALUE       VALUE  FROM      YEAR
                                                  NORMAL
..................................................................
TEMPERATURE (F)
 YESTERDAY
  MAXIMUM        102    205 PM 110    1954 100      2      102
                                      1949
  MINIMUM         79    649 AM  56    1965  75      4       78
  AVERAGE         91                        87      4       90

PRECIPITATION (IN)
  YESTERDAY        0.00          1.60 1937   0.02  -0.02     0.00
  MONTH TO DATE    1.44                      0.40   1.04     0.51
  SINCE OCT 1      3.39                      3.43  -0.04     2.94
  SINCE JAN 1      2.28                      2.49  -0.21     2.31

DEGREE DAYS
 HEATING
  YESTERDAY        0                         0      0        0
  MONTH TO DATE    0                         0      0        0
  SINCE SEP 1      0                         0      0        0
  SINCE JUL 1      0                         0      0        0

 COOLING
  YESTERDAY       26                        22      4       25
  MONTH TO DATE  609                       538     71      571
  SINCE SEP 1    609                       538     71      571
  SINCE JAN 1   4445                      3991    454     4269
..................................................................


WIND (MPH)
  HIGHEST WIND SPEED    17   HIGHEST WIND DIRECTION     S (170)
  HIGHEST GUST SPEED    21   HIGHEST GUST DIRECTION     S (170)
  AVERAGE WIND SPEED     5.5


SKY COVER
  AVERAGE SKY COVER 0.0


WEATHER CONDITIONS
 THE FOLLOWING WEATHER WAS RECORDED YESTERDAY.
  NO SIGNIFICANT WEATHER WAS OBSERVED.


RELATIVE HUMIDITY (PERCENT)
 HIGHEST    45
 LOWEST     12
 AVERAGE    29

..........................................................


THE YUMA AZ CLIMATE NORMALS FOR TODAY
                         NORMAL    RECORD    YEAR
 MAXIMUM TEMPERATURE (F)   99       112      1949
 MINIMUM TEMPERATURE (F)   75        55      1941


SUNRISE AND SUNSET
SEPTEMBER 22 2014.....SUNRISE   627 AM MST   SUNSET   635 PM MST
SEPTEMBER 23 2014.....SUNRISE   627 AM MST   SUNSET   634 PM MST


-  INDICATES NEGATIVE NUMBERS.
R  INDICATES RECORD WAS SET OR TIED.
MM INDICATES DATA IS MISSING.
T  INDICATES TRACE AMOUNT.

$$
