000
CDUS45 KPSR 290853
CLINYL

CDUS45 KPSR DDHHMM
CLINYL

CLIMATE REPORT
NATIONAL WEATHER SERVICE PHOENIX AZ
149 AM MST SUN MAY 29 2016


...................................

...THE YUMA AZ CLIMATE SUMMARY FOR MAY 28 2016...

CLIMATE NORMAL PERIOD 1981 TO 2010
CLIMATE RECORD PERIOD 1876 TO 2016


WEATHER ITEM   OBSERVED TIME   RECORD YEAR NORMAL DEPARTURE LAST
                VALUE   (LST)  VALUE       VALUE  FROM      YEAR
                                                  NORMAL
..................................................................
TEMPERATURE (F)
 YESTERDAY
  MAXIMUM         96    257 PM 116    1983  99     -3       99
  MINIMUM         68    612 AM  51    1908  70     -2       67
  AVERAGE         82                        84     -2       83

PRECIPITATION (IN)
  YESTERDAY        0.00          T    1990   0.00   0.00     0.00
                                      1944
                                      1937
  MONTH TO DATE    0.18                      0.07   0.11     0.31
  SINCE OCT 1      1.12                      2.25  -1.13     1.26
  SINCE JAN 1      0.98                      1.31  -0.33     0.82

DEGREE DAYS
 HEATING
  YESTERDAY        0                         0      0        0
  MONTH TO DATE    0                         0      0        3
  SINCE MAR 1     22                        63    -41       26
  SINCE JUL 1    598                       686    -88       86

 COOLING
  YESTERDAY       17                        19     -2       18
  MONTH TO DATE  362                       446    -84      319
  SINCE MAR 1    814                       816     -2      898
  SINCE JAN 1    950                       852     98     1009
..................................................................


WIND (MPH)
  HIGHEST WIND SPEED    24   HIGHEST WIND DIRECTION     S (200)
  HIGHEST GUST SPEED    29   HIGHEST GUST DIRECTION     S (200)
  AVERAGE WIND SPEED     9.1


SKY COVER
  AVERAGE SKY COVER 0.0


WEATHER CONDITIONS
 THE FOLLOWING WEATHER WAS RECORDED YESTERDAY.
  NO SIGNIFICANT WEATHER WAS OBSERVED.


RELATIVE HUMIDITY (PERCENT)
 HIGHEST    35
 LOWEST     10
 AVERAGE    23

..........................................................


THE YUMA AZ CLIMATE NORMALS FOR TODAY
                         NORMAL    RECORD    YEAR
 MAXIMUM TEMPERATURE (F)   99       115      1984
                                             1910
 MINIMUM TEMPERATURE (F)   70        51      1971


SUNRISE AND SUNSET
MAY 29 2016...........SUNRISE   532 AM MST   SUNSET   740 PM MST
MAY 30 2016...........SUNRISE   532 AM MST   SUNSET   740 PM MST


-  INDICATES NEGATIVE NUMBERS.
R  INDICATES RECORD WAS SET OR TIED.
MM INDICATES DATA IS MISSING.
T  INDICATES TRACE AMOUNT.

$$
