000
CDUS45 KPSR 310837 RRA
CLINYL

CLIMATE REPORT
NATIONAL WEATHER SERVICE PHOENIX AZ
136 AM MST FRI JUL 31 2015


...................................

...THE YUMA AZ CLIMATE SUMMARY FOR JULY 30 2015...

CLIMATE NORMAL PERIOD 1981 TO 2010
CLIMATE RECORD PERIOD 1876 TO 2015


WEATHER ITEM   OBSERVED TIME   RECORD YEAR NORMAL DEPARTURE LAST
                VALUE   (LST)  VALUE       VALUE  FROM      YEAR
                                                  NORMAL
..................................................................
TEMPERATURE (F)
 YESTERDAY
  MAXIMUM        109    452 PM 117    1957 107      2      114
                                      1878
  MINIMUM         86    622 AM  66    1913  83      3       87
  AVERAGE         98                        95      3      101

PRECIPITATION (IN)
  YESTERDAY        T             1.06 1958   0.01  -0.01     0.00
  MONTH TO DATE    0.09                      0.27  -0.18     0.28
  SINCE OCT 1      1.68                      2.54  -0.86     1.46
  SINCE JAN 1      1.24                      1.60  -0.36     0.35

DEGREE DAYS
 HEATING
  YESTERDAY        0                         0      0        0
  MONTH TO DATE    0                         0      0        0
  SINCE JUN 1      0                         0      0        0
  SINCE JUL 1      0                         0      0        0

 COOLING
  YESTERDAY       33                        30      3       36
  MONTH TO DATE  860                       884    -24      944
  SINCE JUN 1   1650                      1605     45     1753
  SINCE JAN 1   2729                      2517    212     2915
..................................................................


WIND (MPH)
  HIGHEST WIND SPEED    16   HIGHEST WIND DIRECTION     S (200)
  HIGHEST GUST SPEED    21   HIGHEST GUST DIRECTION     N (20)
  AVERAGE WIND SPEED     5.1


SKY COVER
  AVERAGE SKY COVER 0.5


WEATHER CONDITIONS
 THE FOLLOWING WEATHER WAS RECORDED YESTERDAY.
  THUNDERSTORM
  RAIN


RELATIVE HUMIDITY (PERCENT)
 HIGHEST    51
 LOWEST     22
 AVERAGE    37

..........................................................


THE YUMA AZ CLIMATE NORMALS FOR TODAY
                         NORMAL    RECORD    YEAR
 MAXIMUM TEMPERATURE (F)  107       119      1957
 MINIMUM TEMPERATURE (F)   83        69      1944


SUNRISE AND SUNSET
JULY 31 2015..........SUNRISE   552 AM MST   SUNSET   738 PM MST
AUGUST  1 2015........SUNRISE   552 AM MST   SUNSET   737 PM MST


-  INDICATES NEGATIVE NUMBERS.
R  INDICATES RECORD WAS SET OR TIED.
MM INDICATES DATA IS MISSING.
T  INDICATES TRACE AMOUNT.

$$
