000
CDUS45 KPSR 172312
CLINYL

CLIMATE REPORT
NATIONAL WEATHER SERVICE PHOENIX AZ
410 PM MST TUE JAN 17 2017


...................................

...THE YUMA AZ CLIMATE SUMMARY FOR JANUARY 17 2017...
VALID TODAY AS OF 0400 PM LOCAL TIME.

CLIMATE NORMAL PERIOD 1981 TO 2010
CLIMATE RECORD PERIOD 1876 TO 2017


WEATHER ITEM   OBSERVED TIME   RECORD YEAR NORMAL DEPARTURE LAST
                VALUE   (LST)  VALUE       VALUE  FROM      YEAR
                                                  NORMAL
..................................................................
TEMPERATURE (F)
 TODAY
  MAXIMUM         67    359 PM  86    2011  70     -3       73
  MINIMUM         46    326 AM  31    1898  48     -2       46
  AVERAGE         57                        59     -2       60

PRECIPITATION (IN)
  TODAY            0.00          0.78 1895   0.01  -0.01     0.00
  MONTH TO DATE    0.16                      0.23  -0.07     0.49
  SINCE OCT 1      1.11                      1.17  -0.06     0.63
  SINCE JAN 1      0.16                      0.23  -0.07     0.49

DEGREE DAYS
 HEATING
  TODAY            8                         6      2        5
  MONTH TO DATE  109                       122    -13      156
  SINCE DEC 1    294                       358    -64      413
  SINCE JUL 1    340                       426    -86      483

 COOLING
  TODAY            0                         0      0        0
  MONTH TO DATE    0                         0      0        0
  SINCE DEC 1      9                         2      7        2
  SINCE JAN 1      0                         0      0        0
..................................................................


WIND (MPH)
  HIGHEST WIND SPEED    14   HIGHEST WIND DIRECTION     N (350)
  HIGHEST GUST SPEED    18   HIGHEST GUST DIRECTION     N (340)
  AVERAGE WIND SPEED     6.6


SKY COVER
  AVERAGE SKY COVER 0.1


WEATHER CONDITIONS
 THE FOLLOWING WEATHER WAS RECORDED TODAY.
  HAZE


RELATIVE HUMIDITY (PERCENT)
 HIGHEST    53
 LOWEST     22
 AVERAGE    38

..........................................................


THE YUMA AZ CLIMATE NORMALS FOR TOMORROW
                         NORMAL    RECORD    YEAR
 MAXIMUM TEMPERATURE (F)   70        86      1959
 MINIMUM TEMPERATURE (F)   48        29      1987


SUNRISE AND SUNSET
JANUARY 17 2017.......SUNRISE   740 AM MST   SUNSET   558 PM MST
JANUARY 18 2017.......SUNRISE   740 AM MST   SUNSET   559 PM MST


-  INDICATES NEGATIVE NUMBERS.
R  INDICATES RECORD WAS SET OR TIED.
MM INDICATES DATA IS MISSING.
T  INDICATES TRACE AMOUNT.

$$
