000
CDUS46 KMTR 030033
CLIOAK


CLIMATE REPORT
NATIONAL WEATHER SERVICE SAN FRANCISCO BAY AREA
431 PM PST MON MAR 2 2015


...................................

...THE OAKLAND AIRPORT CLIMATE SUMMARY FOR MARCH 2 2015...
VALID TODAY AS OF 0400 PM LOCAL TIME.

CLIMATE NORMAL PERIOD 1981 TO 2010
CLIMATE RECORD PERIOD 1948 TO 2015


WEATHER ITEM   OBSERVED TIME   RECORD YEAR NORMAL DEPARTURE LAST
                VALUE   (LST)  VALUE       VALUE  FROM      YEAR
                                                  NORMAL
..................................................................
TEMPERATURE (F)
 TODAY
  MAXIMUM         59    323 PM  69    2004  61     -2       61
  MINIMUM         45    143 AM  33    1953  46     -1       53
  AVERAGE         52                        53     -1       57

PRECIPITATION (IN)
  TODAY            T             0.74 1976   0.12  -0.12     0.02
  MONTH TO DATE    T                         0.26  -0.26     0.05
  SINCE OCT 1     13.22                     15.51  -2.29     5.21
  SINCE JAN 1      2.00                      8.20  -6.20     3.75

SNOWFALL (IN)
  TODAY           MM             0.0  1985
  MONTH TO DATE    0.0
  SINCE MAR 1      0.0
  SINCE JUL 1      0.0

DEGREE DAYS
 HEATING
  TODAY           13                        12      1        8
  MONTH TO DATE   24                        24      0       11
  SINCE MAR 1     24                        24      0       11
  SINCE JUL 1   1333                      2046   -713     1832

 COOLING
  TODAY            0                         0      0        0
  MONTH TO DATE    0                         0      0        0
  SINCE MAR 1      0                         0      0        0
  SINCE JAN 1      0                         0      0        0
..................................................................


WIND (MPH)
  RESULTANT WIND SPEED   4   RESULTANT WIND DIRECTION   S (170)
  HIGHEST WIND SPEED    15   HIGHEST WIND DIRECTION     S (170)
  HIGHEST GUST SPEED    23   HIGHEST GUST DIRECTION     S (190)
  AVERAGE WIND SPEED     6.0


SKY COVER
  POSSIBLE SUNSHINE  MM
  AVERAGE SKY COVER 0.7


WEATHER CONDITIONS
 THE FOLLOWING WEATHER WAS RECORDED TODAY.
  NO SIGNIFICANT WEATHER WAS OBSERVED.


RELATIVE HUMIDITY (PERCENT)
 HIGHEST    86          1200 AM
 LOWEST     53           200 PM
 AVERAGE    70

..........................................................


THE OAKLAND AIRPORT CLIMATE NORMALS FOR TOMORROW
                         NORMAL    RECORD    YEAR
 MAXIMUM TEMPERATURE (F)   61        80      1959
 MINIMUM TEMPERATURE (F)   46        32      1953


SUNRISE AND SUNSET
MARCH  2 2015.........SUNRISE   639 AM PST   SUNSET   603 PM PST
MARCH  3 2015.........SUNRISE   638 AM PST   SUNSET   604 PM PST


-  INDICATES NEGATIVE NUMBERS.
R  INDICATES RECORD WAS SET OR TIED.
MM INDICATES DATA IS MISSING.
T  INDICATES TRACE AMOUNT.




$$
