000
CDUS46 KMTR 190829
CLIOAK


CLIMATE REPORT
NATIONAL WEATHER SERVICE SAN FRANCISCO BAY AREA
129 AM PDT SAT APR 19 2014


...................................

...THE OAKLAND AIRPORT CLIMATE SUMMARY FOR APRIL 18 2014...

CLIMATE NORMAL PERIOD 1981 TO 2010
CLIMATE RECORD PERIOD 1948 TO 2014


WEATHER ITEM   OBSERVED TIME   RECORD YEAR NORMAL DEPARTURE LAST
                VALUE   (LST)  VALUE       VALUE  FROM      YEAR
                                                  NORMAL
..................................................................
TEMPERATURE (F)
 YESTERDAY
  MAXIMUM         64   1204 PM  81    1950  67     -3       75
  MINIMUM         51    221 AM  42    2006  49      2       47
  AVERAGE         58                        58      0       61

PRECIPITATION (IN)
  YESTERDAY        0.00          0.50 1967   0.04  -0.04     0.00
  MONTH TO DATE    1.01                      0.88   0.13     1.33
  SINCE JUL 1      9.43                     19.49 -10.06    13.62
  SINCE JAN 1      7.36                     11.90  -4.54     2.63

SNOWFALL (IN)
  YESTERDAY        0.0                                       0.0
  MONTH TO DATE    0.0                                       0.0
  SINCE MAR 1      0.0                                       0.0
  SINCE JUL 1      0.0                                       0.0

DEGREE DAYS
 HEATING
  YESTERDAY        7                         7      0        4
  MONTH TO DATE  112                       150    -38       80
  SINCE MAR 1    297                       481   -184      331
  SINCE JUL 1   2118                      2503   -385     2237

 COOLING
  YESTERDAY        0                         0      0        0
  MONTH TO DATE    2                         0      2        4
  SINCE MAR 1      3                         1      2        4
  SINCE JAN 1      3                         1      2        4
..................................................................


WIND (MPH)
  RESULTANT WIND SPEED   6   RESULTANT WIND DIRECTION   W (270)
  HIGHEST WIND SPEED    18   HIGHEST WIND DIRECTION     W (280)
  HIGHEST GUST SPEED    31   HIGHEST GUST DIRECTION    NW (320)
  AVERAGE WIND SPEED     7.7


SKY COVER
  POSSIBLE SUNSHINE  MM
  AVERAGE SKY COVER 0.4


WEATHER CONDITIONS
 THE FOLLOWING WEATHER WAS RECORDED YESTERDAY.
  NO SIGNIFICANT WEATHER WAS OBSERVED.


RELATIVE HUMIDITY (PERCENT)
 HIGHEST    83           400 AM
 LOWEST     56           400 PM
 AVERAGE    70

..........................................................


THE OAKLAND AIRPORT CLIMATE NORMALS FOR TODAY
                         NORMAL    RECORD    YEAR
 MAXIMUM TEMPERATURE (F)   67        85      2009
                                             1950
 MINIMUM TEMPERATURE (F)   49        42      1961


SUNRISE AND SUNSET
APRIL 19 2014.........SUNRISE   628 AM PDT   SUNSET   748 PM PDT
APRIL 20 2014.........SUNRISE   627 AM PDT   SUNSET   749 PM PDT


-  INDICATES NEGATIVE NUMBERS.
R  INDICATES RECORD WAS SET OR TIED.
MM INDICATES DATA IS MISSING.
T  INDICATES TRACE AMOUNT.




$$
