000
CDUS46 KMTR 260828
CLIOAK


CLIMATE REPORT
NATIONAL WEATHER SERVICE SAN FRANCISCO BAY AREA
128 AM PDT THU MAY 26 2016


...................................

...THE OAKLAND AIRPORT CLIMATE SUMMARY FOR MAY 25 2016...

CLIMATE NORMAL PERIOD 1981 TO 2010
CLIMATE RECORD PERIOD 1948 TO 2016


WEATHER ITEM   OBSERVED TIME   RECORD YEAR NORMAL DEPARTURE LAST
                VALUE   (LST)  VALUE       VALUE  FROM      YEAR
                                                  NORMAL
..................................................................
TEMPERATURE (F)
 YESTERDAY
  MAXIMUM         66    231 PM  94    1951  68     -2       63
  MINIMUM         57   1159 PM  45    1955  52      5       52
  AVERAGE         62                        60      2       58

PRECIPITATION (IN)
  YESTERDAY        T             0.29 2010   0.02  -0.02      T
  MONTH TO DATE    0.02                      0.60  -0.58      T
  SINCE OCT 1     16.56                     20.27  -3.71    14.39
  SINCE JAN 1     11.34                     12.96  -1.62     3.17

SNOWFALL (IN)
  YESTERDAY        0.0                                       0.0
  MONTH TO DATE    0.0                                       0.0
  SINCE MAR 1      0.0                                       0.0
  SINCE JUL 1      0.0                                       0.0

DEGREE DAYS
 HEATING
  YESTERDAY        3                         5     -2        7
  MONTH TO DATE   77                       152    -75      171
  SINCE MAR 1    412                       716   -304      583
  SINCE JUL 1   1887                      2738   -851     1892

 COOLING
  YESTERDAY        0                         0      0        0
  MONTH TO DATE   10                         0     10        0
  SINCE MAR 1     28                         6     22        4
  SINCE JAN 1     29                         6     23        4
..................................................................


WIND (MPH)
  RESULTANT WIND SPEED  13   RESULTANT WIND DIRECTION   W (260)
  HIGHEST WIND SPEED    22   HIGHEST WIND DIRECTION     W (260)
  HIGHEST GUST SPEED    27   HIGHEST GUST DIRECTION     W (250)
  AVERAGE WIND SPEED    13.0


SKY COVER
  POSSIBLE SUNSHINE  MM
  AVERAGE SKY COVER 0.9


WEATHER CONDITIONS
 THE FOLLOWING WEATHER WAS RECORDED YESTERDAY.
  LIGHT RAIN


RELATIVE HUMIDITY (PERCENT)
 HIGHEST    77           100 AM
 LOWEST     60           200 PM
 AVERAGE    69

..........................................................


THE OAKLAND AIRPORT CLIMATE NORMALS FOR TODAY
                         NORMAL    RECORD    YEAR
 MAXIMUM TEMPERATURE (F)   68        86      1974
 MINIMUM TEMPERATURE (F)   52        44      1953


SUNRISE AND SUNSET
MAY 26 2016...........SUNRISE   551 AM PDT   SUNSET   821 PM PDT
MAY 27 2016...........SUNRISE   551 AM PDT   SUNSET   822 PM PDT


-  INDICATES NEGATIVE NUMBERS.
R  INDICATES RECORD WAS SET OR TIED.
MM INDICATES DATA IS MISSING.
T  INDICATES TRACE AMOUNT.




$$
