000
CDUS43 KOAX 290629
CLIOAX


CLIMATE REPORT
NATIONAL WEATHER SERVICE OMAHA NEBRASKA
1227 AM CST MON DEC 29 2014


...................................

...THE VALLEY  NWS, NEBRASKA CLIMATE SUMMARY FOR DECEMBER 28 2014...

CLIMATE NORMAL PERIOD 1981 TO 2010
CLIMATE RECORD PERIOD 1997 TO 2014


WEATHER ITEM   OBSERVED TIME   NORMAL DEPARTURE LAST
                VALUE   (LST)  VALUE  FROM      YEAR
                                      NORMAL
......................................................
TEMPERATURE (F)
 YESTERDAY
  MAXIMUM         31    224 PM  32     -1       60
  MINIMUM         15    640 AM  15      0       15
  AVERAGE         23            23      0       38

PRECIPITATION (IN)
  YESTERDAY        0.00          0.03  -0.03      T
  MONTH TO DATE    1.86          1.03   0.83     0.18
  SINCE DEC 1      1.86          1.03   0.83     0.18
  SINCE JAN 1     38.34         32.56   5.78    29.09

SNOWFALL (IN)
  YESTERDAY        0.0                            T
  MONTH TO DATE    0.7                           3.4
  SINCE JUL 1      3.7                           4.1
  SNOW DEPTH       T

DEGREE DAYS
 HEATING
  YESTERDAY       42            42      0       27
  MONTH TO DATE  878          1084   -206     1168
  SINCE DEC 1    878          1084   -206     1168
  SINCE JUL 1   2195          2354   -159     2387

 COOLING
  YESTERDAY        0             0      0        0
  MONTH TO DATE    0             0      0        0
  SINCE DEC 1      0             0      0        0
  SINCE JAN 1   1039          1075    -36     1237
......................................................


WIND (MPH)
  HIGHEST WIND SPEED    MM   HIGHEST WIND DIRECTION    MM
  HIGHEST GUST SPEED    12   HIGHEST GUST DIRECTION    MM


SKY COVER
  POSSIBLE SUNSHINE  MM


WEATHER CONDITIONS
 THE FOLLOWING WEATHER WAS RECORDED YESTERDAY.
  NO SIGNIFICANT WEATHER WAS OBSERVED.


..........................................................


THE VALLEY  NWS, NEBRASKA CLIMATE NORMALS FOR TODAY
                         NORMAL
 MAXIMUM TEMPERATURE (F)   32
 MINIMUM TEMPERATURE (F)   15


SUNRISE AND SUNSET
DECEMBER 29 2014......SUNRISE   751 AM CST   SUNSET   504 PM CST
DECEMBER 30 2014......SUNRISE   751 AM CST   SUNSET   505 PM CST


-  INDICATES NEGATIVE NUMBERS.
R  INDICATES RECORD WAS SET OR TIED.
MM INDICATES DATA IS MISSING.
T  INDICATES TRACE AMOUNT.




$$
