000
CDUS43 KOAX 030654
CLIOAX


CLIMATE REPORT
NATIONAL WEATHER SERVICE OMAHA NEBRASKA
1253 AM CST SAT DEC 3 2016


...................................

...THE VALLEY  NWS, NEBRASKA CLIMATE SUMMARY FOR DECEMBER 2 2016...

CLIMATE NORMAL PERIOD 1981 TO 2010
CLIMATE RECORD PERIOD 1997 TO 2016


WEATHER ITEM   OBSERVED TIME   NORMAL DEPARTURE LAST
                VALUE   (LST)  VALUE  FROM      YEAR
                                      NORMAL
......................................................
TEMPERATURE (F)
 YESTERDAY
  MAXIMUM         43    139 PM  40      3       39
  MINIMUM         27   1159 PM  21      6       25
  AVERAGE         35            30      5       32

PRECIPITATION (IN)
  YESTERDAY        0.00          0.05  -0.05      T
  MONTH TO DATE    0.00          0.09  -0.09      T
  SINCE DEC 1      0.00          0.09  -0.09      T
  SINCE JAN 1     42.75         31.62  11.13    34.83

SNOWFALL (IN)
  YESTERDAY        0.0                            T
  MONTH TO DATE    0.0                           0.1
  SINCE JUL 1      T                             3.5
  SNOW DEPTH       0

DEGREE DAYS
 HEATING
  YESTERDAY       30            35     -5       33
  MONTH TO DATE   60            69     -9       70
  SINCE DEC 1     60            69     -9       70
  SINCE JUL 1    849          1339   -490      955

 COOLING
  YESTERDAY        0             0      0        0
  MONTH TO DATE    0             0      0        0
  SINCE DEC 1      0             0      0        0
  SINCE JAN 1   1284          1075    209     1079
......................................................


WIND (MPH)
  HIGHEST WIND SPEED    MM   HIGHEST WIND DIRECTION    MM
  HIGHEST GUST SPEED    16   HIGHEST GUST DIRECTION    MM


SKY COVER
  POSSIBLE SUNSHINE  MM


WEATHER CONDITIONS
 THE FOLLOWING WEATHER WAS RECORDED YESTERDAY.
  NO SIGNIFICANT WEATHER WAS OBSERVED.


..........................................................


THE VALLEY  NWS, NEBRASKA CLIMATE NORMALS FOR TODAY
                         NORMAL
 MAXIMUM TEMPERATURE (F)   39
 MINIMUM TEMPERATURE (F)   21


SUNRISE AND SUNSET
DECEMBER  3 2016......SUNRISE   734 AM CST   SUNSET   456 PM CST
DECEMBER  4 2016......SUNRISE   735 AM CST   SUNSET   456 PM CST


-  INDICATES NEGATIVE NUMBERS.
R  INDICATES RECORD WAS SET OR TIED.
MM INDICATES DATA IS MISSING.
T  INDICATES TRACE AMOUNT.




$$
