000
CDUS43 KOAX 280628
CLIOAX


CLIMATE REPORT
NATIONAL WEATHER SERVICE OMAHA NEBRASKA
1228 AM CST TUE FEB 28 2017


...................................

...THE VALLEY  NWS, NEBRASKA CLIMATE SUMMARY FOR FEBRUARY 27 2017...

CLIMATE NORMAL PERIOD 1981 TO 2010
CLIMATE RECORD PERIOD 1997 TO 2017


WEATHER ITEM   OBSERVED TIME   NORMAL DEPARTURE LAST
                VALUE   (LST)  VALUE  FROM      YEAR
                                      NORMAL
......................................................
TEMPERATURE (F)
 YESTERDAY
  MAXIMUM         54    308 PM  41     13       73
  MINIMUM         26    636 AM  22      4       31
  AVERAGE         40            31      9       52

PRECIPITATION (IN)
  YESTERDAY        0.00          0.04  -0.04     0.00
  MONTH TO DATE    0.76          0.89  -0.13     0.99
  SINCE DEC 1      3.02          2.79   0.23     6.85
  SINCE JAN 1      1.71          1.68   0.03     1.74

SNOWFALL (IN)
  YESTERDAY        0.0                           0.0
  MONTH TO DATE    6.3                           9.7
  SINCE JUL 1     11.3                          28.5
  SNOW DEPTH       T

DEGREE DAYS
 HEATING
  YESTERDAY       25            34     -9       13
  MONTH TO DATE  730          1022   -292      857
  SINCE DEC 1   3064          3526   -462     3063
  SINCE JUL 1   3853          4796   -943     3948

 COOLING
  YESTERDAY        0             0      0        0
  MONTH TO DATE    0             0      0        0
  SINCE DEC 1      0             0      0        0
  SINCE JAN 1      0             0      0        0
......................................................


WIND (MPH)
  HIGHEST WIND SPEED    MM   HIGHEST WIND DIRECTION    MM
  HIGHEST GUST SPEED    29   HIGHEST GUST DIRECTION    MM


SKY COVER
  POSSIBLE SUNSHINE  MM


WEATHER CONDITIONS
 THE FOLLOWING WEATHER WAS RECORDED YESTERDAY.
  NO SIGNIFICANT WEATHER WAS OBSERVED.


..........................................................


THE VALLEY  NWS, NEBRASKA CLIMATE NORMALS FOR TODAY
                         NORMAL
 MAXIMUM TEMPERATURE (F)   41
 MINIMUM TEMPERATURE (F)   22


SUNRISE AND SUNSET
FEBRUARY 28 2017......SUNRISE   701 AM CST   SUNSET   615 PM CST
MARCH  1 2017.........SUNRISE   659 AM CST   SUNSET   617 PM CST


-  INDICATES NEGATIVE NUMBERS.
R  INDICATES RECORD WAS SET OR TIED.
MM INDICATES DATA IS MISSING.
T  INDICATES TRACE AMOUNT.




$$
