000
CDUS43 KOAX 010718
CLIOAX


CLIMATE REPORT
NATIONAL WEATHER SERVICE OMAHA NEBRASKA
118 AM CST SUN MAR 1 2015


...................................

...THE VALLEY  NWS, NEBRASKA CLIMATE SUMMARY FOR FEBRUARY 28 2015...

CLIMATE NORMAL PERIOD 1981 TO 2010
CLIMATE RECORD PERIOD 1997 TO 2015


WEATHER ITEM   OBSERVED TIME   NORMAL DEPARTURE LAST
                VALUE   (LST)  VALUE  FROM      YEAR
                                      NORMAL
......................................................
TEMPERATURE (F)
 YESTERDAY
  MAXIMUM         24    406 PM  41    -17       39
  MINIMUM          8    643 AM  22    -14       13
  AVERAGE         16            31    -15       26

PRECIPITATION (IN)
  YESTERDAY        T             0.03  -0.03     0.04
  MONTH TO DATE    0.85          0.92  -0.07     0.87
  SINCE DEC 1      3.47          2.82   0.65     1.22
  SINCE JAN 1      1.57          1.71  -0.14     1.04

SNOWFALL (IN)
  YESTERDAY        T                             0.6
  MONTH TO DATE    9.3                           9.1
  SINCE JUL 1     18.9                          15.4
  SNOW DEPTH       T

DEGREE DAYS
 HEATING
  YESTERDAY       49            34     15       39
  MONTH TO DATE 1222          1056    166     1191
  SINCE DEC 1   3412          3561   -149     3841
  SINCE JUL 1   4729          4831   -102     5060

 COOLING
  YESTERDAY        0             0      0        0
  MONTH TO DATE    0             0      0        0
  SINCE DEC 1      0             0      0        0
  SINCE JAN 1      0             0      0        0
......................................................


WIND (MPH)
  HIGHEST WIND SPEED    MM   HIGHEST WIND DIRECTION    MM
  HIGHEST GUST SPEED    22   HIGHEST GUST DIRECTION    MM


SKY COVER
  POSSIBLE SUNSHINE  MM


WEATHER CONDITIONS
 THE FOLLOWING WEATHER WAS RECORDED YESTERDAY.
  LIGHT SNOW
  FOG


..........................................................


THE VALLEY  NWS, NEBRASKA CLIMATE NORMALS FOR TODAY
                         NORMAL
 MAXIMUM TEMPERATURE (F)   41
 MINIMUM TEMPERATURE (F)   22


SUNRISE AND SUNSET
MARCH  1 2015.........SUNRISE   700 AM CST   SUNSET   616 PM CST
MARCH  2 2015.........SUNRISE   659 AM CST   SUNSET   617 PM CST


-  INDICATES NEGATIVE NUMBERS.
R  INDICATES RECORD WAS SET OR TIED.
MM INDICATES DATA IS MISSING.
T  INDICATES TRACE AMOUNT.




$$
