000
CDUS43 KOAX 240645
CLIOAX


CLIMATE REPORT
NATIONAL WEATHER SERVICE OMAHA NEBRASKA
144 AM CDT SUN MAY 24 2015


...................................

...THE VALLEY  NWS, NEBRASKA CLIMATE SUMMARY FOR MAY 23 2015...

CLIMATE NORMAL PERIOD 1981 TO 2010
CLIMATE RECORD PERIOD 1997 TO 2015


WEATHER ITEM   OBSERVED TIME   NORMAL DEPARTURE LAST
                VALUE   (LST)  VALUE  FROM      YEAR
                                      NORMAL
......................................................
TEMPERATURE (F)
 YESTERDAY
  MAXIMUM         63    520 PM  75    -12       78
  MINIMUM         57    453 AM  55      2       55
  AVERAGE         60            65     -5       67

PRECIPITATION (IN)
  YESTERDAY        0.04          0.14  -0.10     0.00
  MONTH TO DATE    5.45          3.36   2.09     4.19
  SINCE MAR 1      9.63          8.39   1.24     7.21
  SINCE JAN 1     11.20         10.10   1.10     8.25

SNOWFALL (IN)
  YESTERDAY        0.0                           0.0
  MONTH TO DATE    0.0                           0.0
  SINCE JUL 1     19.3                          18.2
  SNOW DEPTH       0

DEGREE DAYS
 HEATING
  YESTERDAY        5             3      2        0
  MONTH TO DATE  135           133      2      148
  SINCE MAR 1   1123          1400   -277     1441
  SINCE JUL 1   5852          6231   -379     6501

 COOLING
  YESTERDAY        0             3     -3        2
  MONTH TO DATE   15            37    -22       43
  SINCE MAR 1     19            44    -25       52
  SINCE JAN 1     19            44    -25       52
......................................................


WIND (MPH)
  HIGHEST WIND SPEED    MM   HIGHEST WIND DIRECTION    MM
  HIGHEST GUST SPEED    21   HIGHEST GUST DIRECTION    MM


SKY COVER
  POSSIBLE SUNSHINE  MM


WEATHER CONDITIONS
 THE FOLLOWING WEATHER WAS RECORDED YESTERDAY.
  LIGHT RAIN
  FOG


..........................................................


THE VALLEY  NWS, NEBRASKA CLIMATE NORMALS FOR TODAY
                         NORMAL
 MAXIMUM TEMPERATURE (F)   75
 MINIMUM TEMPERATURE (F)   55


SUNRISE AND SUNSET
MAY 24 2015...........SUNRISE   559 AM CDT   SUNSET   846 PM CDT
MAY 25 2015...........SUNRISE   559 AM CDT   SUNSET   847 PM CDT


-  INDICATES NEGATIVE NUMBERS.
R  INDICATES RECORD WAS SET OR TIED.
MM INDICATES DATA IS MISSING.
T  INDICATES TRACE AMOUNT.




$$
