000
CDUS43 KGID 290638
CLIODX


CLIMATE REPORT
NATIONAL WEATHER SERVICE HASTINGS NE
136 AM CDT FRI APR 29 2016


...................................

...THE ORD NE CLIMATE SUMMARY FOR APRIL 28 2016...

CLIMATE NORMAL PERIOD 1981 TO 2010
CLIMATE RECORD PERIOD 1895 TO 2016


WEATHER ITEM   OBSERVED TIME   NORMAL DEPARTURE LAST
                VALUE   (LST)  VALUE  FROM      YEAR
                                      NORMAL
......................................................
TEMPERATURE (F)
 YESTERDAY
  MAXIMUM         47    158 PM  66    -19       66
  MINIMUM         39    746 AM  40     -1       40
  AVERAGE         43            53    -10       53

PRECIPITATION (IN)
  YESTERDAY        T             0.11  -0.11     0.00
  MONTH TO DATE    7.37          2.37   5.00     2.71
  SINCE MAR 1      8.72          3.82   4.90     2.74
  SINCE JAN 1      9.87          4.63   5.24     3.48

DEGREE DAYS
 HEATING
  YESTERDAY       22            12     10       12
  MONTH TO DATE  394           465    -71      400
  SINCE MAR 1   1075          1311   -236     1126
  SINCE JUL 1   5424          6328   -904     6258

 COOLING
  YESTERDAY        0             0      0        0
  MONTH TO DATE    0             0      0        4
  SINCE MAR 1      0             0      0        4
  SINCE JAN 1      0             0      0        4
......................................................


WIND (MPH)
  HIGHEST WIND SPEED    22   HIGHEST WIND DIRECTION    NW (320)
  HIGHEST GUST SPEED    28   HIGHEST GUST DIRECTION    NW (320)
  AVERAGE WIND SPEED    10.9


SKY COVER
  AVERAGE SKY COVER 1.0


WEATHER CONDITIONS
 THE FOLLOWING WEATHER WAS RECORDED YESTERDAY.
  FOG


RELATIVE HUMIDITY (PERCENT)
 HIGHEST    92          1200 AM
 LOWEST     71           500 PM
 AVERAGE    82

..........................................................


THE ORD NE CLIMATE NORMALS FOR TODAY
                         NORMAL
 MAXIMUM TEMPERATURE (F)   66
 MINIMUM TEMPERATURE (F)   41


SUNRISE AND SUNSET
APRIL 29 2016.........SUNRISE   635 AM CDT   SUNSET   832 PM CDT
APRIL 30 2016.........SUNRISE   633 AM CDT   SUNSET   833 PM CDT


-  INDICATES NEGATIVE NUMBERS.
R  INDICATES RECORD WAS SET OR TIED.
MM INDICATES DATA IS MISSING.
T  INDICATES TRACE AMOUNT.

$$

HALBLAUB
