000
CDUS43 KGID 250632
CLIODX


CLIMATE REPORT
NATIONAL WEATHER SERVICE HASTINGS NE
132 AM CDT SAT MAR 25 2017


...................................

...THE ORD NE CLIMATE SUMMARY FOR MARCH 24 2017...

CLIMATE NORMAL PERIOD 1981 TO 2010
CLIMATE RECORD PERIOD 1895 TO 2017


WEATHER ITEM   OBSERVED TIME   NORMAL DEPARTURE LAST
                VALUE   (LST)  VALUE  FROM      YEAR
                                      NORMAL
......................................................
TEMPERATURE (F)
 YESTERDAY
  MAXIMUM         54   1232 AM  54      0       41
  MINIMUM         39   1237 PM  28     11       18
  AVERAGE         47            41      6       30

PRECIPITATION (IN)
  YESTERDAY        0.60          0.07   0.53      T
  MONTH TO DATE    1.68          0.81   0.87     1.03
  SINCE MAR 1      1.68          0.81   0.87     1.03
  SINCE JAN 1      3.62          1.62   2.00     2.18

DEGREE DAYS
 HEATING
  YESTERDAY       18            24     -6       35
  MONTH TO DATE  582           688   -106      513
  SINCE MAR 1    582           688   -106      513
  SINCE JUL 1   5093          5705   -612     4862

 COOLING
  YESTERDAY        0             0      0        0
  MONTH TO DATE    0             0      0        0
  SINCE MAR 1      0             0      0        0
  SINCE JAN 1      0             0      0        0
......................................................


WIND (MPH)
  HIGHEST WIND SPEED    25   HIGHEST WIND DIRECTION     N (360)
  HIGHEST GUST SPEED    32   HIGHEST GUST DIRECTION     N (10)
  AVERAGE WIND SPEED    15.1


SKY COVER
  AVERAGE SKY COVER 1.0


WEATHER CONDITIONS
 THE FOLLOWING WEATHER WAS RECORDED YESTERDAY.
  HEAVY RAIN
  RAIN
  LIGHT RAIN
  FOG


RELATIVE HUMIDITY (PERCENT)
 HIGHEST    96           200 AM
 LOWEST     82           700 PM
 AVERAGE    89

..........................................................


THE ORD NE CLIMATE NORMALS FOR TODAY
                         NORMAL
 MAXIMUM TEMPERATURE (F)   55
 MINIMUM TEMPERATURE (F)   28


SUNRISE AND SUNSET
MARCH 25 2017.........SUNRISE   730 AM CDT   SUNSET   754 PM CDT
MARCH 26 2017.........SUNRISE   728 AM CDT   SUNSET   755 PM CDT


-  INDICATES NEGATIVE NUMBERS.
R  INDICATES RECORD WAS SET OR TIED.
MM INDICATES DATA IS MISSING.
T  INDICATES TRACE AMOUNT.




$$
