000
CDUS43 KGID 240622
CLIODX


CLIMATE REPORT
NATIONAL WEATHER SERVICE HASTINGS NE
121 AM CDT SUN SEP 24 2017


...................................

...THE ORD NE CLIMATE SUMMARY FOR SEPTEMBER 23 2017...

CLIMATE NORMAL PERIOD 1981 TO 2010
CLIMATE RECORD PERIOD 1895 TO 2017


WEATHER ITEM   OBSERVED TIME   NORMAL DEPARTURE LAST
                VALUE   (LST)  VALUE  FROM      YEAR
                                      NORMAL
......................................................
TEMPERATURE (F)
 YESTERDAY
  MAXIMUM         76    136 PM  75      1       89
  MINIMUM         55    738 PM  45     10       62
  AVERAGE         66            60      6       76

PRECIPITATION (IN)
  YESTERDAY        0.49          0.08   0.41     0.00
  MONTH TO DATE    1.12          1.99  -0.87     1.70
  SINCE SEP 1      1.12          1.99  -0.87     1.70
  SINCE JAN 1     21.29         20.90   0.39    28.86

DEGREE DAYS
 HEATING
  YESTERDAY        0             6     -6        0
  MONTH TO DATE   48            68    -20       35
  SINCE SEP 1     48            68    -20       35
  SINCE JUL 1     56            82    -26       49

 COOLING
  YESTERDAY        1             1      0       11
  MONTH TO DATE   95            75     20       76
  SINCE SEP 1     95            75     20       76
  SINCE JAN 1    839           832      7      882
......................................................


WIND (MPH)
  HIGHEST WIND SPEED    26   HIGHEST WIND DIRECTION     W (290)
  HIGHEST GUST SPEED    34   HIGHEST GUST DIRECTION     W (280)
  AVERAGE WIND SPEED     7.8


SKY COVER
  AVERAGE SKY COVER 0.6


WEATHER CONDITIONS
 THE FOLLOWING WEATHER WAS RECORDED YESTERDAY.
  THUNDERSTORM
  HEAVY RAIN
  RAIN
  LIGHT RAIN
  FOG


RELATIVE HUMIDITY (PERCENT)
 HIGHEST    93           600 PM
 LOWEST     54           100 PM
 AVERAGE    74

..........................................................


THE ORD NE CLIMATE NORMALS FOR TODAY
                         NORMAL
 MAXIMUM TEMPERATURE (F)   75
 MINIMUM TEMPERATURE (F)   45


SUNRISE AND SUNSET
SEPTEMBER 24 2017.....SUNRISE   726 AM CDT   SUNSET   729 PM CDT
SEPTEMBER 25 2017.....SUNRISE   727 AM CDT   SUNSET   727 PM CDT


-  INDICATES NEGATIVE NUMBERS.
R  INDICATES RECORD WAS SET OR TIED.
MM INDICATES DATA IS MISSING.
T  INDICATES TRACE AMOUNT.




$$
