000
CDUS43 KGID 290629
CLIODX


CLIMATE REPORT
NATIONAL WEATHER SERVICE HASTINGS NE
128 AM CDT SUN MAR 29 2015


...................................

...THE ORD NE CLIMATE SUMMARY FOR MARCH 28 2015...

CLIMATE NORMAL PERIOD 1981 TO 2010
CLIMATE RECORD PERIOD 1895 TO 2015


WEATHER ITEM   OBSERVED TIME   NORMAL DEPARTURE LAST
                VALUE   (LST)  VALUE  FROM      YEAR
                                      NORMAL
......................................................
TEMPERATURE (F)
 YESTERDAY
  MAXIMUM         64    527 PM  56      8       44
  MINIMUM         21    540 AM  29     -8       20
  AVERAGE         43            42      1       32

PRECIPITATION (IN)
  YESTERDAY        0.00          0.11  -0.11     0.00
  MONTH TO DATE    0.03          1.15  -1.12     0.20
  SINCE MAR 1      0.03          1.15  -1.12     0.20
  SINCE JAN 1      0.77          1.96  -1.19     0.45

DEGREE DAYS
 HEATING
  YESTERDAY       22            23     -1       33
  MONTH TO DATE  684           781    -97      889
  SINCE MAR 1    684           781    -97      889
  SINCE JUL 1   5816          5798     18     6042

 COOLING
  YESTERDAY        0             0      0        0
  MONTH TO DATE    0             0      0        0
  SINCE MAR 1      0             0      0        0
  SINCE JAN 1      0             0      0        0
......................................................


WIND (MPH)
  HIGHEST WIND SPEED    23   HIGHEST WIND DIRECTION     S (170)
  HIGHEST GUST SPEED    29   HIGHEST GUST DIRECTION     S (170)
  AVERAGE WIND SPEED     9.5


SKY COVER
  AVERAGE SKY COVER 0.1


WEATHER CONDITIONS
 THE FOLLOWING WEATHER WAS RECORDED YESTERDAY.
  NO SIGNIFICANT WEATHER WAS OBSERVED.


RELATIVE HUMIDITY (PERCENT)
 HIGHEST    92           600 AM
 LOWEST     30           300 PM
 AVERAGE    61

..........................................................


THE ORD NE CLIMATE NORMALS FOR TODAY
                         NORMAL
 MAXIMUM TEMPERATURE (F)   56
 MINIMUM TEMPERATURE (F)   30


SUNRISE AND SUNSET
MARCH 29 2015.........SUNRISE   724 AM CDT   SUNSET   758 PM CDT
MARCH 30 2015.........SUNRISE   723 AM CDT   SUNSET   759 PM CDT


-  INDICATES NEGATIVE NUMBERS.
R  INDICATES RECORD WAS SET OR TIED.
MM INDICATES DATA IS MISSING.
T  INDICATES TRACE AMOUNT.




$$
