000
CDUS43 KGID 040638
CLIODX


CLIMATE REPORT
NATIONAL WEATHER SERVICE HASTINGS NE
136 AM CDT TUE AUG 4 2015


...................................

...THE ORD NE CLIMATE SUMMARY FOR AUGUST 3 2015...

CLIMATE NORMAL PERIOD 1981 TO 2010
CLIMATE RECORD PERIOD 1895 TO 2015


WEATHER ITEM   OBSERVED TIME   NORMAL DEPARTURE LAST
                VALUE   (LST)  VALUE  FROM      YEAR
                                      NORMAL
......................................................
TEMPERATURE (F)
 YESTERDAY
  MAXIMUM         84    412 PM  87     -3       88
  MINIMUM         60    517 AM  62     -2       59
  AVERAGE         72            75     -3       74

PRECIPITATION (IN)
  YESTERDAY        T             0.10  -0.10     0.00
  MONTH TO DATE    0.25          0.29  -0.04     0.04
  SINCE JUN 1      6.20          7.38  -1.18    10.19
  SINCE JAN 1     12.66         16.04  -3.38    12.41

DEGREE DAYS
 HEATING
  YESTERDAY        0             0      0        0
  MONTH TO DATE    0             0      0        0
  SINCE JUN 1     11            42    -31       51
  SINCE JUL 1      5             5      0       19

 COOLING
  YESTERDAY        7            10     -3        9
  MONTH TO DATE   27            30     -3       24
  SINCE JUN 1    487           489     -2      355
  SINCE JAN 1    496           530    -34      424
......................................................


WIND (MPH)
  HIGHEST WIND SPEED    15   HIGHEST WIND DIRECTION    SE (140)
  HIGHEST GUST SPEED    21   HIGHEST GUST DIRECTION    SE (130)
  AVERAGE WIND SPEED     6.0


SKY COVER
  AVERAGE SKY COVER 0.1


WEATHER CONDITIONS
 THE FOLLOWING WEATHER WAS RECORDED YESTERDAY.
  NO SIGNIFICANT WEATHER WAS OBSERVED.


RELATIVE HUMIDITY (PERCENT)
 HIGHEST    97           600 AM
 LOWEST     43           400 PM
 AVERAGE    70

..........................................................


THE ORD NE CLIMATE NORMALS FOR TODAY
                         NORMAL
 MAXIMUM TEMPERATURE (F)   87
 MINIMUM TEMPERATURE (F)   62


SUNRISE AND SUNSET
AUGUST  4 2015........SUNRISE   633 AM CDT   SUNSET   850 PM CDT
AUGUST  5 2015........SUNRISE   634 AM CDT   SUNSET   849 PM CDT


-  INDICATES NEGATIVE NUMBERS.
R  INDICATES RECORD WAS SET OR TIED.
MM INDICATES DATA IS MISSING.
T  INDICATES TRACE AMOUNT.




$$
