000
CDUS43 KGID 300706
CLIODX


CLIMATE REPORT
NATIONAL WEATHER SERVICE HASTINGS NE
105 AM CST FRI JAN 30 2015


...................................

...THE ORD NE CLIMATE SUMMARY FOR JANUARY 29 2015...

CLIMATE NORMAL PERIOD 1981 TO 2010
CLIMATE RECORD PERIOD 1895 TO 2015


WEATHER ITEM   OBSERVED TIME   NORMAL DEPARTURE LAST
                VALUE   (LST)  VALUE  FROM      YEAR
                                      NORMAL
......................................................
TEMPERATURE (F)
 YESTERDAY
  MAXIMUM         46    325 PM  38      8       52
  MINIMUM         16   1115 PM  13      3       -7
  AVERAGE         31            25      6       23

PRECIPITATION (IN)
  YESTERDAY        0.00          0.01  -0.01     0.00
  MONTH TO DATE    0.07          0.34  -0.27     0.06
  SINCE DEC 1      1.63          0.93   0.70     0.06
  SINCE JAN 1      0.07          0.34  -0.27     0.06

DEGREE DAYS
 HEATING
  YESTERDAY       34            40     -6       42
  MONTH TO DATE 1137          1173    -36     1183
  SINCE DEC 1   2318          2416    -98     2356
  SINCE JUL 1   3904          3897      7     3836

 COOLING
  YESTERDAY        0             0      0        0
  MONTH TO DATE    0             0      0        0
  SINCE DEC 1      0             0      0        0
  SINCE JAN 1      0             0      0        0
......................................................


WIND (MPH)
  HIGHEST WIND SPEED    36   HIGHEST WIND DIRECTION    NW (330)
  HIGHEST GUST SPEED    47   HIGHEST GUST DIRECTION     N (340)
  AVERAGE WIND SPEED    15.6


SKY COVER
  AVERAGE SKY COVER 0.5


WEATHER CONDITIONS
 THE FOLLOWING WEATHER WAS RECORDED YESTERDAY.
  NO SIGNIFICANT WEATHER WAS OBSERVED.


RELATIVE HUMIDITY (PERCENT)
 HIGHEST    84          1100 PM
 LOWEST     37           400 PM
 AVERAGE    61

..........................................................


THE ORD NE CLIMATE NORMALS FOR TODAY
                         NORMAL
 MAXIMUM TEMPERATURE (F)   38
 MINIMUM TEMPERATURE (F)   13


SUNRISE AND SUNSET
JANUARY 30 2015.......SUNRISE   750 AM CST   SUNSET   549 PM CST
JANUARY 31 2015.......SUNRISE   749 AM CST   SUNSET   550 PM CST


-  INDICATES NEGATIVE NUMBERS.
R  INDICATES RECORD WAS SET OR TIED.
MM INDICATES DATA IS MISSING.
T  INDICATES TRACE AMOUNT.




$$
