000
CDUS43 KGID 022223
CLIODX


CLIMATE REPORT
NATIONAL WEATHER SERVICE HASTINGS NE
522 PM CDT WED SEP 2 2015


...................................

...THE ORD NE CLIMATE SUMMARY FOR SEPTEMBER 2 2015...
VALID TODAY AS OF 0500 PM LOCAL TIME.

CLIMATE NORMAL PERIOD 1981 TO 2010
CLIMATE RECORD PERIOD 1895 TO 2015


WEATHER ITEM   OBSERVED TIME   NORMAL DEPARTURE LAST
                VALUE   (LST)  VALUE  FROM      YEAR
                                      NORMAL
......................................................
TEMPERATURE (F)
 TODAY
  MAXIMUM         97    211 PM  83     14       81
  MINIMUM         58    548 AM  56      2       48
  AVERAGE         78            69      9       65

PRECIPITATION (IN)
  TODAY            0.00          0.10  -0.10     0.00
  MONTH TO DATE    0.00          0.20  -0.20     0.42
  SINCE SEP 1      0.00          0.20  -0.20     0.42
  SINCE JAN 1     14.54         19.11  -4.57    18.06

DEGREE DAYS
 HEATING
  TODAY            0             1     -1        0
  MONTH TO DATE    0             2     -2        0
  SINCE SEP 1      0             2     -2        0
  SINCE JUL 1     23            16      7       19

 COOLING
  TODAY           13             6      7        0
  MONTH TO DATE   26            12     14        1
  SINCE SEP 1     26            12     14        1
  SINCE JAN 1    689           769    -80      636
......................................................


WIND (MPH)
  HIGHEST WIND SPEED    17   HIGHEST WIND DIRECTION    SE (150)
  HIGHEST GUST SPEED    24   HIGHEST GUST DIRECTION    SE (140)
  AVERAGE WIND SPEED     5.5


SKY COVER
  AVERAGE SKY COVER 0.0


WEATHER CONDITIONS
 THE FOLLOWING WEATHER WAS RECORDED TODAY.
  FOG


RELATIVE HUMIDITY (PERCENT)
 HIGHEST    97           500 AM
 LOWEST     29           200 PM
 AVERAGE    63

..........................................................


THE ORD NE CLIMATE NORMALS FOR TOMORROW
                         NORMAL
 MAXIMUM TEMPERATURE (F)   83
 MINIMUM TEMPERATURE (F)   55


SUNRISE AND SUNSET
SEPTEMBER  2 2015.....SUNRISE   703 AM CDT   SUNSET   808 PM CDT
SEPTEMBER  3 2015.....SUNRISE   704 AM CDT   SUNSET   806 PM CDT


-  INDICATES NEGATIVE NUMBERS.
R  INDICATES RECORD WAS SET OR TIED.
MM INDICATES DATA IS MISSING.
T  INDICATES TRACE AMOUNT.




$$
