000
CDUS43 KOAX 300646
CLIOFK


CLIMATE REPORT
NATIONAL WEATHER SERVICE OMAHA NEBRASKA
145 AM CDT TUE JUN 30 2015


...................................

...THE NORFOLK, NEBRASKA CLIMATE SUMMARY FOR JUNE 29 2015...

CLIMATE NORMAL PERIOD 1981 TO 2010
CLIMATE RECORD PERIOD 1888 TO 2015


WEATHER ITEM   OBSERVED TIME   RECORD YEAR NORMAL DEPARTURE LAST
                VALUE   (LST)  VALUE       VALUE  FROM      YEAR
                                                  NORMAL
..................................................................
TEMPERATURE (F)
 YESTERDAY
  MAXIMUM         86    405 PM 102    1931  85      1       85
                                      1929
  MINIMUM         61    556 AM  40    1923  62     -1       63
  AVERAGE         74                        74      0       74

PRECIPITATION (IN)
  YESTERDAY        0.00          2.39 1997   0.13  -0.13     0.07
  MONTH TO DATE    4.43                      4.13   0.30    10.24
  SINCE JUN 1      4.43                      4.13   0.30    10.24
  SINCE JAN 1     11.39                     13.83  -2.44    15.73

SNOWFALL (IN)
  YESTERDAY        0.0                       0.0    0.0      0.0
  MONTH TO DATE    0.0                       0.0    0.0      0.0
  SINCE JUL 1     20.7                      30.5   -9.8     19.9
  SNOW DEPTH       0

DEGREE DAYS
 HEATING
  YESTERDAY        0                         0      0        0
  MONTH TO DATE    3                        28    -25       25
  SINCE JUN 1      3                        28    -25       25
  SINCE JUL 1   6292                      6641   -349     6957

 COOLING
  YESTERDAY        9                         9      0        9
  MONTH TO DATE  181                       177      4      187
  SINCE JUN 1    181                       177      4      187
  SINCE JAN 1    214                       238    -24      284
..................................................................


WIND (MPH)
  HIGHEST WIND SPEED    16   HIGHEST WIND DIRECTION     N (340)
  HIGHEST GUST SPEED    20   HIGHEST GUST DIRECTION     N (340)
  AVERAGE WIND SPEED     6.6


SKY COVER
  POSSIBLE SUNSHINE  MM
  AVERAGE SKY COVER 0.0


WEATHER CONDITIONS
 THE FOLLOWING WEATHER WAS RECORDED YESTERDAY.
  FOG
  HAZE


RELATIVE HUMIDITY (PERCENT)
 HIGHEST    90           200 AM
 LOWEST     42           400 PM
 AVERAGE    66

..........................................................


THE NORFOLK, NEBRASKA CLIMATE NORMALS FOR TODAY
                         NORMAL    RECORD    YEAR
 MAXIMUM TEMPERATURE (F)   86       104      1961
 MINIMUM TEMPERATURE (F)   62        44      1904


SUNRISE AND SUNSET
JUNE 30 2015..........SUNRISE   557 AM CDT   SUNSET   909 PM CDT
JULY  1 2015..........SUNRISE   558 AM CDT   SUNSET   909 PM CDT


-  INDICATES NEGATIVE NUMBERS.
R  INDICATES RECORD WAS SET OR TIED.
MM INDICATES DATA IS MISSING.
T  INDICATES TRACE AMOUNT.




$$
