000
CDUS43 KOAX 280627
CLIOFK


CLIMATE REPORT
NATIONAL WEATHER SERVICE OMAHA NEBRASKA
126 AM CDT THU JUL 28 2016


...................................

...THE NORFOLK, NEBRASKA CLIMATE SUMMARY FOR JULY 27 2016...

CLIMATE NORMAL PERIOD 1981 TO 2010
CLIMATE RECORD PERIOD 1888 TO 2016


WEATHER ITEM   OBSERVED TIME   RECORD YEAR NORMAL DEPARTURE LAST
                VALUE   (LST)  VALUE       VALUE  FROM      YEAR
                                                  NORMAL
..................................................................
TEMPERATURE (F)
 YESTERDAY
  MAXIMUM         86    353 PM 108    1935  86      0       90
                                      1930
  MINIMUM         67   1050 PM  47    2005  64      3       77
  AVERAGE         77                        75      2       84

PRECIPITATION (IN)
  YESTERDAY        0.06          1.55 1961   0.10  -0.04     0.00
  MONTH TO DATE    2.75                      2.91  -0.16     5.09
  SINCE JUN 1      5.96                      7.17  -1.21     9.69
  SINCE JAN 1     22.41                     16.87   5.54    16.65

SNOWFALL (IN)
  YESTERDAY        0.0                       0.0    0.0      0.0
  MONTH TO DATE    0.0                       0.0    0.0      0.0
  SINCE JUL 1      0.0                       0.0    0.0      0.0
  SNOW DEPTH       0

DEGREE DAYS
 HEATING
  YESTERDAY        0                         0      0        0
  MONTH TO DATE    7                         0      7        4
  SINCE JUN 1     10                        30    -20        7
  SINCE JUL 1      7                         0      7        4

 COOLING
  YESTERDAY       12                        10      2       19
  MONTH TO DATE  267                       268     -1      275
  SINCE JUN 1    543                       454     89      461
  SINCE JAN 1    581                       515     66      494
..................................................................


WIND (MPH)
  HIGHEST WIND SPEED    28   HIGHEST WIND DIRECTION    NW (300)
  HIGHEST GUST SPEED    37   HIGHEST GUST DIRECTION    NW (300)
  AVERAGE WIND SPEED     7.3


SKY COVER
  POSSIBLE SUNSHINE  MM
  AVERAGE SKY COVER 0.3


WEATHER CONDITIONS
 THE FOLLOWING WEATHER WAS RECORDED YESTERDAY.
  THUNDERSTORM
  LIGHT RAIN


RELATIVE HUMIDITY (PERCENT)
 HIGHEST    93           300 AM
 LOWEST     48           200 PM
 AVERAGE    71

..........................................................


THE NORFOLK, NEBRASKA CLIMATE NORMALS FOR TODAY
                         NORMAL    RECORD    YEAR
 MAXIMUM TEMPERATURE (F)   86       105      1935
 MINIMUM TEMPERATURE (F)   64        44      2013


SUNRISE AND SUNSET
JULY 28 2016..........SUNRISE   620 AM CDT   SUNSET   852 PM CDT
JULY 29 2016..........SUNRISE   621 AM CDT   SUNSET   851 PM CDT


-  INDICATES NEGATIVE NUMBERS.
R  INDICATES RECORD WAS SET OR TIED.
MM INDICATES DATA IS MISSING.
T  INDICATES TRACE AMOUNT.




$$
