000
CDUS43 KOAX 232148
CLIOFK


CLIMATE REPORT
NATIONAL WEATHER SERVICE OMAHA NEBRASKA
448 PM CDT TUE AUG 23 2016


...................................

...THE NORFOLK, NEBRASKA CLIMATE SUMMARY FOR AUGUST 23 2016...
VALID TODAY AS OF 400 PM LOCAL TIME.

CLIMATE NORMAL PERIOD 1981 TO 2010
CLIMATE RECORD PERIOD 1888 TO 2016


WEATHER ITEM   OBSERVED TIME   RECORD YEAR NORMAL DEPARTURE LAST
                VALUE   (LST)  VALUE       VALUE  FROM      YEAR
                                                  NORMAL
..................................................................
TEMPERATURE (F)
 TODAY
  MAXIMUM         84    258 PM 104    1938  83      1       72
  MINIMUM         63    944 AM  43    1942  61      2       49
  AVERAGE         74                        72      2       61

PRECIPITATION (IN)
  TODAY            1.08          1.19 2007   0.09   0.99     0.00
  MONTH TO DATE    2.23                      2.50  -0.27     1.79
  SINCE JUN 1      8.32                     10.08  -1.76    11.53
  SINCE JAN 1     24.77                     19.78   4.99    18.49

SNOWFALL (IN)
  TODAY            0.0                       0.0    0.0      0.0
  MONTH TO DATE    0.0                       0.0    0.0      0.0
  SINCE JUL 1      0.0                       0.0    0.0      0.0
  SNOW DEPTH       0

DEGREE DAYS
 HEATING
  TODAY            0                         0      0        4
  MONTH TO DATE    3                         0      3       10
  SINCE JUN 1     13                        34    -21       17
  SINCE JUL 1     10                         4      6       14

 COOLING
  TODAY            9                         7      2        0
  MONTH TO DATE  191                       203    -12      170
  SINCE JUN 1    762                       703     59      660
  SINCE JAN 1    800                       764     36      693
..................................................................


WIND (MPH)
  HIGHEST WIND SPEED    24   HIGHEST WIND DIRECTION     W (250)
  HIGHEST GUST SPEED    29   HIGHEST GUST DIRECTION     W (250)
  AVERAGE WIND SPEED    13.8


SKY COVER
  POSSIBLE SUNSHINE  MM
  AVERAGE SKY COVER 0.4


WEATHER CONDITIONS
 THE FOLLOWING WEATHER WAS RECORDED TODAY.
  THUNDERSTORM
  HEAVY RAIN
  RAIN
  LIGHT RAIN
  FOG


RELATIVE HUMIDITY (PERCENT)
 HIGHEST    93          1200 PM
 LOWEST     61          1200 AM
 AVERAGE    77

..........................................................


THE NORFOLK, NEBRASKA CLIMATE NORMALS FOR TOMORROW
                         NORMAL    RECORD    YEAR
 MAXIMUM TEMPERATURE (F)   83       104      1936
 MINIMUM TEMPERATURE (F)   60        36      1928


SUNRISE AND SUNSET
AUGUST 23 2016........SUNRISE   647 AM CDT   SUNSET   817 PM CDT
AUGUST 24 2016........SUNRISE   648 AM CDT   SUNSET   815 PM CDT


-  INDICATES NEGATIVE NUMBERS.
R  INDICATES RECORD WAS SET OR TIED.
MM INDICATES DATA IS MISSING.
T  INDICATES TRACE AMOUNT.




$$

KLISH
