784
CDUS43 KOAX 222240
CLIOFK


CLIMATE REPORT
NATIONAL WEATHER SERVICE OMAHA NEBRASKA
438 PM CST THU FEB 22 2018


...................................

...THE NORFOLK, NEBRASKA CLIMATE SUMMARY FOR FEBRUARY 22 2018...
VALID TODAY AS OF 0400 PM LOCAL TIME.

CLIMATE NORMAL PERIOD 1981 TO 2010
CLIMATE RECORD PERIOD 1888 TO 2018


WEATHER ITEM   OBSERVED TIME   RECORD YEAR NORMAL DEPARTURE LAST
                VALUE   (LST)  VALUE       VALUE  FROM      YEAR
                                                  NORMAL
..................................................................
TEMPERATURE (F)
 TODAY
  MAXIMUM         25    359 PM  72    1995  39    -14       68
  MINIMUM         20    741 AM -14    1962  19      1       33
  AVERAGE         23                        29     -6       51

PRECIPITATION (IN)
  TODAY            0.01          1.05 1909   0.03  -0.02     0.00
  MONTH TO DATE    0.42                      0.57  -0.15     0.45
  SINCE DEC 1      1.81                      1.91  -0.10     2.54
  SINCE JAN 1      1.49                      1.16   0.33     1.70

SNOWFALL (IN)
  TODAY            0.2                       0.2    0.0      0.0
  MONTH TO DATE    4.6                       4.5    0.1      5.0
  SINCE JUL 1     26.0                      21.8    4.2     22.1
  SNOW DEPTH       T

DEGREE DAYS
 HEATING
  TODAY           42                        36      6       14
  MONTH TO DATE 1059                       860    199      639
  SINCE DEC 1   3667                      3437    230     3192
  SINCE JUL 1   4973                      4882     91     4237

 COOLING
  TODAY            0                         0      0        0
  MONTH TO DATE    0                         0      0        0
  SINCE DEC 1      0                         0      0        0
  SINCE JAN 1      0                         0      0        0
..................................................................


WIND (MPH)
  HIGHEST WIND SPEED    16   HIGHEST WIND DIRECTION    SE (140)
  HIGHEST GUST SPEED    19   HIGHEST GUST DIRECTION    SE (140)
  AVERAGE WIND SPEED     8.4


SKY COVER
  POSSIBLE SUNSHINE  MM
  AVERAGE SKY COVER 1.0


WEATHER CONDITIONS
 THE FOLLOWING WEATHER WAS RECORDED TODAY.
  LIGHT SNOW
  FOG


RELATIVE HUMIDITY (PERCENT)
 HIGHEST    91           200 AM
 LOWEST     77          1200 AM
 AVERAGE    84

..........................................................


THE NORFOLK, NEBRASKA CLIMATE NORMALS FOR TOMORROW
                         NORMAL    RECORD    YEAR
 MAXIMUM TEMPERATURE (F)   39        76      2002
 MINIMUM TEMPERATURE (F)   19       -17      1910


SUNRISE AND SUNSET
FEBRUARY 22 2018......SUNRISE   715 AM CST   SUNSET   611 PM CST
FEBRUARY 23 2018......SUNRISE   714 AM CST   SUNSET   613 PM CST


-  INDICATES NEGATIVE NUMBERS.
R  INDICATES RECORD WAS SET OR TIED.
MM INDICATES DATA IS MISSING.
T  INDICATES TRACE AMOUNT.




$$
