000
CDUS43 KOAX 190629
CLIOFK


CLIMATE REPORT
NATIONAL WEATHER SERVICE OMAHA NEBRASKA
127 AM CDT FRI SEP 19 2014


...................................

...THE NORFOLK, NEBRASKA CLIMATE SUMMARY FOR SEPTEMBER 18 2014...

CLIMATE NORMAL PERIOD 1981 TO 2010
CLIMATE RECORD PERIOD 1888 TO 2014


WEATHER ITEM   OBSERVED TIME   RECORD YEAR NORMAL DEPARTURE LAST
                VALUE   (LST)  VALUE       VALUE  FROM      YEAR
                                                  NORMAL
..................................................................
TEMPERATURE (F)
 YESTERDAY
  MAXIMUM         77    420 PM 106    1895  76      1       91
  MINIMUM         57    201 AM  27    1902  50      7       68
  AVERAGE         67                        63      4       80

PRECIPITATION (IN)
  YESTERDAY        0.00          3.15 1995   0.09  -0.09     0.00
  MONTH TO DATE    0.96                      1.62  -0.66     0.14
  SINCE SEP 1      0.96                      1.62  -0.66     0.14
  SINCE JAN 1     26.18                     22.15   4.03    18.55

SNOWFALL (IN)
  YESTERDAY        0.0                       0.0    0.0      0.0
  MONTH TO DATE    0.0                       0.0    0.0      0.0
  SINCE JUL 1      0.0                       0.0    0.0      0.0
  SNOW DEPTH       0

DEGREE DAYS
 HEATING
  YESTERDAY        0                         5     -5        0
  MONTH TO DATE  102                        48     54        7
  SINCE SEP 1    102                        48     54        7
  SINCE JUL 1    114                        64     50       23

 COOLING
  YESTERDAY        2                         2      0       15
  MONTH TO DATE   32                        74    -42      136
  SINCE SEP 1     32                        74    -42      136
  SINCE JAN 1    759                       890   -131      960
..................................................................


WIND (MPH)
  HIGHEST WIND SPEED    22   HIGHEST WIND DIRECTION     S (160)
  HIGHEST GUST SPEED    29   HIGHEST GUST DIRECTION     S (160)
  AVERAGE WIND SPEED    11.8


SKY COVER
  POSSIBLE SUNSHINE  MM
  AVERAGE SKY COVER 0.2


WEATHER CONDITIONS
 THE FOLLOWING WEATHER WAS RECORDED YESTERDAY.
  FOG
  FOG W/VISIBILITY <= 1/4 MILE


RELATIVE HUMIDITY (PERCENT)
 HIGHEST   100           700 AM
 LOWEST     50           400 PM
 AVERAGE    75

..........................................................


THE NORFOLK, NEBRASKA CLIMATE NORMALS FOR TODAY
                         NORMAL    RECORD    YEAR
 MAXIMUM TEMPERATURE (F)   75       104      1895
 MINIMUM TEMPERATURE (F)   49        26      1991


SUNRISE AND SUNSET
SEPTEMBER 19 2014.....SUNRISE   714 AM CDT   SUNSET   732 PM CDT
SEPTEMBER 20 2014.....SUNRISE   715 AM CDT   SUNSET   730 PM CDT


-  INDICATES NEGATIVE NUMBERS.
R  INDICATES RECORD WAS SET OR TIED.
MM INDICATES DATA IS MISSING.
T  INDICATES TRACE AMOUNT.




$$
