510
CDUS43 KOAX 290637
CLIOFK


CLIMATE REPORT
NATIONAL WEATHER SERVICE OMAHA NEBRASKA
136 AM CDT WED MAR 29 2017


...................................

...THE NORFOLK, NEBRASKA CLIMATE SUMMARY FOR MARCH 28 2017...

CLIMATE NORMAL PERIOD 1981 TO 2010
CLIMATE RECORD PERIOD 1888 TO 2017


WEATHER ITEM   OBSERVED TIME   RECORD YEAR NORMAL DEPARTURE LAST
                VALUE   (LST)  VALUE       VALUE  FROM      YEAR
                                                  NORMAL
..................................................................
TEMPERATURE (F)
 YESTERDAY
  MAXIMUM         56    405 PM  87    1986  54      2       64
  MINIMUM         31    553 AM   6    1926  30      1       24
  AVERAGE         44                        42      2       44

PRECIPITATION (IN)
  YESTERDAY        T             2.41 1981   0.07  -0.07     0.00
  MONTH TO DATE    0.86                      1.53  -0.67     2.03
  SINCE MAR 1      0.86                      1.53  -0.67     2.03
  SINCE JAN 1      3.10                      2.88   0.22     4.18

SNOWFALL (IN)
  YESTERDAY        0.0                       0.1   -0.1      0.0
  MONTH TO DATE    2.1                       4.6   -2.5     12.0
  SINCE JUL 1     30.2                      27.4    2.8     53.0
  SNOW DEPTH       0

DEGREE DAYS
 HEATING
  YESTERDAY       21                        23     -2       21
  MONTH TO DATE  701                       790    -89      613
  SINCE MAR 1    701                       790    -89      613
  SINCE JUL 1   5156                      5883   -727     4914

 COOLING
  YESTERDAY        0                         0      0        0
  MONTH TO DATE    0                         0      0        0
  SINCE MAR 1      0                         0      0        0
  SINCE JAN 1      0                         0      0        0
..................................................................


WIND (MPH)
  HIGHEST WIND SPEED    18   HIGHEST WIND DIRECTION     E (100)
  HIGHEST GUST SPEED    23   HIGHEST GUST DIRECTION     E (110)
  AVERAGE WIND SPEED     6.0


SKY COVER
  POSSIBLE SUNSHINE  MM
  AVERAGE SKY COVER 0.5


WEATHER CONDITIONS
 THE FOLLOWING WEATHER WAS RECORDED YESTERDAY.
  LIGHT RAIN
  FOG
  FOG W/VISIBILITY <= 1/4 MILE


RELATIVE HUMIDITY (PERCENT)
 HIGHEST   100           100 AM
 LOWEST     55           200 PM
 AVERAGE    78

..........................................................


THE NORFOLK, NEBRASKA CLIMATE NORMALS FOR TODAY
                         NORMAL    RECORD    YEAR
 MAXIMUM TEMPERATURE (F)   55        88      1986
 MINIMUM TEMPERATURE (F)   31         5      1969


SUNRISE AND SUNSET
MARCH 29 2017.........SUNRISE   717 AM CDT   SUNSET   752 PM CDT
MARCH 30 2017.........SUNRISE   715 AM CDT   SUNSET   753 PM CDT


-  INDICATES NEGATIVE NUMBERS.
R  INDICATES RECORD WAS SET OR TIED.
MM INDICATES DATA IS MISSING.
T  INDICATES TRACE AMOUNT.




$$
