000
CDUS43 KOAX 270706
CLIOFK


CLIMATE REPORT
NATIONAL WEATHER SERVICE OMAHA NEBRASKA
204 AM CDT FRI MAR 27 2015


...................................

...THE NORFOLK, NEBRASKA CLIMATE SUMMARY FOR MARCH 26 2015...

CLIMATE NORMAL PERIOD 1981 TO 2010
CLIMATE RECORD PERIOD 1888 TO 2015


WEATHER ITEM   OBSERVED TIME   RECORD YEAR NORMAL DEPARTURE LAST
                VALUE   (LST)  VALUE       VALUE  FROM      YEAR
                                                  NORMAL
..................................................................
TEMPERATURE (F)
 YESTERDAY
  MAXIMUM         44   1148 AM  86    2012  53     -9       67
  MINIMUM         24    620 AM  -4    1965  30     -6       27
  AVERAGE         34                        41     -7       47

PRECIPITATION (IN)
  YESTERDAY        0.12          1.01 1959   0.07   0.05     0.00
  MONTH TO DATE    0.80                      1.39  -0.59     0.34
  SINCE MAR 1      0.80                      1.39  -0.59     0.34
  SINCE JAN 1      1.68                      2.74  -1.06     0.90

SNOWFALL (IN)
  YESTERDAY        0.2                       0.1    0.1      0.0
  MONTH TO DATE    0.2                       4.3   -4.1      4.0
  SINCE JUL 1     20.5                      27.1   -6.6     15.4
  SNOW DEPTH       0

DEGREE DAYS
 HEATING
  YESTERDAY       31                        24      7       18
  MONTH TO DATE  588                       744   -156      826
  SINCE MAR 1    588                       744   -156      826
  SINCE JUL 1   5634                      5837   -203     6176

 COOLING
  YESTERDAY        0                         0      0        0
  MONTH TO DATE    0                         0      0        0
  SINCE MAR 1      0                         0      0        0
  SINCE JAN 1      0                         0      0        0
..................................................................


WIND (MPH)
  HIGHEST WIND SPEED    17   HIGHEST WIND DIRECTION     N (10)
  HIGHEST GUST SPEED    22   HIGHEST GUST DIRECTION     N (10)
  AVERAGE WIND SPEED     7.3


SKY COVER
  POSSIBLE SUNSHINE  MM
  AVERAGE SKY COVER 0.4


WEATHER CONDITIONS
 THE FOLLOWING WEATHER WAS RECORDED YESTERDAY.
  SNOW
  LIGHT SNOW
  FOG
  HAZE


RELATIVE HUMIDITY (PERCENT)
 HIGHEST    96           300 PM
 LOWEST     43          1100 AM
 AVERAGE    70

..........................................................


THE NORFOLK, NEBRASKA CLIMATE NORMALS FOR TODAY
                         NORMAL    RECORD    YEAR
 MAXIMUM TEMPERATURE (F)   54        84      1989
 MINIMUM TEMPERATURE (F)   30         0      1913


SUNRISE AND SUNSET
MARCH 27 2015.........SUNRISE   721 AM CDT   SUNSET   750 PM CDT
MARCH 28 2015.........SUNRISE   720 AM CDT   SUNSET   751 PM CDT


-  INDICATES NEGATIVE NUMBERS.
R  INDICATES RECORD WAS SET OR TIED.
MM INDICATES DATA IS MISSING.
T  INDICATES TRACE AMOUNT.




$$
