571
CDUS43 KOAX 200711
CLIOFK


CLIMATE REPORT
NATIONAL WEATHER SERVICE OMAHA NEBRASKA
207 AM CDT THU JUL 20 2017


...................................

...THE NORFOLK, NEBRASKA CLIMATE SUMMARY FOR JULY 19 2017...

CLIMATE NORMAL PERIOD 1981 TO 2010
CLIMATE RECORD PERIOD 1888 TO 2017


WEATHER ITEM   OBSERVED TIME   RECORD YEAR NORMAL DEPARTURE LAST
                VALUE   (LST)  VALUE       VALUE  FROM      YEAR
                                                  NORMAL
..................................................................
TEMPERATURE (F)
 YESTERDAY
  MAXIMUM         95    409 PM 113    1934  87      8       87
  MINIMUM         74    624 AM  48    1947  64     10       71
  AVERAGE         85                        75     10       79

PRECIPITATION (IN)
  YESTERDAY        0.00          2.55 1965   0.10  -0.10      T
  MONTH TO DATE    0.85                      2.09  -1.24     2.67
  SINCE JUN 1      3.32                      6.35  -3.03     5.88
  SINCE JAN 1     14.93                     16.05  -1.12    22.33

SNOWFALL (IN)
  YESTERDAY        0.0                       0.0    0.0      0.0
  MONTH TO DATE    0.0                       0.0    0.0      0.0
  SINCE JUL 1      0.0                       0.0    0.0      0.0
  SNOW DEPTH       0

DEGREE DAYS
 HEATING
  YESTERDAY        0                         0      0        0
  MONTH TO DATE    0                         0      0        7
  SINCE JUN 1     12                        30    -18       10
  SINCE JUL 1      0                         0      0        7

 COOLING
  YESTERDAY       20                        10     10       14
  MONTH TO DATE  237                       188     49      157
  SINCE JUN 1    474                       374    100      433
  SINCE JAN 1    502                       435     67      471
..................................................................


WIND (MPH)
  HIGHEST WIND SPEED    24   HIGHEST WIND DIRECTION     S (190)
  HIGHEST GUST SPEED    30   HIGHEST GUST DIRECTION     S (190)
  AVERAGE WIND SPEED    11.6


SKY COVER
  POSSIBLE SUNSHINE  MM
  AVERAGE SKY COVER 0.1


WEATHER CONDITIONS
 THE FOLLOWING WEATHER WAS RECORDED YESTERDAY.
  THUNDERSTORM
  FOG


RELATIVE HUMIDITY (PERCENT)
 HIGHEST    94           200 AM
 LOWEST     52           100 PM
 AVERAGE    73

..........................................................


THE NORFOLK, NEBRASKA CLIMATE NORMALS FOR TODAY
                         NORMAL    RECORD    YEAR
 MAXIMUM TEMPERATURE (F)   87       109      1934
 MINIMUM TEMPERATURE (F)   64        47      1898


SUNRISE AND SUNSET
JULY 20 2017..........SUNRISE   612 AM CDT   SUNSET   900 PM CDT
JULY 21 2017..........SUNRISE   613 AM CDT   SUNSET   859 PM CDT


-  INDICATES NEGATIVE NUMBERS.
R  INDICATES RECORD WAS SET OR TIED.
MM INDICATES DATA IS MISSING.
T  INDICATES TRACE AMOUNT.




$$
