000
CDUS43 KOAX 200640
CLIOFK


CLIMATE REPORT
NATIONAL WEATHER SERVICE OMAHA NEBRASKA
139 AM CDT WED SEP 20 2017


...................................

...THE NORFOLK, NEBRASKA CLIMATE SUMMARY FOR SEPTEMBER 19 2017...

CLIMATE NORMAL PERIOD 1981 TO 2010
CLIMATE RECORD PERIOD 1888 TO 2017


WEATHER ITEM   OBSERVED TIME   RECORD YEAR NORMAL DEPARTURE LAST
                VALUE   (LST)  VALUE       VALUE  FROM      YEAR
                                                  NORMAL
..................................................................
TEMPERATURE (F)
 YESTERDAY
  MAXIMUM         87    411 PM 104    1895  75     12       83
  MINIMUM         61    245 AM  26    1991  49     12       54
  AVERAGE         74                        62     12       69

PRECIPITATION (IN)
  YESTERDAY        0.00          2.42 1926   0.08  -0.08     0.00
  MONTH TO DATE    0.71                      1.70  -0.99     1.53
  SINCE SEP 1      0.71                      1.70  -0.99     1.53
  SINCE JAN 1     22.49                     22.23   0.26    26.40

SNOWFALL (IN)
  YESTERDAY        0.0                       0.0    0.0      0.0
  MONTH TO DATE    0.0                       0.0    0.0      0.0
  SINCE JUL 1      0.0                       0.0    0.0      0.0
  SNOW DEPTH       0

DEGREE DAYS
 HEATING
  YESTERDAY        0                         5     -5        0
  MONTH TO DATE   43                        53    -10       23
  SINCE SEP 1     43                        53    -10       23
  SINCE JUL 1     54                        69    -15       36

 COOLING
  YESTERDAY        9                         2      7        4
  MONTH TO DATE   77                        76      1       67
  SINCE SEP 1     77                        76      1       67
  SINCE JAN 1    835                       892    -57      910
..................................................................


WIND (MPH)
  HIGHEST WIND SPEED    31   HIGHEST WIND DIRECTION    SE (150)
  HIGHEST GUST SPEED    40   HIGHEST GUST DIRECTION    SE (150)
  AVERAGE WIND SPEED    16.1


SKY COVER
  POSSIBLE SUNSHINE  MM
  AVERAGE SKY COVER 0.3


WEATHER CONDITIONS
 THE FOLLOWING WEATHER WAS RECORDED YESTERDAY.
  FOG


RELATIVE HUMIDITY (PERCENT)
 HIGHEST   100          1200 AM
 LOWEST     51           400 PM
 AVERAGE    76

..........................................................


THE NORFOLK, NEBRASKA CLIMATE NORMALS FOR TODAY
                         NORMAL    RECORD    YEAR
 MAXIMUM TEMPERATURE (F)   75       100      1895
 MINIMUM TEMPERATURE (F)   49        24      1918


SUNRISE AND SUNSET
SEPTEMBER 20 2017.....SUNRISE   715 AM CDT   SUNSET   730 PM CDT
SEPTEMBER 21 2017.....SUNRISE   716 AM CDT   SUNSET   728 PM CDT


-  INDICATES NEGATIVE NUMBERS.
R  INDICATES RECORD WAS SET OR TIED.
MM INDICATES DATA IS MISSING.
T  INDICATES TRACE AMOUNT.




$$
