000
CDUS43 KOAX 250632
CLIOFK


CLIMATE REPORT
NATIONAL WEATHER SERVICE OMAHA NEBRASKA
1230 AM CST SAT NOV 25 2017


...................................

...THE NORFOLK, NEBRASKA CLIMATE SUMMARY FOR NOVEMBER 24 2017...

CLIMATE NORMAL PERIOD 1981 TO 2010
CLIMATE RECORD PERIOD 1888 TO 2017


WEATHER ITEM   OBSERVED TIME   RECORD YEAR NORMAL DEPARTURE LAST
                VALUE   (LST)  VALUE       VALUE  FROM      YEAR
                                                  NORMAL
..................................................................
TEMPERATURE (F)
 YESTERDAY
  MAXIMUM         68    203 PM  74    1942  42     26       39
  MINIMUM         36   1121 PM  -2    1975  21     15       32
  AVERAGE         52                        32     20       36

PRECIPITATION (IN)
  YESTERDAY        0.00          1.48 2001   0.04  -0.04      T
  MONTH TO DATE    0.09                      1.13  -1.04     0.92
  SINCE SEP 1      5.69                      5.89  -0.20     5.30
  SINCE JAN 1     27.47                     26.42   1.05    30.17

SNOWFALL (IN)
  YESTERDAY        0.0                       0.2   -0.2      0.0
  MONTH TO DATE    T                         2.9   -2.9      2.5
  SINCE JUL 1      T                         3.7   -3.7      2.5
  SNOW DEPTH       0

DEGREE DAYS
 HEATING
  YESTERDAY       13                        33    -20       29
  MONTH TO DATE  660                       648     12      467
  SINCE SEP 1   1162                      1217    -55      865
  SINCE JUL 1   1173                      1233    -60      878

 COOLING
  YESTERDAY        0                         0      0        0
  MONTH TO DATE    0                         0      0        0
  SINCE SEP 1    121                        99     22      120
  SINCE JAN 1    879                       915    -36      963
..................................................................


WIND (MPH)
  HIGHEST WIND SPEED    38   HIGHEST WIND DIRECTION    NW (330)
  HIGHEST GUST SPEED    48   HIGHEST GUST DIRECTION     N (340)
  AVERAGE WIND SPEED    14.1


SKY COVER
  POSSIBLE SUNSHINE  MM
  AVERAGE SKY COVER 0.0


WEATHER CONDITIONS
 THE FOLLOWING WEATHER WAS RECORDED YESTERDAY.
  NO SIGNIFICANT WEATHER WAS OBSERVED.


RELATIVE HUMIDITY (PERCENT)
 HIGHEST    85           600 AM
 LOWEST     29           300 PM
 AVERAGE    57

..........................................................


THE NORFOLK, NEBRASKA CLIMATE NORMALS FOR TODAY
                         NORMAL    RECORD    YEAR
 MAXIMUM TEMPERATURE (F)   41        76      1960
 MINIMUM TEMPERATURE (F)   21        -3      1993


SUNRISE AND SUNSET
NOVEMBER 25 2017......SUNRISE   732 AM CST   SUNSET   502 PM CST
NOVEMBER 26 2017......SUNRISE   733 AM CST   SUNSET   501 PM CST


-  INDICATES NEGATIVE NUMBERS.
R  INDICATES RECORD WAS SET OR TIED.
MM INDICATES DATA IS MISSING.
T  INDICATES TRACE AMOUNT.




$$
