916
CDUS42 KCAE 030534
CLIOGB


CLIMATE REPORT
NATIONAL WEATHER SERVICE COLUMBIA SC
134 AM EDT TUE MAY 3 2016


...................................

...THE ORANGEBURG AIRPORT SC CLIMATE SUMMARY FOR MAY 2 2016...

CLIMATE NORMAL PERIOD 1981 TO 2010
CLIMATE RECORD PERIOD 9999 TO 9999


WEATHER ITEM   OBSERVED TIME   NORMAL DEPARTURE LAST
                VALUE   (LST)  VALUE  FROM      YEAR
                                      NORMAL
......................................................
TEMPERATURE (F)
 YESTERDAY
  MAXIMUM         87    310 PM  81      6       79
  MINIMUM         67   1247 AM  55     12       47
  AVERAGE         77            68      9       63

PRECIPITATION (IN)
  YESTERDAY        0.10          0.08   0.02     0.00
  MONTH TO DATE    0.30          0.15   0.15     0.00
  SINCE MAR 1      3.91          6.98  -3.07     6.09
  SINCE JAN 1     11.08         14.55  -3.47    12.94

DEGREE DAYS
 HEATING
  YESTERDAY        0             1     -1        2
  MONTH TO DATE    0             2     -2        7
  SINCE MAR 1    220           387   -167      252
  SINCE JUL 1   1621          2319   -698     2326

 COOLING
  YESTERDAY       12             4      8        0
  MONTH TO DATE   24             8     16        0
  SINCE MAR 1    185            90     95      122
  SINCE JAN 1    191            93     98      122
......................................................


WIND (MPH)
  HIGHEST WIND SPEED    20   HIGHEST WIND DIRECTION    SW (210)
  HIGHEST GUST SPEED    25   HIGHEST GUST DIRECTION     S (160)
  AVERAGE WIND SPEED     6.4


SKY COVER
  AVERAGE SKY COVER 0.7


WEATHER CONDITIONS
 THE FOLLOWING WEATHER WAS RECORDED YESTERDAY.
  THUNDERSTORM
  HEAVY RAIN
  RAIN
  LIGHT RAIN
  FOG
  FOG W/VISIBILITY <= 1/4 MILE


RELATIVE HUMIDITY (PERCENT)
 HIGHEST    97           700 AM
 LOWEST     51           200 PM

..........................................................


THE ORANGEBURG AIRPORT SC CLIMATE NORMALS FOR TODAY
                         NORMAL    RECORD    YEAR
 MAXIMUM TEMPERATURE (F)   81        MM        MM
 MINIMUM TEMPERATURE (F)   55        MM        MM


SUNRISE AND SUNSET
MAY  3 2016...........SUNRISE   633 AM EDT   SUNSET   808 PM EDT
MAY  4 2016...........SUNRISE   632 AM EDT   SUNSET   809 PM EDT


-  INDICATES NEGATIVE NUMBERS.
R  INDICATES RECORD WAS SET OR TIED.
MM INDICATES DATA IS MISSING.
T  INDICATES TRACE AMOUNT.




$$
