000
CDUS42 KCAE 060551
CLIOGB


CLIMATE REPORT
NATIONAL WEATHER SERVICE COLUMBIA SC
1251 AM EST FRI MAR 6 2015


...................................

...THE ORANGEBURG AIRPORT SC CLIMATE SUMMARY FOR MARCH 5 2015...

CLIMATE NORMAL PERIOD 1981 TO 2010
CLIMATE RECORD PERIOD 9999 TO 9999


WEATHER ITEM   OBSERVED TIME   NORMAL DEPARTURE LAST
                VALUE   (LST)  VALUE  FROM      YEAR
                                      NORMAL
......................................................
TEMPERATURE (F)
 YESTERDAY
  MAXIMUM         83    227 PM  66     17       43
  MINIMUM         41   1159 PM  42     -1       35
  AVERAGE         62            54      8       39

PRECIPITATION (IN)
  YESTERDAY        0.19          0.13   0.06     0.08
  MONTH TO DATE    0.46          0.64  -0.18     0.09
  SINCE MAR 1      0.46          0.64  -0.18     0.09
  SINCE JAN 1      7.31          8.21  -0.90     6.01

DEGREE DAYS
 HEATING
  YESTERDAY        3            12     -9       26
  MONTH TO DATE   47            60    -13       93
  SINCE MAR 1     47            60    -13       93
  SINCE JUL 1   2121          1992    129     1957

 COOLING
  YESTERDAY        0             0      0        0
  MONTH TO DATE    0             0      0        0
  SINCE MAR 1      0             0      0        0
  SINCE JAN 1      0             3     -3        6
......................................................


WIND (MPH)
  HIGHEST WIND SPEED    30   HIGHEST WIND DIRECTION    NW (300)
  HIGHEST GUST SPEED    41   HIGHEST GUST DIRECTION    SW (220)
  AVERAGE WIND SPEED    13.8


SKY COVER
  AVERAGE SKY COVER 0.7


WEATHER CONDITIONS
 THE FOLLOWING WEATHER WAS RECORDED YESTERDAY.
  RAIN
  LIGHT RAIN
  FOG
  HAZE


RELATIVE HUMIDITY (PERCENT)
 HIGHEST    90           700 AM
 LOWEST     46           200 PM

..........................................................


THE ORANGEBURG AIRPORT SC CLIMATE NORMALS FOR TODAY
                         NORMAL    RECORD    YEAR
 MAXIMUM TEMPERATURE (F)   66        MM        MM
 MINIMUM TEMPERATURE (F)   42        MM        MM


SUNRISE AND SUNSET
MARCH  6 2015.........SUNRISE   646 AM EST   SUNSET   624 PM EST
MARCH  7 2015.........SUNRISE   645 AM EST   SUNSET   625 PM EST


-  INDICATES NEGATIVE NUMBERS.
R  INDICATES RECORD WAS SET OR TIED.
MM INDICATES DATA IS MISSING.
T  INDICATES TRACE AMOUNT.




$$
