000
CDUS42 KCAE 200540
CLIOGB


CLIMATE REPORT
NATIONAL WEATHER SERVICE COLUMBIA SC
140 AM EDT SAT SEP 20 2014


...................................

...THE ORANGEBURG AIRPORT SC CLIMATE SUMMARY FOR SEPTEMBER 19 2014...

CLIMATE NORMAL PERIOD 1981 TO 2010
CLIMATE RECORD PERIOD 9999 TO 9999


WEATHER ITEM   OBSERVED TIME   RECORD YEAR NORMAL DEPARTURE LAST
                VALUE   (LST)  VALUE       VALUE  FROM      YEAR
                                                  NORMAL
..................................................................
TEMPERATURE (F)
 YESTERDAY
  MAXIMUM         83    151 PM  MM      MM  85     -2       84
  MINIMUM         69    638 AM  MM      MM  64      5       57
  AVERAGE         76                        74      2       71

PRECIPITATION (IN)
  YESTERDAY        0.03         MM      MM   0.11  -0.08     0.00
  MONTH TO DATE    2.92                      2.41   0.51     0.69
  SINCE SEP 1      2.92                      2.41   0.51     0.69
  SINCE JAN 1     37.94                     35.72   2.22    48.00

DEGREE DAYS
 HEATING
  YESTERDAY        0                         0      0        0
  MONTH TO DATE    0                         0      0        0
  SINCE SEP 1      0                         0      0        0
  SINCE JUL 1      0                         0      0        0

 COOLING
  YESTERDAY       11                         9      2        6
  MONTH TO DATE  271                       216     55      250
  SINCE SEP 1    271                       216     55      250
  SINCE JAN 1   2062                      1909    153     1842
..................................................................


WIND (MPH)
  HIGHEST WIND SPEED    16   HIGHEST WIND DIRECTION     E (70)
  HIGHEST GUST SPEED    25   HIGHEST GUST DIRECTION    NE (60)
  AVERAGE WIND SPEED     6.1


SKY COVER
  AVERAGE SKY COVER 0.4


WEATHER CONDITIONS
 THE FOLLOWING WEATHER WAS RECORDED YESTERDAY.
  THUNDERSTORM
  LIGHT RAIN


RELATIVE HUMIDITY (PERCENT)
 HIGHEST    97           300 AM
 LOWEST     58           200 PM

..........................................................


THE ORANGEBURG AIRPORT SC CLIMATE NORMALS FOR TODAY
                         NORMAL    RECORD    YEAR
 MAXIMUM TEMPERATURE (F)   84        MM        MM
 MINIMUM TEMPERATURE (F)   64        MM        MM


SUNRISE AND SUNSET
SEPTEMBER 20 2014.....SUNRISE   710 AM EDT   SUNSET   723 PM EDT
SEPTEMBER 21 2014.....SUNRISE   711 AM EDT   SUNSET   721 PM EDT


-  INDICATES NEGATIVE NUMBERS.
R  INDICATES RECORD WAS SET OR TIED.
MM INDICATES DATA IS MISSING.
T  INDICATES TRACE AMOUNT.




$$
