000
CDUS42 KCAE 270636
CLIOGB


CLIMATE REPORT
NATIONAL WEATHER SERVICE COLUMBIA SC
236 AM EDT MON MAR 27 2017


...................................

...THE ORANGEBURG AIRPORT SC CLIMATE SUMMARY FOR MARCH 26 2017...

CLIMATE NORMAL PERIOD 1981 TO 2010
CLIMATE RECORD PERIOD 9999 TO 9999


WEATHER ITEM   OBSERVED TIME   NORMAL DEPARTURE LAST
                VALUE   (LST)  VALUE  FROM      YEAR
                                      NORMAL
......................................................
TEMPERATURE (F)
 YESTERDAY
  MAXIMUM         79    158 PM  72      7       71
  MINIMUM         52    454 AM  47      5       63
  AVERAGE         66            59      7       67

PRECIPITATION (IN)
  YESTERDAY        T             0.14  -0.14     0.15
  MONTH TO DATE    1.21          3.36  -2.15     1.35
  SINCE MAR 1      1.21          3.36  -2.15     1.35
  SINCE JAN 1      7.86         10.93  -3.07     8.52

DEGREE DAYS
 HEATING
  YESTERDAY        0             7     -7        0
  MONTH TO DATE  272           247     25      130
  SINCE MAR 1    272           247     25      130
  SINCE JUL 1   1581          2179   -598     1531

 COOLING
  YESTERDAY        1             1      0        2
  MONTH TO DATE   14            18     -4       56
  SINCE MAR 1     14            18     -4       56
  SINCE JAN 1     40            21     19       62
......................................................


WIND (MPH)
  HIGHEST WIND SPEED    16   HIGHEST WIND DIRECTION     W (280)
  HIGHEST GUST SPEED    20   HIGHEST GUST DIRECTION     W (280)
  AVERAGE WIND SPEED     5.9


SKY COVER
  AVERAGE SKY COVER 0.3


WEATHER CONDITIONS
 THE FOLLOWING WEATHER WAS RECORDED YESTERDAY.
  LIGHT RAIN


RELATIVE HUMIDITY (PERCENT)
 HIGHEST   100           400 AM
 LOWEST     42           200 PM

..........................................................


THE ORANGEBURG AIRPORT SC CLIMATE NORMALS FOR TODAY
                         NORMAL    RECORD    YEAR
 MAXIMUM TEMPERATURE (F)   72        MM        MM
 MINIMUM TEMPERATURE (F)   47        MM        MM


SUNRISE AND SUNSET
MARCH 27 2017.........SUNRISE   717 AM EDT   SUNSET   740 PM EDT
MARCH 28 2017.........SUNRISE   716 AM EDT   SUNSET   741 PM EDT


-  INDICATES NEGATIVE NUMBERS.
R  INDICATES RECORD WAS SET OR TIED.
MM INDICATES DATA IS MISSING.
T  INDICATES TRACE AMOUNT.




$$
