000
CDHW42 PHFO 110308
CLIOGG


CLIMATE REPORT
NATIONAL WEATHER SERVICE HONOLULU HI
508 PM HST THU JUL 10 2014


...................................

...THE KAHULUI HI CLIMATE SUMMARY FOR JULY 10 2014...
VALID TODAY AS OF 0500 PM LOCAL TIME.

CLIMATE NORMAL PERIOD 1981 TO 2010
CLIMATE RECORD PERIOD 1946 TO 2014


WEATHER ITEM   OBSERVED TIME   RECORD YEAR NORMAL DEPARTURE LAST
                VALUE   (LST)  VALUE       VALUE  FROM      YEAR
                                                  NORMAL
..................................................................
TEMPERATURE (F)
 TODAY
  MAXIMUM         89    143 PM  93    1951  87      2       88
  MINIMUM         74    310 AM  63    2008  71      3       73
                                      1953
  AVERAGE         82                        79      3       81

PRECIPITATION (IN)
  TODAY            0.00          0.31 1965   0.02  -0.02      T
  MONTH TO DATE    0.06                      0.13  -0.07     0.02
  SINCE JUN 1      0.35                      0.33   0.02     0.29
  SINCE JAN 1     14.31                      9.83   4.48     7.28

SNOWFALL (IN)
  TODAY            0.0
  MONTH TO DATE    0.0
  SINCE JUN 1      0.0
  SINCE JUL 1      0.0
  SNOW DEPTH       0

DEGREE DAYS
 HEATING
  TODAY            0                         0      0        0
  MONTH TO DATE    0                         0      0        0
  SINCE JUN 1      0                         0      0        0
  SINCE JUL 1      0                         0      0        0

 COOLING
  TODAY           17                        14      3       16
  MONTH TO DATE  162                       140     22      142
  SINCE JUN 1    581                       528     53      584
  SINCE JAN 1   2077                      1787    290     1968
..................................................................


WIND (MPH)
  HIGHEST WIND SPEED    29   HIGHEST WIND DIRECTION     E (70)
  HIGHEST GUST SPEED    37   HIGHEST GUST DIRECTION     E (80)
  AVERAGE WIND SPEED    17.0


SKY COVER
  POSSIBLE SUNSHINE  MM
  AVERAGE SKY COVER 0.3


WEATHER CONDITIONS
 THE FOLLOWING WEATHER WAS RECORDED TODAY.
  NO SIGNIFICANT WEATHER WAS OBSERVED.


RELATIVE HUMIDITY (PERCENT)
 HIGHEST    82          1200 AM
 LOWEST     38           100 PM
 AVERAGE    60

..........................................................


THE KAHULUI HI CLIMATE NORMALS FOR TOMORROW
                         NORMAL    RECORD    YEAR
 MAXIMUM TEMPERATURE (F)   87        94      1951
 MINIMUM TEMPERATURE (F)   71        60      1974


SUNRISE AND SUNSET
JULY 10 2014..........SUNRISE   551 AM HST   SUNSET   711 PM HST
JULY 11 2014..........SUNRISE   552 AM HST   SUNSET   711 PM HST


-  INDICATES NEGATIVE NUMBERS.
R  INDICATES RECORD WAS SET OR TIED.
MM INDICATES DATA IS MISSING.
T  INDICATES TRACE AMOUNT.




$$
