000
CDHW42 PHFO 170256
CLIOGG


CLIMATE REPORT
NATIONAL WEATHER SERVICE HONOLULU HI
454 PM HST WED AUG 16 2017


...................................

...THE KAHULUI HI CLIMATE SUMMARY FOR AUGUST 16 2017...
VALID TODAY AS OF 0400 PM LOCAL TIME.

CLIMATE NORMAL PERIOD 1981 TO 2010
CLIMATE RECORD PERIOD 1946 TO 2017


WEATHER ITEM   OBSERVED TIME   RECORD YEAR NORMAL DEPARTURE LAST
                VALUE   (LST)  VALUE       VALUE  FROM      YEAR
                                                  NORMAL
..................................................................
TEMPERATURE (F)
 TODAY
  MAXIMUM         89    200 PM  94    1951  88      1       91
  MINIMUM         74    702 AM  61    1949  72      2       69
  AVERAGE         82                        80      2       80

PRECIPITATION (IN)
  TODAY            0.00          0.61 1987   0.02  -0.02     0.01
  MONTH TO DATE    0.05                      0.29  -0.24     0.25
  SINCE JUN 1      0.42                      0.99  -0.57     1.77
  SINCE JAN 1     14.89                     10.49   4.40     9.50

SNOWFALL (IN)
  TODAY            0.0
  MONTH TO DATE    0.0
  SINCE JUN 1      0.0
  SINCE JUL 1      0.0
  SNOW DEPTH      MM

DEGREE DAYS
 HEATING
  TODAY            0                         0      0        0
  MONTH TO DATE    0                         0      0        0
  SINCE JUN 1      0                         0      0        0
  SINCE JUL 1      0                         0      0        0

 COOLING
  TODAY           17                        15      2       15
  MONTH TO DATE  257                       240     17      249
  SINCE JUN 1   1160                      1067     93     1162
  SINCE JAN 1   2523                      2326    197     2651
..................................................................


WIND (MPH)
  HIGHEST WIND SPEED    29   HIGHEST WIND DIRECTION    NE (40)
  HIGHEST GUST SPEED    35   HIGHEST GUST DIRECTION    NE (30)
  AVERAGE WIND SPEED    MM


SKY COVER
  POSSIBLE SUNSHINE  MM
  AVERAGE SKY COVER  MM


WEATHER CONDITIONS
 THE FOLLOWING WEATHER WAS RECORDED TODAY.
  NO SIGNIFICANT WEATHER WAS OBSERVED.


RELATIVE HUMIDITY (PERCENT)
 HIGHEST    MM
 LOWEST     MM
 AVERAGE    MM

..........................................................


THE KAHULUI HI CLIMATE NORMALS FOR TOMORROW
                         NORMAL    RECORD    YEAR
 MAXIMUM TEMPERATURE (F)   88        93      2004
                                             1976
                                             1953
 MINIMUM TEMPERATURE (F)   71        62      1949


SUNRISE AND SUNSET
AUGUST 16 2017........SUNRISE   605 AM HST   SUNSET   654 PM HST
AUGUST 17 2017........SUNRISE   605 AM HST   SUNSET   654 PM HST


-  INDICATES NEGATIVE NUMBERS.
R  INDICATES RECORD WAS SET OR TIED.
MM INDICATES DATA IS MISSING.
T  INDICATES TRACE AMOUNT.




$$
