000
CDHW42 PHFO 210232
CLIOGG


CLIMATE REPORT
NATIONAL WEATHER SERVICE HONOLULU HI
430 PM HST SAT DEC 20 2014


...................................

...THE KAHULUI HI CLIMATE SUMMARY FOR DECEMBER 20 2014...
VALID TODAY AS OF 0400 PM LOCAL TIME.

CLIMATE NORMAL PERIOD 1981 TO 2010
CLIMATE RECORD PERIOD 1946 TO 2014


WEATHER ITEM   OBSERVED TIME   RECORD YEAR NORMAL DEPARTURE LAST
                VALUE   (LST)  VALUE       VALUE  FROM      YEAR
                                                  NORMAL
..................................................................
TEMPERATURE (F)
 TODAY
  MAXIMUM         87R   231 PM  87    1997  81      6       86
                                      1979
                                      1952
  MINIMUM         64    718 AM  54    1950  65     -1       62
  AVERAGE         76                        73      3       74

PRECIPITATION (IN)
  TODAY            0.00          3.21 1955   0.12  -0.12     0.00
  MONTH TO DATE    0.28                      2.17  -1.89     0.08
  SINCE DEC 1      0.28                      2.17  -1.89     0.08
  SINCE JAN 1     18.53                     16.65   1.88    13.67

SNOWFALL (IN)
  TODAY            0.0
  MONTH TO DATE    0.0
  SINCE DEC 1      0.0
  SINCE JUL 1      0.0
  SNOW DEPTH       0

DEGREE DAYS
 HEATING
  TODAY            0                         0      0        0
  MONTH TO DATE    0                         0      0        0
  SINCE DEC 1      0                         0      0        0
  SINCE JUL 1      0                         0      0        0

 COOLING
  TODAY           11                         8      3        9
  MONTH TO DATE  184                       175      9      188
  SINCE DEC 1    184                       175      9      188
  SINCE JAN 1   4378                      3882    496     4166
..................................................................


WIND (MPH)
  HIGHEST WIND SPEED    14   HIGHEST WIND DIRECTION     E (70)
  HIGHEST GUST SPEED    21   HIGHEST GUST DIRECTION     W (290)
  AVERAGE WIND SPEED     4.7


SKY COVER
  POSSIBLE SUNSHINE  MM
  AVERAGE SKY COVER 0.2


WEATHER CONDITIONS
 THE FOLLOWING WEATHER WAS RECORDED TODAY.
  HAZE


RELATIVE HUMIDITY (PERCENT)
 HIGHEST    87           100 AM
 LOWEST     42           200 PM
 AVERAGE    65

..........................................................


THE KAHULUI HI CLIMATE NORMALS FOR TOMORROW
                         NORMAL    RECORD    YEAR
 MAXIMUM TEMPERATURE (F)   81        87      1952
 MINIMUM TEMPERATURE (F)   65        55      1950


SUNRISE AND SUNSET
DECEMBER 20 2014......SUNRISE   658 AM HST   SUNSET   549 PM HST
DECEMBER 21 2014......SUNRISE   658 AM HST   SUNSET   550 PM HST


-  INDICATES NEGATIVE NUMBERS.
R  INDICATES RECORD WAS SET OR TIED.
MM INDICATES DATA IS MISSING.
T  INDICATES TRACE AMOUNT.




$$
