000
CDUS43 KEAX 230643
CLIOJC


CLIMATE REPORT
NATIONAL WEATHER SERVICE KANSAS CITY/PLEASANT HILL MO
142 AM CDT MON OCT 23 2017


...................................

...THE JOHNSON COUNTY EXECUTIVE KS CLIMATE SUMMARY FOR OCTOBER 22 2017...

CLIMATE NORMAL PERIOD 1981 TO 2010
CLIMATE RECORD PERIOD 9999 TO 9999


WEATHER ITEM   OBSERVED TIME   NORMAL DEPARTURE LAST
                VALUE   (LST)  VALUE  FROM      YEAR
                                      NORMAL
......................................................
TEMPERATURE (F)
 YESTERDAY
  MAXIMUM         65    419 PM  65      0       71
  MINIMUM         45   1159 PM  45      0       43
  AVERAGE         55            55      0       57

PRECIPITATION (IN)
  YESTERDAY        0.47          0.09   0.38     0.00
  MONTH TO DATE    3.80          2.60   1.20     1.69
  SINCE SEP 1      6.01          7.11  -1.10     5.06
  SINCE JAN 1     44.61         35.07   9.54    34.94

DEGREE DAYS
 HEATING
  YESTERDAY       10            11     -1        8
  MONTH TO DATE   87           165    -78      114
  SINCE SEP 1    101           213   -112      134
  SINCE JUL 1    104           214   -110      134

 COOLING
  YESTERDAY        0             0      0        0
  MONTH TO DATE   43            27     16       33
  SINCE SEP 1    229           183     46      227
  SINCE JAN 1   1236          1348   -112     1446
......................................................


WIND (MPH)
  HIGHEST WIND SPEED    18   HIGHEST WIND DIRECTION     N (10)
  HIGHEST GUST SPEED    24   HIGHEST GUST DIRECTION     N (20)
  AVERAGE WIND SPEED     6.9


SKY COVER
  AVERAGE SKY COVER 0.2


WEATHER CONDITIONS
 THE FOLLOWING WEATHER WAS RECORDED YESTERDAY.
  THUNDERSTORM
  HEAVY RAIN
  RAIN
  LIGHT RAIN
  FOG


RELATIVE HUMIDITY (PERCENT)
 HIGHEST   100           200 AM
 LOWEST     34           300 PM
 AVERAGE    67

..........................................................


THE JOHNSON COUNTY EXECUTIVE KS CLIMATE NORMALS FOR TODAY
                         NORMAL
 MAXIMUM TEMPERATURE (F)   64
 MINIMUM TEMPERATURE (F)   45


SUNRISE AND SUNSET
OCTOBER 23 2017.......SUNRISE   737 AM CDT   SUNSET   629 PM CDT
OCTOBER 24 2017.......SUNRISE   738 AM CDT   SUNSET   628 PM CDT


-  INDICATES NEGATIVE NUMBERS.
R  INDICATES RECORD WAS SET OR TIED.
MM INDICATES DATA IS MISSING.
T  INDICATES TRACE AMOUNT.




$$
