000
CDUS43 KEAX 010033
CLIOJC


CLIMATE REPORT
NATIONAL WEATHER SERVICE KANSAS CITY/PLEASANT HILL MO
733 PM CDT TUE MAY 31 2016


...................................

...THE JOHNSON COUNTY EXECUTIVE KS CLIMATE SUMMARY FOR MAY 31 2016...
VALID TODAY AS OF 0700 PM LOCAL TIME.

CLIMATE NORMAL PERIOD 1981 TO 2010
CLIMATE RECORD PERIOD 9999 TO 9999


WEATHER ITEM   OBSERVED TIME   NORMAL DEPARTURE LAST
                VALUE   (LST)  VALUE  FROM      YEAR
                                      NORMAL
......................................................
TEMPERATURE (F)
 TODAY
  MAXIMUM         77    127 PM  79     -2       69
  MINIMUM         60    538 AM  60      0       55
  AVERAGE         69            69      0       62

PRECIPITATION (IN)
  TODAY            0.00          0.17  -0.17     0.00
  MONTH TO DATE    7.56          5.43   2.13    10.60
  SINCE MAR 1     14.15         12.05   2.10    14.63
  SINCE JAN 1     15.40         14.74   0.66    16.22

DEGREE DAYS
 HEATING
  TODAY            0             1     -1        3
  MONTH TO DATE  131            93     38       85
  SINCE MAR 1    794          1033   -239      842
  SINCE JUL 1   4139          4926   -787     4877

 COOLING
  TODAY            4             5     -1        0
  MONTH TO DATE   48            86    -38       68
  SINCE MAR 1     54           104    -50       77
  SINCE JAN 1     54           104    -50       77
......................................................


WIND (MPH)
  HIGHEST WIND SPEED    12   HIGHEST WIND DIRECTION     S (170)
  HIGHEST GUST SPEED    14   HIGHEST GUST DIRECTION    SE (140)
  AVERAGE WIND SPEED     3.9


SKY COVER
  AVERAGE SKY COVER 0.6


WEATHER CONDITIONS
 THE FOLLOWING WEATHER WAS RECORDED TODAY.
  NO SIGNIFICANT WEATHER WAS OBSERVED.


RELATIVE HUMIDITY (PERCENT)
 HIGHEST   100           300 AM
 LOWEST     60           100 PM
 AVERAGE    80

..........................................................


THE JOHNSON COUNTY EXECUTIVE KS CLIMATE NORMALS FOR TOMORROW
                         NORMAL
 MAXIMUM TEMPERATURE (F)   79
 MINIMUM TEMPERATURE (F)   60


SUNRISE AND SUNSET
MAY 31 2016...........SUNRISE   556 AM CDT   SUNSET   838 PM CDT
JUNE  1 2016..........SUNRISE   555 AM CDT   SUNSET   839 PM CDT


-  INDICATES NEGATIVE NUMBERS.
R  INDICATES RECORD WAS SET OR TIED.
MM INDICATES DATA IS MISSING.
T  INDICATES TRACE AMOUNT.




$$
