000
CDUS43 KEAX 280657
CLIOJC


CLIMATE REPORT
NATIONAL WEATHER SERVICE KANSAS CITY/PLEASANT HILL MO
156 AM CDT TUE MAR 28 2017


...................................

...THE JOHNSON COUNTY EXECUTIVE KS CLIMATE SUMMARY FOR MARCH 27 2017...

CLIMATE NORMAL PERIOD 1981 TO 2010
CLIMATE RECORD PERIOD 9999 TO 9999


WEATHER ITEM   OBSERVED TIME   NORMAL DEPARTURE LAST
                VALUE   (LST)  VALUE  FROM      YEAR
                                      NORMAL
......................................................
TEMPERATURE (F)
 YESTERDAY
  MAXIMUM         52    630 PM  59     -7       52
  MINIMUM         46    833 AM  38      8       32
  AVERAGE         49            49      0       42

PRECIPITATION (IN)
  YESTERDAY        0.39          0.09   0.30     0.74
  MONTH TO DATE    0.89          2.30  -1.41     2.09
  SINCE MAR 1      0.89          2.30  -1.41     2.09
  SINCE JAN 1      1.81          4.99  -3.18     3.34

DEGREE DAYS
 HEATING
  YESTERDAY       16            16      0       23
  MONTH TO DATE  458           563   -105      389
  SINCE MAR 1    458           563   -105      389
  SINCE JUL 1   3598          4456   -858     3734

 COOLING
  YESTERDAY        0             0      0        0
  MONTH TO DATE    9             0      9        0
  SINCE MAR 1      9             0      9        0
  SINCE JAN 1      9             0      9        0
......................................................


WIND (MPH)
  HIGHEST WIND SPEED    21   HIGHEST WIND DIRECTION    NE (60)
  HIGHEST GUST SPEED    25   HIGHEST GUST DIRECTION    NE (50)
  AVERAGE WIND SPEED     9.5


SKY COVER
  AVERAGE SKY COVER 1.0


WEATHER CONDITIONS
 THE FOLLOWING WEATHER WAS RECORDED YESTERDAY.
  HEAVY RAIN
  RAIN
  LIGHT RAIN
  FOG


RELATIVE HUMIDITY (PERCENT)
 HIGHEST   100           100 AM
 LOWEST     83           400 PM
 AVERAGE    92

..........................................................


THE JOHNSON COUNTY EXECUTIVE KS CLIMATE NORMALS FOR TODAY
                         NORMAL
 MAXIMUM TEMPERATURE (F)   60
 MINIMUM TEMPERATURE (F)   39


SUNRISE AND SUNSET
MARCH 28 2017.........SUNRISE   709 AM CDT   SUNSET   739 PM CDT
MARCH 29 2017.........SUNRISE   708 AM CDT   SUNSET   740 PM CDT


-  INDICATES NEGATIVE NUMBERS.
R  INDICATES RECORD WAS SET OR TIED.
MM INDICATES DATA IS MISSING.
T  INDICATES TRACE AMOUNT.




$$
