000
CDUS43 KEAX 220633
CLIOJC


CLIMATE REPORT
NATIONAL WEATHER SERVICE KANSAS CITY/PLEASANT HILL MO
132 AM CDT MON MAY 22 2017


...................................

...THE JOHNSON COUNTY EXECUTIVE KS CLIMATE SUMMARY FOR MAY 21 2017...

CLIMATE NORMAL PERIOD 1981 TO 2010
CLIMATE RECORD PERIOD 9999 TO 9999


WEATHER ITEM   OBSERVED TIME   NORMAL DEPARTURE LAST
                VALUE   (LST)  VALUE  FROM      YEAR
                                      NORMAL
......................................................
TEMPERATURE (F)
 YESTERDAY
  MAXIMUM         69    416 PM  76     -7       73
  MINIMUM         43    537 AM  57    -14       49
  AVERAGE         56            66    -10       61

PRECIPITATION (IN)
  YESTERDAY        0.00          0.17  -0.17      T
  MONTH TO DATE    3.04          3.75  -0.71     3.03
  SINCE MAR 1     11.15         10.37   0.78     9.62
  SINCE JAN 1     12.07         13.06  -0.99    10.87

DEGREE DAYS
 HEATING
  YESTERDAY        9             2      7        4
  MONTH TO DATE   76            79     -3      131
  SINCE MAR 1    854          1017   -163      794
  SINCE JUL 1   3994          4910   -916     4139

 COOLING
  YESTERDAY        0             3     -3        0
  MONTH TO DATE   50            40     10       10
  SINCE MAR 1     76            58     18       16
  SINCE JAN 1     76            58     18       16
......................................................


WIND (MPH)
  HIGHEST WIND SPEED    17   HIGHEST WIND DIRECTION     W (290)
  HIGHEST GUST SPEED    26   HIGHEST GUST DIRECTION     W (290)
  AVERAGE WIND SPEED     7.5


SKY COVER
  AVERAGE SKY COVER 0.0


WEATHER CONDITIONS
 THE FOLLOWING WEATHER WAS RECORDED YESTERDAY.
  NO SIGNIFICANT WEATHER WAS OBSERVED.


RELATIVE HUMIDITY (PERCENT)
 HIGHEST    92           300 AM
 LOWEST     39           500 PM
 AVERAGE    66

..........................................................


THE JOHNSON COUNTY EXECUTIVE KS CLIMATE NORMALS FOR TODAY
                         NORMAL
 MAXIMUM TEMPERATURE (F)   76
 MINIMUM TEMPERATURE (F)   57


SUNRISE AND SUNSET
MAY 22 2017...........SUNRISE   601 AM CDT   SUNSET   831 PM CDT
MAY 23 2017...........SUNRISE   600 AM CDT   SUNSET   832 PM CDT


-  INDICATES NEGATIVE NUMBERS.
R  INDICATES RECORD WAS SET OR TIED.
MM INDICATES DATA IS MISSING.
T  INDICATES TRACE AMOUNT.




$$
