000
CDUS46 KSGX 061522
CLIOKB


CLIMATE REPORT
NATIONAL WEATHER SERVICE SAN DIEGO, CA
721 AM PST TUE DEC 6 2016


...................................

...THE OCEANSIDE AIRPORT CA CLIMATE SUMMARY FOR DECEMBER 5 2016...

CLIMATE NORMAL PERIOD 1981 TO 2010
CLIMATE RECORD PERIOD 1999 TO 2016


WEATHER ITEM   OBSERVED TIME   RECORD YEAR NORMAL DEPARTURE LAST
                VALUE   (LST)  VALUE       VALUE  FROM      YEAR
                                                  NORMAL
..................................................................
TEMPERATURE (F)
 YESTERDAY
  MAXIMUM         65   1119 AM  76    2000  66     -1       73
  MINIMUM         39    645 AM  29    2006  41     -2       40
                                      1999
  AVERAGE         52                        53     -1       57

PRECIPITATION (IN)
  YESTERDAY        0.00          0.47 2004   0.03  -0.03     0.00
  MONTH TO DATE    0.00                      0.17  -0.17     0.00
  SINCE OCT 1      1.34                      1.90  -0.56     1.30
  SINCE JAN 1      6.53                     11.68  -5.15     6.21

DEGREE DAYS
 HEATING
  YESTERDAY       13                        12      1        8
  MONTH TO DATE   57                        57      0       50
  SINCE DEC 1     57                        57      0       50
  SINCE JUL 1    243                       407   -164      281

 COOLING
  YESTERDAY        0                         0      0        0
  MONTH TO DATE    0                         0      0        0
  SINCE DEC 1      0                         0      0        0
  SINCE JAN 1    657                       419    238     1069
..................................................................


WIND (MPH)
  RESULTANT WIND SPEED   1   RESULTANT WIND DIRECTION  SE (140)
  HIGHEST WIND SPEED    13   HIGHEST WIND DIRECTION    SW (220)
  HIGHEST GUST SPEED    17   HIGHEST GUST DIRECTION    SW (220)
  AVERAGE WIND SPEED     3.9


SKY COVER
  POSSIBLE SUNSHINE  MM
  AVERAGE SKY COVER 0.5


WEATHER CONDITIONS
 THE FOLLOWING WEATHER WAS RECORDED YESTERDAY.
  NO SIGNIFICANT WEATHER WAS OBSERVED.


RELATIVE HUMIDITY (PERCENT)
 HIGHEST    86           600 PM
 LOWEST     51          1000 AM
 AVERAGE    69

..........................................................


THE OCEANSIDE AIRPORT CA CLIMATE NORMALS FOR TODAY
                         NORMAL    RECORD    YEAR
 MAXIMUM TEMPERATURE (F)   66        76      2015
 MINIMUM TEMPERATURE (F)   40        26      2011


SUNRISE AND SUNSET
DECEMBER  6 2016......SUNRISE   639 AM PST   SUNSET   442 PM PST
DECEMBER  7 2016......SUNRISE   640 AM PST   SUNSET   442 PM PST


-  INDICATES NEGATIVE NUMBERS.
R  INDICATES RECORD WAS SET OR TIED.
MM INDICATES DATA IS MISSING.
T  INDICATES TRACE AMOUNT.




$$
