761
CDUS46 KSGX 311420
CLIOKB


CLIMATE REPORT
NATIONAL WEATHER SERVICE SAN DIEGO, CA
719 AM PDT WED AUG 31 2016


...................................

...THE OCEANSIDE AIRPORT CA CLIMATE SUMMARY FOR AUGUST 30 2016...

CLIMATE NORMAL PERIOD 1981 TO 2010
CLIMATE RECORD PERIOD 1999 TO 2016


WEATHER ITEM   OBSERVED TIME   RECORD YEAR NORMAL DEPARTURE LAST
                VALUE   (LST)  VALUE       VALUE  FROM      YEAR
                                                  NORMAL
..................................................................
TEMPERATURE (F)
 YESTERDAY
  MAXIMUM         79    114 PM  93    2013  77      2       84
  MINIMUM         65    917 PM  56    2010  61      4       68
                                      2009
  AVERAGE         72                        69      3       76

PRECIPITATION (IN)
  YESTERDAY        0.00          0.00 2006   0.00   0.00     0.00
  MONTH TO DATE    0.00                      0.14  -0.14      T
  SINCE OCT 1      7.12                     13.41  -6.29     8.17
  SINCE JAN 1      4.95                      9.53  -4.58     3.77

DEGREE DAYS
 HEATING
  YESTERDAY        0                         0      0        0
  MONTH TO DATE    0                         0      0        0
  SINCE JUN 1      2                        30    -28        4
  SINCE JUL 1      0                         3     -3        0

 COOLING
  YESTERDAY        7                         4      3       11
  MONTH TO DATE  159                       128     31      240
  SINCE JUN 1    429                       280    149      556
  SINCE JAN 1    449                       290    159      595
..................................................................


WIND (MPH)
  RESULTANT WIND SPEED   3   RESULTANT WIND DIRECTION  SW (220)
  HIGHEST WIND SPEED    13   HIGHEST WIND DIRECTION    SW (210)
  HIGHEST GUST SPEED    16   HIGHEST GUST DIRECTION    SW (230)
  AVERAGE WIND SPEED     5.4


SKY COVER
  POSSIBLE SUNSHINE  MM
  AVERAGE SKY COVER 0.4


WEATHER CONDITIONS
 THE FOLLOWING WEATHER WAS RECORDED YESTERDAY.
  FOG
  HAZE


RELATIVE HUMIDITY (PERCENT)
 HIGHEST    87          1200 AM
 LOWEST     64          1100 AM
 AVERAGE    76

..........................................................


THE OCEANSIDE AIRPORT CA CLIMATE NORMALS FOR TODAY
                         NORMAL    RECORD    YEAR
 MAXIMUM TEMPERATURE (F)   77        86      2013
                                             2007
 MINIMUM TEMPERATURE (F)   61        51      2010


SUNRISE AND SUNSET
AUGUST 31 2016........SUNRISE   623 AM PDT   SUNSET   715 PM PDT
SEPTEMBER  1 2016.....SUNRISE   624 AM PDT   SUNSET   714 PM PDT


-  INDICATES NEGATIVE NUMBERS.
R  INDICATES RECORD WAS SET OR TIED.
MM INDICATES DATA IS MISSING.
T  INDICATES TRACE AMOUNT.




$$
