372
CDUS46 KSGX 290018
CLIOKB


CLIMATE REPORT
NATIONAL WEATHER SERVICE SAN DIEGO, CA
518 PM PDT SAT MAY 28 2016


...................................

...THE OCEANSIDE AIRPORT CA CLIMATE SUMMARY FOR MAY 28 2016...
VALID TODAY AS OF 0500 PM LOCAL TIME.

CLIMATE NORMAL PERIOD 1981 TO 2010
CLIMATE RECORD PERIOD 1999 TO 2016


WEATHER ITEM   OBSERVED TIME   RECORD YEAR NORMAL DEPARTURE LAST
                VALUE   (LST)  VALUE       VALUE  FROM      YEAR
                                                  NORMAL
..................................................................
TEMPERATURE (F)
 TODAY
  MAXIMUM         70    108 PM  77    2000  70      0       71
  MINIMUM         61    628 AM  47    2008  56      5       61
  AVERAGE         66                        63      3       66

PRECIPITATION (IN)
  TODAY            T             0.01 2012   0.01  -0.01     0.00
  MONTH TO DATE    0.54                      0.26   0.28     1.46
  SINCE OCT 1      7.12                     13.04  -5.92     7.38
  SINCE JAN 1      4.95                      9.16  -4.21     2.98

DEGREE DAYS
 HEATING
  TODAY            0                         2     -2        0
  MONTH TO DATE   69                       101    -32       79
  SINCE MAR 1    432                       587   -155      329
  SINCE JUL 1   1600                      1995   -395     1203

 COOLING
  TODAY            1                         0      1        1
  MONTH TO DATE    8                         0      8        3
  SINCE MAR 1     12                         3      9       37
  SINCE JAN 1     18                         3     15       37
..................................................................


WIND (MPH)
  RESULTANT WIND SPEED   5   RESULTANT WIND DIRECTION   W (250)
  HIGHEST WIND SPEED    15   HIGHEST WIND DIRECTION    SW (240)
  HIGHEST GUST SPEED    19   HIGHEST GUST DIRECTION    SW (240)
  AVERAGE WIND SPEED     5.3


SKY COVER
  POSSIBLE SUNSHINE  MM
  AVERAGE SKY COVER 0.9


WEATHER CONDITIONS
 THE FOLLOWING WEATHER WAS RECORDED TODAY.
  LIGHT RAIN
  HAZE


RELATIVE HUMIDITY (PERCENT)
 HIGHEST    84           400 AM
 LOWEST     61           100 PM
 AVERAGE    73

..........................................................


THE OCEANSIDE AIRPORT CA CLIMATE NORMALS FOR TOMORROW
                         NORMAL    RECORD    YEAR
 MAXIMUM TEMPERATURE (F)   70        75      2013
 MINIMUM TEMPERATURE (F)   56        44      2010


SUNRISE AND SUNSET
MAY 28 2016...........SUNRISE   542 AM PDT   SUNSET   752 PM PDT
MAY 29 2016...........SUNRISE   542 AM PDT   SUNSET   752 PM PDT


-  INDICATES NEGATIVE NUMBERS.
R  INDICATES RECORD WAS SET OR TIED.
MM INDICATES DATA IS MISSING.
T  INDICATES TRACE AMOUNT.




$$
