000
CDUS46 KSGX 110019
CLIOKB


CLIMATE REPORT
NATIONAL WEATHER SERVICE SAN DIEGO, CA
519 PM PDT THU JUL 10 2014


...................................

...THE OCEANSIDE AIRPORT CA CLIMATE SUMMARY FOR JULY 10 2014...
VALID TODAY AS OF 0500 PM LOCAL TIME.

CLIMATE NORMAL PERIOD 1981 TO 2010
CLIMATE RECORD PERIOD 1999 TO 2014


WEATHER ITEM   OBSERVED TIME   RECORD YEAR NORMAL DEPARTURE LAST
                VALUE   (LST)  VALUE       VALUE  FROM      YEAR
                                                  NORMAL
..................................................................
TEMPERATURE (F)
 TODAY
  MAXIMUM         76    133 PM  79    2013  76      0       79
  MINIMUM         64    147 AM  53    2009  61      3       66
  AVERAGE         70                        68      2       73

PRECIPITATION (IN)
  TODAY            0.00          T    2013   0.00   0.00      T
  MONTH TO DATE    0.00                      0.06  -0.06      T
  SINCE JUL 1      0.00                      0.06  -0.06      T
  SINCE JAN 1      2.60                      9.33  -6.73     2.32

SNOWFALL (IN)
  TODAY            0.0
  MONTH TO DATE    0.0
  SINCE JAN 1      0.0
  SINCE JUL 1      0.0
  SNOW DEPTH       0

DEGREE DAYS
 HEATING
  TODAY            0                         0      0        0
  MONTH TO DATE    0                         0      0        0
  SINCE JUN 1      4                        27    -23        3
  SINCE JUL 1      0                         0      0        0

 COOLING
  TODAY            5                         3      2        8
  MONTH TO DATE   37                        30      7       69
  SINCE JUN 1     74                        68      6      129
  SINCE JAN 1    166                        78     88      158
..................................................................


WIND (MPH)
  RESULTANT WIND SPEED   4   RESULTANT WIND DIRECTION   W (250)
  HIGHEST WIND SPEED    16   HIGHEST WIND DIRECTION     W (250)
  HIGHEST GUST SPEED    20   HIGHEST GUST DIRECTION    SW (240)
  AVERAGE WIND SPEED     4.8


SKY COVER
  POSSIBLE SUNSHINE  MM
  AVERAGE SKY COVER 0.6


WEATHER CONDITIONS
 THE FOLLOWING WEATHER WAS RECORDED TODAY.
  NO SIGNIFICANT WEATHER WAS OBSERVED.


RELATIVE HUMIDITY (PERCENT)
 HIGHEST    87          1200 AM
 LOWEST     60           100 PM
 AVERAGE    74

..........................................................


THE OCEANSIDE AIRPORT CA CLIMATE NORMALS FOR TOMORROW
                         NORMAL    RECORD    YEAR
 MAXIMUM TEMPERATURE (F)   76        80      2009
 MINIMUM TEMPERATURE (F)   61        54      2001


SUNRISE AND SUNSET
JULY 10 2014..........SUNRISE   548 AM PDT   SUNSET   801 PM PDT
JULY 11 2014..........SUNRISE   549 AM PDT   SUNSET   801 PM PDT


-  INDICATES NEGATIVE NUMBERS.
R  INDICATES RECORD WAS SET OR TIED.
MM INDICATES DATA IS MISSING.
T  INDICATES TRACE AMOUNT.




$$
