000
CDUS46 KSGX 260119
CLIOKB


CLIMATE REPORT
NATIONAL WEATHER SERVICE SAN DIEGO, CA
519 PM PST SAT FEB 25 2017


...................................

...THE OCEANSIDE AIRPORT CA CLIMATE SUMMARY FOR FEBRUARY 25 2017...
VALID TODAY AS OF 0500 PM LOCAL TIME.

CLIMATE NORMAL PERIOD 1981 TO 2010
CLIMATE RECORD PERIOD 1999 TO 2017


WEATHER ITEM   OBSERVED TIME   RECORD YEAR NORMAL DEPARTURE LAST
                VALUE   (LST)  VALUE       VALUE  FROM      YEAR
                                                  NORMAL
..................................................................
TEMPERATURE (F)
 TODAY
  MAXIMUM         60   1252 PM  79    2016  65     -5       79
                                      2005
  MINIMUM         36    547 AM  32    2013  44     -8       38
  AVERAGE         48                        54     -6       59

PRECIPITATION (IN)
  TODAY            0.00          2.40 2003   0.14  -0.14     0.00
  MONTH TO DATE    2.57                      2.74  -0.17     0.13
  SINCE OCT 1     11.98                      9.27   2.71     4.91
  SINCE JAN 1      6.83                      5.39   1.44     2.74

DEGREE DAYS
 HEATING
  TODAY           17                        10      7        6
  MONTH TO DATE  208                       274    -66      167
  SINCE DEC 1    795                      1029   -234      907
  SINCE JUL 1    981                      1379   -398     1138

 COOLING
  TODAY            0                         0      0        0
  MONTH TO DATE    0                         0      0        6
  SINCE DEC 1      0                         0      0        6
  SINCE JAN 1      0                         0      0        6
..................................................................


WIND (MPH)
  RESULTANT WIND SPEED   2   RESULTANT WIND DIRECTION   W (290)
  HIGHEST WIND SPEED    14   HIGHEST WIND DIRECTION    SW (240)
  HIGHEST GUST SPEED    19   HIGHEST GUST DIRECTION     W (250)
  AVERAGE WIND SPEED     5.0


SKY COVER
  POSSIBLE SUNSHINE  MM
  AVERAGE SKY COVER 0.0


WEATHER CONDITIONS
 THE FOLLOWING WEATHER WAS RECORDED TODAY.
  NO SIGNIFICANT WEATHER WAS OBSERVED.


RELATIVE HUMIDITY (PERCENT)
 HIGHEST    92          1200 AM
 LOWEST     53          1200 PM
 AVERAGE    73

..........................................................


THE OCEANSIDE AIRPORT CA CLIMATE NORMALS FOR TOMORROW
                         NORMAL    RECORD    YEAR
 MAXIMUM TEMPERATURE (F)   65        79      2005
 MINIMUM TEMPERATURE (F)   45        32      2013


SUNRISE AND SUNSET
FEBRUARY 25 2017......SUNRISE   622 AM PST   SUNSET   543 PM PST
FEBRUARY 26 2017......SUNRISE   621 AM PST   SUNSET   544 PM PST


-  INDICATES NEGATIVE NUMBERS.
R  INDICATES RECORD WAS SET OR TIED.
MM INDICATES DATA IS MISSING.
T  INDICATES TRACE AMOUNT.




$$
