000
CDUS46 KSGX 271419
CLIOKB


CLIMATE REPORT
NATIONAL WEATHER SERVICE SAN DIEGO, CA
719 AM PDT TUE SEP 27 2016


...................................

...THE OCEANSIDE AIRPORT CA CLIMATE SUMMARY FOR SEPTEMBER 26 2016...

CLIMATE NORMAL PERIOD 1981 TO 2010
CLIMATE RECORD PERIOD 1999 TO 2016


WEATHER ITEM   OBSERVED TIME   RECORD YEAR NORMAL DEPARTURE LAST
                VALUE   (LST)  VALUE       VALUE  FROM      YEAR
                                                  NORMAL
..................................................................
TEMPERATURE (F)
 YESTERDAY
  MAXIMUM        104R   120 PM  89    2010  76     28       83
  MINIMUM         57    119 AM  50    2007  57      0       63
                                      2005
  AVERAGE         81                        66     15       73

PRECIPITATION (IN)
  YESTERDAY        0.00          0.01 2007   0.00   0.00     0.00
  MONTH TO DATE    0.24                      0.21   0.03     1.14
  SINCE OCT 1      7.36                     13.63  -6.27     9.31
  SINCE JAN 1      5.19                      9.75  -4.56     4.91

DEGREE DAYS
 HEATING
  YESTERDAY        0                         1     -1        0
  MONTH TO DATE   12                         3      9        0
  SINCE SEP 1     12                         3      9        0
  SINCE JUL 1     12                         8      4        0

 COOLING
  YESTERDAY       16                         2     14        8
  MONTH TO DATE   97                        86     11      256
  SINCE SEP 1     97                        86     11      256
  SINCE JAN 1    554                       386    168      861
..................................................................


WIND (MPH)
  RESULTANT WIND SPEED   2   RESULTANT WIND DIRECTION   N (20)
  HIGHEST WIND SPEED    17   HIGHEST WIND DIRECTION    SE (130)
  HIGHEST GUST SPEED    24   HIGHEST GUST DIRECTION    SE (140)
  AVERAGE WIND SPEED     5.8


SKY COVER
  POSSIBLE SUNSHINE  MM
  AVERAGE SKY COVER 0.0


WEATHER CONDITIONS
 THE FOLLOWING WEATHER WAS RECORDED YESTERDAY.
  NO SIGNIFICANT WEATHER WAS OBSERVED.


RELATIVE HUMIDITY (PERCENT)
 HIGHEST    69          1200 AM
 LOWEST      9          1100 AM
 AVERAGE    39

..........................................................


THE OCEANSIDE AIRPORT CA CLIMATE NORMALS FOR TODAY
                         NORMAL    RECORD    YEAR
 MAXIMUM TEMPERATURE (F)   76       105      2010
 MINIMUM TEMPERATURE (F)   57        47      2013


SUNRISE AND SUNSET
SEPTEMBER 27 2016.....SUNRISE   641 AM PDT   SUNSET   638 PM PDT
SEPTEMBER 28 2016.....SUNRISE   642 AM PDT   SUNSET   637 PM PDT


-  INDICATES NEGATIVE NUMBERS.
R  INDICATES RECORD WAS SET OR TIED.
MM INDICATES DATA IS MISSING.
T  INDICATES TRACE AMOUNT.




$$
