000
CDUS44 KOUN 300629
CLIOKC

CLIMATE REPORT
NATIONAL WEATHER SERVICE NORMAN OK
130 AM CDT SAT APR 30 2016

...................................

...THE OKLAHOMA CITY CLIMATE SUMMARY FOR APRIL 29 2016...

CLIMATE NORMAL PERIOD 1981 TO 2010
CLIMATE RECORD PERIOD 1890 TO 2016


WEATHER ITEM   OBSERVED TIME   RECORD YEAR NORMAL DEPARTURE LAST
                VALUE   (LST)  VALUE       VALUE  FROM      YEAR
                                                  NORMAL
..................................................................
TEMPERATURE (F)
 YESTERDAY
  MAXIMUM         70    208 PM  92    1936  76     -6       75
  MINIMUM         53   1159 PM  34    1908  54     -1       44
                                      1907
  AVERAGE         62                        65     -3       60

PRECIPITATION (IN)
  YESTERDAY        0.09          2.87 1974   0.13  -0.04     0.00
  MONTH TO DATE    7.31                      2.93   4.38     4.35
  SINCE JAN 1      9.79                      8.96   0.83     9.18

DEGREE DAYS
 HEATING
  YESTERDAY        3                         3      0        5
  MONTH TO DATE  103                       170    -67      118
  SINCE JUL 1   2752                      3329   -577     3249

 COOLING
  YESTERDAY        0                         3     -3        0
  MONTH TO DATE   30                        50    -20       52
  SINCE JAN 1     42                        63    -21       62
..................................................................


WIND (MPH)
  HIGHEST WIND SPEED    25   HIGHEST WIND DIRECTION     E (90)
  HIGHEST GUST SPEED    30   HIGHEST GUST DIRECTION     E (90)
  AVERAGE WIND SPEED    14.2


SKY COVER
  AVERAGE SKY COVER 1.0


WEATHER CONDITIONS
 THE FOLLOWING WEATHER WAS RECORDED YESTERDAY.
  THUNDERSTORM
  LIGHT RAIN
  FOG


RELATIVE HUMIDITY (PERCENT)
 HIGHEST   100          1000 AM
 LOWEST     72          1200 AM
 AVERAGE    86

..........................................................


THE OKLAHOMA CITY CLIMATE NORMALS FOR TODAY
                         NORMAL    RECORD    YEAR
 MAXIMUM TEMPERATURE (F)   76        93      1948
 MINIMUM TEMPERATURE (F)   55        32      1907


SUNRISE AND SUNSET
APRIL 30 2016.........SUNRISE   639 AM CDT   SUNSET   816 PM CDT
MAY  1 2016...........SUNRISE   638 AM CDT   SUNSET   817 PM CDT


-  INDICATES NEGATIVE NUMBERS.
R  INDICATES RECORD WAS SET OR TIED.
MM INDICATES DATA IS MISSING.
T  INDICATES TRACE AMOUNT.




$$
