152
CDUS44 KOUN 230633
CLIOKC

CLIMATE REPORT
NATIONAL WEATHER SERVICE NORMAN OK
132 AM CDT FRI JUN 23 2017


...................................

...THE OKLAHOMA CITY CLIMATE SUMMARY FOR JUNE 22 2017...

CLIMATE NORMAL PERIOD 1981 TO 2010
CLIMATE RECORD PERIOD 1890 TO 2017


WEATHER ITEM   OBSERVED TIME   RECORD YEAR NORMAL DEPARTURE LAST
                VALUE   (LST)  VALUE       VALUE  FROM      YEAR
                                                  NORMAL
..................................................................
TEMPERATURE (F)
 YESTERDAY
  MAXIMUM         93    319 PM 107    1936  90      3       96
  MINIMUM         62    558 AM  50    1902  69     -7       74
  AVERAGE         78                        80     -2       85

PRECIPITATION (IN)
  YESTERDAY        0.00          2.38 1957   0.16  -0.16     0.00
  MONTH TO DATE    0.09                      3.84  -3.75     1.00
  SINCE JUN 1      0.09                      3.84  -3.75     1.00
  SINCE JAN 1     14.75                     17.59  -2.84    13.41

SNOWFALL (IN)
  YESTERDAY        0.0

DEGREE DAYS
 HEATING
  YESTERDAY        0                         0      0        0
  MONTH TO DATE    0                         0      0        0
  SINCE JUN 1      0                         0      0        0
  SINCE JUL 1   2701                      3364   -663     2817

 COOLING
  YESTERDAY       13                        15     -2       20
  MONTH TO DATE  276                       264     12      298
  SINCE JUN 1    276                       264     12      298
  SINCE JAN 1    501                       514    -13      484
..................................................................


WIND (MPH)
  HIGHEST WIND SPEED    14   HIGHEST WIND DIRECTION    SE (150)
  HIGHEST GUST SPEED    18   HIGHEST GUST DIRECTION     S (160)
  AVERAGE WIND SPEED     6.4


SKY COVER
  AVERAGE SKY COVER 0.5


WEATHER CONDITIONS
 THE FOLLOWING WEATHER WAS RECORDED YESTERDAY.
  NO SIGNIFICANT WEATHER WAS OBSERVED.


RELATIVE HUMIDITY (PERCENT)
 HIGHEST    93           500 AM
 LOWEST     32           100 PM
 AVERAGE    63

..........................................................


THE OKLAHOMA CITY CLIMATE NORMALS FOR TODAY
                         NORMAL    RECORD    YEAR
 MAXIMUM TEMPERATURE (F)   90       101      1934
                                             1933
                                             1925
 MINIMUM TEMPERATURE (F)   70        58      1958
                                             1957
                                             1902


SUNRISE AND SUNSET
JUNE 23 2017..........SUNRISE   616 AM CDT   SUNSET   849 PM CDT
JUNE 24 2017..........SUNRISE   617 AM CDT   SUNSET   849 PM CDT


-  INDICATES NEGATIVE NUMBERS.
R  INDICATES RECORD WAS SET OR TIED.
MM INDICATES DATA IS MISSING.
T  INDICATES TRACE AMOUNT.




$$
