935
CDUS44 KOUN 220633
CLIOKC

CLIMATE REPORT
NATIONAL WEATHER SERVICE NORMAN OK
1233 AM CST MON JAN 22 2018


...................................

...THE OKLAHOMA CITY CLIMATE SUMMARY FOR JANUARY 21 2018...

CLIMATE NORMAL PERIOD 1981 TO 2010
CLIMATE RECORD PERIOD 1890 TO 2018


WEATHER ITEM   OBSERVED TIME   RECORD YEAR NORMAL DEPARTURE LAST
                VALUE   (LST)  VALUE       VALUE  FROM      YEAR
                                                  NORMAL
..................................................................
TEMPERATURE (F)
 YESTERDAY
  MAXIMUM         70    329 PM  77    2005  50     20       69
  MINIMUM         43   1153 PM  -3    1930  29     14       35
  AVERAGE         57                        39     18       52

PRECIPITATION (IN)
  YESTERDAY        0.00          1.40 1932   0.05  -0.05      T
  MONTH TO DATE    0.19                      0.88  -0.69     1.55
  SINCE DEC 1      0.87                      2.76  -1.89     2.34
  SINCE JAN 1      0.19                      0.88  -0.69     1.55

SNOWFALL (IN)
  YESTERDAY        0.0           3.0  1954   0.1   -0.1      0.0
  MONTH TO DATE    0.0                       1.9   -1.9      1.7
  SINCE DEC 1      0.1                       4.0   -3.9      2.1
  SINCE JUL 1      0.1                       4.4   -4.3      2.1
  SNOW DEPTH       0

DEGREE DAYS
 HEATING
  YESTERDAY        8                        26    -18       13
  MONTH TO DATE  653                       546    107      534
  SINCE DEC 1   1426                      1302    124     1317
  SINCE JUL 1   1976                      1901     75     1640

 COOLING
  YESTERDAY        0                         0      0        0
  MONTH TO DATE    0                         0      0        0
  SINCE DEC 1      0                         0      0        0
  SINCE JAN 1      0                         0      0        0
..................................................................


WIND (MPH)
  HIGHEST WIND SPEED    32   HIGHEST WIND DIRECTION     S (200)
  HIGHEST GUST SPEED    42   HIGHEST GUST DIRECTION     W (260)
  AVERAGE WIND SPEED    19.5


SKY COVER
  AVERAGE SKY COVER 0.5


WEATHER CONDITIONS
 THE FOLLOWING WEATHER WAS RECORDED YESTERDAY.
  NO SIGNIFICANT WEATHER WAS OBSERVED.


RELATIVE HUMIDITY (PERCENT)
 HIGHEST   100           200 AM
 LOWEST     13           700 PM
 AVERAGE    57

..........................................................


THE OKLAHOMA CITY CLIMATE NORMALS FOR TODAY
                         NORMAL    RECORD    YEAR
 MAXIMUM TEMPERATURE (F)   50        79      1967
                                             1909
 MINIMUM TEMPERATURE (F)   29        -8      1930


SUNRISE AND SUNSET
JANUARY 22 2018.......SUNRISE   736 AM CST   SUNSET   548 PM CST
JANUARY 23 2018.......SUNRISE   736 AM CST   SUNSET   549 PM CST


-  INDICATES NEGATIVE NUMBERS.
R  INDICATES RECORD WAS SET OR TIED.
MM INDICATES DATA IS MISSING.
T  INDICATES TRACE AMOUNT.




$$
