000
CDUS44 KOUN 280634
CLIOKC

CLIMATE REPORT
NATIONAL WEATHER SERVICE NORMAN OK
134 AM CDT THU MAY 28 2015


...................................

...THE OKLAHOMA CITY CLIMATE SUMMARY FOR MAY 27 2015...

CLIMATE NORMAL PERIOD 1981 TO 2010
CLIMATE RECORD PERIOD 1890 TO 2015


WEATHER ITEM   OBSERVED TIME   RECORD YEAR NORMAL DEPARTURE LAST
                VALUE   (LST)  VALUE       VALUE  FROM      YEAR
                                                  NORMAL
..................................................................
TEMPERATURE (F)
 YESTERDAY
  MAXIMUM         81    308 PM  96    1927  83     -2       71
  MINIMUM         60    450 AM  42    1907  63     -3       63
  AVERAGE         71                        73     -2       67

PRECIPITATION (IN)
  YESTERDAY        0.15          5.38 1987   0.16  -0.01     0.97
  MONTH TO DATE   19.12                      3.99  15.13     4.44
  SINCE JAN 1     28.30                     13.09  15.21     7.13

DEGREE DAYS
 COOLING
  YESTERDAY        6                         8     -2        2
  MONTH TO DATE   97                       148    -51      183
  SINCE JAN 1    159                       214    -55      249
..................................................................


WIND (MPH)
  HIGHEST WIND SPEED    22   HIGHEST WIND DIRECTION    SE (150)
  HIGHEST GUST SPEED    26   HIGHEST GUST DIRECTION    SE (150)
  AVERAGE WIND SPEED     7.0


SKY COVER
  AVERAGE SKY COVER 0.8


WEATHER CONDITIONS
 THE FOLLOWING WEATHER WAS RECORDED YESTERDAY.
  THUNDERSTORM
  HEAVY RAIN
  RAIN
  LIGHT RAIN
  FOG
  FOG W/VISIBILITY <= 1/4 MILE


RELATIVE HUMIDITY (PERCENT)
 HIGHEST   100           400 AM
 LOWEST     60          1000 AM
 AVERAGE    80

..........................................................


THE OKLAHOMA CITY CLIMATE NORMALS FOR TODAY
                         NORMAL    RECORD    YEAR
 MAXIMUM TEMPERATURE (F)   83        93      1895
 MINIMUM TEMPERATURE (F)   63        43      1947


SUNRISE AND SUNSET
MAY 28 2015...........SUNRISE   618 AM CDT   SUNSET   837 PM CDT
MAY 29 2015...........SUNRISE   618 AM CDT   SUNSET   838 PM CDT


-  INDICATES NEGATIVE NUMBERS.
R  INDICATES RECORD WAS SET OR TIED.
MM INDICATES DATA IS MISSING.
T  INDICATES TRACE AMOUNT.




$$
