902
CDUS44 KOUN 260653
CLIOKC

CLIMATE REPORT
NATIONAL WEATHER SERVICE NORMAN OK
153 AM CDT WED APR 26 2017


...................................

...THE OKLAHOMA CITY CLIMATE SUMMARY FOR APRIL 25 2017...

CLIMATE NORMAL PERIOD 1981 TO 2010
CLIMATE RECORD PERIOD 1890 TO 2017


WEATHER ITEM   OBSERVED TIME   RECORD YEAR NORMAL DEPARTURE LAST
                VALUE   (LST)  VALUE       VALUE  FROM      YEAR
                                                  NORMAL
..................................................................
TEMPERATURE (F)
 YESTERDAY
  MAXIMUM         85   1259 PM  91    1939  75     10       83
  MINIMUM         57   1159 PM  35    2013  53      4       65
                                      1910
  AVERAGE         71                        64      7       74

PRECIPITATION (IN)
  YESTERDAY        0.35          3.79 1999   0.13   0.22     0.00
  MONTH TO DATE    3.84                      2.42   1.42     6.30
  SINCE JAN 1     11.13                      8.45   2.68     8.78

DEGREE DAYS
 HEATING
  YESTERDAY        0                         4     -4        0
  MONTH TO DATE   95                       158    -63       96
  SINCE JUL 1   2599                      3317   -718     2745

 COOLING
  YESTERDAY        6                         2      4        9
  MONTH TO DATE   42                        38      4       28
  SINCE JAN 1     99                        51     48       40
..................................................................


WIND (MPH)
  HIGHEST WIND SPEED    30   HIGHEST WIND DIRECTION     N (340)
  HIGHEST GUST SPEED    38   HIGHEST GUST DIRECTION     N (340)
  AVERAGE WIND SPEED    17.5


SKY COVER
  AVERAGE SKY COVER 0.7


WEATHER CONDITIONS
 THE FOLLOWING WEATHER WAS RECORDED YESTERDAY.
  THUNDERSTORM
  HEAVY RAIN
  RAIN
  LIGHT RAIN
  FOG


RELATIVE HUMIDITY (PERCENT)
 HIGHEST    87          1100 PM
 LOWEST     37           100 PM
 AVERAGE    62

..........................................................


THE OKLAHOMA CITY CLIMATE NORMALS FOR TODAY
                         NORMAL    RECORD    YEAR
 MAXIMUM TEMPERATURE (F)   75        92      1896
 MINIMUM TEMPERATURE (F)   53        35      1907


SUNRISE AND SUNSET
APRIL 26 2017.........SUNRISE   644 AM CDT   SUNSET   813 PM CDT
APRIL 27 2017.........SUNRISE   643 AM CDT   SUNSET   813 PM CDT


-  INDICATES NEGATIVE NUMBERS.
R  INDICATES RECORD WAS SET OR TIED.
MM INDICATES DATA IS MISSING.
T  INDICATES TRACE AMOUNT.




$$
