000
CDUS44 KOUN 260639
CLIOKC

CLIMATE REPORT
NATIONAL WEATHER SERVICE NORMAN OK
137 AM CDT THU MAY 26 2016


...................................

...THE OKLAHOMA CITY CLIMATE SUMMARY FOR MAY 25 2016...

CLIMATE NORMAL PERIOD 1981 TO 2010
CLIMATE RECORD PERIOD 1890 TO 2016


WEATHER ITEM   OBSERVED TIME   RECORD YEAR NORMAL DEPARTURE LAST
                VALUE   (LST)  VALUE       VALUE  FROM      YEAR
                                                  NORMAL
..................................................................
TEMPERATURE (F)
 YESTERDAY
  MAXIMUM         89    246 PM  96    2006  82      7       78
  MINIMUM         74    609 AM  45    2001  62     12       54
  AVERAGE         82                        72     10       66

PRECIPITATION (IN)
  YESTERDAY        0.00          1.49 1968   0.14  -0.14     0.16
  MONTH TO DATE    1.98                      3.67  -1.69    18.85
  SINCE JAN 1     11.77                     12.77  -1.00    28.03

DEGREE DAYS
 COOLING
  YESTERDAY       17                         8      9        1
  MONTH TO DATE   86                       132    -46       90
  SINCE JAN 1    128                       198    -70      152
..................................................................


WIND (MPH)
  HIGHEST WIND SPEED    25   HIGHEST WIND DIRECTION     S (200)
  HIGHEST GUST SPEED    33   HIGHEST GUST DIRECTION     S (180)
  AVERAGE WIND SPEED    17.1


SKY COVER
  AVERAGE SKY COVER 0.7


WEATHER CONDITIONS
 THE FOLLOWING WEATHER WAS RECORDED YESTERDAY.
  NO SIGNIFICANT WEATHER WAS OBSERVED.


RELATIVE HUMIDITY (PERCENT)
 HIGHEST    94          1100 PM
 LOWEST     59           200 PM
 AVERAGE    77

..........................................................


THE OKLAHOMA CITY CLIMATE NORMALS FOR TODAY
                         NORMAL    RECORD    YEAR
 MAXIMUM TEMPERATURE (F)   83        96      1953
 MINIMUM TEMPERATURE (F)   63        45      1901


SUNRISE AND SUNSET
MAY 26 2016...........SUNRISE   619 AM CDT   SUNSET   837 PM CDT
MAY 27 2016...........SUNRISE   618 AM CDT   SUNSET   837 PM CDT


-  INDICATES NEGATIVE NUMBERS.
R  INDICATES RECORD WAS SET OR TIED.
MM INDICATES DATA IS MISSING.
T  INDICATES TRACE AMOUNT.




$$
