000
CDUS44 KOUN 240631
CLIOKC

CLIMATE REPORT
NATIONAL WEATHER SERVICE NORMAN OK
131 AM CDT TUE OCT 24 2017


...................................

...THE OKLAHOMA CITY CLIMATE SUMMARY FOR OCTOBER 23 2017...

CLIMATE NORMAL PERIOD 1981 TO 2010
CLIMATE RECORD PERIOD 1890 TO 2017


WEATHER ITEM   OBSERVED TIME   RECORD YEAR NORMAL DEPARTURE LAST
                VALUE   (LST)  VALUE       VALUE  FROM      YEAR
                                                  NORMAL
..................................................................
TEMPERATURE (F)
 YESTERDAY
  MAXIMUM         72    347 PM  89    2003  71      1       78
                                      1927
  MINIMUM         46    152 AM  26    1917  49     -3       52
  AVERAGE         59                        60     -1       65

PRECIPITATION (IN)
  YESTERDAY        0.00          1.58 1920   0.12  -0.12     0.00
  MONTH TO DATE    6.05                      2.82   3.23     0.82
  SINCE SEP 1      9.76                      6.88   2.88     5.07
  SINCE JAN 1     32.97                     31.77   1.20    24.98

SNOWFALL (IN)
  YESTERDAY        0.0

DEGREE DAYS
 HEATING
  YESTERDAY        6                         6      0        0
  MONTH TO DATE   60                        86    -26       39
  SINCE SEP 1     64                       105    -41       42
  SINCE JUL 1     64                       105    -41       42

 COOLING
  YESTERDAY        0                         1     -1        0
  MONTH TO DATE   87                        59     28       97
  SINCE SEP 1    340                       347     -7      427
  SINCE JAN 1   1911                      2084   -173     2153
..................................................................


WIND (MPH)
  HIGHEST WIND SPEED    22   HIGHEST WIND DIRECTION     N (350)
  HIGHEST GUST SPEED    35   HIGHEST GUST DIRECTION     N (360)
  AVERAGE WIND SPEED    11.6


SKY COVER
  AVERAGE SKY COVER 0.4


WEATHER CONDITIONS
 THE FOLLOWING WEATHER WAS RECORDED YESTERDAY.
  NO SIGNIFICANT WEATHER WAS OBSERVED.


RELATIVE HUMIDITY (PERCENT)
 HIGHEST    82          1200 AM
 LOWEST     31           500 PM
 AVERAGE    57

..........................................................


THE OKLAHOMA CITY CLIMATE NORMALS FOR TODAY
                         NORMAL    RECORD    YEAR
 MAXIMUM TEMPERATURE (F)   71        91      2003
 MINIMUM TEMPERATURE (F)   49        30      1995


SUNRISE AND SUNSET
OCTOBER 24 2017.......SUNRISE   745 AM CDT   SUNSET   644 PM CDT
OCTOBER 25 2017.......SUNRISE   746 AM CDT   SUNSET   643 PM CDT


-  INDICATES NEGATIVE NUMBERS.
R  INDICATES RECORD WAS SET OR TIED.
MM INDICATES DATA IS MISSING.
T  INDICATES TRACE AMOUNT.




$$
