000
CDUS44 KOUN 020629
CLIOKC

CLIMATE REPORT
NATIONAL WEATHER SERVICE NORMAN OK
127 AM CDT THU OCT 2 2014


...................................

...THE OKLAHOMA CITY CLIMATE SUMMARY FOR OCTOBER 1 2014...

CLIMATE NORMAL PERIOD 1981 TO 2010
CLIMATE RECORD PERIOD 1890 TO 2014


WEATHER ITEM   OBSERVED TIME   RECORD YEAR NORMAL DEPARTURE LAST
                VALUE   (LST)  VALUE       VALUE  FROM      YEAR
                                                  NORMAL
..................................................................
TEMPERATURE (F)
 YESTERDAY
  MAXIMUM         94    347 PM  97    1938  79     15       88
  MINIMUM         70    609 AM  38    1958  57     13       56
                                      1895
  AVERAGE         82                        68     14       72

PRECIPITATION (IN)
  YESTERDAY        0.00          7.08 1927   0.13  -0.13     0.00
  MONTH TO DATE    0.00                      0.13  -0.13     0.00
  SINCE JAN 1     22.86                     29.08  -6.22    47.14

DEGREE DAYS
 HEATING
  YESTERDAY        0                         2     -2        0
  MONTH TO DATE    0                         2     -2        0
  SINCE JUL 1     11                        21    -10        3

 COOLING
  YESTERDAY       17                         5     12        7
  MONTH TO DATE   17                         5     12        7
  SINCE JAN 1   2008                      2030    -22     1992
..................................................................


WIND (MPH)
  HIGHEST WIND SPEED    25   HIGHEST WIND DIRECTION    SW (210)
  HIGHEST GUST SPEED    32   HIGHEST GUST DIRECTION    SW (220)
  AVERAGE WIND SPEED    15.1


SKY COVER
  AVERAGE SKY COVER 0.6


WEATHER CONDITIONS
 THE FOLLOWING WEATHER WAS RECORDED YESTERDAY.
  NO SIGNIFICANT WEATHER WAS OBSERVED.


RELATIVE HUMIDITY (PERCENT)
 HIGHEST    84           300 AM
 LOWEST     36           300 PM
 AVERAGE    60

..........................................................


THE OKLAHOMA CITY CLIMATE NORMALS FOR TODAY
                         NORMAL    RECORD    YEAR
 MAXIMUM TEMPERATURE (F)   78        96      1938
 MINIMUM TEMPERATURE (F)   57        41      2009
                                             1975


SUNRISE AND SUNSET
OCTOBER  2 2014.......SUNRISE   726 AM CDT   SUNSET   713 PM CDT
OCTOBER  3 2014.......SUNRISE   727 AM CDT   SUNSET   711 PM CDT


-  INDICATES NEGATIVE NUMBERS.
R  INDICATES RECORD WAS SET OR TIED.
MM INDICATES DATA IS MISSING.
T  INDICATES TRACE AMOUNT.




$$
