000
CDUS44 KOUN 260637
CLIOKC

CLIMATE REPORT
NATIONAL WEATHER SERVICE NORMAN OK
136 AM CDT SAT JUL 26 2014


...................................

...THE OKLAHOMA CITY CLIMATE SUMMARY FOR JULY 25 2014...

CLIMATE NORMAL PERIOD 1981 TO 2010
CLIMATE RECORD PERIOD 1890 TO 2014


WEATHER ITEM   OBSERVED TIME   RECORD YEAR NORMAL DEPARTURE LAST
                VALUE   (LST)  VALUE       VALUE  FROM      YEAR
                                                  NORMAL
..................................................................
TEMPERATURE (F)
 YESTERDAY
  MAXIMUM         99    336 PM 106    1998  95      4       86
                                      1977
  MINIMUM         71    608 AM  58    1911  73     -2       73
  AVERAGE         85                        84      1       80

PRECIPITATION (IN)
  YESTERDAY        0.00          1.96 1906   0.09  -0.09     0.02
  MONTH TO DATE    2.44                      2.40   0.04     5.09
  SINCE JAN 1     18.17                     21.08  -2.91    36.94

DEGREE DAYS
 COOLING
  YESTERDAY       20                        19      1       15
  MONTH TO DATE  363                       448    -85      431
  SINCE JAN 1   1053                      1088    -35     1010
..................................................................


WIND (MPH)
  HIGHEST WIND SPEED    21   HIGHEST WIND DIRECTION     S (190)
  HIGHEST GUST SPEED    26   HIGHEST GUST DIRECTION     S (190)
  AVERAGE WIND SPEED    11.5


SKY COVER
  AVERAGE SKY COVER 0.2


WEATHER CONDITIONS
 THE FOLLOWING WEATHER WAS RECORDED YESTERDAY.
  NO SIGNIFICANT WEATHER WAS OBSERVED.


RELATIVE HUMIDITY (PERCENT)
 HIGHEST    84           100 AM
 LOWEST     30           600 PM
 AVERAGE    57

..........................................................


THE OKLAHOMA CITY CLIMATE NORMALS FOR TODAY
                         NORMAL    RECORD    YEAR
 MAXIMUM TEMPERATURE (F)   95       107      1998
 MINIMUM TEMPERATURE (F)   73        63      2004
                                             1911


SUNRISE AND SUNSET
JULY 26 2014..........SUNRISE   635 AM CDT   SUNSET   839 PM CDT
JULY 27 2014..........SUNRISE   635 AM CDT   SUNSET   838 PM CDT


-  INDICATES NEGATIVE NUMBERS.
R  INDICATES RECORD WAS SET OR TIED.
MM INDICATES DATA IS MISSING.
T  INDICATES TRACE AMOUNT.




$$
