000
CDUS45 KGGW 181233
CLIOLF


CLIMATE REPORT
NATIONAL WEATHER SERVICE GLASGOW MT
632 AM MDT WED OCT 18 2017


...................................

...THE WOLF POINT MT CLIMATE SUMMARY FOR OCTOBER 18 2017...
VALID AS OF 0600 AM LOCAL TIME.

CLIMATE NORMAL PERIOD 1981 TO 2010
CLIMATE RECORD PERIOD 9999 TO 9999


WEATHER ITEM   OBSERVED RECORD YEAR NORMAL DEPARTURE
                VALUE   VALUE       VALUE  FROM
                                           NORMAL
........................................................
TEMPERATURE (F)
 TODAY
  MAXIMUM         55     MM      MM  57
  MINIMUM         44     MM      MM  29
  AVERAGE         50

PRECIPITATION (IN)
  TODAY            0.00  MM      MM   0.03  -0.03
  MONTH TO DATE    0.44               0.51  -0.07
  SINCE OCT 1      0.44               0.51  -0.07
  SINCE JAN 1      4.16              11.19  -7.03

SNOWFALL (IN)
  TODAY            0.0   MM      MM  MM
  MONTH TO DATE    0.0               MM
  SINCE SEP 1      0.0               MM
  SINCE JUL 1      0.0               MM

DEGREE DAYS
 HEATING
  TODAY           15

 COOLING
  TODAY            0
........................................................







THE WOLF POINT MT CLIMATE NORMALS FOR TOMORROW
                         NORMAL    RECORD    YEAR
 MAXIMUM TEMPERATURE (F)   57        MM        MM
 MINIMUM TEMPERATURE (F)   28        MM        MM


SUNRISE AND SUNSET
OCTOBER 18 2017.......SUNRISE   727 AM MDT   SUNSET   607 PM MDT
OCTOBER 19 2017.......SUNRISE   728 AM MDT   SUNSET   605 PM MDT


-  INDICATES NEGATIVE NUMBERS.
R  INDICATES RECORD WAS SET OR TIED.
MM INDICATES DATA IS MISSING.
T  INDICATES TRACE AMOUNT.




$$
