000
CDUS45 KGGW 080741
CLIOLF


CLIMATE REPORT
NATIONAL WEATHER SERVICE GLASGOW MT
1240 AM MST MON FEB 8 2016


...................................

...THE WOLF POINT MT CLIMATE SUMMARY FOR FEBRUARY 7 2016...

CLIMATE NORMAL PERIOD 1981 TO 2010
CLIMATE RECORD PERIOD 9999 TO 9999


WEATHER ITEM   OBSERVED RECORD YEAR NORMAL DEPARTURE
                VALUE   VALUE       VALUE  FROM
                                           NORMAL
........................................................
TEMPERATURE (F)
 YESTERDAY
  MAXIMUM         40     MM      MM  28
  MINIMUM         26     MM      MM   3
  AVERAGE         33

PRECIPITATION (IN)
  YESTERDAY        0.00  MM      MM   0.00   0.00
  MONTH TO DATE    0.02               0.04  -0.02
  SINCE OCT 1      1.79               1.85  -0.06
  SINCE JAN 1      0.12               0.35  -0.23

SNOWFALL (IN)
  YESTERDAY        0.0   MM      MM  MM
  MONTH TO DATE    0.0               MM
  SINCE DEC 1      0.0               MM
  SINCE JUL 1      0.0               MM

DEGREE DAYS
 HEATING
  YESTERDAY       32

 COOLING
  YESTERDAY        0
........................................................







THE WOLF POINT MT CLIMATE NORMALS FOR TODAY
                         NORMAL    RECORD    YEAR
 MAXIMUM TEMPERATURE (F)   28        MM        MM
 MINIMUM TEMPERATURE (F)    3        MM        MM


SUNRISE AND SUNSET
FEBRUARY  8 2016......SUNRISE   721 AM MST   SUNSET   513 PM MST
FEBRUARY  9 2016......SUNRISE   719 AM MST   SUNSET   514 PM MST


-  INDICATES NEGATIVE NUMBERS.
R  INDICATES RECORD WAS SET OR TIED.
MM INDICATES DATA IS MISSING.
T  INDICATES TRACE AMOUNT.




$$
