000
CDUS45 KGGW 240749
CLIOLF


CLIMATE REPORT
NATIONAL WEATHER SERVICE GLASGOW MT
1249 AM MST TUE JAN 24 2017


...................................

...THE WOLF POINT MT CLIMATE SUMMARY FOR JANUARY 23 2017...

CLIMATE NORMAL PERIOD 1981 TO 2010
CLIMATE RECORD PERIOD 9999 TO 9999


WEATHER ITEM   OBSERVED RECORD YEAR NORMAL DEPARTURE
                VALUE   VALUE       VALUE  FROM
                                           NORMAL
........................................................
TEMPERATURE (F)
 YESTERDAY
  MAXIMUM         30     MM      MM  25
  MINIMUM         22     MM      MM   0
  AVERAGE         26

PRECIPITATION (IN)
  YESTERDAY        0.01  MM      MM   0.01   0.00
  MONTH TO DATE    0.11               0.26  -0.15
  SINCE OCT 1      1.98               1.76   0.22
  SINCE JAN 1      0.11               0.26  -0.15

SNOWFALL (IN)
  YESTERDAY       MM     MM      MM  MM
  MONTH TO DATE    0.0               MM
  SINCE DEC 1      0.0               MM
  SINCE JUL 1      0.0               MM

DEGREE DAYS
 HEATING
  YESTERDAY       39

 COOLING
  YESTERDAY        0
........................................................







THE WOLF POINT MT CLIMATE NORMALS FOR TODAY
                         NORMAL    RECORD    YEAR
 MAXIMUM TEMPERATURE (F)   25        MM        MM
 MINIMUM TEMPERATURE (F)    0        MM        MM


SUNRISE AND SUNSET
JANUARY 24 2017.......SUNRISE   739 AM MST   SUNSET   450 PM MST
JANUARY 25 2017.......SUNRISE   738 AM MST   SUNSET   452 PM MST


-  INDICATES NEGATIVE NUMBERS.
R  INDICATES RECORD WAS SET OR TIED.
MM INDICATES DATA IS MISSING.
T  INDICATES TRACE AMOUNT.




$$
