000
CDUS46 KSEW 060118
CLIOLM


CLIMATE REPORT
NATIONAL WEATHER SERVICE SEATTLE WA
518 PM PST FRI FEB 5 2016


...................................

...THE OLYMPIA WA AIRPORT CLIMATE SUMMARY FOR FEBRUARY 5 2016...
VALID TODAY AS OF 0500 PM LOCAL TIME.

CLIMATE NORMAL PERIOD 1981 TO 2010
CLIMATE RECORD PERIOD 1948 TO 2016


WEATHER ITEM   OBSERVED TIME   RECORD YEAR NORMAL DEPARTURE LAST
                VALUE   (LST)  VALUE       VALUE  FROM      YEAR
                                                  NORMAL
..................................................................
TEMPERATURE (F)
 TODAY
  MAXIMUM         54    338 PM  62    1961  48      6       56
  MINIMUM         35    601 AM   2    1989  33      2       46
  AVERAGE         45                        40      5       51

PRECIPITATION (IN)
  TODAY            0.10          1.32 1996   0.21  -0.11     0.81
  MONTH TO DATE    0.87                      1.01  -0.14     1.83
  SINCE OCT 1     42.34                     29.54  12.80    27.54
  SINCE JAN 1      9.34                      8.85   0.49     8.51

DEGREE DAYS
 HEATING
  TODAY           20                        24     -4       14
  MONTH TO DATE  118                       121     -3       94
  SINCE DEC 1   1624                      1727   -103     1503
  SINCE JUL 1   2900                      3172   -272     2602

 COOLING
  TODAY            0                         0      0        0
  MONTH TO DATE    0                         0      0        0
  SINCE DEC 1      0                         0      0        0
  SINCE JAN 1      0                         0      0        0
..................................................................


WIND (MPH)
  RESULTANT WIND SPEED   5   RESULTANT WIND DIRECTION   S (190)
  HIGHEST WIND SPEED    23   HIGHEST WIND DIRECTION     S (200)
  HIGHEST GUST SPEED    30   HIGHEST GUST DIRECTION     S (200)
  AVERAGE WIND SPEED     5.8


SKY COVER
  AVERAGE SKY COVER 0.5


WEATHER CONDITIONS
 THE FOLLOWING WEATHER WAS RECORDED TODAY.
  RAIN
  LIGHT RAIN
  FOG


RELATIVE HUMIDITY (PERCENT)
 HIGHEST   100           400 AM
 LOWEST     50           200 PM
 AVERAGE    75

..........................................................


THE OLYMPIA WA AIRPORT CLIMATE NORMALS FOR TOMORROW
                         NORMAL    RECORD    YEAR
 MAXIMUM TEMPERATURE (F)   48        64      1963
 MINIMUM TEMPERATURE (F)   33         5      1989


SUNRISE AND SUNSET
FEBRUARY  5 2016......SUNRISE   732 AM PST   SUNSET   520 PM PST
FEBRUARY  6 2016......SUNRISE   730 AM PST   SUNSET   522 PM PST


-  INDICATES NEGATIVE NUMBERS.
R  INDICATES RECORD WAS SET OR TIED.
MM INDICATES DATA IS MISSING.
T  INDICATES TRACE AMOUNT.




$$
