000
CDUS46 KSEW 100847
CLIOLM


CLIMATE REPORT
NATIONAL WEATHER SERVICE SEATTLE WA
1247 AM PST SAT DEC 10 2016


...................................

...THE OLYMPIA WA AIRPORT CLIMATE SUMMARY FOR DECEMBER 9 2016...

CLIMATE NORMAL PERIOD 1981 TO 2010
CLIMATE RECORD PERIOD 1948 TO 2016


WEATHER ITEM   OBSERVED TIME   RECORD YEAR NORMAL DEPARTURE LAST
                VALUE   (LST)  VALUE       VALUE  FROM      YEAR
                                                  NORMAL
..................................................................
TEMPERATURE (F)
 YESTERDAY
  MAXIMUM         37   1147 PM  59    2014  45     -8       54
                                      1993
  MINIMUM         31    339 AM   6    2009  33     -2       39
  AVERAGE         34                        38     -4       47

PRECIPITATION (IN)
  YESTERDAY        0.62          3.50 1956   0.24   0.38     0.64
  MONTH TO DATE    2.06                      2.43  -0.37     6.34
  SINCE OCT 1     23.77                     15.66   8.11    24.84
  SINCE JAN 1     53.14                     44.97   8.17    49.36

DEGREE DAYS
 HEATING
  YESTERDAY       31                        26      5       18
  MONTH TO DATE  253                       232     21      163
  SINCE DEC 1    253                       232     21      163
  SINCE JUL 1   1450                      1677   -227     1439

 COOLING
  YESTERDAY        0                         0      0        0
  MONTH TO DATE    0                         0      0        0
  SINCE DEC 1      0                         0      0        0
  SINCE JAN 1    145                       106     39      264
..................................................................


WIND (MPH)
  RESULTANT WIND SPEED   5   RESULTANT WIND DIRECTION  SW (220)
  HIGHEST WIND SPEED    13   HIGHEST WIND DIRECTION     S (170)
  HIGHEST GUST SPEED    16   HIGHEST GUST DIRECTION     S (200)
  AVERAGE WIND SPEED     6.3


SKY COVER
  AVERAGE SKY COVER 1.0


WEATHER CONDITIONS
 THE FOLLOWING WEATHER WAS RECORDED YESTERDAY.
  RAIN
  LIGHT RAIN
  LT FREEZING RAIN
  LIGHT SNOW
  FOG


RELATIVE HUMIDITY (PERCENT)
 HIGHEST   100          1200 AM
 LOWEST     92           400 PM
 AVERAGE    96

..........................................................


THE OLYMPIA WA AIRPORT CLIMATE NORMALS FOR TODAY
                         NORMAL    RECORD    YEAR
 MAXIMUM TEMPERATURE (F)   44        64      2014
 MINIMUM TEMPERATURE (F)   33        -1      1972


SUNRISE AND SUNSET
DECEMBER 10 2016......SUNRISE   747 AM PST   SUNSET   423 PM PST
DECEMBER 11 2016......SUNRISE   748 AM PST   SUNSET   423 PM PST


-  INDICATES NEGATIVE NUMBERS.
R  INDICATES RECORD WAS SET OR TIED.
MM INDICATES DATA IS MISSING.
T  INDICATES TRACE AMOUNT.




$$
