000
CDUS46 KSEW 230835
CLIOLM


CLIMATE REPORT
NATIONAL WEATHER SERVICE SEATTLE WA
134 AM PDT TUE AUG 23 2016


...................................

...THE OLYMPIA WA AIRPORT CLIMATE SUMMARY FOR AUGUST 22 2016...

CLIMATE NORMAL PERIOD 1981 TO 2010
CLIMATE RECORD PERIOD 1948 TO 2016


WEATHER ITEM   OBSERVED TIME   RECORD YEAR NORMAL DEPARTURE LAST
                VALUE   (LST)  VALUE       VALUE  FROM      YEAR
                                                  NORMAL
..................................................................
TEMPERATURE (F)
 YESTERDAY
  MAXIMUM         74    221 PM  90    1956  77     -3       79
  MINIMUM         48    458 AM  38    1973  50     -2       44
                                      1960
  AVERAGE         61                        64     -3       62

PRECIPITATION (IN)
  YESTERDAY        0.00          1.24 2001   0.03  -0.03     0.00
  MONTH TO DATE    0.21                      0.54  -0.33     0.93
  SINCE OCT 1     60.45                     47.89  12.56    40.74
  SINCE JAN 1     27.45                     27.20   0.25    21.71

DEGREE DAYS
 HEATING
  YESTERDAY        4                         2      2        3
  MONTH TO DATE   37                        44     -7       14
  SINCE JUN 1    261                       312    -51       94
  SINCE JUL 1     95                       124    -29       31

 COOLING
  YESTERDAY        0                         1     -1        0
  MONTH TO DATE   57                        38     19       63
  SINCE JUN 1    128                        92     36      253
  SINCE JAN 1    129                        95     34      254
..................................................................


WIND (MPH)
  RESULTANT WIND SPEED   2   RESULTANT WIND DIRECTION   S (190)
  HIGHEST WIND SPEED    10   HIGHEST WIND DIRECTION     S (190)
  HIGHEST GUST SPEED    14   HIGHEST GUST DIRECTION     S (190)
  AVERAGE WIND SPEED     5.0


SKY COVER
  AVERAGE SKY COVER 0.4


WEATHER CONDITIONS
 THE FOLLOWING WEATHER WAS RECORDED YESTERDAY.
  NO SIGNIFICANT WEATHER WAS OBSERVED.


RELATIVE HUMIDITY (PERCENT)
 HIGHEST    93           400 AM
 LOWEST     41           300 PM
 AVERAGE    67

..........................................................


THE OLYMPIA WA AIRPORT CLIMATE NORMALS FOR TODAY
                         NORMAL    RECORD    YEAR
 MAXIMUM TEMPERATURE (F)   77        90      1981
 MINIMUM TEMPERATURE (F)   50        39      1973


SUNRISE AND SUNSET
AUGUST 23 2016........SUNRISE   620 AM PDT   SUNSET   807 PM PDT
AUGUST 24 2016........SUNRISE   621 AM PDT   SUNSET   805 PM PDT


-  INDICATES NEGATIVE NUMBERS.
R  INDICATES RECORD WAS SET OR TIED.
MM INDICATES DATA IS MISSING.
T  INDICATES TRACE AMOUNT.




$$
