000
CDUS46 KSEW 290826
CLIOLM


CLIMATE REPORT
NATIONAL WEATHER SERVICE SEATTLE WA
126 AM PDT WED JUL 29 2015


...................................

...THE OLYMPIA WA AIRPORT CLIMATE SUMMARY FOR JULY 28 2015...

CLIMATE NORMAL PERIOD 1981 TO 2010
CLIMATE RECORD PERIOD 1948 TO 2015


WEATHER ITEM   OBSERVED TIME   RECORD YEAR NORMAL DEPARTURE LAST
                VALUE   (LST)  VALUE       VALUE  FROM      YEAR
                                                  NORMAL
..................................................................
TEMPERATURE (F)
 YESTERDAY
  MAXIMUM         82    523 PM 101    2009  79      3       90
  MINIMUM         47    520 AM  40    1976  52     -5       49
  AVERAGE         65                        65      0       70

PRECIPITATION (IN)
  YESTERDAY        0.00          0.92 1950   0.01  -0.01     0.00
  MONTH TO DATE    0.15                      0.59  -0.44     0.27
  SINCE OCT 1     39.81                     47.31  -7.50    39.80
  SINCE JAN 1     20.78                     26.62  -5.84    30.96

DEGREE DAYS
 HEATING
  YESTERDAY        0                         2     -2        0
  MONTH TO DATE   17                        74    -57       33
  SINCE JUN 1     80                       262   -182      188
  SINCE JUL 1     17                        74    -57       33

 COOLING
  YESTERDAY        0                         2     -2        5
  MONTH TO DATE   96                        40     56       80
  SINCE JUN 1    168                        51    117       81
  SINCE JAN 1    169                        54    115       82
..................................................................


WIND (MPH)
  RESULTANT WIND SPEED   3   RESULTANT WIND DIRECTION  NE (30)
  HIGHEST WIND SPEED    14   HIGHEST WIND DIRECTION    NE (30)
  HIGHEST GUST SPEED    20   HIGHEST GUST DIRECTION    NE (60)
  AVERAGE WIND SPEED     4.0


SKY COVER
  AVERAGE SKY COVER 0.0


WEATHER CONDITIONS
 THE FOLLOWING WEATHER WAS RECORDED YESTERDAY.
  FOG


RELATIVE HUMIDITY (PERCENT)
 HIGHEST    96           200 AM
 LOWEST     33           200 PM
 AVERAGE    65

..........................................................


THE OLYMPIA WA AIRPORT CLIMATE NORMALS FOR TODAY
                         NORMAL    RECORD    YEAR
 MAXIMUM TEMPERATURE (F)   79       104      2009
 MINIMUM TEMPERATURE (F)   52        41      1954


SUNRISE AND SUNSET
JULY 29 2015..........SUNRISE   547 AM PDT   SUNSET   848 PM PDT
JULY 30 2015..........SUNRISE   548 AM PDT   SUNSET   847 PM PDT


-  INDICATES NEGATIVE NUMBERS.
R  INDICATES RECORD WAS SET OR TIED.
MM INDICATES DATA IS MISSING.
T  INDICATES TRACE AMOUNT.




$$
