659
CDUS46 KSEW 250125
CLIOLM


CLIMATE REPORT
NATIONAL WEATHER SERVICE SEATTLE WA
524 PM PST FRI FEB 24 2017


...................................

...THE OLYMPIA WA AIRPORT CLIMATE SUMMARY FOR FEBRUARY 24 2017...
VALID TODAY AS OF 0500 PM LOCAL TIME.

CLIMATE NORMAL PERIOD 1981 TO 2010
CLIMATE RECORD PERIOD 1948 TO 2017


WEATHER ITEM   OBSERVED TIME   RECORD YEAR NORMAL DEPARTURE LAST
                VALUE   (LST)  VALUE       VALUE  FROM      YEAR
                                                  NORMAL
..................................................................
TEMPERATURE (F)
 TODAY
  MAXIMUM         42    401 PM  65    2005  51     -9       58
  MINIMUM         30    108 AM  15    1962  33     -3       34
  AVERAGE         36                        42     -6       46

PRECIPITATION (IN)
  TODAY            T             1.98 1999   0.17  -0.17      T
  MONTH TO DATE    8.49                      4.55   3.94     5.63
  SINCE OCT 1     40.41                     33.08   7.33    47.10
  SINCE JAN 1     12.31                     12.39  -0.08    14.10

DEGREE DAYS
 HEATING
  TODAY           29                        23      6       19
  MONTH TO DATE  595                       575     20      486
  SINCE DEC 1   2423                      2181    242     1992
  SINCE JUL 1   3620                      3626     -6     3268

 COOLING
  TODAY            0                         0      0        0
  MONTH TO DATE    0                         0      0        0
  SINCE DEC 1      0                         0      0        0
  SINCE JAN 1      0                         0      0        0
..................................................................


WIND (MPH)
  RESULTANT WIND SPEED   4   RESULTANT WIND DIRECTION  SW (220)
  HIGHEST WIND SPEED    15   HIGHEST WIND DIRECTION     S (200)
  HIGHEST GUST SPEED    19   HIGHEST GUST DIRECTION     S (180)
  AVERAGE WIND SPEED     4.8


SKY COVER
  AVERAGE SKY COVER 0.8


WEATHER CONDITIONS
 THE FOLLOWING WEATHER WAS RECORDED TODAY.
  LIGHT RAIN
  FOG


RELATIVE HUMIDITY (PERCENT)
 HIGHEST   100          1200 AM
 LOWEST     73          1200 PM
 AVERAGE    87

..........................................................


THE OLYMPIA WA AIRPORT CLIMATE NORMALS FOR TOMORROW
                         NORMAL    RECORD    YEAR
 MAXIMUM TEMPERATURE (F)   51        63      2016
                                             1992
 MINIMUM TEMPERATURE (F)   33         5      2011


SUNRISE AND SUNSET
FEBRUARY 24 2017......SUNRISE   700 AM PST   SUNSET   550 PM PST
FEBRUARY 25 2017......SUNRISE   658 AM PST   SUNSET   552 PM PST


-  INDICATES NEGATIVE NUMBERS.
R  INDICATES RECORD WAS SET OR TIED.
MM INDICATES DATA IS MISSING.
T  INDICATES TRACE AMOUNT.




$$
