544
CDUS46 KSEW 300843
CLIOLM


CLIMATE REPORT
NATIONAL WEATHER SERVICE SEATTLE WA
143 AM PDT THU MAR 30 2017


...................................

...THE OLYMPIA WA AIRPORT CLIMATE SUMMARY FOR MARCH 29 2017...

CLIMATE NORMAL PERIOD 1981 TO 2010
CLIMATE RECORD PERIOD 1948 TO 2017


WEATHER ITEM   OBSERVED TIME   RECORD YEAR NORMAL DEPARTURE LAST
                VALUE   (LST)  VALUE       VALUE  FROM      YEAR
                                                  NORMAL
..................................................................
TEMPERATURE (F)
 YESTERDAY
  MAXIMUM         53    206 PM  79    2004  56     -3       63
  MINIMUM         42   1159 PM  20    1954  36      6       28
  AVERAGE         48                        46      2       46

PRECIPITATION (IN)
  YESTERDAY        0.73          1.98 2012   0.15   0.58     0.00
  MONTH TO DATE   11.35                      4.98   6.37     8.51
  SINCE OCT 1     52.45                     38.78  13.67    56.65
  SINCE JAN 1     24.35                     18.09   6.26    23.65

DEGREE DAYS
 HEATING
  YESTERDAY       17                        19     -2       19
  MONTH TO DATE  598                       598      0      555
  SINCE MAR 1    598                       598      0      555
  SINCE JUL 1   4326                      4320      6     3913

 COOLING
  YESTERDAY        0                         0      0        0
  MONTH TO DATE    0                         0      0        0
  SINCE MAR 1      0                         0      0        0
  SINCE JAN 1      0                         0      0        0
..................................................................


WIND (MPH)
  RESULTANT WIND SPEED  11   RESULTANT WIND DIRECTION  SW (210)
  HIGHEST WIND SPEED    24   HIGHEST WIND DIRECTION     S (190)
  HIGHEST GUST SPEED    37   HIGHEST GUST DIRECTION     S (180)
  AVERAGE WIND SPEED    12.0


SKY COVER
  AVERAGE SKY COVER 0.9


WEATHER CONDITIONS
 THE FOLLOWING WEATHER WAS RECORDED YESTERDAY.
  RAIN
  LIGHT RAIN
  FOG


RELATIVE HUMIDITY (PERCENT)
 HIGHEST   100           100 AM
 LOWEST     80           600 PM
 AVERAGE    90

..........................................................


THE OLYMPIA WA AIRPORT CLIMATE NORMALS FOR TODAY
                         NORMAL    RECORD    YEAR
 MAXIMUM TEMPERATURE (F)   56        76      1995
 MINIMUM TEMPERATURE (F)   36        22      1954


SUNRISE AND SUNSET
MARCH 30 2017.........SUNRISE   654 AM PDT   SUNSET   739 PM PDT
MARCH 31 2017.........SUNRISE   652 AM PDT   SUNSET   740 PM PDT


-  INDICATES NEGATIVE NUMBERS.
R  INDICATES RECORD WAS SET OR TIED.
MM INDICATES DATA IS MISSING.
T  INDICATES TRACE AMOUNT.




$$
