000
CDUS46 KSEW 170119
CLIOLM


CLIMATE REPORT
NATIONAL WEATHER SERVICE SEATTLE WA
519 PM PST MON JAN 16 2017


...................................

...THE OLYMPIA WA AIRPORT CLIMATE SUMMARY FOR JANUARY 16 2017...
VALID TODAY AS OF 0500 PM LOCAL TIME.

CLIMATE NORMAL PERIOD 1981 TO 2010
CLIMATE RECORD PERIOD 1948 TO 2017


WEATHER ITEM   OBSERVED TIME   RECORD YEAR NORMAL DEPARTURE LAST
                VALUE   (LST)  VALUE       VALUE  FROM      YEAR
                                                  NORMAL
..................................................................
TEMPERATURE (F)
 TODAY
  MAXIMUM         44    259 PM  56    2011  46     -2       52
  MINIMUM         25    243 AM  16    1984  34     -9       40
                                      1950
  AVERAGE         35                        40     -5       46

PRECIPITATION (IN)
  TODAY            0.00          1.49 2006   0.27  -0.27     0.70
  MONTH TO DATE    1.13                      4.16  -3.03     2.19
  SINCE OCT 1     29.23                     24.85   4.38    35.19
  SINCE JAN 1      1.13                      4.16  -3.03     2.19

DEGREE DAYS
 HEATING
  TODAY           30                        25      5       19
  MONTH TO DATE  545                       410    135      456
  SINCE DEC 1   1457                      1235    222     1205
  SINCE JUL 1   2654                      2680    -26     2481

 COOLING
  TODAY            0                         0      0        0
  MONTH TO DATE    0                         0      0        0
  SINCE DEC 1      0                         0      0        0
  SINCE JAN 1      0                         0      0        0
..................................................................


WIND (MPH)
  RESULTANT WIND SPEED   5   RESULTANT WIND DIRECTION  SW (210)
  HIGHEST WIND SPEED    12   HIGHEST WIND DIRECTION    SW (220)
  HIGHEST GUST SPEED    17   HIGHEST GUST DIRECTION    SW (220)
  AVERAGE WIND SPEED     5.6


SKY COVER
  AVERAGE SKY COVER 0.4


WEATHER CONDITIONS
 THE FOLLOWING WEATHER WAS RECORDED TODAY.
  NO SIGNIFICANT WEATHER WAS OBSERVED.


RELATIVE HUMIDITY (PERCENT)
 HIGHEST    92          1200 AM
 LOWEST     57           200 PM
 AVERAGE    75

..........................................................


THE OLYMPIA WA AIRPORT CLIMATE NORMALS FOR TOMORROW
                         NORMAL    RECORD    YEAR
 MAXIMUM TEMPERATURE (F)   46        58      1977
 MINIMUM TEMPERATURE (F)   34         8      1950


SUNRISE AND SUNSET
JANUARY 16 2017.......SUNRISE   752 AM PST   SUNSET   452 PM PST
JANUARY 17 2017.......SUNRISE   751 AM PST   SUNSET   453 PM PST


-  INDICATES NEGATIVE NUMBERS.
R  INDICATES RECORD WAS SET OR TIED.
MM INDICATES DATA IS MISSING.
T  INDICATES TRACE AMOUNT.




$$
