000
CDUS46 KSEW 240125
CLIOLM


CLIMATE REPORT
NATIONAL WEATHER SERVICE SEATTLE WA
524 PM PST TUE JAN 23 2018


...................................

...THE OLYMPIA WA AIRPORT CLIMATE SUMMARY FOR JANUARY 23 2018...
VALID TODAY AS OF 0500 PM LOCAL TIME.

CLIMATE NORMAL PERIOD 1981 TO 2010
CLIMATE RECORD PERIOD 1948 TO 2018


WEATHER ITEM   OBSERVED TIME   RECORD YEAR NORMAL DEPARTURE LAST
                VALUE   (LST)  VALUE       VALUE  FROM      YEAR
                                                  NORMAL
..................................................................
TEMPERATURE (F)
 TODAY
  MAXIMUM         46    459 PM  56    2007  47     -1       49
                                      2005
  MINIMUM         34    209 AM   4    1969  34      0       26
  AVERAGE         40                        40      0       38

PRECIPITATION (IN)
  TODAY            0.82          1.83 1982   0.24   0.58     0.00
  MONTH TO DATE    6.44                      5.97   0.47     3.78
  SINCE OCT 1     32.20                     26.66   5.54    31.88
  SINCE JAN 1      6.44                      5.97   0.47     3.78

DEGREE DAYS
 HEATING
  TODAY           25                        25      0       27
  MONTH TO DATE  516                       585    -69      709
  SINCE DEC 1   1376                      1410    -34     1621
  SINCE JUL 1   2678                      2855   -177     2818

 COOLING
  TODAY            0                         0      0        0
  MONTH TO DATE    0                         0      0        0
  SINCE DEC 1      0                         0      0        0
  SINCE JAN 1      0                         0      0        0
..................................................................


WIND (MPH)
  RESULTANT WIND SPEED   4   RESULTANT WIND DIRECTION   S (190)
  HIGHEST WIND SPEED    20   HIGHEST WIND DIRECTION     S (190)
  HIGHEST GUST SPEED    27   HIGHEST GUST DIRECTION    SW (210)
  AVERAGE WIND SPEED     4.1


SKY COVER
  AVERAGE SKY COVER 1.0


WEATHER CONDITIONS
 THE FOLLOWING WEATHER WAS RECORDED TODAY.
  RAIN
  LIGHT RAIN
  FOG


RELATIVE HUMIDITY (PERCENT)
 HIGHEST   100          1200 AM
 LOWEST     89          1100 AM
 AVERAGE    95

..........................................................


THE OLYMPIA WA AIRPORT CLIMATE NORMALS FOR TOMORROW
                         NORMAL    RECORD    YEAR
 MAXIMUM TEMPERATURE (F)   47        58      2015
 MINIMUM TEMPERATURE (F)   34         1      1949


SUNRISE AND SUNSET
JANUARY 23 2018.......SUNRISE   746 AM PST   SUNSET   501 PM PST
JANUARY 24 2018.......SUNRISE   745 AM PST   SUNSET   503 PM PST


-  INDICATES NEGATIVE NUMBERS.
R  INDICATES RECORD WAS SET OR TIED.
MM INDICATES DATA IS MISSING.
T  INDICATES TRACE AMOUNT.




$$
