000
CDUS46 KSEW 210828
CLIOLM


CLIMATE REPORT
NATIONAL WEATHER SERVICE SEATTLE WA
128 AM PDT MON AUG 21 2017


...................................

...THE OLYMPIA WA AIRPORT CLIMATE SUMMARY FOR AUGUST 20 2017...

CLIMATE NORMAL PERIOD 1981 TO 2010
CLIMATE RECORD PERIOD 1948 TO 2017


WEATHER ITEM   OBSERVED TIME   RECORD YEAR NORMAL DEPARTURE LAST
                VALUE   (LST)  VALUE       VALUE  FROM      YEAR
                                                  NORMAL
..................................................................
TEMPERATURE (F)
 YESTERDAY
  MAXIMUM         78    437 PM  96    2016  78      0       96
  MINIMUM         47    524 AM  39    1952  50     -3       50
  AVERAGE         63                        64     -1       73

PRECIPITATION (IN)
  YESTERDAY        0.00          0.68 2008   0.03  -0.03     0.00
  MONTH TO DATE    0.11                      0.47  -0.36     0.21
  SINCE OCT 1     62.53                     47.82  14.71    60.45
  SINCE JAN 1     34.43                     27.13   7.30    27.45

DEGREE DAYS
 HEATING
  YESTERDAY        2                         2      0        0
  MONTH TO DATE   13                        40    -27       30
  SINCE JUN 1    200                       308   -108      254
  SINCE JUL 1     49                       120    -71       88

 COOLING
  YESTERDAY        0                         1     -1        8
  MONTH TO DATE   72                        36     36       57
  SINCE JUN 1    130                        90     40      128
  SINCE JAN 1    140                        93     47      129
..................................................................


WIND (MPH)
  RESULTANT WIND SPEED   3   RESULTANT WIND DIRECTION  NE (30)
  HIGHEST WIND SPEED    10   HIGHEST WIND DIRECTION    NE (60)
  HIGHEST GUST SPEED    14   HIGHEST GUST DIRECTION    NE (40)
  AVERAGE WIND SPEED     3.1


SKY COVER
  AVERAGE SKY COVER 0.0


WEATHER CONDITIONS
 THE FOLLOWING WEATHER WAS RECORDED YESTERDAY.
  NO SIGNIFICANT WEATHER WAS OBSERVED.


RELATIVE HUMIDITY (PERCENT)
 HIGHEST   100           300 AM
 LOWEST     36           500 PM
 AVERAGE    68

..........................................................


THE OLYMPIA WA AIRPORT CLIMATE NORMALS FOR TODAY
                         NORMAL    RECORD    YEAR
 MAXIMUM TEMPERATURE (F)   77        95      1958
 MINIMUM TEMPERATURE (F)   50        38      1973


SUNRISE AND SUNSET
AUGUST 21 2017........SUNRISE   617 AM PDT   SUNSET   811 PM PDT
AUGUST 22 2017........SUNRISE   619 AM PDT   SUNSET   809 PM PDT


-  INDICATES NEGATIVE NUMBERS.
R  INDICATES RECORD WAS SET OR TIED.
MM INDICATES DATA IS MISSING.
T  INDICATES TRACE AMOUNT.




$$
