000
CDUS46 KSEW 230119
CLIOLM


CLIMATE REPORT
NATIONAL WEATHER SERVICE SEATTLE WA
519 PM PST SAT NOV 22 2014


...................................

...THE OLYMPIA WA AIRPORT CLIMATE SUMMARY FOR NOVEMBER 22 2014...
VALID TODAY AS OF 0500 PM LOCAL TIME.

CLIMATE NORMAL PERIOD 1981 TO 2010
CLIMATE RECORD PERIOD 1948 TO 2014


WEATHER ITEM   OBSERVED TIME   RECORD YEAR NORMAL DEPARTURE LAST
                VALUE   (LST)  VALUE       VALUE  FROM      YEAR
                                                  NORMAL
..................................................................
TEMPERATURE (F)
 TODAY
  MAXIMUM         52    213 PM  63    1957  48      4       46
  MINIMUM         41    442 AM   2    1985  35      6       20
  AVERAGE         47                        42      5       33

PRECIPITATION (IN)
  TODAY            0.20          2.87 1959   0.30  -0.10     0.00
  MONTH TO DATE    3.01                      6.23  -3.22     4.51
  SINCE OCT 1      9.92                     10.83  -0.91     6.64
  SINCE JAN 1     45.40                     40.14   5.26    39.26

DEGREE DAYS
 HEATING
  TODAY           18                        23     -5       32
  MONTH TO DATE  491                       457     34      462
  SINCE SEP 1    887                      1101   -214     1110
  SINCE JUL 1    940                      1251   -311     1187

 COOLING
  TODAY            0                         0      0        0
  MONTH TO DATE    0                         0      0        0
  SINCE SEP 1      6                         7     -1       26
  SINCE JAN 1    187                       106     81      147
..................................................................


WIND (MPH)
  RESULTANT WIND SPEED   9   RESULTANT WIND DIRECTION  SW (210)
  HIGHEST WIND SPEED    14   HIGHEST WIND DIRECTION    SW (240)
  HIGHEST GUST SPEED    19   HIGHEST GUST DIRECTION    SW (210)
  AVERAGE WIND SPEED     9.4


SKY COVER
  AVERAGE SKY COVER 0.6


WEATHER CONDITIONS
 THE FOLLOWING WEATHER WAS RECORDED TODAY.
  LIGHT RAIN
  FOG


RELATIVE HUMIDITY (PERCENT)
 HIGHEST    96           600 AM
 LOWEST     71           200 PM
 AVERAGE    84

..........................................................


THE OLYMPIA WA AIRPORT CLIMATE NORMALS FOR TOMORROW
                         NORMAL    RECORD    YEAR
 MAXIMUM TEMPERATURE (F)   48        61      1957
 MINIMUM TEMPERATURE (F)   35         0      1985


SUNRISE AND SUNSET
NOVEMBER 22 2014......SUNRISE   725 AM PST   SUNSET   430 PM PST
NOVEMBER 23 2014......SUNRISE   726 AM PST   SUNSET   429 PM PST


-  INDICATES NEGATIVE NUMBERS.
R  INDICATES RECORD WAS SET OR TIED.
MM INDICATES DATA IS MISSING.
T  INDICATES TRACE AMOUNT.




$$
