000
CDUS43 KOAX 191016 CCA
CLIOMA

CLIMATE REPORT...CORRECTION
NATIONAL WEATHER SERVICE OMAHA NEBRASKA
1240 AM CST FRI DEC 19 2014

...CORRECTED SNOW DEPTH AT 12Z FROM A TRACE TO 0...


...................................

...THE OMAHA EPPLEY, NEBRASKA CLIMATE SUMMARY FOR DECEMBER 18 2014...

CLIMATE NORMAL PERIOD 1981 TO 2010
CLIMATE RECORD PERIOD 1871 TO 2014


WEATHER ITEM   OBSERVED TIME   RECORD YEAR NORMAL DEPARTURE LAST
                VALUE   (LST)  VALUE       VALUE  FROM      YEAR
                                                  NORMAL
..................................................................
TEMPERATURE (F)
 YESTERDAY
  MAXIMUM         31   1159 PM  69    1976  34     -3       49
  MINIMUM         26    826 AM -18    1983  16     10       24
  AVERAGE         29                        25      4       37

PRECIPITATION (IN)
  YESTERDAY        0.02          1.02 1968   0.03  -0.01     0.00
  MONTH TO DATE    0.77                      0.67   0.10     0.16
  SINCE DEC 1      0.77                      0.67   0.10     0.16
  SINCE JAN 1     38.23                     30.25   7.98    28.96

SNOWFALL (IN)
  YESTERDAY        0.3                       0.2    0.1      0.0
  MONTH TO DATE    0.3                       3.6   -3.3      2.5
  SINCE JUL 1      2.7                       6.4   -3.7      2.9
  SNOW DEPTH       0

DEGREE DAYS
 HEATING
  YESTERDAY       36                        40     -4       28
  MONTH TO DATE  550                       677   -127      763
  SINCE DEC 1    550                       677   -127      763
  SINCE JUL 1   1851                      1947    -96     1989

 COOLING
  YESTERDAY        0                         0      0        0
  MONTH TO DATE    0                         0      0        0
  SINCE DEC 1      0                         0      0        0
  SINCE JAN 1   1149                      1113     36     1294
..................................................................


WIND (MPH)
  HIGHEST WIND SPEED    10   HIGHEST WIND DIRECTION     S (170)
  HIGHEST GUST SPEED    12   HIGHEST GUST DIRECTION     S (170)
  AVERAGE WIND SPEED     6.0


SKY COVER
  POSSIBLE SUNSHINE  MM
  AVERAGE SKY COVER 1.0


WEATHER CONDITIONS
 THE FOLLOWING WEATHER WAS RECORDED YESTERDAY.
  LIGHT SNOW
  FOG


RELATIVE HUMIDITY (PERCENT)
 HIGHEST    92          1000 AM
 LOWEST     69          1200 AM
 AVERAGE    81

..........................................................


THE OMAHA EPPLEY, NEBRASKA CLIMATE NORMALS FOR TODAY
                         NORMAL    RECORD    YEAR
 MAXIMUM TEMPERATURE (F)   34        60      1966
 MINIMUM TEMPERATURE (F)   16       -16      1983


SUNRISE AND SUNSET
DECEMBER 19 2014......SUNRISE   745 AM CST   SUNSET   457 PM CST
DECEMBER 20 2014......SUNRISE   745 AM CST   SUNSET   457 PM CST


-  INDICATES NEGATIVE NUMBERS.
R  INDICATES RECORD WAS SET OR TIED.
MM INDICATES DATA IS MISSING.
T  INDICATES TRACE AMOUNT.




$$

COR BY KLISH
