000
CDUS43 KOAX 300629
CLIOMA


CLIMATE REPORT
NATIONAL WEATHER SERVICE OMAHA NEBRASKA
127 AM CDT THU MAR 30 2017


...................................

...THE OMAHA EPPLEY, NEBRASKA CLIMATE SUMMARY FOR MARCH 29 2017...

CLIMATE NORMAL PERIOD 1981 TO 2010
CLIMATE RECORD PERIOD 1871 TO 2017


WEATHER ITEM   OBSERVED TIME   RECORD YEAR NORMAL DEPARTURE LAST
                VALUE   (LST)  VALUE       VALUE  FROM      YEAR
                                                  NORMAL
..................................................................
TEMPERATURE (F)
 YESTERDAY
  MAXIMUM         49    114 AM  88    1986  57     -8       69
  MINIMUM         42    736 PM  10    1969  33      9       46
  AVERAGE         46                        45      1       58

PRECIPITATION (IN)
  YESTERDAY        1.21R         0.84 1976   0.08   1.13      T
  MONTH TO DATE    2.39                      1.82   0.57     0.97
  SINCE MAR 1      2.39                      1.82   0.57     0.97
  SINCE JAN 1      4.29                      3.39   0.90     2.69

SNOWFALL (IN)
  YESTERDAY        0.0                       0.1   -0.1      0.0
  MONTH TO DATE    0.3                       4.0   -3.7       T
  SINCE JUL 1     11.4                      25.2  -13.8     27.4
  SNOW DEPTH       0

DEGREE DAYS
 HEATING
  YESTERDAY       19                        20     -1        7
  MONTH TO DATE  625                       752   -127      519
  SINCE MAR 1    625                       752   -127      519
  SINCE JUL 1   4452                      5550  -1098     4485

 COOLING
  YESTERDAY        0                         0      0        0
  MONTH TO DATE    0                         0      0        2
  SINCE MAR 1      0                         0      0        2
  SINCE JAN 1      0                         0      0        2
..................................................................


WIND (MPH)
  HIGHEST WIND SPEED    29   HIGHEST WIND DIRECTION    NE (050)
  HIGHEST GUST SPEED    37   HIGHEST GUST DIRECTION    NE (040)
  AVERAGE WIND SPEED    17.1


SKY COVER
  POSSIBLE SUNSHINE  MM
  AVERAGE SKY COVER 1.0


WEATHER CONDITIONS
 THE FOLLOWING WEATHER WAS RECORDED YESTERDAY.
  RAIN
  LIGHT RAIN
  FOG


RELATIVE HUMIDITY (PERCENT)
 HIGHEST    89           200 PM
 LOWEST     76          1000 PM
 AVERAGE    83

..........................................................


THE OMAHA EPPLEY, NEBRASKA CLIMATE NORMALS FOR TODAY
                         NORMAL    RECORD    YEAR
 MAXIMUM TEMPERATURE (F)   57        89      1968
 MINIMUM TEMPERATURE (F)   33        11      1987


SUNRISE AND SUNSET
MARCH 30 2017.........SUNRISE   710 AM CDT   SUNSET   747 PM CDT
MARCH 31 2017.........SUNRISE   708 AM CDT   SUNSET   748 PM CDT


-  INDICATES NEGATIVE NUMBERS.
R  INDICATES RECORD WAS SET OR TIED.
MM INDICATES DATA IS MISSING.
T  INDICATES TRACE AMOUNT.




$$
