000
CDUS43 KOAX 270637
CLIOMA


CLIMATE REPORT
NATIONAL WEATHER SERVICE OMAHA NEBRASKA
1236 AM CST TUE JAN 27 2015


...................................

...THE OMAHA EPPLEY, NEBRASKA CLIMATE SUMMARY FOR JANUARY 26 2015...

CLIMATE NORMAL PERIOD 1981 TO 2010
CLIMATE RECORD PERIOD 1871 TO 2015


WEATHER ITEM   OBSERVED TIME   RECORD YEAR NORMAL DEPARTURE LAST
                VALUE   (LST)  VALUE       VALUE  FROM      YEAR
                                                  NORMAL
..................................................................
TEMPERATURE (F)
 YESTERDAY
  MAXIMUM         58    317 PM  68    2002  34     24       53
  MINIMUM         26    442 AM -17    1936  14     12        6
  AVERAGE         42                        24     18       30

PRECIPITATION (IN)
  YESTERDAY        0.00          0.59 1996   0.03  -0.03      T
                                      1916
  MONTH TO DATE    0.07                      0.59  -0.52     0.11
  SINCE DEC 1      1.75                      1.63   0.12     0.31
  SINCE JAN 1      0.07                      0.59  -0.52     0.11

SNOWFALL (IN)
  YESTERDAY        0.0                       0.2   -0.2       T
  MONTH TO DATE    1.3                       5.0   -3.7      1.5
  SINCE JUL 1      4.4                      14.0   -9.6      5.0
  SNOW DEPTH       0

DEGREE DAYS
 HEATING
  YESTERDAY       23                        41    -18       35
  MONTH TO DATE 1005                      1087    -82     1120
  SINCE DEC 1   2035                      2296   -261     2438
  SINCE JUL 1   3336                      3566   -230     3664

 COOLING
  YESTERDAY        0                         0      0        0
  MONTH TO DATE    0                         0      0        0
  SINCE DEC 1      0                         0      0        0
  SINCE JAN 1      0                         0      0        0
..................................................................


WIND (MPH)
  HIGHEST WIND SPEED    24   HIGHEST WIND DIRECTION    NW (320)
  HIGHEST GUST SPEED    31   HIGHEST GUST DIRECTION     N (340)
  AVERAGE WIND SPEED    10.1


SKY COVER
  POSSIBLE SUNSHINE  MM
  AVERAGE SKY COVER 0.2


WEATHER CONDITIONS
 THE FOLLOWING WEATHER WAS RECORDED YESTERDAY.
  NO SIGNIFICANT WEATHER WAS OBSERVED.


RELATIVE HUMIDITY (PERCENT)
 HIGHEST    92          1200 AM
 LOWEST     43           300 PM
 AVERAGE    68

..........................................................


THE OMAHA EPPLEY, NEBRASKA CLIMATE NORMALS FOR TODAY
                         NORMAL    RECORD    YEAR
 MAXIMUM TEMPERATURE (F)   34        64      1934
 MINIMUM TEMPERATURE (F)   14       -21      1936


SUNRISE AND SUNSET
JANUARY 27 2015.......SUNRISE   740 AM CST   SUNSET   534 PM CST
JANUARY 28 2015.......SUNRISE   739 AM CST   SUNSET   535 PM CST


-  INDICATES NEGATIVE NUMBERS.
R  INDICATES RECORD WAS SET OR TIED.
MM INDICATES DATA IS MISSING.
T  INDICATES TRACE AMOUNT.




$$
