012
CDUS43 KOAX 210700
CLIOMA


CLIMATE REPORT
NATIONAL WEATHER SERVICE OMAHA NEBRASKA
154 AM CDT FRI JUL 21 2017


...................................

...THE OMAHA EPPLEY, NEBRASKA CLIMATE SUMMARY FOR JULY 20 2017...

CLIMATE NORMAL PERIOD 1981 TO 2010
CLIMATE RECORD PERIOD 1871 TO 2017


WEATHER ITEM   OBSERVED TIME   RECORD YEAR NORMAL DEPARTURE LAST
                VALUE   (LST)  VALUE       VALUE  FROM      YEAR
                                                  NORMAL
..................................................................
TEMPERATURE (F)
 YESTERDAY
  MAXIMUM         98    346 PM 110    1934  88     10       96
  MINIMUM         80    542 AM  53    1877  67     13       76
  AVERAGE         89                        77     12       86

PRECIPITATION (IN)
  YESTERDAY        0.00          2.68 1928   0.12  -0.12     0.00
  MONTH TO DATE    0.65                      2.48  -1.83     6.47
  SINCE JUN 1      3.79                      6.66  -2.87     7.41
  SINCE JAN 1     15.10                     17.94  -2.84    20.40

SNOWFALL (IN)
  YESTERDAY        0.0                       0.0    0.0      0.0
  MONTH TO DATE    0.0                       0.0    0.0       T
  SINCE JUL 1      0.0                       0.0    0.0       T
  SNOW DEPTH       0

DEGREE DAYS
 HEATING
  YESTERDAY        0                         0      0        0
  MONTH TO DATE    0                         0      0        0
  SINCE JUN 1      0                        17    -17        0
  SINCE JUL 1      0                         0      0        0

 COOLING
  YESTERDAY       24                        12     12       21
  MONTH TO DATE  319                       236     83      238
  SINCE JUN 1    646                       466    180      656
  SINCE JAN 1    731                       548    183      739
..................................................................


WIND (MPH)
  HIGHEST WIND SPEED    16   HIGHEST WIND DIRECTION     N (010)
  HIGHEST GUST SPEED    20   HIGHEST GUST DIRECTION     N (010)
  AVERAGE WIND SPEED     8.1


SKY COVER
  POSSIBLE SUNSHINE  MM
  AVERAGE SKY COVER 0.7


WEATHER CONDITIONS
 THE FOLLOWING WEATHER WAS RECORDED YESTERDAY.
  NO SIGNIFICANT WEATHER WAS OBSERVED.


RELATIVE HUMIDITY (PERCENT)
 HIGHEST    72          1100 PM
 LOWEST     42          1200 PM
 AVERAGE    57

..........................................................


THE OMAHA EPPLEY, NEBRASKA CLIMATE NORMALS FOR TODAY
                         NORMAL    RECORD    YEAR
 MAXIMUM TEMPERATURE (F)   87       110      1974
 MINIMUM TEMPERATURE (F)   67        53      2000
                                             1970


SUNRISE AND SUNSET
JULY 21 2017..........SUNRISE   609 AM CDT   SUNSET   851 PM CDT
JULY 22 2017..........SUNRISE   610 AM CDT   SUNSET   850 PM CDT


-  INDICATES NEGATIVE NUMBERS.
R  INDICATES RECORD WAS SET OR TIED.
MM INDICATES DATA IS MISSING.
T  INDICATES TRACE AMOUNT.




$$
