000
CDUS43 KOAX 220631
CLIOMA


CLIMATE REPORT
NATIONAL WEATHER SERVICE OMAHA NEBRASKA
130 AM CDT FRI AUG 22 2014


...................................

...THE OMAHA EPPLEY, NEBRASKA CLIMATE SUMMARY FOR AUGUST 21 2014...

CLIMATE NORMAL PERIOD 1981 TO 2010
CLIMATE RECORD PERIOD 1871 TO 2014


WEATHER ITEM   OBSERVED TIME   RECORD YEAR NORMAL DEPARTURE LAST
                VALUE   (LST)  VALUE       VALUE  FROM      YEAR
                                                  NORMAL
..................................................................
TEMPERATURE (F)
 YESTERDAY
  MAXIMUM         93    435 PM 100    1975  85      8       93
                                      1898
  MINIMUM         75    756 AM  50    2004  63     12       71
  AVERAGE         84                        74     10       82

PRECIPITATION (IN)
  YESTERDAY        0.29          2.18 1998   0.13   0.16     0.00
  MONTH TO DATE    2.38                      2.68  -0.30     1.69
  SINCE JUN 1     14.62                     10.69   3.93     6.87
  SINCE JAN 1     21.44                     21.97  -0.53    21.21

SNOWFALL (IN)
  YESTERDAY        0.0                       0.0    0.0      0.0
  MONTH TO DATE    0.0                       0.0    0.0      0.0
  SINCE JUL 1      0.0                       0.0    0.0      0.0
  SNOW DEPTH       0

DEGREE DAYS
 HEATING
  YESTERDAY        0                         0      0        0
  MONTH TO DATE    0                         0      0        0
  SINCE JUN 1     10                        18     -8       21
  SINCE JUL 1      4                         1      3        5

 COOLING
  YESTERDAY       19                         9     10       17
  MONTH TO DATE  219                       219      0      182
  SINCE JUN 1    767                       814    -47      777
  SINCE JAN 1    910                       896     14      873
..................................................................


WIND (MPH)
  HIGHEST WIND SPEED    20   HIGHEST WIND DIRECTION    SW (230)
  HIGHEST GUST SPEED    25   HIGHEST GUST DIRECTION    SW (240)
  AVERAGE WIND SPEED     8.5


SKY COVER
  POSSIBLE SUNSHINE  MM
  AVERAGE SKY COVER 0.6


WEATHER CONDITIONS
 THE FOLLOWING WEATHER WAS RECORDED YESTERDAY.
  THUNDERSTORM
  RAIN
  LIGHT RAIN
  FOG


RELATIVE HUMIDITY (PERCENT)
 HIGHEST    91          1100 PM
 LOWEST     47           300 PM
 AVERAGE    69

..........................................................


THE OMAHA EPPLEY, NEBRASKA CLIMATE NORMALS FOR TODAY
                         NORMAL    RECORD    YEAR
 MAXIMUM TEMPERATURE (F)   85       100      1975
                                             1914
                                             1898
 MINIMUM TEMPERATURE (F)   63        48      1923


SUNRISE AND SUNSET
AUGUST 22 2014........SUNRISE   640 AM CDT   SUNSET   812 PM CDT
AUGUST 23 2014........SUNRISE   641 AM CDT   SUNSET   811 PM CDT


-  INDICATES NEGATIVE NUMBERS.
R  INDICATES RECORD WAS SET OR TIED.
MM INDICATES DATA IS MISSING.
T  INDICATES TRACE AMOUNT.




$$
