000
CDUS43 KOAX 160625
CLIOMA


CLIMATE REPORT
NATIONAL WEATHER SERVICE OMAHA NEBRASKA
122 AM CDT TUE SEP 16 2014


...................................

...THE OMAHA EPPLEY, NEBRASKA CLIMATE SUMMARY FOR SEPTEMBER 15 2014...

CLIMATE NORMAL PERIOD 1981 TO 2010
CLIMATE RECORD PERIOD 1871 TO 2014


WEATHER ITEM   OBSERVED TIME   RECORD YEAR NORMAL DEPARTURE LAST
                VALUE   (LST)  VALUE       VALUE  FROM      YEAR
                                                  NORMAL
..................................................................
TEMPERATURE (F)
 YESTERDAY
  MAXIMUM         65    212 PM  99    1939  78    -13       70
  MINIMUM         47   1159 PM  36    1874  54     -7       63
  AVERAGE         56                        66    -10       67

PRECIPITATION (IN)
  YESTERDAY        0.02          1.34 1941   0.09  -0.07     0.23
  MONTH TO DATE    4.13                      1.45   2.68     1.87
  SINCE SEP 1      4.13                      1.45   2.68     1.87
  SINCE JAN 1     32.78                     24.56   8.22    23.11

SNOWFALL (IN)
  YESTERDAY        0.0                       0.0    0.0      0.0
  MONTH TO DATE    0.0                       0.0    0.0      0.0
  SINCE JUL 1      0.0                       0.0    0.0      0.0
  SNOW DEPTH       0

DEGREE DAYS
 HEATING
  YESTERDAY        9                         3      6        0
  MONTH TO DATE   59                        23     36        1
  SINCE SEP 1     59                        23     36        1
  SINCE JUL 1     63                        31     32        6

 COOLING
  YESTERDAY        0                         4     -4        2
  MONTH TO DATE   55                        81    -26      149
  SINCE SEP 1     55                        81    -26      149
  SINCE JAN 1   1078                      1061     17     1215
..................................................................


WIND (MPH)
  HIGHEST WIND SPEED    23   HIGHEST WIND DIRECTION     N (010)
  HIGHEST GUST SPEED    28   HIGHEST GUST DIRECTION     N (350)
  AVERAGE WIND SPEED     8.1


SKY COVER
  POSSIBLE SUNSHINE  MM
  AVERAGE SKY COVER 0.7


WEATHER CONDITIONS
 THE FOLLOWING WEATHER WAS RECORDED YESTERDAY.
  THUNDERSTORM
  LIGHT RAIN
  FOG


RELATIVE HUMIDITY (PERCENT)
 HIGHEST    90           100 AM
 LOWEST     52           400 PM
 AVERAGE    71

..........................................................


THE OMAHA EPPLEY, NEBRASKA CLIMATE NORMALS FOR TODAY
                         NORMAL    RECORD    YEAR
 MAXIMUM TEMPERATURE (F)   78        97      1931
 MINIMUM TEMPERATURE (F)   54        36      1903
                                             1881


SUNRISE AND SUNSET
SEPTEMBER 16 2014.....SUNRISE   705 AM CDT   SUNSET   731 PM CDT
SEPTEMBER 17 2014.....SUNRISE   706 AM CDT   SUNSET   729 PM CDT


-  INDICATES NEGATIVE NUMBERS.
R  INDICATES RECORD WAS SET OR TIED.
MM INDICATES DATA IS MISSING.
T  INDICATES TRACE AMOUNT.


$$

BCM
