000
CDUS43 KOAX 280627
CLIOMA


CLIMATE REPORT
NATIONAL WEATHER SERVICE OMAHA NEBRASKA
126 AM CDT THU JUL 28 2016


...................................

...THE OMAHA EPPLEY, NEBRASKA CLIMATE SUMMARY FOR JULY 27 2016...

CLIMATE NORMAL PERIOD 1981 TO 2010
CLIMATE RECORD PERIOD 1871 TO 2016


WEATHER ITEM   OBSERVED TIME   RECORD YEAR NORMAL DEPARTURE LAST
                VALUE   (LST)  VALUE       VALUE  FROM      YEAR
                                                  NORMAL
..................................................................
TEMPERATURE (F)
 YESTERDAY
  MAXIMUM         88   1252 PM 109    1930  87      1       91
  MINIMUM         72    609 AM  53    2013  66      6       77
                                      2005
  AVERAGE         80                        77      3       84

PRECIPITATION (IN)
  YESTERDAY        0.00          1.77 1875   0.12  -0.12     0.07
  MONTH TO DATE    6.60                      3.32   3.28     2.03
  SINCE JUN 1      7.54                      7.50   0.04     6.64
  SINCE JAN 1     20.53                     18.78   1.75    17.33

SNOWFALL (IN)
  YESTERDAY        0.0                       0.0    0.0      0.0
  MONTH TO DATE    T                         0.0    0.0      0.0
  SINCE JUL 1      T                         0.0    0.0      0.0
  SNOW DEPTH       0

DEGREE DAYS
 HEATING
  YESTERDAY        0                         0      0        0
  MONTH TO DATE    0                         0      0        1
  SINCE JUN 1      0                        17    -17        1
  SINCE JUL 1      0                         0      0        1

 COOLING
  YESTERDAY       15                        12      3       19
  MONTH TO DATE  360                       320     40      326
  SINCE JUN 1    778                       550    228      588
  SINCE JAN 1    861                       632    229      634
..................................................................


WIND (MPH)
  HIGHEST WIND SPEED    18   HIGHEST WIND DIRECTION    NE (050)
  HIGHEST GUST SPEED    22   HIGHEST GUST DIRECTION    NE (030)
  AVERAGE WIND SPEED     7.3


SKY COVER
  POSSIBLE SUNSHINE  MM
  AVERAGE SKY COVER 0.5


WEATHER CONDITIONS
 THE FOLLOWING WEATHER WAS RECORDED YESTERDAY.
  NO SIGNIFICANT WEATHER WAS OBSERVED.


RELATIVE HUMIDITY (PERCENT)
 HIGHEST    84           400 AM
 LOWEST     50           100 PM
 AVERAGE    67

..........................................................


THE OMAHA EPPLEY, NEBRASKA CLIMATE NORMALS FOR TODAY
                         NORMAL    RECORD    YEAR
 MAXIMUM TEMPERATURE (F)   87       105      1931
 MINIMUM TEMPERATURE (F)   66        48      2013


SUNRISE AND SUNSET
JULY 28 2016..........SUNRISE   615 AM CDT   SUNSET   844 PM CDT
JULY 29 2016..........SUNRISE   616 AM CDT   SUNSET   843 PM CDT


-  INDICATES NEGATIVE NUMBERS.
R  INDICATES RECORD WAS SET OR TIED.
MM INDICATES DATA IS MISSING.
T  INDICATES TRACE AMOUNT.




$$
