000
CDUS43 KOAX 270706
CLIOMA


CLIMATE REPORT
NATIONAL WEATHER SERVICE OMAHA NEBRASKA
204 AM CDT FRI MAR 27 2015


...................................

...THE OMAHA EPPLEY, NEBRASKA CLIMATE SUMMARY FOR MARCH 26 2015...

CLIMATE NORMAL PERIOD 1981 TO 2010
CLIMATE RECORD PERIOD 1871 TO 2015


WEATHER ITEM   OBSERVED TIME   RECORD YEAR NORMAL DEPARTURE LAST
                VALUE   (LST)  VALUE       VALUE  FROM      YEAR
                                                  NORMAL
..................................................................
TEMPERATURE (F)
 YESTERDAY
  MAXIMUM         50    206 PM  86    1907  56     -6       65
  MINIMUM         25    428 AM   2    1873  32     -7       26
  AVERAGE         38                        44     -6       46

PRECIPITATION (IN)
  YESTERDAY        T             1.42 1983   0.07  -0.07     0.00
  MONTH TO DATE    0.54                      1.57  -1.03     0.13
  SINCE MAR 1      0.54                      1.57  -1.03     0.13
  SINCE JAN 1      1.68                      3.14  -1.46     0.99

SNOWFALL (IN)
  YESTERDAY        0.0                       0.1   -0.1      0.0
  MONTH TO DATE    0.2                       3.7   -3.5      2.3
  SINCE JUL 1     13.8                      24.9  -11.1     17.2
  SNOW DEPTH       0

DEGREE DAYS
 HEATING
  YESTERDAY       27                        21      6       19
  MONTH TO DATE  566                       690   -124      782
  SINCE MAR 1    566                       690   -124      782
  SINCE JUL 1   5277                      5488   -211     5887

 COOLING
  YESTERDAY        0                         0      0        0
  MONTH TO DATE    0                         0      0        0
  SINCE MAR 1      0                         0      0        0
  SINCE JAN 1      0                         0      0        0
..................................................................


WIND (MPH)
  HIGHEST WIND SPEED    20   HIGHEST WIND DIRECTION     N (350)
  HIGHEST GUST SPEED    27   HIGHEST GUST DIRECTION     N (350)
  AVERAGE WIND SPEED     7.2


SKY COVER
  POSSIBLE SUNSHINE  MM
  AVERAGE SKY COVER 0.5


WEATHER CONDITIONS
 THE FOLLOWING WEATHER WAS RECORDED YESTERDAY.
  LIGHT RAIN


RELATIVE HUMIDITY (PERCENT)
 HIGHEST    96           900 PM
 LOWEST     36           300 PM
 AVERAGE    66

..........................................................


THE OMAHA EPPLEY, NEBRASKA CLIMATE NORMALS FOR TODAY
                         NORMAL    RECORD    YEAR
 MAXIMUM TEMPERATURE (F)   56        83      1895
 MINIMUM TEMPERATURE (F)   32        11      1955


SUNRISE AND SUNSET
MARCH 27 2015.........SUNRISE   716 AM CDT   SUNSET   743 PM CDT
MARCH 28 2015.........SUNRISE   714 AM CDT   SUNSET   744 PM CDT


-  INDICATES NEGATIVE NUMBERS.
R  INDICATES RECORD WAS SET OR TIED.
MM INDICATES DATA IS MISSING.
T  INDICATES TRACE AMOUNT.




$$
