000
CDUS43 KOAX 010643
CLIOMA


CLIMATE REPORT
NATIONAL WEATHER SERVICE OMAHA NEBRASKA
143 AM CDT SAT OCT 1 2016


...................................

...THE OMAHA EPPLEY, NEBRASKA CLIMATE SUMMARY FOR SEPTEMBER 30 2016...

CLIMATE NORMAL PERIOD 1981 TO 2010
CLIMATE RECORD PERIOD 1871 TO 2016


WEATHER ITEM   OBSERVED TIME   RECORD YEAR NORMAL DEPARTURE LAST
                VALUE   (LST)  VALUE       VALUE  FROM      YEAR
                                                  NORMAL
..................................................................
TEMPERATURE (F)
 YESTERDAY
  MAXIMUM         77    337 PM  93    1994  72      5       70
                                      1952
  MINIMUM         46    602 AM  31    1974  47     -1       46
                                      1972
  AVERAGE         62                        60      2       58

PRECIPITATION (IN)
  YESTERDAY        0.00          1.98 1911   0.08  -0.08     0.00
  MONTH TO DATE    4.42                      2.68   1.74     9.31
  SINCE SEP 1      4.42                      2.68   1.74     9.31
  SINCE JAN 1     30.74                     25.79   4.95    35.96

SNOWFALL (IN)
  YESTERDAY        0.0                       0.0    0.0      0.0
  MONTH TO DATE    0.0                       0.0    0.0      0.0
  SINCE JUL 1      T                         0.0    0.0      0.0
  SNOW DEPTH       0

DEGREE DAYS
 HEATING
  YESTERDAY        3                         7     -4        7
  MONTH TO DATE   27                        95    -68       34
  SINCE SEP 1     27                        95    -68       34
  SINCE JUL 1     27                       103    -76       38

 COOLING
  YESTERDAY        0                         1     -1        0
  MONTH TO DATE  207                       117     90      238
  SINCE SEP 1    207                       117     90      238
  SINCE JAN 1   1454                      1097    357     1191
..................................................................


WIND (MPH)
  HIGHEST WIND SPEED    15   HIGHEST WIND DIRECTION    NE (40)
  HIGHEST GUST SPEED    18   HIGHEST GUST DIRECTION     N (20)
  AVERAGE WIND SPEED     5.9


SKY COVER
  POSSIBLE SUNSHINE  MM
  AVERAGE SKY COVER 0.2


WEATHER CONDITIONS
 THE FOLLOWING WEATHER WAS RECORDED YESTERDAY.
  NO SIGNIFICANT WEATHER WAS OBSERVED.


RELATIVE HUMIDITY (PERCENT)
 HIGHEST    86          1200 AM
 LOWEST     33           200 PM
 AVERAGE    60

..........................................................


THE OMAHA EPPLEY, NEBRASKA CLIMATE NORMALS FOR TODAY
                         NORMAL    RECORD    YEAR
 MAXIMUM TEMPERATURE (F)   71        94      1976
 MINIMUM TEMPERATURE (F)   47        29      1974


SUNRISE AND SUNSET
OCTOBER  1 2016.......SUNRISE   721 AM CDT   SUNSET   705 PM CDT
OCTOBER  2 2016.......SUNRISE   722 AM CDT   SUNSET   703 PM CDT


-  INDICATES NEGATIVE NUMBERS.
R  INDICATES RECORD WAS SET OR TIED.
MM INDICATES DATA IS MISSING.
T  INDICATES TRACE AMOUNT.




$$
