000
CDAK49 PAOM 310903
CLIOME

CLIMATE REPORT
NATIONAL WEATHER SERVICE NOME, AK
103 AM AKDT THU JUL 31 2014

...................................
...THE NOME WSO AP CLIMATE SUMMARY FOR JULY 30 2014...

CLIMATE NORMAL PERIOD  1981 TO  2010
CLIMATE RECORD PERIOD  1906 TO  2014

WEATHER ITEM   OBSERVED TIME    RECORD YEAR NORMAL DEPARTURE LAST
               VALUE    (LST)   VALUE       VALUE  FROM      YEAR
                                                   NORMAL
...................................................................
TEMPERATURE
YESTERDAY
 MAXIMUM            58  0255 PM    84  1977     57       1     64
 MINIMUM            43  0551 AM    33  1929     46      -3     53
 AVERAGE            51                          52      -1     59

PRECIPITATION
(INCHES)
 YESTERDAY        0.11           0.92  1984   0.10    0.01   0.00
 MONTH TO DATE    2.59                        2.01    0.58   2.12
 SINCE JUN 1      2.81                        2.99   -0.18   4.65
 SINCE JAN 1      7.28                        7.13    0.15   8.90

SNOWFALL
(INCHES)
 YESTERDAY         0.0            0.0  2014    0.0     0.0    0.0
 MONTH TO DATE     0.0                         0.0     0.0    0.0
 SINCE JUN 1       0.0                         0.3    -0.3    0.1
 SINCE JUL 1       0.0                         0.0     0.0    0.0
 SNOW DEPTH (IN)     0                                          0

DEGREE DAYS
 HEATING
  YESTERDAY         14                          13       1      6
  MONTH TO DATE    411                         387      24    401
  SINCE JUN 1      979                         903      76    877
  SINCE JUL 1      411                         387      24    401

 COOLING
  YESTERDAY          0                           0       0      0
  MONTH TO DATE      2                           0       2      0
  SINCE JUN 1        2                           0       2      7
  SINCE JAN 1        2                           0       2      7
...................................................................

WIND (MPH)
 HIGHEST WIND SPEED    12     HIGHEST WIND DIRECTION    220
 HIGHEST GUST SPEED    13     HIGHEST GUST DIRECTION    210
 AVERAGE WIND SPEED   5.2

SKY COVER
  POSSIBLE SUNSHINE    MM          AVERAGE SKY COVER     MM

WEATHER CONDITIONS
 THE FOLLOWING WEATHER WAS RECORDED YESTERDAY.
  FOG
DRIZZLE
RAIN


RELATIVE HUMIDITY
 HIGHEST RH     MM PERCENT       MM
 LOWEST  RH     MM PERCENT       MM
 AVERAGE RH     MM PERCENT       MM
...................................................................

THE NOME CLIMATE NORMALS FOR TODAY
                           NORMAL    RECORD   YEAR
 MAXIMUM TEMPERATURE (F)     57        86     1977
 MINIMUM TEMPERATURE (F)     46        30     1929

SUNRISE AND SUNSET
 JUL 31 2014..........SUNRISE  6:03 AM      SUNSET 12:12 AM
 AUG 1 2014..........SUNRISE  6:06 AM      SUNSET 12:08 AM

-  INDICATES NEGATIVE NUMBERS.
R  INDICATES RECORD HAS BEEN SET OR TIED.
MM INDICATES DATA IS MISSING.
T  INDICATES TRACE OF PRECIPITATION.

&&
-------------------------------------------------------------------

AMOUNT OF DAYLIGHT TODAY  (HOUR:MIN)........18 HOURS 9 MINUTES
GAIN/LOSS SINCE YESTERDAY (HOUR:MIN:SEC)....-0:06:43

TIDE INFORMATION FOR THURSDAY JULY 31 2014

2:38 AM LOW  0.1 FT
9:37 AM HIGH 1.3 FT
3:14 PM LOW  0.7 FT
8:53 PM HIGH 1.1 FT

$$
RWM JUL 14
