000
CDAK49 PAOM 072232
CLIOME

CLIMATE REPORT
NATIONAL WEATHER SERVICE NOME, AK
232 PM AKDT TUE JUL 7 2015

...................................
...THE NOME WSO AP CLIMATE SUMMARY FOR JULY 7 2015...
VALID TODAY AS OF 2:00 PM LOCAL TIME

CLIMATE NORMAL PERIOD  1981 TO  2010
CLIMATE RECORD PERIOD  1906 TO  2015

WEATHER ITEM   OBSERVED TIME    RECORD YEAR NORMAL DEPARTURE LAST
               VALUE    (LST)   VALUE       VALUE  FROM      YEAR
                                                   NORMAL
...................................................................
TEMPERATURE
TODAY
 MAXIMUM            59  0112 AM    84  2014     59       0     84
 MINIMUM            49  0957 AM    35  1960     46       3     50
 AVERAGE            54                          52       2     67

PRECIPITATION
(INCHES)
 TODAY            0.13           0.87  1951   0.05    0.08      T
 MONTH TO DATE    0.33                        0.34   -0.01   0.51
 SINCE JUN 1      0.99                        1.32   -0.33   0.73
 SINCE JAN 1      5.43                        5.46   -0.03   5.20

SNOWFALL
(INCHES)
 TODAY             0.0            0.0  2015    0.0     0.0    0.0
 MONTH TO DATE     0.0                         0.0     0.0    0.0
 SINCE JUN 1       0.0                         0.3    -0.3    0.0
 SINCE JUL 1       0.0                         0.0     0.0    0.0
 SNOW DEPTH (IN)     0                                          0

DEGREE DAYS
 HEATING
  TODAY             11                          13      -2      0
  MONTH TO DATE     82                          91      -9     90
  SINCE JUN 1      607                         607       0    658
  SINCE JUL 1       82                          91      -9     90

 COOLING
  TODAY              0                           0       0      2
  MONTH TO DATE      0                           0       0      2
  SINCE JUN 1        5                           0       5      2
  SINCE JAN 1        5                           0       5      2
...................................................................

WIND (MPH)
 HIGHEST WIND SPEED    20     HIGHEST WIND DIRECTION    110
 HIGHEST GUST SPEED    25     HIGHEST GUST DIRECTION    110
 AVERAGE WIND SPEED    MM

SKY COVER
  POSSIBLE SUNSHINE  MM            AVERAGE SKY COVER MM

WEATHER CONDITIONS
 THE FOLLOWING WEATHER WAS RECORDED TODAY.
SMOKE
FOG
LIGHT RAIN
MODERATE RAIN

RELATIVE HUMIDITY
 HIGHEST RH     MM PERCENT       MM
 LOWEST  RH     MM PERCENT       MM
 AVERAGE RH     MM PERCENT       MM
...................................................................

THE NOME CLIMATE NORMALS FOR TOMORROW
                        NORMAL    RECORD   YEAR
 MAXIMUM TEMPERATURE      59        86     1968
 MINIMUM TEMPERATURE      46        32     1934

SUNRISE AND SUNSET
 JUL 7 2015..........SUNRISE  4:45 AM      SUNSET  1:27 AM
 JUL 8 2015..........SUNRISE  4:48 AM      SUNSET  1:24 AM

-  INDICATES NEGATIVE NUMBERS.
R  INDICATES RECORD HAS BEEN SET OR TIED.
MM INDICATES DATA IS MISSING.
T  INDICATES TRACE OF PRECIPITATION.

&&
-------------------------------------------------------------------

AMOUNT OF DAYLIGHT TODAY  (HOUR:MIN)........20 HOURS 42 MINUTES
GAIN/LOSS SINCE YESTERDAY (HOUR:MIN:SEC)....-0:04:59

$$
RWM JUL 15
