132
CDAK49 PAOM 050901
CLIOME

CLIMATE REPORT
NATIONAL WEATHER SERVICE NOME, AK
1201 AM AKST FRI FEB 5 2016

...................................
...THE NOME WSO AP CLIMATE SUMMARY FOR FEBRUARY 4 2016...

CLIMATE NORMAL PERIOD  1981 TO  2010
CLIMATE RECORD PERIOD  1906 TO  2016

WEATHER ITEM   OBSERVED TIME    RECORD YEAR NORMAL DEPARTURE LAST
               VALUE    (LST)   VALUE       VALUE  FROM      YEAR
                                                   NORMAL
...................................................................
TEMPERATURE
YESTERDAY
 MAXIMUM            20  1049 AM    40  1912     14       6      4
 MINIMUM            12  0722 AM   -41  1947     -2      14    -10
 AVERAGE            16                           6      10     -3

PRECIPITATION
(INCHES)
 YESTERDAY        0.00           0.49  2012   0.03   -0.03   0.00
 MONTH TO DATE       T                        0.13   -0.13      T
 SINCE DEC 1      1.31                        2.15   -0.84   1.25
 SINCE JAN 1      0.53                        1.07   -0.54   0.71

SNOWFALL
(INCHES)
 YESTERDAY         0.0            9.9  2012    0.4    -0.4    0.0
 MONTH TO DATE       T                         1.7    -1.7    0.1
 SINCE DEC 1      16.5                        28.9   -12.4   15.6
 SINCE JUL 1      34.7                        46.2   -11.5   33.2
 SNOW DEPTH (IN)    11                                         12

DEGREE DAYS
 HEATING
  YESTERDAY         49                          59     -10     68
  MONTH TO DATE    181                         237     -56    239
  SINCE DEC 1     3210                        3810    -600   3484
  SINCE JUL 1     7006                        7908    -902   7036

 COOLING
  YESTERDAY          0                           0       0      0
  MONTH TO DATE      0                           0       0      0
  SINCE DEC 1        0                           0       0      0
  SINCE JAN 1        0                           0       0      0
...................................................................

WIND (MPH)
 HIGHEST WIND SPEED    22     HIGHEST WIND DIRECTION     30
 HIGHEST GUST SPEED    30     HIGHEST GUST DIRECTION     40
 AVERAGE WIND SPEED  11.6

SKY COVER
  POSSIBLE SUNSHINE    MM          AVERAGE SKY COVER     MM

WEATHER CONDITIONS
 THE FOLLOWING WEATHER WAS RECORDED YESTERDAY.
  NO SIGNIFICANT WEATHER WAS OBSERVED.

RELATIVE HUMIDITY
 HIGHEST RH     MM PERCENT       MM
 LOWEST  RH     MM PERCENT       MM
 AVERAGE RH     MM PERCENT       MM
...................................................................

THE NOME CLIMATE NORMALS FOR TODAY
                           NORMAL    RECORD   YEAR
 MAXIMUM TEMPERATURE (F)     14        42     1995
 MINIMUM TEMPERATURE (F)     -2       -42     1947

SUNRISE AND SUNSET
 FEB 5 2016..........SUNRISE 10:33 AM      SUNSET  6:00 PM
 FEB 6 2016..........SUNRISE 10:30 AM      SUNSET  6:04 PM

-  INDICATES NEGATIVE NUMBERS.
R  INDICATES RECORD HAS BEEN SET OR TIED.
MM INDICATES DATA IS MISSING.
T  INDICATES TRACE OF PRECIPITATION.

&&
-------------------------------------------------------------------

AMOUNT OF DAYLIGHT TODAY  (HOUR:MIN)........7 HOURS 27 MINUTES
GAIN/LOSS SINCE YESTERDAY (HOUR:MIN:SEC)....+0:06:38

TIDES FOR FRIDAY FEB 5 2016

12:20 AM HIGH 1.1 FT
 8:18 AM LOW  0.2 FT
 3:19 PM HIGH 1.0 FT
 7:47 PM LOW  0.8 FT

$$
RCT FEB 16
