000
CDAK49 PAFG 250046
CLIOME

CLIMATE REPORT
NATIONAL WEATHER SERVICE FAIRBANKS AK
446 PM AKDT FRI MAR 24 2017


...................................

...THE NOME AK CLIMATE SUMMARY FOR MARCH 24 2017...
VALID TODAY AS OF 0400 PM LOCAL TIME.

CLIMATE NORMAL PERIOD 1981 TO 2010
CLIMATE RECORD PERIOD 1906 TO 2017


WEATHER ITEM   OBSERVED TIME   RECORD YEAR NORMAL DEPARTURE LAST
                VALUE   (LST)  VALUE       VALUE  FROM      YEAR
                                                  NORMAL
..................................................................
TEMPERATURE (F)
 TODAY
  MAXIMUM         16   1220 PM  42    1965  19     -3       19
  MINIMUM          4    922 AM -30    1977   3      1        5
                                      1959
  AVERAGE         10                        11     -1       12

PRECIPITATION (IN)
  TODAY           MM             0.75 1907   0.02  MM        0.00
  MONTH TO DATE    0.01                      0.51  -0.50     0.02
  SINCE MAR 1      0.01                      0.51  -0.50     0.02
  SINCE JAN 1      1.76                      2.38  -0.62     1.05

SNOWFALL (IN)
  TODAY           MM             5.7  1907   0.2   MM        0.0
  MONTH TO DATE    0.9                       7.1   -6.2      0.0
  SINCE MAR 1      0.9                       7.1   -6.2      0.0
  SINCE JUL 1     53.1                      63.8  -10.7     15.5
  SNOW DEPTH      MM

DEGREE DAYS
 HEATING
  TODAY           55                        54      1       53
  MONTH TO DATE 1554                      1324    230     1252
  SINCE MAR 1   1554                      1324    230     1252
  SINCE JUL 1  10349                     10603   -254     4043

 COOLING
  TODAY            0                         0      0        0
  MONTH TO DATE    0                         0      0        0
  SINCE MAR 1      0                         0      0        0
  SINCE JAN 1      0                         0      0        0
..................................................................


WIND (MPH)
  HIGHEST GUST SPEED     6   HIGHEST GUST DIRECTION    NW (330)


SKY COVER
  AVERAGE SKY COVER 0.6


WEATHER CONDITIONS
 THE FOLLOWING WEATHER WAS RECORDED TODAY.
  LIGHT SNOW


RELATIVE HUMIDITY (PERCENT)
 HIGHEST    92
 LOWEST     73
 AVERAGE    83

..........................................................


THE NOME AK CLIMATE NORMALS FOR TOMORROW
                         NORMAL    RECORD    YEAR
 MAXIMUM TEMPERATURE (F)   19        38      1999
 MINIMUM TEMPERATURE (F)    3       -34      1925


SUNRISE AND SUNSET
MARCH 24 2017.........SUNRISE   846 AM AKDT  SUNSET   932 PM AKDT
MARCH 25 2017.........SUNRISE   843 AM AKDT  SUNSET   935 PM AKDT

-  INDICATES NEGATIVE NUMBERS.
R  INDICATES RECORD WAS SET OR TIED.
MM INDICATES DATA IS MISSING.
T  INDICATES TRACE AMOUNT.

&&

SNOW DEPTH IS MEASURED AT 3AM AKST/4AM AKDT.

----------------------------
AVAILABLE DAYLIGHT

AMOUNT OF DAYLIGHT TODAY  (HOUR:MIN)........12:46
GAIN/LOSS SINCE YESTERDAY (HOUR:MIN:SEC)....+0:06:38

NOME TIDAL INFORMATION FOR 25 MARCH 2017
0138  +0.6
0857  -0.1
1558  +0.8
2113  +0.7

$$
HFL MAR 17
