000
CDAK49 PAFG 250045
CLIOME

CLIMATE REPORT
NATIONAL WEATHER SERVICE FAIRBANKS AK
445 PM AKDT MON APR 24 2017


...................................

...THE NOME AK CLIMATE SUMMARY FOR APRIL 24 2017...
VALID TODAY AS OF 0400 PM LOCAL TIME.

CLIMATE NORMAL PERIOD 1981 TO 2010
CLIMATE RECORD PERIOD 1906 TO 2017


WEATHER ITEM   OBSERVED TIME   RECORD YEAR NORMAL DEPARTURE LAST
                VALUE   (LST)  VALUE       VALUE  FROM      YEAR
                                                  NORMAL
..................................................................
TEMPERATURE (F)
 TODAY
  MAXIMUM         48R   208 PM  47    1940  32     16       44
                                      1938
  MINIMUM         34    506 AM -10    1966  19     15       26
                                      1924
  AVERAGE         41                        25     16       35

PRECIPITATION (IN)
  TODAY            0.00          0.44 1916   0.03  -0.03     0.00
  MONTH TO DATE    0.11                      0.59  -0.48     0.80
  SINCE MAR 1      0.12                      1.24  -1.12     0.84
  SINCE JAN 1      1.87                      3.11  -1.24     1.87

SNOWFALL (IN)
  TODAY            0.0           4.0  1916   0.2   -0.2      0.0
  MONTH TO DATE    1.1                       6.3   -5.2      0.7
  SINCE MAR 1      2.0                      15.2  -13.2      0.7
  SINCE JUL 1     54.2                      71.9  -17.7     16.2
  SNOW DEPTH       8

DEGREE DAYS
 HEATING
  TODAY           24                        40    -16       30
  MONTH TO DATE  867                      1110   -243      734
  SINCE MAR 1   2855                      2806     49     2376
  SINCE JUL 1  11650                     12085   -435     5167

 COOLING
  TODAY            0                         0      0        0
  MONTH TO DATE    0                         0      0        0
  SINCE MAR 1      0                         0      0        0
  SINCE JAN 1      0                         0      0        0
..................................................................


WIND (MPH)
  HIGHEST GUST SPEED    15   HIGHEST GUST DIRECTION    NE (30)


SKY COVER
  AVERAGE SKY COVER 0.9


WEATHER CONDITIONS
 THE FOLLOWING WEATHER WAS RECORDED TODAY.
  NO SIGNIFICANT WEATHER WAS OBSERVED.


RELATIVE HUMIDITY (PERCENT)
 HIGHEST    70
 LOWEST     42
 AVERAGE    56

..........................................................


THE NOME AK CLIMATE NORMALS FOR TOMORROW
                         NORMAL    RECORD    YEAR
 MAXIMUM TEMPERATURE (F)   32        60      1940
 MINIMUM TEMPERATURE (F)   20       -17      1964


SUNRISE AND SUNSET
APRIL 24 2017.........SUNRISE   655 AM AKDT  SUNSET  1108 PM AKDT
APRIL 25 2017.........SUNRISE   651 AM AKDT  SUNSET  1112 PM AKDT

-  INDICATES NEGATIVE NUMBERS.
R  INDICATES RECORD WAS SET OR TIED.
MM INDICATES DATA IS MISSING.
T  INDICATES TRACE AMOUNT.

&&

SNOW DEPTH IS MEASURED AT 3AM AKST/4AM AKDT.

----------------------------
AVAILABLE DAYLIGHT

AMOUNT OF DAYLIGHT TODAY  (HOUR:MIN)........16:14
GAIN/LOSS SINCE YESTERDAY (HOUR:MIN:SEC)....+0:06:48

NOME TIDAL INFORMATION FOR 25 APRIL 2017
0332  +0.6
0933  -0.2
1607  +0.8
2211  +0.7

$$
APR 17
