000
CDAK49 PAOM 291200
CLIOME

CLIMATE REPORT
NATIONAL WEATHER SERVICE NOME, AK
4 AM AKDT FRI JUL 29 2016

...................................
...THE NOME WSO AP CLIMATE SUMMARY FOR JULY 28 2016...

CLIMATE NORMAL PERIOD  1981 TO  2010
CLIMATE RECORD PERIOD  1906 TO  2016

WEATHER ITEM   OBSERVED TIME    RECORD YEAR NORMAL DEPARTURE LAST
               VALUE    (LST)   VALUE       VALUE  FROM      YEAR
                                                   NORMAL
...................................................................
TEMPERATURE
YESTERDAY
 MAXIMUM            55  0942 PM    75  1953     58      -3     62
 MINIMUM            51  1159 PM    31  1973     46       5     46
 AVERAGE            53                          52       1     54

PRECIPITATION
(INCHES)
 YESTERDAY        0.15           1.13  2012   0.09    0.06   0.00
 MONTH TO DATE    2.39                        1.82    0.57   1.44
 SINCE JUN 1      2.73                        2.80   -0.07   2.10
 SINCE JAN 1      5.82                        6.94   -1.12   6.54

SNOWFALL
(INCHES)
 YESTERDAY         0.0            0.0  2016    0.0     0.0    0.0
 MONTH TO DATE     0.0                         0.0     0.0    0.0
 SINCE JUN 1       0.0                         0.3    -0.3    0.0
 SINCE JUL 1       0.0                         0.0     0.0    0.0
 SNOW DEPTH (IN)     0                                          0

DEGREE DAYS
 HEATING
  YESTERDAY         12                          13      -1     11
  MONTH TO DATE    354                         361      -7    268
  SINCE JUN 1      818                         877     -59    793
  SINCE JUL 1      354                         361      -7    268

 COOLING
  YESTERDAY          0                           0       0      0
  MONTH TO DATE      0                           0       0      0
  SINCE JUN 1        0                           0       0      5
  SINCE JAN 1        0                           0       0      5
...................................................................

WIND (MPH)
 HIGHEST WIND SPEED    13     HIGHEST WIND DIRECTION    220
 HIGHEST GUST SPEED    15     HIGHEST GUST DIRECTION    210
 AVERAGE WIND SPEED   6.2

SKY COVER
  POSSIBLE SUNSHINE    MM          AVERAGE SKY COVER     MM

WEATHER CONDITIONS
 THE FOLLOWING WEATHER WAS RECORDED YESTERDAY.
  PATCHY FOG
  LIGHT RAINFALL

RELATIVE HUMIDITY
 HIGHEST RH     MM PERCENT       MM
 LOWEST  RH     MM PERCENT       MM
 AVERAGE RH     MM PERCENT       MM
...................................................................

THE NOME CLIMATE NORMALS FOR TODAY
                           NORMAL    RECORD   YEAR
 MAXIMUM TEMPERATURE (F)     57        72     1997
 MINIMUM TEMPERATURE (F)     46        32     1929

SUNRISE AND SUNSET
 JUL 29 2016..........SUNRISE  5:58 AM      SUNSET 12:17 AM
 JUL 30 2016..........SUNRISE  6:01 AM      SUNSET 12:14 AM

-  INDICATES NEGATIVE NUMBERS.
R  INDICATES RECORD HAS BEEN SET OR TIED.
MM INDICATES DATA IS MISSING.
T  INDICATES TRACE OF PRECIPITATION.

&&
-------------------------------------------------------------------

AMOUNT OF DAYLIGHT TODAY  (HOUR:MIN)........18 HOURS 19 MINUTES
GAIN/LOSS SINCE YESTERDAY (HOUR:MIN:SEC)....-0:06:42

NOME TIDAL INFORMATION FOR 29 JULY 2016
0117  +0.8
0624  +0.2
1248  +1.2
2004  -0.2

$$

CKC JUL 16
