000
CDAK49 PAOM 280915
CLIOME

CLIMATE REPORT
NATIONAL WEATHER SERVICE NOME, AK
115 AM AKDT THU AUG 28 2014

...................................
...THE NOME WSO AP CLIMATE SUMMARY FOR AUGUST 27 2014...

CLIMATE NORMAL PERIOD  1981 TO  2010
CLIMATE RECORD PERIOD  1906 TO  2014

WEATHER ITEM   OBSERVED TIME    RECORD YEAR NORMAL DEPARTURE LAST
               VALUE    (LST)   VALUE       VALUE  FROM      YEAR
                                                   NORMAL
...................................................................
TEMPERATURE
YESTERDAY
 MAXIMUM            57  0436 PM    70  1995     55       2     52
 MINIMUM            50  0820 AM    27  1984     43       7     40
 AVERAGE            54                          49       5     46

PRECIPITATION
(INCHES)
 YESTERDAY        0.01           0.74  1929   0.10   -0.09   0.04
 MONTH TO DATE    0.96                        2.85   -1.89   4.05
 SINCE JUN 1      3.80                        5.94   -2.14   8.70
 SINCE JAN 1      8.27                       10.08   -1.81  12.95

SNOWFALL
(INCHES)
 YESTERDAY         0.0              T  1913    0.0     0.0    0.0
 MONTH TO DATE     0.0                         0.0     0.0    0.0
 SINCE JUN 1       0.0                         0.3    -0.3    0.1
 SINCE JUL 1       0.0                         0.0     0.0    0.0
 SNOW DEPTH (IN)     0                                          0

DEGREE DAYS
 HEATING
  YESTERDAY         11                          16      -5     19
  MONTH TO DATE    193                         398    -205    286
  SINCE JUN 1     1184                        1314    -130   1169
  SINCE JUL 1      616                         798    -182    693

 COOLING
  YESTERDAY          0                           0       0      0
  MONTH TO DATE      1                           0       1      0
  SINCE JUN 1        3                           0       3      7
  SINCE JAN 1        3                           0       3      7
...................................................................

WIND (MPH)
 HIGHEST WIND SPEED    16     HIGHEST WIND DIRECTION    260
 HIGHEST GUST SPEED    19     HIGHEST GUST DIRECTION    270
 AVERAGE WIND SPEED   5.9

SKY COVER
  POSSIBLE SUNSHINE    MM          AVERAGE SKY COVER     MM

WEATHER CONDITIONS
 THE FOLLOWING WEATHER WAS RECORDED YESTERDAY.
  PATCHY FOG
  LIGHT DRIZZLE
  LIGHT RAINFALL

RELATIVE HUMIDITY
 HIGHEST RH     MM PERCENT       MM
 LOWEST  RH     MM PERCENT       MM
 AVERAGE RH     MM PERCENT       MM
...................................................................

THE NOME CLIMATE NORMALS FOR TODAY
                           NORMAL    RECORD   YEAR
 MAXIMUM TEMPERATURE (F)     55        69     1982
 MINIMUM TEMPERATURE (F)     43        26     1994

SUNRISE AND SUNSET
 AUG 28 2014..........SUNRISE  7:32 AM      SUNSET 10:33 PM
 AUG 29 2014..........SUNRISE  7:35 AM      SUNSET 10:29 PM

-  INDICATES NEGATIVE NUMBERS.
R  INDICATES RECORD HAS BEEN SET OR TIED.
MM INDICATES DATA IS MISSING.
T  INDICATES TRACE OF PRECIPITATION.

&&
-------------------------------------------------------------------

AMOUNT OF DAYLIGHT TODAY  (HOUR:MIN)........15 HOURS 1 MINUTES
GAIN/LOSS SINCE YESTERDAY (HOUR:MIN:SEC)....-0:06:39

NOME TIDAL INFORMATION FOR 28 AUGUST 2014
01:29 AM +0.2
08:13 AM +1.2
01:52 PM +0.6
07:51 PM +1.2

$$

CKC AUG 14
