000
CDAK49 PAOM 270900
CLIOME

CLIMATE REPORT
NATIONAL WEATHER SERVICE NOME, AK
100 AM AKDT FRI MAY 27 2016

...................................
...THE NOME WSO AP CLIMATE SUMMARY FOR MAY 26 2016...

CLIMATE NORMAL PERIOD  1981 TO  2010
CLIMATE RECORD PERIOD  1906 TO  2016

WEATHER ITEM   OBSERVED TIME    RECORD YEAR NORMAL DEPARTURE LAST
               VALUE    (LST)   VALUE       VALUE  FROM      YEAR
                                                   NORMAL
...................................................................
TEMPERATURE
YESTERDAY
 MAXIMUM            42  1018 PM    72  1997     48      -6     57
 MINIMUM            38  1058 AM    19  1952     34       4     36
 AVERAGE            40                          41      -1     47

PRECIPITATION
(INCHES)
 YESTERDAY        0.05           0.22  1950   0.03    0.02   0.00
 MONTH TO DATE    1.22                        0.72    0.50   1.40
 SINCE MAR 1      2.06                        2.13   -0.07   2.71
 SINCE JAN 1      3.09                        4.00   -0.91   4.35

SNOWFALL
(INCHES)
 YESTERDAY         0.0            1.2  1984    0.0     0.0    0.0
 MONTH TO DATE       T                         2.1    -2.1      T
 SINCE MAR 1       6.6                        18.5   -11.9   16.4
 SINCE JUL 1      48.9                        75.2   -26.3   59.7
 SNOW DEPTH (IN)     0                                          0

DEGREE DAYS
 HEATING
  YESTERDAY         25                          24       1     18
  MONTH TO DATE    638                         760    -122    670
  SINCE MAR 1     3195                        3791    -596   3777
  SINCE JUL 1    11432                       13073   -1641  11955

 COOLING
  YESTERDAY          0                           0       0      0
  MONTH TO DATE      0                           0       0      0
  SINCE MAR 1        0                           0       0      0
  SINCE JAN 1        0                           0       0      0
...................................................................

WIND (MPH)
 HIGHEST WIND SPEED    14     HIGHEST WIND DIRECTION    190
 HIGHEST GUST SPEED    17     HIGHEST GUST DIRECTION    180
 AVERAGE WIND SPEED   7.5

SKY COVER
  POSSIBLE SUNSHINE    MM          AVERAGE SKY COVER     MM

WEATHER CONDITIONS
 THE FOLLOWING WEATHER WAS RECORDED YESTERDAY.
  FOG
  RAIN


RELATIVE HUMIDITY
 HIGHEST RH     MM PERCENT       MM
 LOWEST  RH     MM PERCENT       MM
 AVERAGE RH     MM PERCENT       MM
...................................................................

THE NOME CLIMATE NORMALS FOR TODAY
                           NORMAL    RECORD   YEAR
 MAXIMUM TEMPERATURE (F)     48        71     2011
 MINIMUM TEMPERATURE (F)     35        20     1907

SUNRISE AND SUNSET
 MAY 27 2016..........SUNRISE  5:02 AM      SUNSET 12:59 AM
 MAY 28 2016..........SUNRISE  4:59 AM      SUNSET  1:02 AM

-  INDICATES NEGATIVE NUMBERS.
R  INDICATES RECORD HAS BEEN SET OR TIED.
MM INDICATES DATA IS MISSING.
T  INDICATES TRACE OF PRECIPITATION.

&&
-------------------------------------------------------------------

AMOUNT OF DAYLIGHT TODAY  (HOUR:MIN)........19 HOURS 57 MINUTES
GAIN/LOSS SINCE YESTERDAY (HOUR:MIN:SEC)....+0:06:14

TIDES FOR FRIDAY MAY 27 2016

 3:24 AM LOW -0.2 FT
10:58 AM HIGH 1.1 FT
 3:47 PM LOW  0.8 FT
 6:39 PM HIGH 0.9 FT

RCT MAY 16
