000
CDAK49 PAOM 280133 CCA
CLIOME

CLIMATE REPORT
NATIONAL WEATHER SERVICE NOME, AK
433 PM AKST THU NOV 27 2014

...................................
...THE NOME WSO AP CLIMATE SUMMARY FOR NOVEMBER 26 2014...

CLIMATE NORMAL PERIOD  1981 TO  2010
CLIMATE RECORD PERIOD  1906 TO  2014

WEATHER ITEM   OBSERVED TIME    RECORD YEAR NORMAL DEPARTURE LAST
               VALUE    (LST)   VALUE       VALUE  FROM      YEAR
                                                   NORMAL
...................................................................
TEMPERATURE
YESTERDAY
 MAXIMUM            28  0233 PM    37  1943     20       8     23
 MINIMUM            19  1254 AM   -20  1928      7      12      5
 AVERAGE            24                          14      10     14

PRECIPITATION
(INCHES)
 YESTERDAY        0.27           0.52  1970   0.03    0.24   0.01
 MONTH TO DATE    0.92                        1.08   -0.16   1.59
 SINCE SEP 1      4.13                        5.14   -1.01   7.12
 SINCE JAN 1     13.15                       15.59   -2.44  20.23

SNOWFALL
(INCHES)
 YESTERDAY         3.4            4.5  2008    0.4     3.0    0.2
 MONTH TO DATE     6.1                        10.5    -4.4   11.0
 SINCE SEP 1      11.0                        15.7    -4.7   12.6
 SINCE JUL 1      11.0                        15.7    -4.7   12.6
 SNOW DEPTH (IN)     1                                          5

DEGREE DAYS
 HEATING
  YESTERDAY         41                          51     -10     51
  MONTH TO DATE   1005                        1235    -230   1168
  SINCE SEP 1     2692                        3026    -334   2818
  SINCE JUL 1     3395                        3890    -495   3592

 COOLING
  YESTERDAY          0                           0       0      0
  MONTH TO DATE      0                           0       0      0
  SINCE SEP 1        0                           0       0      0
  SINCE JAN 1        3                           0       3      7
...................................................................

WIND (MPH)
 HIGHEST WIND SPEED    25     HIGHEST WIND DIRECTION     90
 HIGHEST GUST SPEED    30     HIGHEST GUST DIRECTION    100
 AVERAGE WIND SPEED  17.9

SKY COVER
  POSSIBLE SUNSHINE    MM          AVERAGE SKY COVER     MM

WEATHER CONDITIONS
 THE FOLLOWING WEATHER WAS RECORDED YESTERDAY.
  FOG
GLAZE
BLOWING SNOW
SNOW


RELATIVE HUMIDITY
 HIGHEST RH     MM PERCENT       MM
 LOWEST  RH     MM PERCENT       MM
 AVERAGE RH     MM PERCENT       MM
...................................................................

THE NOME CLIMATE NORMALS FOR TODAY
                           NORMAL    RECORD   YEAR
 MAXIMUM TEMPERATURE (F)     20        40     1943
 MINIMUM TEMPERATURE (F)      7       -24     1948

SUNRISE AND SUNSET
 NOV 27 2014..........SUNRISE 11:14 AM      SUNSET  4:25 PM
 NOV 28 2014..........SUNRISE 11:18 AM      SUNSET  4:23 PM

-  INDICATES NEGATIVE NUMBERS.
R  INDICATES RECORD HAS BEEN SET OR TIED.
MM INDICATES DATA IS MISSING.
T  INDICATES TRACE OF PRECIPITATION.

&&
-------------------------------------------------------------------

AMOUNT OF DAYLIGHT TODAY  (HOUR:MIN)........5 HOURS 11 MINUTES
GAIN/LOSS SINCE YESTERDAY (HOUR:MIN:SEC)....-0:05:31

1:28 AM LOW  0.8 FT
6:59 AM HIGH 1.4 FT
2:21 PM LOW -0.2 FT
9:16 PM HIGH 1.3 FT

$$
RCT NOV 14
