000
CDAK49 PAOM 260920
CLIOME

CLIMATE REPORT
NATIONAL WEATHER SERVICE NOME, AK
1220 AM AKST THU FEB 26 2015

...................................
...THE NOME WSO AP CLIMATE SUMMARY FOR FEBRUARY 25 2015...

CLIMATE NORMAL PERIOD  1981 TO  2010
CLIMATE RECORD PERIOD  1906 TO  2015

WEATHER ITEM   OBSERVED TIME    RECORD YEAR NORMAL DEPARTURE LAST
               VALUE    (LST)   VALUE       VALUE  FROM      YEAR
                                                   NORMAL
...................................................................
TEMPERATURE
YESTERDAY
 MAXIMUM            29  1159 PM    39  1947     17      12     29
 MINIMUM            23  1203 AM   -42  1971      1      22     20
 AVERAGE            26                           9      17     25

PRECIPITATION
(INCHES)
 YESTERDAY        0.04           0.40  1951   0.03    0.01   0.02
 MONTH TO DATE    0.76                        0.84   -0.08   0.46
 SINCE DEC 1      2.01                        2.86   -0.85   4.04
 SINCE JAN 1      1.47                        1.78   -0.31   2.03

SNOWFALL
(INCHES)
 YESTERDAY         0.7            4.7  1951    0.4     0.3    0.3
 MONTH TO DATE     7.1                        10.9    -3.8    8.6
 SINCE DEC 1      22.6                        38.1   -15.5   39.2
 SINCE JUL 1      40.2                        55.4   -15.2   53.8
 SNOW DEPTH (IN)     7                                         10

DEGREE DAYS
 HEATING
  YESTERDAY         39                          56     -17     40
  MONTH TO DATE   1260                        1443    -183   1339
  SINCE DEC 1     4503                        5016    -513   4246
  SINCE JUL 1     8048                        9114   -1066   8056

 COOLING
  YESTERDAY          0                           0       0      0
  MONTH TO DATE      0                           0       0      0
  SINCE DEC 1        0                           0       0      0
  SINCE JAN 1        0                           0       0      0
...................................................................

WIND (MPH)
 HIGHEST WIND SPEED    25     HIGHEST WIND DIRECTION    170
 HIGHEST GUST SPEED    33     HIGHEST GUST DIRECTION    170
 AVERAGE WIND SPEED  18.4

SKY COVER
  POSSIBLE SUNSHINE    MM          AVERAGE SKY COVER     MM

WEATHER CONDITIONS
 THE FOLLOWING WEATHER WAS RECORDED YESTERDAY.
  FOG
DRIFTING SNOW
SNOW


RELATIVE HUMIDITY
 HIGHEST RH     MM PERCENT       MM
 LOWEST  RH     MM PERCENT       MM
 AVERAGE RH     MM PERCENT       MM
...................................................................

THE NOME CLIMATE NORMALS FOR TODAY
                           NORMAL    RECORD   YEAR
 MAXIMUM TEMPERATURE (F)     17        43     1991
 MINIMUM TEMPERATURE (F)      1       -34     1938

SUNRISE AND SUNSET
 FEB 26 2015..........SUNRISE  9:21 AM      SUNSET  7:10 PM
 FEB 27 2015..........SUNRISE  9:18 AM      SUNSET  7:14 PM

-  INDICATES NEGATIVE NUMBERS.
R  INDICATES RECORD HAS BEEN SET OR TIED.
MM INDICATES DATA IS MISSING.
T  INDICATES TRACE OF PRECIPITATION.

&&
-------------------------------------------------------------------

AMOUNT OF DAYLIGHT TODAY  (HOUR:MIN)........9 HOURS 49 MINUTES
GAIN/LOSS SINCE YESTERDAY (HOUR:MIN:SEC)....+0:06:41

TIDE INFORMATION FOR THURSDAY FEBRUARY 26 2015
 4:45 AM LOW  0.1 FT
11:31 AM HIGH 1.3 FT
 4:57 PM LOW  0.6 FT
10:59 PM HIGH 1.3 FT

$$
RWM FEB 15
