000
CDAK49 PAFG 230957
CLIOME

CLIMATE REPORT
NATIONAL WEATHER SERVICE FAIRBANKS AK
157 AM AKDT SUN JUL 23 2017


...................................

...THE NOME AK CLIMATE SUMMARY FOR JULY 22 2017...

CLIMATE NORMAL PERIOD 1981 TO 2010
CLIMATE RECORD PERIOD 1906 TO 2017


WEATHER ITEM   OBSERVED TIME   RECORD YEAR NORMAL DEPARTURE LAST
                VALUE   (LST)  VALUE       VALUE  FROM      YEAR
                                                  NORMAL
..................................................................
TEMPERATURE (F)
 YESTERDAY
  MAXIMUM         57    448 PM  78    1988  58     -1       58
  MINIMUM         50    542 AM  34    1999  47      3       47
                                      1967
  AVERAGE         54                        52      2       53

PRECIPITATION (IN)
  YESTERDAY        0.00          1.58 1915   0.07  -0.07     0.03
  MONTH TO DATE    1.45                      1.32   0.13     1.94
  SINCE JUN 1      2.63                      2.30   0.33     2.28
  SINCE JAN 1      5.48                      6.44  -0.96     5.37

SNOWFALL (IN)
  YESTERDAY        0.0           0.0    MM   0.0    0.0     MM
  MONTH TO DATE    0.0                       0.0    0.0      0.0
  SINCE JUN 1      0.0                       0.3   -0.3      0.0
  SINCE JUL 1      0.0                       0.0    0.0      0.0
  SNOW DEPTH       0

DEGREE DAYS
 HEATING
  YESTERDAY       11                        13     -2       12
  MONTH TO DATE  253                       283    -30      264
  SINCE JUN 1    618                       800   -182      711
  SINCE JUL 1    253                       283    -30      264

 COOLING
  YESTERDAY        0                         0      0        0
  MONTH TO DATE    0                         0      0        0
  SINCE JUN 1      4                         1      3        0
  SINCE JAN 1      4                         1      3        0
..................................................................


WIND (MPH)
  HIGHEST GUST SPEED    18   HIGHEST GUST DIRECTION    SW (230)


SKY COVER
  AVERAGE SKY COVER 0.6


WEATHER CONDITIONS
 THE FOLLOWING WEATHER WAS RECORDED YESTERDAY.
  NO SIGNIFICANT WEATHER WAS OBSERVED.


RELATIVE HUMIDITY (PERCENT)
 HIGHEST   100
 LOWEST     80
 AVERAGE    90

..........................................................


THE NOME AK CLIMATE NORMALS FOR TODAY
                         NORMAL    RECORD    YEAR
 MAXIMUM TEMPERATURE (F)   58        75      1991
 MINIMUM TEMPERATURE (F)   46        34      1992


SUNRISE AND SUNSET
JULY 23 2017..........SUNRISE   537 AM AKDT  SUNSET  1238 AM AKDT
JULY 24 2017..........SUNRISE   540 AM AKDT  SUNSET  1235 AM AKDT

-  INDICATES NEGATIVE NUMBERS.
R  INDICATES RECORD WAS SET OR TIED.
MM INDICATES DATA IS MISSING.
T  INDICATES TRACE AMOUNT.

&&

SNOW DEPTH IS MEASURED AT 3AM AKST/4AM AKDT.

----------------------------
AVAILABLE DAYLIGHT

AMOUNT OF DAYLIGHT TODAY  (HOUR:MIN)........19:04
GAIN/LOSS SINCE YESTERDAY (HOUR:MIN:SEC)....-0:06:33

NOME TIDAL INFORMATION FOR 23 JULY 2017
0620  +0.9
1030  +0.5
1620  +1.2
2349  -0.6

$$
EWP JUL 17
