000
CDAK49 PAOM 250904
CLIOME

CLIMATE REPORT
NATIONAL WEATHER SERVICE NOME, AK
104 AM AKDT THU AUG 25 2016

...................................
...THE NOME WSO AP CLIMATE SUMMARY FOR AUGUST 24 2016...

CLIMATE NORMAL PERIOD  1981 TO  2010
CLIMATE RECORD PERIOD  1906 TO  2016

WEATHER ITEM   OBSERVED TIME    RECORD YEAR NORMAL DEPARTURE LAST
               VALUE    (LST)   VALUE       VALUE  FROM      YEAR
                                                   NORMAL
...................................................................
TEMPERATURE
YESTERDAY
 MAXIMUM            55  0448 PM    70  2008     55       0     51
 MINIMUM            40  1159 PM    29  2002     44      -4     49
 AVERAGE            48                          49      -1     50

PRECIPITATION
(INCHES)
 YESTERDAY        0.00           1.27  1946   0.11   -0.11   0.90
 MONTH TO DATE    2.95                        2.55    0.40   1.98
 SINCE JUN 1      7.11                        5.64    1.47   4.08
 SINCE JAN 1     10.20                        9.78    0.42   8.52

SNOWFALL
(INCHES)
 YESTERDAY         0.0            0.0  2016    0.0     0.0    0.0
 MONTH TO DATE     0.0                         0.0     0.0    0.0
 SINCE JUN 1       0.0                         0.3    -0.3    0.0
 SINCE JUL 1       0.0                         0.0     0.0    0.0
 SNOW DEPTH (IN)     0                                          0

DEGREE DAYS
 HEATING
  YESTERDAY         17                          16       1     15
  MONTH TO DATE    266                         350     -84    358
  SINCE JUN 1     1133                        1266    -133   1190
  SINCE JUL 1      669                         750     -81    665

 COOLING
  YESTERDAY          0                           0       0      0
  MONTH TO DATE      0                           0       0      0
  SINCE JUN 1        0                           0       0      5
  SINCE JAN 1        0                           0       0      5
...................................................................

WIND (MPH)
 HIGHEST WIND SPEED    14     HIGHEST WIND DIRECTION    240
 HIGHEST GUST SPEED    16     HIGHEST GUST DIRECTION    230
 AVERAGE WIND SPEED   4.2

SKY COVER
  POSSIBLE SUNSHINE    MM          AVERAGE SKY COVER     MM

WEATHER CONDITIONS
 THE FOLLOWING WEATHER WAS RECORDED YESTERDAY.
  NO SIGNIFICANT WEATHER WAS OBSERVED.

RELATIVE HUMIDITY
 HIGHEST RH     MM PERCENT       MM
 LOWEST  RH     MM PERCENT       MM
 AVERAGE RH     MM PERCENT       MM
...................................................................

THE NOME CLIMATE NORMALS FOR TODAY
                           NORMAL    RECORD   YEAR
 MAXIMUM TEMPERATURE (F)     55        71     2004
 MINIMUM TEMPERATURE (F)     43        27     1920

SUNRISE AND SUNSET
 AUG 25 2016..........SUNRISE  7:24 AM      SUNSET 10:42 PM
 AUG 26 2016..........SUNRISE  7:27 AM      SUNSET 10:38 PM

-  INDICATES NEGATIVE NUMBERS.
R  INDICATES RECORD HAS BEEN SET OR TIED.
MM INDICATES DATA IS MISSING.
T  INDICATES TRACE OF PRECIPITATION.

&&
-------------------------------------------------------------------

AMOUNT OF DAYLIGHT TODAY  (HOUR:MIN)........15 HOURS 18 MINUTES
GAIN/LOSS SINCE YESTERDAY (HOUR:MIN:SEC)....-0:06:40

TIDE INFORMATION FOR THURSDAY AUGUST 25 2016
 4:20 AM LOW  0.4 FT
10:50 AM HIGH 1.6 FT
 5:32 PM LOW  0.2 FT
11:54 PM HIGH 1.2 FT

$$
RWM AUG 16
