000
CDAK49 PAFG 281002
CLIOME

CLIMATE REPORT
NATIONAL WEATHER SERVICE FAIRBANKS AK
202 AM AKDT SUN MAY 28 2017


...................................

...THE NOME AK CLIMATE SUMMARY FOR MAY 27 2017...

CLIMATE NORMAL PERIOD 1981 TO 2010
CLIMATE RECORD PERIOD 1906 TO 2017


WEATHER ITEM   OBSERVED TIME   RECORD YEAR NORMAL DEPARTURE LAST
                VALUE   (LST)  VALUE       VALUE  FROM      YEAR
                                                  NORMAL
..................................................................
TEMPERATURE (F)
 YESTERDAY
  MAXIMUM         40    743 PM  71    2011  48     -8       57
  MINIMUM         35    901 AM  20    1907  35      0       33
  AVERAGE         38                        41     -3       45

PRECIPITATION (IN)
  YESTERDAY        0.05          0.63 1948   0.03   0.02     0.00
  MONTH TO DATE    0.94                      0.75   0.19     1.22
  SINCE MAR 1      1.10                      2.16  -1.06     2.06
  SINCE JAN 1      2.85                      4.03  -1.18     3.09

SNOWFALL (IN)
  YESTERDAY        0.0           1.8  2008   0.1   -0.1      0.0
  MONTH TO DATE    0.4                       2.2   -1.8      0.0
  SINCE MAR 1      2.4                      18.6  -16.2      0.7
  SINCE JUL 1     54.6                      75.3  -20.7     16.2
  SNOW DEPTH       0

DEGREE DAYS
 HEATING
  YESTERDAY       27                        24      3       20
  MONTH TO DATE  717                       784    -67      604
  SINCE MAR 1   3734                      3815    -81     3126
  SINCE JUL 1  12529                     13094   -565     5917

 COOLING
  YESTERDAY        0                         0      0        0
  MONTH TO DATE    0                         0      0        0
  SINCE MAR 1      0                         0      0        0
  SINCE JAN 1      0                         0      0        0
..................................................................


WIND (MPH)
  HIGHEST GUST SPEED    20   HIGHEST GUST DIRECTION    SE (130)


SKY COVER
  AVERAGE SKY COVER 0.9


WEATHER CONDITIONS
 THE FOLLOWING WEATHER WAS RECORDED YESTERDAY.
  LIGHT RAIN
  FOG


RELATIVE HUMIDITY (PERCENT)
 HIGHEST   100
 LOWEST     79
 AVERAGE    90

..........................................................


THE NOME AK CLIMATE NORMALS FOR TODAY
                         NORMAL    RECORD    YEAR
 MAXIMUM TEMPERATURE (F)   49        75      2011
                                             1990
 MINIMUM TEMPERATURE (F)   35        17      1934


SUNRISE AND SUNSET
MAY 28 2017...........SUNRISE   500 AM AKDT  SUNSET   102 AM AKDT
MAY 29 2017...........SUNRISE   457 AM AKDT  SUNSET   105 AM AKDT

-  INDICATES NEGATIVE NUMBERS.
R  INDICATES RECORD WAS SET OR TIED.
MM INDICATES DATA IS MISSING.
T  INDICATES TRACE AMOUNT.

&&

SNOW DEPTH IS MEASURED AT 3AM AKST/4AM AKDT.

----------------------------
AVAILABLE DAYLIGHT

AMOUNT OF DAYLIGHT TODAY  (HOUR:MIN)........19:58
GAIN/LOSS SINCE YESTERDAY (HOUR:MIN:SEC)....+0:06:10

NOME TIDAL INFORMATION FOR 28 MAY 2017
0103  -0.6
0816  +1.1
1304  +0.5
1844  +1.2

$$
CCC MAY 17
