000
CDUS46 KOTX 240824
CLIOMK


CLIMATE REPORT
NATIONAL WEATHER SERVICE SPOKANE, WA
1224 AM PST FRI NOV 24 2017


...................................

...THE OMAK WA AIRPORT CLIMATE SUMMARY FOR NOVEMBER 23 2017...

CLIMATE NORMAL PERIOD 1981 TO 2010
CLIMATE RECORD PERIOD 9999 TO 9999


WEATHER ITEM   OBSERVED TIME   RECORD YEAR NORMAL DEPARTURE LAST
                VALUE   (LST)  VALUE       VALUE  FROM      YEAR
                                                  NORMAL
..................................................................
TEMPERATURE (F)
 YESTERDAY
  MAXIMUM         54    332 PM  61    1933  40     14       47
  MINIMUM         36    857 PM  -1    2010  26     10       37
  AVERAGE         45                        33     12       42

PRECIPITATION (IN)
  YESTERDAY        T                         0.05  -0.05     0.26
  MONTH TO DATE    0.93                      1.17  -0.24     1.08
  SINCE OCT 1      2.04                      2.25  -0.21     4.72
  SINCE JAN 1     12.53                     12.11   0.42    14.19

SNOWFALL (IN)
  YESTERDAY       MM

DEGREE DAYS
 HEATING
  YESTERDAY       20                        32    -12       23
  MONTH TO DATE  597                       636    -39      472
  SINCE SEP 1   1270                      1265      5     1056
  SINCE JUL 1   1270                      1296    -26     1064

 COOLING
  YESTERDAY        0                         0      0        0
  MONTH TO DATE    0                         0      0        0
  SINCE SEP 1     93                        59     34       11
  SINCE JAN 1    885                       665    220      637
..................................................................


WIND (MPH)
  HIGHEST WIND SPEED    15   HIGHEST WIND DIRECTION     N (20)
  HIGHEST GUST SPEED    17   HIGHEST GUST DIRECTION    NE (30)
  AVERAGE WIND SPEED     6.5


SKY COVER
  POSSIBLE SUNSHINE  MM
  AVERAGE SKY COVER 0.5


WEATHER CONDITIONS
 THE FOLLOWING WEATHER WAS RECORDED YESTERDAY.
  FOG
  HAZE


RELATIVE HUMIDITY (PERCENT)
 HIGHEST   100          1200 AM
 LOWEST     46           700 PM
 AVERAGE    73

..........................................................


THE OMAK WA AIRPORT CLIMATE NORMALS FOR TODAY
                         NORMAL    RECORD    YEAR
 MAXIMUM TEMPERATURE (F)   39        70      1933
 MINIMUM TEMPERATURE (F)   26        -6      2010


SUNRISE AND SUNSET
NOVEMBER 24 2017......SUNRISE   720 AM PST   SUNSET   410 PM PST
NOVEMBER 25 2017......SUNRISE   721 AM PST   SUNSET   409 PM PST


-  INDICATES NEGATIVE NUMBERS.
R  INDICATES RECORD WAS SET OR TIED.
MM INDICATES DATA IS MISSING.
T  INDICATES TRACE AMOUNT.




$$
