000
CDUS46 KOTX 220823
CLIOMK


CLIMATE REPORT
NATIONAL WEATHER SERVICE SPOKANE, WA
123 AM PDT FRI SEP 22 2017


...................................

...THE OMAK WA AIRPORT CLIMATE SUMMARY FOR SEPTEMBER 21 2017...

CLIMATE NORMAL PERIOD 1981 TO 2010
CLIMATE RECORD PERIOD 9999 TO 9999


WEATHER ITEM   OBSERVED TIME   RECORD YEAR NORMAL DEPARTURE LAST
                VALUE   (LST)  VALUE       VALUE  FROM      YEAR
                                                  NORMAL
..................................................................
TEMPERATURE (F)
 YESTERDAY
  MAXIMUM         63    341 PM  90    1967  76    -13       73
  MINIMUM         43    430 AM  31    1971  46     -3       47
  AVERAGE         53                        60     -7       60

PRECIPITATION (IN)
  YESTERDAY        0.01                      0.02  -0.01      T
  MONTH TO DATE    0.10                      0.38  -0.28      T
  SINCE OCT 1     16.97                     14.55   2.42    14.83
  SINCE JAN 1     10.49                      9.66   0.83     9.47

SNOWFALL (IN)
  YESTERDAY       MM

DEGREE DAYS
 HEATING
  YESTERDAY       12                         5      7        5
  MONTH TO DATE   78                        66     12       76
  SINCE SEP 1     78                        66     12       76
  SINCE JUL 1     78                        97    -19       84

 COOLING
  YESTERDAY        0                         1     -1        0
  MONTH TO DATE   93                        53     40       10
  SINCE SEP 1     93                        53     40       10
  SINCE JAN 1    885                       659    226      636
..................................................................


WIND (MPH)
  HIGHEST WIND SPEED    18   HIGHEST WIND DIRECTION     N (10)
  HIGHEST GUST SPEED    24   HIGHEST GUST DIRECTION    NE (30)
  AVERAGE WIND SPEED     7.8


SKY COVER
  POSSIBLE SUNSHINE  MM
  AVERAGE SKY COVER 0.5


WEATHER CONDITIONS
 THE FOLLOWING WEATHER WAS RECORDED YESTERDAY.
  LIGHT RAIN


RELATIVE HUMIDITY (PERCENT)
 HIGHEST   100           300 AM
 LOWEST     36           400 PM
 AVERAGE    68

..........................................................


THE OMAK WA AIRPORT CLIMATE NORMALS FOR TODAY
                         NORMAL    RECORD    YEAR
 MAXIMUM TEMPERATURE (F)   75        91      1939
 MINIMUM TEMPERATURE (F)   45        26      1946


SUNRISE AND SUNSET
SEPTEMBER 22 2017.....SUNRISE   645 AM PDT   SUNSET   655 PM PDT
SEPTEMBER 23 2017.....SUNRISE   647 AM PDT   SUNSET   653 PM PDT


-  INDICATES NEGATIVE NUMBERS.
R  INDICATES RECORD WAS SET OR TIED.
MM INDICATES DATA IS MISSING.
T  INDICATES TRACE AMOUNT.




$$
