000
CDUS46 KOTX 310829
CLIOMK


CLIMATE REPORT
NATIONAL WEATHER SERVICE SPOKANE, WA
128 AM PDT THU JUL 31 2014


...................................

...THE OMAK WA AIRPORT CLIMATE SUMMARY FOR JULY 30 2014...

CLIMATE NORMAL PERIOD 1981 TO 2010
CLIMATE RECORD PERIOD 9999 TO 9999


WEATHER ITEM   OBSERVED TIME   RECORD YEAR NORMAL DEPARTURE LAST
                VALUE   (LST)  VALUE       VALUE  FROM      YEAR
                                                  NORMAL
..................................................................
TEMPERATURE (F)
 YESTERDAY
  MAXIMUM        104R   320 PM 104    2003  91     13       92
  MINIMUM         67    128 AM  43    1970  59      8       62
  AVERAGE         86                        75     11       77

PRECIPITATION (IN)
  YESTERDAY        0.00          0.80 1997   0.02  -0.02     0.00
  MONTH TO DATE    0.17                      0.79  -0.62     0.26
  SINCE OCT 1      6.56                     13.99  -7.43    13.09
  SINCE JAN 1      5.39                      8.54  -3.15     6.10

SNOWFALL (IN)
  YESTERDAY       MM            MM      MM  MM     MM       MM
  MONTH TO DATE   MM                        MM     MM       MM
  SINCE JUN 1     MM                        MM     MM       MM
  SINCE JUL 1     MM                        MM     MM       MM
  SNOW DEPTH      MM

DEGREE DAYS
 HEATING
  YESTERDAY        0                         0      0        0
  MONTH TO DATE    2                        11     -9        0
  SINCE JUN 1     40                        80    -40       67
  SINCE JUL 1      2                        11     -9        0

 COOLING
  YESTERDAY       21                        10     11       12
  MONTH TO DATE  396                       243    153      335
  SINCE JUN 1    461                       327    134      400
  SINCE JAN 1    475                       350    125      423
..................................................................


WIND (MPH)
  HIGHEST WIND SPEED    17   HIGHEST WIND DIRECTION     N (10)
  HIGHEST GUST SPEED    23   HIGHEST GUST DIRECTION     N (10)
  AVERAGE WIND SPEED     8.2


SKY COVER
  POSSIBLE SUNSHINE  MM
  AVERAGE SKY COVER 0.0


WEATHER CONDITIONS
 THE FOLLOWING WEATHER WAS RECORDED YESTERDAY.
  NO SIGNIFICANT WEATHER WAS OBSERVED.


RELATIVE HUMIDITY (PERCENT)
 HIGHEST    37           300 AM
 LOWEST      7           400 PM
 AVERAGE    22

..........................................................


THE OMAK WA AIRPORT CLIMATE NORMALS FOR TODAY
                         NORMAL    RECORD    YEAR
 MAXIMUM TEMPERATURE (F)   91       104      2003
 MINIMUM TEMPERATURE (F)   59        43      2006
                                             1964


SUNRISE AND SUNSET
JULY 31 2014..........SUNRISE   532 AM PDT   SUNSET   836 PM PDT
AUGUST  1 2014........SUNRISE   533 AM PDT   SUNSET   835 PM PDT


-  INDICATES NEGATIVE NUMBERS.
R  INDICATES RECORD WAS SET OR TIED.
MM INDICATES DATA IS MISSING.
T  INDICATES TRACE AMOUNT.




$$
