000
CDUS46 KOTX 190823
CLIOMK


CLIMATE REPORT
NATIONAL WEATHER SERVICE SPOKANE, WA
1223 AM PST FRI DEC 19 2014


...................................

...THE OMAK WA AIRPORT CLIMATE SUMMARY FOR DECEMBER 18 2014...

CLIMATE NORMAL PERIOD 1981 TO 2010
CLIMATE RECORD PERIOD 9999 TO 9999


WEATHER ITEM   OBSERVED TIME   RECORD YEAR NORMAL DEPARTURE LAST
                VALUE   (LST)  VALUE       VALUE  FROM      YEAR
                                                  NORMAL
..................................................................
TEMPERATURE (F)
 YESTERDAY
  MAXIMUM         37    306 PM  53    1936  31      6       38
  MINIMUM         33   1159 PM  -3    2005  19     14       28
                                      1964
  AVERAGE         35                        25     10       33

PRECIPITATION (IN)
  YESTERDAY        0.21          0.70 1931   0.09   0.12     0.00
  MONTH TO DATE    1.28                      1.34  -0.06      T
  SINCE OCT 1      5.32                      4.25   1.07     1.06
  SINCE JAN 1     12.33                     13.85  -1.52     9.89

SNOWFALL (IN)
  YESTERDAY       MM

DEGREE DAYS
 HEATING
  YESTERDAY       30                        40    -10       32
  MONTH TO DATE  610                       688    -78      768
  SINCE DEC 1    610                       688    -78      768
  SINCE JUL 1   2007                      2221   -214     2365

 COOLING
  YESTERDAY        0                         0      0        0
  MONTH TO DATE    0                         0      0        0
  SINCE DEC 1      0                         0      0        0
  SINCE JAN 1    873                       665    208      814
..................................................................


WIND (MPH)
  HIGHEST WIND SPEED     9   HIGHEST WIND DIRECTION     S (190)
  HIGHEST GUST SPEED    16   HIGHEST GUST DIRECTION     S (180)
  AVERAGE WIND SPEED     3.6


SKY COVER
  POSSIBLE SUNSHINE  MM
  AVERAGE SKY COVER 0.9


WEATHER CONDITIONS
 THE FOLLOWING WEATHER WAS RECORDED YESTERDAY.
  RAIN
  LIGHT RAIN
  FOG


RELATIVE HUMIDITY (PERCENT)
 HIGHEST   100           700 AM
 LOWEST     92           800 AM
 AVERAGE    96

..........................................................


THE OMAK WA AIRPORT CLIMATE NORMALS FOR TODAY
                         NORMAL    RECORD    YEAR
 MAXIMUM TEMPERATURE (F)   31        53      1936
 MINIMUM TEMPERATURE (F)   19        -3      1979


SUNRISE AND SUNSET
DECEMBER 19 2014......SUNRISE   746 AM PST   SUNSET   405 PM PST
DECEMBER 20 2014......SUNRISE   747 AM PST   SUNSET   405 PM PST


-  INDICATES NEGATIVE NUMBERS.
R  INDICATES RECORD WAS SET OR TIED.
MM INDICATES DATA IS MISSING.
T  INDICATES TRACE AMOUNT.




$$
